[INFO] cloning repository https://github.com/martinvonz/jj
[INFO] running `Command { std: "git" "-c" "credential.helper=" "-c" "credential.helper=/workspace/cargo-home/bin/git-credential-null" "clone" "--bare" "https://github.com/martinvonz/jj" "/workspace/cache/git-repos/https%3A%2F%2Fgithub.com%2Fmartinvonz%2Fjj", kill_on_drop: false }`
[INFO] [stderr] Cloning into bare repository '/workspace/cache/git-repos/https%3A%2F%2Fgithub.com%2Fmartinvonz%2Fjj'...
[INFO] running `Command { std: "git" "rev-parse" "HEAD", kill_on_drop: false }`
[INFO] [stdout] 6722a79e27f3504daa5c760f9ebc6b8b728a3d14
[INFO] checking martinvonz/jj against 1.55.0 for beta-1.56-3
[INFO] running `Command { std: "git" "clone" "/workspace/cache/git-repos/https%3A%2F%2Fgithub.com%2Fmartinvonz%2Fjj" "/workspace/builds/worker-11/source", kill_on_drop: false }`
[INFO] [stderr] Cloning into '/workspace/builds/worker-11/source'...
[INFO] [stderr] done.
[INFO] validating manifest of git repo https://github.com/martinvonz/jj on toolchain 1.55.0
[INFO] running `Command { std: "/workspace/cargo-home/bin/cargo" "+1.55.0" "metadata" "--manifest-path" "Cargo.toml" "--no-deps", kill_on_drop: false }`
[INFO] started tweaking git repo https://github.com/martinvonz/jj
[INFO] finished tweaking git repo https://github.com/martinvonz/jj
[INFO] tweaked toml for git repo https://github.com/martinvonz/jj written to /workspace/builds/worker-11/source/Cargo.toml
[INFO] crate git repo https://github.com/martinvonz/jj already has a lockfile, it will not be regenerated
[INFO] running `Command { std: "/workspace/cargo-home/bin/cargo" "+1.55.0" "fetch" "--manifest-path" "Cargo.toml", kill_on_drop: false }`
[INFO] [stderr]  Downloading crates ...
[INFO] [stderr]   Downloaded protobuf-codegen v2.24.1
[INFO] [stderr]   Downloaded protobuf-codegen-pure v2.24.1
[INFO] running `Command { std: "docker" "create" "-v" "/var/lib/crater-agent-workspace/builds/worker-11/target:/opt/rustwide/target:rw,Z" "-v" "/var/lib/crater-agent-workspace/builds/worker-11/source:/opt/rustwide/workdir:ro,Z" "-v" "/var/lib/crater-agent-workspace/cargo-home:/opt/rustwide/cargo-home:ro,Z" "-v" "/var/lib/crater-agent-workspace/rustup-home:/opt/rustwide/rustup-home:ro,Z" "-e" "SOURCE_DIR=/opt/rustwide/workdir" "-e" "CARGO_TARGET_DIR=/opt/rustwide/target" "-e" "CARGO_HOME=/opt/rustwide/cargo-home" "-e" "RUSTUP_HOME=/opt/rustwide/rustup-home" "-w" "/opt/rustwide/workdir" "-m" "1610612736" "--user" "0:0" "--network" "none" "ghcr.io/rust-lang/crates-build-env/linux@sha256:a89201d6b5b9fd45c15d5952ece0a0129e7e80cb26ec023fd59cf09bc26f1604" "/opt/rustwide/cargo-home/bin/cargo" "+1.55.0" "metadata" "--no-deps" "--format-version=1", kill_on_drop: false }`
[INFO] [stdout] 628b45dca05dc850fd378eb77e3efa21583666742480aca81d6864fdd493cbab
[INFO] [stderr] WARNING: Your kernel does not support swap limit capabilities or the cgroup is not mounted. Memory limited without swap.
[INFO] running `Command { std: "docker" "start" "-a" "628b45dca05dc850fd378eb77e3efa21583666742480aca81d6864fdd493cbab", kill_on_drop: false }`
[INFO] running `Command { std: "docker" "inspect" "628b45dca05dc850fd378eb77e3efa21583666742480aca81d6864fdd493cbab", kill_on_drop: false }`
[INFO] running `Command { std: "docker" "rm" "-f" "628b45dca05dc850fd378eb77e3efa21583666742480aca81d6864fdd493cbab", kill_on_drop: false }`
[INFO] [stdout] 628b45dca05dc850fd378eb77e3efa21583666742480aca81d6864fdd493cbab
[INFO] running `Command { std: "docker" "create" "-v" "/var/lib/crater-agent-workspace/builds/worker-11/target:/opt/rustwide/target:rw,Z" "-v" "/var/lib/crater-agent-workspace/builds/worker-11/source:/opt/rustwide/workdir:ro,Z" "-v" "/var/lib/crater-agent-workspace/cargo-home:/opt/rustwide/cargo-home:ro,Z" "-v" "/var/lib/crater-agent-workspace/rustup-home:/opt/rustwide/rustup-home:ro,Z" "-e" "SOURCE_DIR=/opt/rustwide/workdir" "-e" "CARGO_TARGET_DIR=/opt/rustwide/target" "-e" "CARGO_INCREMENTAL=0" "-e" "RUST_BACKTRACE=full" "-e" "RUSTFLAGS=--cap-lints=warn" "-e" "CARGO_HOME=/opt/rustwide/cargo-home" "-e" "RUSTUP_HOME=/opt/rustwide/rustup-home" "-w" "/opt/rustwide/workdir" "-m" "1610612736" "--user" "0:0" "--network" "none" "ghcr.io/rust-lang/crates-build-env/linux@sha256:a89201d6b5b9fd45c15d5952ece0a0129e7e80cb26ec023fd59cf09bc26f1604" "/opt/rustwide/cargo-home/bin/cargo" "+1.55.0" "check" "--frozen" "--all" "--all-targets" "--message-format=json", kill_on_drop: false }`
[INFO] [stdout] 6782c559f8535362eeac9acfa297cf7e842619ce9f15adf83d2a1b8c672821fa
[INFO] [stderr] WARNING: Your kernel does not support swap limit capabilities or the cgroup is not mounted. Memory limited without swap.
[INFO] running `Command { std: "docker" "start" "-a" "6782c559f8535362eeac9acfa297cf7e842619ce9f15adf83d2a1b8c672821fa", kill_on_drop: false }`
[INFO] [stderr]    Compiling serde v1.0.126
[INFO] [stderr]    Compiling protobuf v2.24.1
[INFO] [stderr]    Compiling zstd-safe v3.0.1+zstd.1.4.9
[INFO] [stderr]    Compiling whoami v1.1.2
[INFO] [stderr]    Compiling unindent v0.1.7
[INFO] [stderr]    Compiling test-case v1.2.0
[INFO] [stderr]    Compiling jobserver v0.1.22
[INFO] [stderr]     Checking getrandom v0.2.3
[INFO] [stderr]     Checking getrandom v0.1.16
[INFO] [stderr]     Checking time v0.1.44
[INFO] [stderr]     Checking dirs-sys v0.3.6
[INFO] [stderr]     Checking atty v0.2.14
[INFO] [stderr]     Checking csv-core v0.1.10
[INFO] [stderr]     Checking regex v1.5.4
[INFO] [stderr]     Checking crypto-mac v0.8.0
[INFO] [stderr]     Checking plotters v0.3.1
[INFO] [stderr]    Compiling serde_derive v1.0.126
[INFO] [stderr]     Checking clap v2.33.3
[INFO] [stderr]    Compiling cast v0.2.6
[INFO] [stderr]    Compiling unicode-linebreak v0.1.2
[INFO] [stderr]     Checking crossbeam-deque v0.8.0
[INFO] [stderr]     Checking blake2 v0.9.1
[INFO] [stderr]     Checking dirs v3.0.2
[INFO] [stderr]     Checking rand_core v0.6.3
[INFO] [stderr]     Checking uuid v0.8.2
[INFO] [stderr]     Checking rand_core v0.5.1
[INFO] [stderr]    Compiling cc v1.0.68
[INFO] [stderr]     Checking chrono v0.4.19
[INFO] [stderr]    Compiling indoc v1.0.3
[INFO] [stderr]     Checking rayon-core v1.9.1
[INFO] [stderr]     Checking rand_chacha v0.3.1
[INFO] [stderr]     Checking rand_chacha v0.2.2
[INFO] [stderr]     Checking rand v0.7.3
[INFO] [stderr]     Checking rand v0.8.4
[INFO] [stderr]     Checking criterion-plot v0.4.3
[INFO] [stderr]     Checking serde-hjson v0.9.1
[INFO] [stderr]     Checking rayon v1.5.1
[INFO] [stderr]     Checking backoff v0.2.1
[INFO] [stderr]     Checking tempfile v3.2.0
[INFO] [stderr]    Compiling openssl-sys v0.9.65
[INFO] [stderr]    Compiling libz-sys v1.1.3
[INFO] [stderr]    Compiling zstd-sys v1.4.20+zstd.1.4.9
[INFO] [stderr]    Compiling libssh2-sys v0.2.21
[INFO] [stderr]    Compiling libgit2-sys v0.12.21+1.1.0
[INFO] [stderr]     Checking protobuf-codegen v2.24.1
[INFO] [stderr]     Checking textwrap v0.14.2
[INFO] [stderr]     Checking serde_json v1.0.64
[INFO] [stderr]     Checking toml v0.5.8
[INFO] [stderr]     Checking bstr v0.2.16
[INFO] [stderr]     Checking serde_cbor v0.11.1
[INFO] [stderr]     Checking protobuf-codegen-pure v2.24.1
[INFO] [stderr]     Checking csv v1.1.6
[INFO] [stderr]     Checking tinytemplate v1.2.1
[INFO] [stderr]     Checking config v0.10.1
[INFO] [stderr]     Checking criterion v0.3.4
[INFO] [stderr]    Compiling jujutsu-lib v0.2.0 (/opt/rustwide/workdir/lib)
[INFO] [stderr]     Checking git2 v0.13.20
[INFO] [stderr]     Checking zstd v0.6.1+zstd.1.4.9
[INFO] [stdout] error[E0554]: `#![feature]` may not be used on the stable release channel
[INFO] [stdout]   --> lib/src/lib.rs:15:1
[INFO] [stdout]    |
[INFO] [stdout] 15 | #![feature(assert_matches)]
[INFO] [stdout]    | ^^^^^^^^^^^^^^^^^^^^^^^^^^^
[INFO] [stdout] 
[INFO] [stdout] 
[INFO] [stdout] error[E0554]: `#![feature]` may not be used on the stable release channel
[INFO] [stdout]   --> lib/src/lib.rs:16:1
[INFO] [stdout]    |
[INFO] [stdout] 16 | #![feature(map_first_last)]
[INFO] [stdout]    | ^^^^^^^^^^^^^^^^^^^^^^^^^^^
[INFO] [stdout] 
[INFO] [stdout] 
[INFO] [stdout] error[E0554]: `#![feature]` may not be used on the stable release channel
[INFO] [stdout]   --> lib/src/lib.rs:15:1
[INFO] [stdout]    |
[INFO] [stdout] 15 | #![feature(assert_matches)]
[INFO] [stdout]    | ^^^^^^^^^^^^^^^^^^^^^^^^^^^
[INFO] [stdout] 
[INFO] [stdout] 
[INFO] [stdout] error[E0554]: `#![feature]` may not be used on the stable release channel
[INFO] [stdout]   --> lib/src/lib.rs:16:1
[INFO] [stdout]    |
[INFO] [stdout] 16 | #![feature(map_first_last)]
[INFO] [stdout]    | ^^^^^^^^^^^^^^^^^^^^^^^^^^^
[INFO] [stdout] 
[INFO] [stdout] 
[INFO] [stdout] error: aborting due to 2 previous errors
[INFO] [stdout] 
[INFO] [stdout] 
[INFO] [stdout] For more information about this error, try `rustc --explain E0554`.
[INFO] [stdout] 
[INFO] [stderr] error: could not compile `jujutsu-lib` due to 3 previous errors
[INFO] [stderr] warning: build failed, waiting for other jobs to finish...
[INFO] [stdout] error: aborting due to 2 previous errors
[INFO] [stdout] 
[INFO] [stdout] 
[INFO] [stdout] For more information about this error, try `rustc --explain E0554`.
[INFO] [stdout] 
[INFO] [stderr] error: build failed
[INFO] running `Command { std: "docker" "inspect" "6782c559f8535362eeac9acfa297cf7e842619ce9f15adf83d2a1b8c672821fa", kill_on_drop: false }`
[INFO] running `Command { std: "docker" "rm" "-f" "6782c559f8535362eeac9acfa297cf7e842619ce9f15adf83d2a1b8c672821fa", kill_on_drop: false }`
[INFO] [stdout] 6782c559f8535362eeac9acfa297cf7e842619ce9f15adf83d2a1b8c672821fa
