[INFO] cloning repository https://github.com/maro525/rust-multithread-server
[INFO] running `Command { std: "git" "-c" "credential.helper=" "-c" "credential.helper=/workspace/cargo-home/bin/git-credential-null" "clone" "--bare" "https://github.com/maro525/rust-multithread-server" "/workspace/cache/git-repos/https%3A%2F%2Fgithub.com%2Fmaro525%2Frust-multithread-server", kill_on_drop: false }`
[INFO] [stderr] Cloning into bare repository '/workspace/cache/git-repos/https%3A%2F%2Fgithub.com%2Fmaro525%2Frust-multithread-server'...
[INFO] running `Command { std: "git" "rev-parse" "HEAD", kill_on_drop: false }`
[INFO] [stdout] 30d820c29ff5c3cf6d11d633db23ca3dcbbc1af4
[INFO] checking maro525/rust-multithread-server against beta-2021-10-15 for beta-1.56-3
[INFO] running `Command { std: "git" "clone" "/workspace/cache/git-repos/https%3A%2F%2Fgithub.com%2Fmaro525%2Frust-multithread-server" "/workspace/builds/worker-6/source", kill_on_drop: false }`
[INFO] [stderr] Cloning into '/workspace/builds/worker-6/source'...
[INFO] [stderr] done.
[INFO] validating manifest of git repo https://github.com/maro525/rust-multithread-server on toolchain beta-2021-10-15
[INFO] running `Command { std: "/workspace/cargo-home/bin/cargo" "+beta-2021-10-15" "metadata" "--manifest-path" "Cargo.toml" "--no-deps", kill_on_drop: false }`
[INFO] started tweaking git repo https://github.com/maro525/rust-multithread-server
[INFO] finished tweaking git repo https://github.com/maro525/rust-multithread-server
[INFO] tweaked toml for git repo https://github.com/maro525/rust-multithread-server written to /workspace/builds/worker-6/source/Cargo.toml
[INFO] crate git repo https://github.com/maro525/rust-multithread-server already has a lockfile, it will not be regenerated
[INFO] running `Command { std: "/workspace/cargo-home/bin/cargo" "+beta-2021-10-15" "fetch" "--manifest-path" "Cargo.toml", kill_on_drop: false }`
[INFO] running `Command { std: "docker" "create" "-v" "/var/lib/crater-agent-workspace/builds/worker-6/target:/opt/rustwide/target:rw,Z" "-v" "/var/lib/crater-agent-workspace/builds/worker-6/source:/opt/rustwide/workdir:ro,Z" "-v" "/var/lib/crater-agent-workspace/cargo-home:/opt/rustwide/cargo-home:ro,Z" "-v" "/var/lib/crater-agent-workspace/rustup-home:/opt/rustwide/rustup-home:ro,Z" "-e" "SOURCE_DIR=/opt/rustwide/workdir" "-e" "CARGO_TARGET_DIR=/opt/rustwide/target" "-e" "CARGO_HOME=/opt/rustwide/cargo-home" "-e" "RUSTUP_HOME=/opt/rustwide/rustup-home" "-w" "/opt/rustwide/workdir" "-m" "1610612736" "--user" "0:0" "--network" "none" "ghcr.io/rust-lang/crates-build-env/linux@sha256:a89201d6b5b9fd45c15d5952ece0a0129e7e80cb26ec023fd59cf09bc26f1604" "/opt/rustwide/cargo-home/bin/cargo" "+beta-2021-10-15" "metadata" "--no-deps" "--format-version=1", kill_on_drop: false }`
[INFO] [stdout] 7003fa469fcaa0c6e119b5311c22bb80c38271341dd9c8b6576a97490114ab94
[INFO] [stderr] WARNING: Your kernel does not support swap limit capabilities or the cgroup is not mounted. Memory limited without swap.
[INFO] running `Command { std: "docker" "start" "-a" "7003fa469fcaa0c6e119b5311c22bb80c38271341dd9c8b6576a97490114ab94", kill_on_drop: false }`
[INFO] running `Command { std: "docker" "inspect" "7003fa469fcaa0c6e119b5311c22bb80c38271341dd9c8b6576a97490114ab94", kill_on_drop: false }`
[INFO] running `Command { std: "docker" "rm" "-f" "7003fa469fcaa0c6e119b5311c22bb80c38271341dd9c8b6576a97490114ab94", kill_on_drop: false }`
[INFO] [stdout] 7003fa469fcaa0c6e119b5311c22bb80c38271341dd9c8b6576a97490114ab94
[INFO] running `Command { std: "docker" "create" "-v" "/var/lib/crater-agent-workspace/builds/worker-6/target:/opt/rustwide/target:rw,Z" "-v" "/var/lib/crater-agent-workspace/builds/worker-6/source:/opt/rustwide/workdir:ro,Z" "-v" "/var/lib/crater-agent-workspace/cargo-home:/opt/rustwide/cargo-home:ro,Z" "-v" "/var/lib/crater-agent-workspace/rustup-home:/opt/rustwide/rustup-home:ro,Z" "-e" "SOURCE_DIR=/opt/rustwide/workdir" "-e" "CARGO_TARGET_DIR=/opt/rustwide/target" "-e" "CARGO_INCREMENTAL=0" "-e" "RUST_BACKTRACE=full" "-e" "RUSTFLAGS=--cap-lints=warn" "-e" "CARGO_HOME=/opt/rustwide/cargo-home" "-e" "RUSTUP_HOME=/opt/rustwide/rustup-home" "-w" "/opt/rustwide/workdir" "-m" "1610612736" "--user" "0:0" "--network" "none" "ghcr.io/rust-lang/crates-build-env/linux@sha256:a89201d6b5b9fd45c15d5952ece0a0129e7e80cb26ec023fd59cf09bc26f1604" "/opt/rustwide/cargo-home/bin/cargo" "+beta-2021-10-15" "check" "--frozen" "--all" "--all-targets" "--message-format=json", kill_on_drop: false }`
[INFO] [stdout] 00d1cfc423445b5c432fc8a422eee2b273ec7d3e55afb8cd9092aed9018675fc
[INFO] [stderr] WARNING: Your kernel does not support swap limit capabilities or the cgroup is not mounted. Memory limited without swap.
[INFO] running `Command { std: "docker" "start" "-a" "00d1cfc423445b5c432fc8a422eee2b273ec7d3e55afb8cd9092aed9018675fc", kill_on_drop: false }`
[INFO] [stderr]     Checking RustWebServer v0.1.0 (/opt/rustwide/workdir)
[INFO] [stdout] error: expected identifier, found keyword `for`
[INFO] [stdout]   --> src/lib.rs:26:9
[INFO] [stdout]    |
[INFO] [stdout] 26 |         for id in 0..size {
[INFO] [stdout]    |         ^^^ expected identifier, found keyword
[INFO] [stdout] 
[INFO] [stdout] 
[INFO] [stdout] error: expected one of `!`, `.`, `::`, `;`, `?`, `else`, `{`, or an operator, found `id`
[INFO] [stdout]   --> src/lib.rs:26:13
[INFO] [stdout]    |
[INFO] [stdout] 26 |         for id in 0..size {
[INFO] [stdout]    |             ^^ expected one of 8 possible tokens
[INFO] [stdout] 
[INFO] [stdout] 
[INFO] [stdout] error: expected `,`, or `}`, found `:`
[INFO] [stdout]   --> src/lib.rs:42:19
[INFO] [stdout]    |
[INFO] [stdout] 42 |     thread: thread:JoinHandle<()>,
[INFO] [stdout]    |                   ^
[INFO] [stdout] 
[INFO] [stdout] 
[INFO] [stdout] error: expected identifier, found keyword `for`
[INFO] [stdout]   --> src/lib.rs:26:9
[INFO] [stdout]    |
[INFO] [stdout] 26 |         for id in 0..size {
[INFO] [stdout]    |         ^^^ expected identifier, found keyword
[INFO] [stdout] 
[INFO] [stdout] 
[INFO] [stdout] error: expected one of `!`, `.`, `::`, `;`, `?`, `else`, `{`, or an operator, found `id`
[INFO] [stdout]   --> src/lib.rs:26:13
[INFO] [stdout]    |
[INFO] [stdout] 26 |         for id in 0..size {
[INFO] [stdout]    |             ^^ expected one of 8 possible tokens
[INFO] [stdout] 
[INFO] [stdout] 
[INFO] [stdout] error: expected `,`, or `}`, found `:`
[INFO] [stdout]   --> src/lib.rs:42:19
[INFO] [stdout]    |
[INFO] [stdout] 42 |     thread: thread:JoinHandle<()>,
[INFO] [stdout]    |                   ^
[INFO] [stdout] 
[INFO] [stdout] 
[INFO] [stdout] error[E0432]: unresolved import `std::mpsc`
[INFO] [stdout]  --> src/lib.rs:2:5
[INFO] [stdout]   |
[INFO] [stdout] 2 | use std::mpsc;
[INFO] [stdout]   |     ^^^^^^^^^ no `mpsc` in the root
[INFO] [stdout] 
[INFO] [stdout] 
[INFO] [stdout] error[E0432]: unresolved import `std::mpsc`
[INFO] [stdout]  --> src/lib.rs:2:5
[INFO] [stdout]   |
[INFO] [stdout] 2 | use std::mpsc;
[INFO] [stdout]   |     ^^^^^^^^^ no `mpsc` in the root
[INFO] [stdout] 
[INFO] [stdout] 
[INFO] [stdout] error[E0433]: failed to resolve: use of undeclared crate or module `mspc`
[INFO] [stdout]   --> src/lib.rs:22:34
[INFO] [stdout]    |
[INFO] [stdout] 22 |         let (sender, receiver) = mspc::channel();
[INFO] [stdout]    |                                  ^^^^ use of undeclared crate or module `mspc`
[INFO] [stdout] 
[INFO] [stdout] 
[INFO] [stdout] error[E0425]: cannot find value `tread` in this scope
[INFO] [stdout]   --> src/lib.rs:49:22
[INFO] [stdout]    |
[INFO] [stdout] 49 |         Worker { id, tread }
[INFO] [stdout]    |                      ^^^^^ help: a local variable with a similar name exists: `thread`
[INFO] [stdout] 
[INFO] [stdout] 
[INFO] [stdout] error: aborting due to 6 previous errors
[INFO] [stdout] 
[INFO] [stdout] 
[INFO] [stdout] Some errors have detailed explanations: E0425, E0432, E0433.
[INFO] [stdout] 
[INFO] [stdout] For more information about an error, try `rustc --explain E0425`.
[INFO] [stdout] 
[INFO] [stderr] error: could not compile `RustWebServer` due to 7 previous errors
[INFO] [stdout] error[E0433]: failed to resolve: use of undeclared crate or module `mspc`
[INFO] [stdout]   --> src/lib.rs:22:34
[INFO] [stdout]    |
[INFO] [stdout] 22 |         let (sender, receiver) = mspc::channel();
[INFO] [stdout]    |                                  ^^^^ use of undeclared crate or module `mspc`
[INFO] [stdout] 
[INFO] [stdout] 
[INFO] [stderr] warning: build failed, waiting for other jobs to finish...
[INFO] [stdout] error[E0425]: cannot find value `tread` in this scope
[INFO] [stdout]   --> src/lib.rs:49:22
[INFO] [stdout]    |
[INFO] [stdout] 49 |         Worker { id, tread }
[INFO] [stdout]    |                      ^^^^^ help: a local variable with a similar name exists: `thread`
[INFO] [stdout] 
[INFO] [stdout] 
[INFO] [stdout] error: aborting due to 6 previous errors
[INFO] [stdout] 
[INFO] [stdout] 
[INFO] [stdout] Some errors have detailed explanations: E0425, E0432, E0433.
[INFO] [stdout] 
[INFO] [stdout] For more information about an error, try `rustc --explain E0425`.
[INFO] [stdout] 
[INFO] [stderr] error: build failed
[INFO] running `Command { std: "docker" "inspect" "00d1cfc423445b5c432fc8a422eee2b273ec7d3e55afb8cd9092aed9018675fc", kill_on_drop: false }`
[INFO] running `Command { std: "docker" "rm" "-f" "00d1cfc423445b5c432fc8a422eee2b273ec7d3e55afb8cd9092aed9018675fc", kill_on_drop: false }`
[INFO] [stdout] 00d1cfc423445b5c432fc8a422eee2b273ec7d3e55afb8cd9092aed9018675fc
