[INFO] cloning repository https://github.com/marlinprotocol/abci-near
[INFO] running `Command { std: "git" "-c" "credential.helper=" "-c" "credential.helper=/workspace/cargo-home/bin/git-credential-null" "clone" "--bare" "https://github.com/marlinprotocol/abci-near" "/workspace/cache/git-repos/https%3A%2F%2Fgithub.com%2Fmarlinprotocol%2Fabci-near", kill_on_drop: false }`
[INFO] [stderr] Cloning into bare repository '/workspace/cache/git-repos/https%3A%2F%2Fgithub.com%2Fmarlinprotocol%2Fabci-near'...
[INFO] running `Command { std: "git" "rev-parse" "HEAD", kill_on_drop: false }`
[INFO] [stdout] 54635bc43a2feb9f247deb568c5eeeeb8e91fb8a
[INFO] checking marlinprotocol/abci-near against beta-2021-10-15 for beta-1.56-3
[INFO] running `Command { std: "git" "clone" "/workspace/cache/git-repos/https%3A%2F%2Fgithub.com%2Fmarlinprotocol%2Fabci-near" "/workspace/builds/worker-6/source", kill_on_drop: false }`
[INFO] [stderr] Cloning into '/workspace/builds/worker-6/source'...
[INFO] [stderr] done.
[INFO] validating manifest of git repo https://github.com/marlinprotocol/abci-near on toolchain beta-2021-10-15
[INFO] running `Command { std: "/workspace/cargo-home/bin/cargo" "+beta-2021-10-15" "metadata" "--manifest-path" "Cargo.toml" "--no-deps", kill_on_drop: false }`
[INFO] removed /workspace/builds/worker-6/source/rust-toolchain
[INFO] started tweaking git repo https://github.com/marlinprotocol/abci-near
[INFO] finished tweaking git repo https://github.com/marlinprotocol/abci-near
[INFO] tweaked toml for git repo https://github.com/marlinprotocol/abci-near written to /workspace/builds/worker-6/source/Cargo.toml
[INFO] crate git repo https://github.com/marlinprotocol/abci-near already has a lockfile, it will not be regenerated
[INFO] running `Command { std: "/workspace/cargo-home/bin/cargo" "+beta-2021-10-15" "fetch" "--manifest-path" "Cargo.toml", kill_on_drop: false }`
[INFO] [stderr]     Updating git repository `https://github.com/nearprotocol/rust-rocksdb`
[INFO] [stderr]     Updating git submodule `https://github.com/lz4/lz4.git`
[INFO] [stderr]     Updating git submodule `https://github.com/madler/zlib.git`
[INFO] [stderr]     Updating git submodule `https://github.com/facebook/zstd`
[INFO] [stderr]     Updating git submodule `https://github.com/facebook/rocksdb.git`
[INFO] [stderr]     Updating git submodule `https://github.com/google/snappy.git`
[INFO] [stderr]     Updating git repository `https://github.com/near/sysinfo`
[INFO] [stderr]     Blocking waiting for file lock on package cache
[INFO] running `Command { std: "docker" "create" "-v" "/var/lib/crater-agent-workspace/builds/worker-6/target:/opt/rustwide/target:rw,Z" "-v" "/var/lib/crater-agent-workspace/builds/worker-6/source:/opt/rustwide/workdir:ro,Z" "-v" "/var/lib/crater-agent-workspace/cargo-home:/opt/rustwide/cargo-home:ro,Z" "-v" "/var/lib/crater-agent-workspace/rustup-home:/opt/rustwide/rustup-home:ro,Z" "-e" "SOURCE_DIR=/opt/rustwide/workdir" "-e" "CARGO_TARGET_DIR=/opt/rustwide/target" "-e" "CARGO_HOME=/opt/rustwide/cargo-home" "-e" "RUSTUP_HOME=/opt/rustwide/rustup-home" "-w" "/opt/rustwide/workdir" "-m" "1610612736" "--user" "0:0" "--network" "none" "ghcr.io/rust-lang/crates-build-env/linux@sha256:a89201d6b5b9fd45c15d5952ece0a0129e7e80cb26ec023fd59cf09bc26f1604" "/opt/rustwide/cargo-home/bin/cargo" "+beta-2021-10-15" "metadata" "--no-deps" "--format-version=1", kill_on_drop: false }`
[INFO] [stderr] WARNING: Your kernel does not support swap limit capabilities or the cgroup is not mounted. Memory limited without swap.
[INFO] [stdout] 56818a396fdabfdeb7bcf25a2cba2efa82a44a0c31325a50636c92f6aa395bcf
[INFO] running `Command { std: "docker" "start" "-a" "56818a396fdabfdeb7bcf25a2cba2efa82a44a0c31325a50636c92f6aa395bcf", kill_on_drop: false }`
[INFO] running `Command { std: "docker" "inspect" "56818a396fdabfdeb7bcf25a2cba2efa82a44a0c31325a50636c92f6aa395bcf", kill_on_drop: false }`
[INFO] running `Command { std: "docker" "rm" "-f" "56818a396fdabfdeb7bcf25a2cba2efa82a44a0c31325a50636c92f6aa395bcf", kill_on_drop: false }`
[INFO] [stdout] 56818a396fdabfdeb7bcf25a2cba2efa82a44a0c31325a50636c92f6aa395bcf
[INFO] running `Command { std: "docker" "create" "-v" "/var/lib/crater-agent-workspace/builds/worker-6/target:/opt/rustwide/target:rw,Z" "-v" "/var/lib/crater-agent-workspace/builds/worker-6/source:/opt/rustwide/workdir:ro,Z" "-v" "/var/lib/crater-agent-workspace/cargo-home:/opt/rustwide/cargo-home:ro,Z" "-v" "/var/lib/crater-agent-workspace/rustup-home:/opt/rustwide/rustup-home:ro,Z" "-e" "SOURCE_DIR=/opt/rustwide/workdir" "-e" "CARGO_TARGET_DIR=/opt/rustwide/target" "-e" "CARGO_INCREMENTAL=0" "-e" "RUST_BACKTRACE=full" "-e" "RUSTFLAGS=--cap-lints=warn" "-e" "CARGO_HOME=/opt/rustwide/cargo-home" "-e" "RUSTUP_HOME=/opt/rustwide/rustup-home" "-w" "/opt/rustwide/workdir" "-m" "1610612736" "--user" "0:0" "--network" "none" "ghcr.io/rust-lang/crates-build-env/linux@sha256:a89201d6b5b9fd45c15d5952ece0a0129e7e80cb26ec023fd59cf09bc26f1604" "/opt/rustwide/cargo-home/bin/cargo" "+beta-2021-10-15" "check" "--frozen" "--all" "--all-targets" "--message-format=json", kill_on_drop: false }`
[INFO] [stdout] 43ffc1ec6e78854c7cb04923dcdf5f7b4fe6197015cfdefd727c36306cc83e86
[INFO] [stderr] WARNING: Your kernel does not support swap limit capabilities or the cgroup is not mounted. Memory limited without swap.
[INFO] running `Command { std: "docker" "start" "-a" "43ffc1ec6e78854c7cb04923dcdf5f7b4fe6197015cfdefd727c36306cc83e86", kill_on_drop: false }`
[INFO] [stderr]     Blocking waiting for file lock on package cache
[INFO] [stderr]     Blocking waiting for file lock on package cache
[INFO] [stderr]    Compiling proc-macro2 v1.0.19
[INFO] [stderr]    Compiling syn v1.0.38
[INFO] [stderr]    Compiling serde v1.0.115
[INFO] [stderr]    Compiling byteorder v1.3.4
[INFO] [stderr]    Compiling serde_json v1.0.56
[INFO] [stderr]    Compiling itoa v0.4.5
[INFO] [stderr]     Checking bs58 v0.3.1
[INFO] [stderr]     Checking arc-swap v0.4.6
[INFO] [stderr]     Checking pin-project-lite v0.1.4
[INFO] [stderr]     Checking near-runtime-utils v2.2.0 (/opt/rustwide/workdir/runtime/near-runtime-utils)
[INFO] [stderr]     Checking hex v0.4.2
[INFO] [stderr]    Compiling regex-syntax v0.6.17
[INFO] [stderr]    Compiling smallvec v1.4.0
[INFO] [stderr]     Checking zeroize v1.1.0
[INFO] [stderr]     Checking subtle v2.2.2
[INFO] [stderr]    Compiling crunchy v0.2.2
[INFO] [stderr]    Compiling fs_extra v1.1.0
[INFO] [stderr]    Compiling openssl v0.10.29
[INFO] [stderr]     Checking rustc-hex v2.1.0
[INFO] [stderr]    Compiling reed-solomon-erasure v4.0.2
[INFO] [stderr]    Compiling if_chain v1.0.0
[INFO] [stderr]    Compiling termcolor v1.1.0
[INFO] [stderr]    Compiling bindgen v0.54.1
[INFO] [stderr]    Compiling lazycell v1.2.1
[INFO] [stderr]    Compiling protobuf v2.14.0
[INFO] [stderr]    Compiling prometheus v0.8.0
[INFO] [stderr]    Compiling target-lexicon v0.10.0
[INFO] [stderr]    Compiling cranelift-codegen-shared v0.64.0
[INFO] [stderr]    Compiling either v1.5.3
[INFO] [stderr]     Checking fallible-iterator v0.2.0
[INFO] [stderr]    Compiling stable_deref_trait v1.1.1
[INFO] [stderr]    Compiling sysinfo v0.14.3 (https://github.com/near/sysinfo?rev=3cb97ee79a02754407d2f0f63628f247d7c65e7b#3cb97ee7)
[INFO] [stderr]     Checking wasmparser v0.57.0
[INFO] [stderr]    Compiling wasmtime-environ v0.17.0
[INFO] [stderr]     Checking more-asserts v0.2.1
[INFO] [stderr]     Checking staticvec v0.9.3
[INFO] [stderr]    Compiling arrayref v0.3.6
[INFO] [stderr]    Compiling arrayvec v0.5.1
[INFO] [stderr]    Compiling constant_time_eq v0.1.5
[INFO] [stderr]     Checking wasmparser v0.51.4
[INFO] [stderr]     Checking parity-wasm v0.41.0
[INFO] [stderr]     Checking rand_core v0.4.2
[INFO] [stderr]     Checking bencher v0.1.5
[INFO] [stdout] error[E0557]: feature has been removed
[INFO] [stdout]   --> /opt/rustwide/cargo-home/registry/src/github.com-1ecc6299db9ec823/staticvec-0.9.3/src/lib.rs:31:3
[INFO] [stdout]    |
[INFO] [stdout] 31 |   const_compare_raw_pointers,
[INFO] [stdout]    |   ^^^^^^^^^^^^^^^^^^^^^^^^^^ feature has been removed
[INFO] [stdout]    |
[INFO] [stdout]    = note: cannot be allowed in const eval in any meaningful way
[INFO] [stdout] 
[INFO] [stdout] 
[INFO] [stdout] error[E0557]: feature has been removed
[INFO] [stdout]   --> /opt/rustwide/cargo-home/registry/src/github.com-1ecc6299db9ec823/staticvec-0.9.3/src/lib.rs:32:3
[INFO] [stdout]    |
[INFO] [stdout] 32 |   const_fn,
[INFO] [stdout]    |   ^^^^^^^^ feature has been removed
[INFO] [stdout]    |
[INFO] [stdout]    = note: split into finer-grained feature gates
[INFO] [stdout] 
[INFO] [stdout] 
[INFO] [stdout] error[E0557]: feature has been removed
[INFO] [stdout]   --> /opt/rustwide/cargo-home/registry/src/github.com-1ecc6299db9ec823/staticvec-0.9.3/src/lib.rs:34:3
[INFO] [stdout]    |
[INFO] [stdout] 34 |   const_generics,
[INFO] [stdout]    |   ^^^^^^^^^^^^^^ feature has been removed
[INFO] [stdout]    |
[INFO] [stdout]    = note: removed in favor of `#![feature(adt_const_params]` and `#![feature(generic_const_exprs)]`
[INFO] [stdout] 
[INFO] [stdout] 
[INFO] [stdout] error[E0557]: feature has been removed
[INFO] [stdout]   --> /opt/rustwide/cargo-home/registry/src/github.com-1ecc6299db9ec823/staticvec-0.9.3/src/lib.rs:41:3
[INFO] [stdout]    |
[INFO] [stdout] 41 |   const_raw_ptr_to_usize_cast,
[INFO] [stdout]    |   ^^^^^^^^^^^^^^^^^^^^^^^^^^^ feature has been removed
[INFO] [stdout]    |
[INFO] [stdout]    = note: at compile-time, pointers do not have an integer value, so these casts cannot be properly supported
[INFO] [stdout] 
[INFO] [stdout] 
[INFO] [stderr]    Compiling bytes v0.5.4
[INFO] [stderr]     Checking instant v0.1.6
[INFO] [stdout] error: generic parameters may not be used in const operations
[INFO] [stdout]     --> /opt/rustwide/cargo-home/registry/src/github.com-1ecc6299db9ec823/staticvec-0.9.3/src/lib.rs:1467:85
[INFO] [stdout]      |
[INFO] [stdout] 1467 |   pub fn concat<const N2: usize>(&self, other: &StaticVec<T, N2>) -> StaticVec<T, { N + N2 }>
[INFO] [stdout]      |                                                                                     ^ cannot perform const operation using `N`
[INFO] [stdout]      |
[INFO] [stdout]      = help: const parameters may only be used as standalone arguments, i.e. `N`
[INFO] [stdout] 
[INFO] [stdout] 
[INFO] [stdout] error: generic parameters may not be used in const operations
[INFO] [stdout]     --> /opt/rustwide/cargo-home/registry/src/github.com-1ecc6299db9ec823/staticvec-0.9.3/src/lib.rs:1467:89
[INFO] [stdout]      |
[INFO] [stdout] 1467 |   pub fn concat<const N2: usize>(&self, other: &StaticVec<T, N2>) -> StaticVec<T, { N + N2 }>
[INFO] [stdout]      |                                                                                         ^^ cannot perform const operation using `N2`
[INFO] [stdout]      |
[INFO] [stdout]      = help: const parameters may only be used as standalone arguments, i.e. `N2`
[INFO] [stdout] 
[INFO] [stdout] 
[INFO] [stdout] error: generic parameters may not be used in const operations
[INFO] [stdout]     --> /opt/rustwide/cargo-home/registry/src/github.com-1ecc6299db9ec823/staticvec-0.9.3/src/lib.rs:1504:23
[INFO] [stdout]      |
[INFO] [stdout] 1504 |   ) -> StaticVec<T, { N + N2 }>
[INFO] [stdout]      |                       ^ cannot perform const operation using `N`
[INFO] [stdout]      |
[INFO] [stdout]      = help: const parameters may only be used as standalone arguments, i.e. `N`
[INFO] [stdout] 
[INFO] [stdout] 
[INFO] [stdout] error: generic parameters may not be used in const operations
[INFO] [stdout]     --> /opt/rustwide/cargo-home/registry/src/github.com-1ecc6299db9ec823/staticvec-0.9.3/src/lib.rs:1504:27
[INFO] [stdout]      |
[INFO] [stdout] 1504 |   ) -> StaticVec<T, { N + N2 }>
[INFO] [stdout]      |                           ^^ cannot perform const operation using `N2`
[INFO] [stdout]      |
[INFO] [stdout]      = help: const parameters may only be used as standalone arguments, i.e. `N2`
[INFO] [stdout] 
[INFO] [stdout] 
[INFO] [stdout] error: generic parameters may not be used in const operations
[INFO] [stdout]     --> /opt/rustwide/cargo-home/registry/src/github.com-1ecc6299db9ec823/staticvec-0.9.3/src/lib.rs:1534:61
[INFO] [stdout]      |
[INFO] [stdout] 1534 |   pub fn intersperse(&self, separator: T) -> StaticVec<T, { N * 2 }>
[INFO] [stdout]      |                                                             ^ cannot perform const operation using `N`
[INFO] [stdout]      |
[INFO] [stdout]      = help: const parameters may only be used as standalone arguments, i.e. `N`
[INFO] [stdout] 
[INFO] [stdout] 
[INFO] [stdout] error: generic parameters may not be used in const operations
[INFO] [stdout]     --> /opt/rustwide/cargo-home/registry/src/github.com-1ecc6299db9ec823/staticvec-0.9.3/src/lib.rs:1581:67
[INFO] [stdout]      |
[INFO] [stdout] 1581 |   pub fn intersperse_clone(&self, separator: T) -> StaticVec<T, { N * 2 }>
[INFO] [stdout]      |                                                                   ^ cannot perform const operation using `N`
[INFO] [stdout]      |
[INFO] [stdout]      = help: const parameters may only be used as standalone arguments, i.e. `N`
[INFO] [stdout] 
[INFO] [stdout] 
[INFO] [stdout] error: generic parameters may not be used in const operations
[INFO] [stdout]     --> /opt/rustwide/cargo-home/registry/src/github.com-1ecc6299db9ec823/staticvec-0.9.3/src/lib.rs:2020:23
[INFO] [stdout]      |
[INFO] [stdout] 2020 |   ) -> StaticVec<T, { N + N2 }>
[INFO] [stdout]      |                       ^ cannot perform const operation using `N`
[INFO] [stdout]      |
[INFO] [stdout]      = help: const parameters may only be used as standalone arguments, i.e. `N`
[INFO] [stdout] 
[INFO] [stdout] 
[INFO] [stdout] error: generic parameters may not be used in const operations
[INFO] [stdout]     --> /opt/rustwide/cargo-home/registry/src/github.com-1ecc6299db9ec823/staticvec-0.9.3/src/lib.rs:2020:27
[INFO] [stdout]      |
[INFO] [stdout] 2020 |   ) -> StaticVec<T, { N + N2 }>
[INFO] [stdout]      |                           ^^ cannot perform const operation using `N2`
[INFO] [stdout]      |
[INFO] [stdout]      = help: const parameters may only be used as standalone arguments, i.e. `N2`
[INFO] [stdout] 
[INFO] [stdout] 
[INFO] [stdout] error: generic parameters may not be used in const operations
[INFO] [stdout]     --> /opt/rustwide/cargo-home/registry/src/github.com-1ecc6299db9ec823/staticvec-0.9.3/src/lib.rs:2109:84
[INFO] [stdout]      |
[INFO] [stdout] 2109 |   pub fn union<const N2: usize>(&self, other: &StaticVec<T, N2>) -> StaticVec<T, { N + N2 }>
[INFO] [stdout]      |                                                                                    ^ cannot perform const operation using `N`
[INFO] [stdout]      |
[INFO] [stdout]      = help: const parameters may only be used as standalone arguments, i.e. `N`
[INFO] [stdout] 
[INFO] [stdout] 
[INFO] [stdout] error: generic parameters may not be used in const operations
[INFO] [stdout]     --> /opt/rustwide/cargo-home/registry/src/github.com-1ecc6299db9ec823/staticvec-0.9.3/src/lib.rs:2109:88
[INFO] [stdout]      |
[INFO] [stdout] 2109 |   pub fn union<const N2: usize>(&self, other: &StaticVec<T, N2>) -> StaticVec<T, { N + N2 }>
[INFO] [stdout]      |                                                                                        ^^ cannot perform const operation using `N2`
[INFO] [stdout]      |
[INFO] [stdout]      = help: const parameters may only be used as standalone arguments, i.e. `N2`
[INFO] [stdout] 
[INFO] [stdout] 
[INFO] [stdout] error[E0554]: `#![feature]` may not be used on the beta release channel
[INFO] [stdout]   --> /opt/rustwide/cargo-home/registry/src/github.com-1ecc6299db9ec823/staticvec-0.9.3/src/lib.rs:30:1
[INFO] [stdout]    |
[INFO] [stdout] 30 | / #![feature(
[INFO] [stdout] 31 | |   const_compare_raw_pointers,
[INFO] [stdout] 32 | |   const_fn,
[INFO] [stdout] 33 | |   const_fn_union,
[INFO] [stdout] ...  |
[INFO] [stdout] 53 | |   untagged_unions
[INFO] [stdout] 54 | | )]
[INFO] [stdout]    | |__^
[INFO] [stdout]    |
[INFO] [stdout]    = help: the feature `const_fn_union` has been stable since 1.56.0 and no longer requires an attribute to enable
[INFO] [stdout]    = help: the feature `const_if_match` has been stable since 1.46.0 and no longer requires an attribute to enable
[INFO] [stdout]    = help: the feature `const_loop` has been stable since 1.46.0 and no longer requires an attribute to enable
[INFO] [stdout] 
[INFO] [stdout] 
[INFO] [stdout] error[E0554]: `#![feature]` may not be used on the beta release channel
[INFO] [stdout]   --> /opt/rustwide/cargo-home/registry/src/github.com-1ecc6299db9ec823/staticvec-0.9.3/src/lib.rs:55:30
[INFO] [stdout]    |
[INFO] [stdout] 55 | #![cfg_attr(feature = "std", feature(read_initializer))]
[INFO] [stdout]    |                              ^^^^^^^^^^^^^^^^^^^^^^^^^
[INFO] [stdout] 
[INFO] [stdout] 
[INFO] [stderr]     Checking id-arena v2.2.1
[INFO] [stderr]     Checking leb128 v0.2.4
[INFO] [stderr]     Checking wasmparser v0.59.0
[INFO] [stderr]    Compiling paperclip v0.4.1
[INFO] [stderr]     Checking os_str_bytes v2.3.2
[INFO] [stderr]    Compiling indexmap v1.3.2
[INFO] [stderr]    Compiling num-rational v0.2.4
[INFO] [stdout] error[E0599]: no method named `get_mut` found for union `MaybeUninit` in the current scope
[INFO] [stdout]    --> /opt/rustwide/cargo-home/registry/src/github.com-1ecc6299db9ec823/staticvec-0.9.3/src/trait_impls.rs:221:12
[INFO] [stdout]     |
[INFO] [stdout] 221 |           .get_mut()
[INFO] [stdout]     |            ^^^^^^^ method not found in `MaybeUninit<StaticVec<T, N1>>`
[INFO] [stdout]     |
[INFO] [stdout] help: consider wrapping the receiver expression with the appropriate type
[INFO] [stdout]     |
[INFO] [stdout] 220 |         Pin::new(&mut forgotten)
[INFO] [stdout]     |         +++++++++++++          +
[INFO] [stdout] 
[INFO] [stdout] 
[INFO] [stderr]     Checking tracing-core v0.1.10
[INFO] [stdout] error[E0599]: no method named `get_mut` found for union `MaybeUninit` in the current scope
[INFO] [stdout]    --> /opt/rustwide/cargo-home/registry/src/github.com-1ecc6299db9ec823/staticvec-0.9.3/src/trait_impls.rs:241:16
[INFO] [stdout]     |
[INFO] [stdout] 241 |               .get_mut()
[INFO] [stdout]     |                ^^^^^^^ method not found in `MaybeUninit<StaticVec<T, N1>>`
[INFO] [stdout]     |
[INFO] [stdout] help: consider wrapping the receiver expression with the appropriate type
[INFO] [stdout]     |
[INFO] [stdout] 240 |             Pin::new(&mut forgotten)
[INFO] [stdout]     |             +++++++++++++          +
[INFO] [stdout] 
[INFO] [stdout] 
[INFO] [stderr]     Checking sharded-slab v0.0.9
[INFO] [stdout] error[E0599]: no method named `get_mut` found for union `MaybeUninit` in the current scope
[INFO] [stdout]    --> /opt/rustwide/cargo-home/registry/src/github.com-1ecc6299db9ec823/staticvec-0.9.3/src/lib.rs:211:42
[INFO] [stdout]     |
[INFO] [stdout] 211 |             ptr::drop_in_place(forgotten.get_mut().get_unchecked_mut(N2.min(N)..N2));
[INFO] [stdout]     |                                          ^^^^^^^ method not found in `MaybeUninit<[T; N2]>`
[INFO] [stdout]     |
[INFO] [stdout] help: consider wrapping the receiver expression with the appropriate type
[INFO] [stdout]     |
[INFO] [stdout] 211 |             ptr::drop_in_place(Pin::new(&mut forgotten).get_mut().get_unchecked_mut(N2.min(N)..N2));
[INFO] [stdout]     |                                +++++++++++++          +
[INFO] [stdout] 
[INFO] [stdout] 
[INFO] [stdout] error[E0599]: no method named `read` found for union `MaybeUninit` in the current scope
[INFO] [stdout]     --> /opt/rustwide/cargo-home/registry/src/github.com-1ecc6299db9ec823/staticvec-0.9.3/src/lib.rs:1694:29
[INFO] [stdout]      |
[INFO] [stdout] 1694 |       unsafe { Ok(self.data.read()) }
[INFO] [stdout]      |                             ^^^^ method not found in `MaybeUninit<[T; N]>`
[INFO] [stdout] 
[INFO] [stdout] 
[INFO] [stdout] error: aborting due to 20 previous errors
[INFO] [stdout] 
[INFO] [stdout] 
[INFO] [stderr]    Compiling num-rational v0.3.0
[INFO] [stdout] Some errors have detailed explanations: E0554, E0557, E0599.
[INFO] [stdout] 
[INFO] [stdout] For more information about an error, try `rustc --explain E0554`.
[INFO] [stdout] 
[INFO] [stderr]     Checking cached v0.12.0
[INFO] [stderr]    Compiling nom v5.1.1
[INFO] [stderr] error: could not compile `staticvec` due to 21 previous errors
[INFO] [stderr] warning: build failed, waiting for other jobs to finish...
[INFO] [stderr] error: build failed
[INFO] running `Command { std: "docker" "inspect" "43ffc1ec6e78854c7cb04923dcdf5f7b4fe6197015cfdefd727c36306cc83e86", kill_on_drop: false }`
[INFO] running `Command { std: "docker" "rm" "-f" "43ffc1ec6e78854c7cb04923dcdf5f7b4fe6197015cfdefd727c36306cc83e86", kill_on_drop: false }`
[INFO] [stdout] 43ffc1ec6e78854c7cb04923dcdf5f7b4fe6197015cfdefd727c36306cc83e86
