[INFO] cloning repository https://github.com/markhakansson/nucleo64-rtic-blinking-led
[INFO] running `Command { std: "git" "-c" "credential.helper=" "-c" "credential.helper=/workspace/cargo-home/bin/git-credential-null" "clone" "--bare" "https://github.com/markhakansson/nucleo64-rtic-blinking-led" "/workspace/cache/git-repos/https%3A%2F%2Fgithub.com%2Fmarkhakansson%2Fnucleo64-rtic-blinking-led", kill_on_drop: false }`
[INFO] [stderr] Cloning into bare repository '/workspace/cache/git-repos/https%3A%2F%2Fgithub.com%2Fmarkhakansson%2Fnucleo64-rtic-blinking-led'...
[INFO] running `Command { std: "git" "rev-parse" "HEAD", kill_on_drop: false }`
[INFO] [stdout] f345fd46ecda5bf949471ab7421d7fef01378f52
[INFO] checking markhakansson/nucleo64-rtic-blinking-led against 1.55.0 for beta-1.56-3
[INFO] running `Command { std: "git" "clone" "/workspace/cache/git-repos/https%3A%2F%2Fgithub.com%2Fmarkhakansson%2Fnucleo64-rtic-blinking-led" "/workspace/builds/worker-8/source", kill_on_drop: false }`
[INFO] [stderr] Cloning into '/workspace/builds/worker-8/source'...
[INFO] [stderr] done.
[INFO] validating manifest of git repo https://github.com/markhakansson/nucleo64-rtic-blinking-led on toolchain 1.55.0
[INFO] running `Command { std: "/workspace/cargo-home/bin/cargo" "+1.55.0" "metadata" "--manifest-path" "Cargo.toml" "--no-deps", kill_on_drop: false }`
[INFO] removed /workspace/builds/worker-8/source/.cargo/config
[INFO] started tweaking git repo https://github.com/markhakansson/nucleo64-rtic-blinking-led
[INFO] finished tweaking git repo https://github.com/markhakansson/nucleo64-rtic-blinking-led
[INFO] tweaked toml for git repo https://github.com/markhakansson/nucleo64-rtic-blinking-led written to /workspace/builds/worker-8/source/Cargo.toml
[INFO] crate git repo https://github.com/markhakansson/nucleo64-rtic-blinking-led already has a lockfile, it will not be regenerated
[INFO] running `Command { std: "/workspace/cargo-home/bin/cargo" "+1.55.0" "fetch" "--manifest-path" "Cargo.toml", kill_on_drop: false }`
[INFO] [stderr]     Blocking waiting for file lock on package cache
[INFO] [stderr]     Blocking waiting for file lock on package cache
[INFO] running `Command { std: "docker" "create" "-v" "/var/lib/crater-agent-workspace/builds/worker-8/target:/opt/rustwide/target:rw,Z" "-v" "/var/lib/crater-agent-workspace/builds/worker-8/source:/opt/rustwide/workdir:ro,Z" "-v" "/var/lib/crater-agent-workspace/cargo-home:/opt/rustwide/cargo-home:ro,Z" "-v" "/var/lib/crater-agent-workspace/rustup-home:/opt/rustwide/rustup-home:ro,Z" "-e" "SOURCE_DIR=/opt/rustwide/workdir" "-e" "CARGO_TARGET_DIR=/opt/rustwide/target" "-e" "CARGO_HOME=/opt/rustwide/cargo-home" "-e" "RUSTUP_HOME=/opt/rustwide/rustup-home" "-w" "/opt/rustwide/workdir" "-m" "1610612736" "--user" "0:0" "--network" "none" "ghcr.io/rust-lang/crates-build-env/linux@sha256:a89201d6b5b9fd45c15d5952ece0a0129e7e80cb26ec023fd59cf09bc26f1604" "/opt/rustwide/cargo-home/bin/cargo" "+1.55.0" "metadata" "--no-deps" "--format-version=1", kill_on_drop: false }`
[INFO] [stdout] 39f45e4d3f5a522390adece239bf26febb0d0b48796969de77777392f8a733c7
[INFO] [stderr] WARNING: Your kernel does not support swap limit capabilities or the cgroup is not mounted. Memory limited without swap.
[INFO] running `Command { std: "docker" "start" "-a" "39f45e4d3f5a522390adece239bf26febb0d0b48796969de77777392f8a733c7", kill_on_drop: false }`
[INFO] running `Command { std: "docker" "inspect" "39f45e4d3f5a522390adece239bf26febb0d0b48796969de77777392f8a733c7", kill_on_drop: false }`
[INFO] running `Command { std: "docker" "rm" "-f" "39f45e4d3f5a522390adece239bf26febb0d0b48796969de77777392f8a733c7", kill_on_drop: false }`
[INFO] [stdout] 39f45e4d3f5a522390adece239bf26febb0d0b48796969de77777392f8a733c7
[INFO] running `Command { std: "docker" "create" "-v" "/var/lib/crater-agent-workspace/builds/worker-8/target:/opt/rustwide/target:rw,Z" "-v" "/var/lib/crater-agent-workspace/builds/worker-8/source:/opt/rustwide/workdir:ro,Z" "-v" "/var/lib/crater-agent-workspace/cargo-home:/opt/rustwide/cargo-home:ro,Z" "-v" "/var/lib/crater-agent-workspace/rustup-home:/opt/rustwide/rustup-home:ro,Z" "-e" "SOURCE_DIR=/opt/rustwide/workdir" "-e" "CARGO_TARGET_DIR=/opt/rustwide/target" "-e" "CARGO_INCREMENTAL=0" "-e" "RUST_BACKTRACE=full" "-e" "RUSTFLAGS=--cap-lints=warn" "-e" "CARGO_HOME=/opt/rustwide/cargo-home" "-e" "RUSTUP_HOME=/opt/rustwide/rustup-home" "-w" "/opt/rustwide/workdir" "-m" "1610612736" "--user" "0:0" "--network" "none" "ghcr.io/rust-lang/crates-build-env/linux@sha256:a89201d6b5b9fd45c15d5952ece0a0129e7e80cb26ec023fd59cf09bc26f1604" "/opt/rustwide/cargo-home/bin/cargo" "+1.55.0" "check" "--frozen" "--all" "--all-targets" "--message-format=json", kill_on_drop: false }`
[INFO] [stdout] 7c3cf067e85949d803ab874b0c6cf43fc2df184ae2585184be211ddc94645295
[INFO] [stderr] WARNING: Your kernel does not support swap limit capabilities or the cgroup is not mounted. Memory limited without swap.
[INFO] running `Command { std: "docker" "start" "-a" "7c3cf067e85949d803ab874b0c6cf43fc2df184ae2585184be211ddc94645295", kill_on_drop: false }`
[INFO] [stderr]     Blocking waiting for file lock on package cache
[INFO] [stderr]     Blocking waiting for file lock on package cache
[INFO] [stderr]    Compiling cortex-m v0.6.4
[INFO] [stderr]     Checking stable_deref_trait v1.2.0
[INFO] [stderr]    Compiling syn v1.0.58
[INFO] [stderr]     Checking vcell v0.1.3
[INFO] [stderr]    Compiling cortex-m-rt v0.6.13
[INFO] [stderr]     Checking nb v1.0.0
[INFO] [stderr]    Compiling stm32f4 v0.11.0
[INFO] [stderr]    Compiling heapless v0.5.6
[INFO] [stderr]    Compiling cortex-m-semihosting v0.3.7
[INFO] [stderr]     Checking rand_core v0.5.1
[INFO] [stderr]     Checking ufmt-write v0.1.0
[INFO] [stderr]     Checking rtic-core v0.3.1
[INFO] [stderr]    Compiling nucleo-rtic-examples v0.1.0 (/opt/rustwide/workdir)
[INFO] [stderr]     Checking panic-halt v0.2.0
[INFO] [stderr]    Compiling cortex-m-rtic v0.5.5
[INFO] [stderr]     Checking hash32 v0.1.1
[INFO] [stderr]     Checking volatile-register v0.2.0
[INFO] [stderr]    Compiling cast v0.2.3
[INFO] [stderr]    Compiling indexmap v1.6.1
[INFO] [stderr]     Checking as-slice v0.1.4
[INFO] [stderr]     Checking nb v0.1.3
[INFO] [stderr]     Checking embedded-hal v0.2.4
[INFO] [stderr]     Checking aligned v0.3.4
[INFO] [stderr]     Checking rtt-target v0.3.0
[INFO] [stderr]    Compiling rtic-syntax v0.4.0
[INFO] [stderr]    Compiling cortex-m-rt-macros v0.1.8
[INFO] [stderr]    Compiling cortex-m-rtic-macros v0.5.2
[INFO] [stderr]     Checking stm32f4xx-hal v0.8.3
[INFO] [stdout] error[E0432]: unresolved import `rtic::cyccnt`
[INFO] [stdout]  --> examples/addition.rs:7:11
[INFO] [stdout]   |
[INFO] [stdout] 7 | use rtic::cyccnt::U32Ext;
[INFO] [stdout]   |           ^^^^^^ could not find `cyccnt` in `rtic`
[INFO] [stdout] 
[INFO] [stdout] 
[INFO] [stdout] error[E0433]: failed to resolve: could not find `cyccnt` in `rtic`
[INFO] [stdout]   --> examples/addition.rs:11:62
[INFO] [stdout]    |
[INFO] [stdout] 11 | #[rtic::app(device = stm32f4xx_hal::stm32, monotonic = rtic::cyccnt::CYCCNT, peripherals = true)]
[INFO] [stdout]    |                                                              ^^^^^^ could not find `cyccnt` in `rtic`
[INFO] [stdout] 
[INFO] [stdout] 
[INFO] [stdout] error[E0432]: unresolved import `rtic::cyccnt`
[INFO] [stdout]  --> examples/blinky.rs:8:11
[INFO] [stdout]   |
[INFO] [stdout] 8 | use rtic::cyccnt::{Instant, U32Ext};
[INFO] [stdout]   |           ^^^^^^ could not find `cyccnt` in `rtic`
[INFO] [stdout] 
[INFO] [stdout] 
[INFO] [stdout] error: language item required, but not found: `eh_personality`
[INFO] [stdout] 
[INFO] [stdout] 
[INFO] [stdout] error[E0433]: failed to resolve: could not find `cyccnt` in `rtic`
[INFO] [stdout]   --> examples/blinky.rs:14:62
[INFO] [stdout]    |
[INFO] [stdout] 14 | #[rtic::app(device = stm32f4xx_hal::stm32, monotonic = rtic::cyccnt::CYCCNT, peripherals = true)]
[INFO] [stdout]    |                                                              ^^^^^^ could not find `cyccnt` in `rtic`
[INFO] [stdout] 
[INFO] [stdout] 
[INFO] [stdout] error[E0432]: unresolved import `rtic::cyccnt`
[INFO] [stdout]  --> examples/blinky-bkpt.rs:8:11
[INFO] [stdout]   |
[INFO] [stdout] 8 | use rtic::cyccnt::{Instant, U32Ext};
[INFO] [stdout]   |           ^^^^^^ could not find `cyccnt` in `rtic`
[INFO] [stdout] 
[INFO] [stdout] 
[INFO] [stdout] error[E0433]: failed to resolve: could not find `cyccnt` in `rtic`
[INFO] [stdout]   --> examples/blinky-bkpt.rs:14:62
[INFO] [stdout]    |
[INFO] [stdout] 14 | #[rtic::app(device = stm32f4xx_hal::stm32, monotonic = rtic::cyccnt::CYCCNT, peripherals = true)]
[INFO] [stdout]    |                                                              ^^^^^^ could not find `cyccnt` in `rtic`
[INFO] [stdout] 
[INFO] [stdout] 
[INFO] [stdout] warning: declaration of a `no_mangle` function
[INFO] [stdout]   --> examples/blinky.rs:20:5
[INFO] [stdout]    |
[INFO] [stdout] 20 |     #[no_mangle]
[INFO] [stdout]    |     ^^^^^^^^^^^^
[INFO] [stdout]    |
[INFO] [stdout] note: the lint level is defined here
[INFO] [stdout]   --> examples/blinky.rs:3:9
[INFO] [stdout]    |
[INFO] [stdout] 3  | #![deny(unsafe_code)]
[INFO] [stdout]    |         ^^^^^^^^^^^
[INFO] [stdout]    = note: the linker's behavior with multiple libraries exporting duplicate symbol names is undefined and Rust cannot provide guarantees when you manually override them
[INFO] [stdout] 
[INFO] [stdout] 
[INFO] [stdout] warning: declaration of a `no_mangle` function
[INFO] [stdout]   --> examples/blinky.rs:38:5
[INFO] [stdout]    |
[INFO] [stdout] 38 |     #[no_mangle]
[INFO] [stdout]    |     ^^^^^^^^^^^^
[INFO] [stdout]    |
[INFO] [stdout]    = note: the linker's behavior with multiple libraries exporting duplicate symbol names is undefined and Rust cannot provide guarantees when you manually override them
[INFO] [stdout] 
[INFO] [stdout] 
[INFO] [stdout] warning: declaration of a `no_mangle` function
[INFO] [stdout]   --> examples/blinky.rs:46:5
[INFO] [stdout]    |
[INFO] [stdout] 46 |     #[no_mangle]
[INFO] [stdout]    |     ^^^^^^^^^^^^
[INFO] [stdout]    |
[INFO] [stdout]    = note: the linker's behavior with multiple libraries exporting duplicate symbol names is undefined and Rust cannot provide guarantees when you manually override them
[INFO] [stdout] 
[INFO] [stdout] 
[INFO] [stdout] error[E0554]: `#![feature]` may not be used on the stable release channel
[INFO] [stdout]  --> examples/blinky-bkpt.rs:5:1
[INFO] [stdout]   |
[INFO] [stdout] 5 | #![feature(asm)]
[INFO] [stdout]   | ^^^^^^^^^^^^^^^^
[INFO] [stdout] 
[INFO] [stdout] 
[INFO] [stdout] error: language item required, but not found: `eh_personality`
[INFO] [stdout] 
[INFO] [stdout] 
[INFO] [stdout] error: language item required, but not found: `eh_personality`
[INFO] [stdout] 
[INFO] [stdout] 
[INFO] [stdout] error[E0599]: no method named `cycles` found for type `{integer}` in the current scope
[INFO] [stdout]   --> examples/addition.rs:26:43
[INFO] [stdout]    |
[INFO] [stdout] 26 |         cx.schedule.t1(cx.start + 100_000.cycles()).unwrap();
[INFO] [stdout]    |                                           ^^^^^^ method not found in `{integer}`
[INFO] [stdout] 
[INFO] [stdout] 
[INFO] [stdout] error[E0599]: no method named `cycles` found for type `{integer}` in the current scope
[INFO] [stdout]   --> examples/addition.rs:27:43
[INFO] [stdout]    |
[INFO] [stdout] 27 |         cx.schedule.t2(cx.start + 200_000.cycles()).unwrap();
[INFO] [stdout]    |                                           ^^^^^^ method not found in `{integer}`
[INFO] [stdout] 
[INFO] [stdout] 
[INFO] [stdout] error[E0282]: type annotations needed
[INFO] [stdout]   --> examples/addition.rs:11:1
[INFO] [stdout]    |
[INFO] [stdout] 11 | #[rtic::app(device = stm32f4xx_hal::stm32, monotonic = rtic::cyccnt::CYCCNT, peripherals = true)]
[INFO] [stdout]    | ^^^^^^^^^^^^^^^^^^^^^^^^^^^^^^^^^^^^^^^^^^^^^^^^^^^^^^^^^^^^^^^^^^^^^^^^^^^^^^^^^^^^^^^^^^^^^^^^^
[INFO] [stdout]    |
[INFO] [stdout]    = note: type must be known at this point
[INFO] [stdout]    = note: this error originates in the attribute macro `rtic::app` (in Nightly builds, run with -Z macro-backtrace for more info)
[INFO] [stdout] 
[INFO] [stdout] 
[INFO] [stdout] error: aborting due to 6 previous errors
[INFO] [stdout] 
[INFO] [stdout] 
[INFO] [stderr] error: could not compile `nucleo-rtic-examples` due to 7 previous errors
[INFO] [stdout] Some errors have detailed explanations: E0282, E0432, E0433, E0599.
[INFO] [stdout] 
[INFO] [stderr] warning: build failed, waiting for other jobs to finish...
[INFO] [stdout] For more information about an error, try `rustc --explain E0282`.
[INFO] [stdout] 
[INFO] [stdout] error[E0599]: no method named `cycles` found for type `u32` in the current scope
[INFO] [stdout]   --> examples/blinky-bkpt.rs:33:46
[INFO] [stdout]    |
[INFO] [stdout] 33 |         cx.schedule.led_on(cx.start + PERIOD.cycles()).unwrap();
[INFO] [stdout]    |                                              ^^^^^^ method not found in `u32`
[INFO] [stdout] 
[INFO] [stdout] 
[INFO] [stdout] error[E0599]: no method named `cycles` found for type `u32` in the current scope
[INFO] [stdout]   --> examples/blinky-bkpt.rs:45:51
[INFO] [stdout]    |
[INFO] [stdout] 45 |         cx.schedule.led_off(cx.scheduled + PERIOD.cycles()).unwrap();
[INFO] [stdout]    |                                                   ^^^^^^ method not found in `u32`
[INFO] [stdout] 
[INFO] [stdout] 
[INFO] [stdout] error[E0432]: unresolved import `rtic::cyccnt`
[INFO] [stdout]  --> src/main.rs:8:11
[INFO] [stdout]   |
[INFO] [stdout] 8 | use rtic::cyccnt::{Instant, U32Ext};
[INFO] [stdout]   |           ^^^^^^ could not find `cyccnt` in `rtic`
[INFO] [stdout] 
[INFO] [stdout] 
[INFO] [stdout] error[E0433]: failed to resolve: could not find `cyccnt` in `rtic`
[INFO] [stdout]   --> src/main.rs:15:62
[INFO] [stdout]    |
[INFO] [stdout] 15 | #[rtic::app(device = stm32f4xx_hal::stm32, monotonic = rtic::cyccnt::CYCCNT, peripherals = true)]
[INFO] [stdout]    |                                                              ^^^^^^ could not find `cyccnt` in `rtic`
[INFO] [stdout] 
[INFO] [stdout] 
[INFO] [stdout] error[E0599]: no method named `cycles` found for type `u32` in the current scope
[INFO] [stdout]   --> examples/blinky-bkpt.rs:56:50
[INFO] [stdout]    |
[INFO] [stdout] 56 |         cx.schedule.led_on(cx.scheduled + PERIOD.cycles()).unwrap();
[INFO] [stdout]    |                                                  ^^^^^^ method not found in `u32`
[INFO] [stdout] 
[INFO] [stdout] 
[INFO] [stdout] error: language item required, but not found: `eh_personality`
[INFO] [stdout] 
[INFO] [stdout] 
[INFO] [stdout] error[E0282]: type annotations needed
[INFO] [stdout]   --> examples/blinky-bkpt.rs:14:1
[INFO] [stdout]    |
[INFO] [stdout] 14 | #[rtic::app(device = stm32f4xx_hal::stm32, monotonic = rtic::cyccnt::CYCCNT, peripherals = true)]
[INFO] [stdout]    | ^^^^^^^^^^^^^^^^^^^^^^^^^^^^^^^^^^^^^^^^^^^^^^^^^^^^^^^^^^^^^^^^^^^^^^^^^^^^^^^^^^^^^^^^^^^^^^^^^
[INFO] [stdout]    |
[INFO] [stdout]    = note: type must be known at this point
[INFO] [stdout]    = note: this error originates in the attribute macro `rtic::app` (in Nightly builds, run with -Z macro-backtrace for more info)
[INFO] [stdout] 
[INFO] [stdout] 
[INFO] [stdout] error[E0599]: no method named `cycles` found for type `u32` in the current scope
[INFO] [stdout]   --> examples/blinky.rs:33:46
[INFO] [stdout]    |
[INFO] [stdout] 33 |         cx.schedule.led_on(cx.start + PERIOD.cycles()).unwrap();
[INFO] [stdout]    |                                              ^^^^^^ method not found in `u32`
[INFO] [stdout] 
[INFO] [stdout] 
[INFO] [stdout] error[E0599]: no method named `cycles` found for type `u32` in the current scope
[INFO] [stdout]   --> examples/blinky.rs:42:51
[INFO] [stdout]    |
[INFO] [stdout] 42 |         cx.schedule.led_off(cx.scheduled + PERIOD.cycles()).unwrap();
[INFO] [stdout]    |                                                   ^^^^^^ method not found in `u32`
[INFO] [stdout] 
[INFO] [stdout] 
[INFO] [stdout] error[E0599]: no method named `cycles` found for type `u32` in the current scope
[INFO] [stdout]   --> examples/blinky.rs:50:50
[INFO] [stdout]    |
[INFO] [stdout] 50 |         cx.schedule.led_on(cx.scheduled + PERIOD.cycles()).unwrap();
[INFO] [stdout]    |                                                  ^^^^^^ method not found in `u32`
[INFO] [stdout] 
[INFO] [stdout] 
[INFO] [stdout] error[E0282]: type annotations needed
[INFO] [stdout]   --> examples/blinky.rs:14:1
[INFO] [stdout]    |
[INFO] [stdout] 14 | #[rtic::app(device = stm32f4xx_hal::stm32, monotonic = rtic::cyccnt::CYCCNT, peripherals = true)]
[INFO] [stdout]    | ^^^^^^^^^^^^^^^^^^^^^^^^^^^^^^^^^^^^^^^^^^^^^^^^^^^^^^^^^^^^^^^^^^^^^^^^^^^^^^^^^^^^^^^^^^^^^^^^^
[INFO] [stdout]    |
[INFO] [stdout]    = note: type must be known at this point
[INFO] [stdout]    = note: this error originates in the attribute macro `rtic::app` (in Nightly builds, run with -Z macro-backtrace for more info)
[INFO] [stdout] 
[INFO] [stdout] 
[INFO] [stdout] error: aborting due to 8 previous errors
[INFO] [stdout] 
[INFO] [stdout] 
[INFO] [stdout] Some errors have detailed explanations: E0282, E0432, E0433, E0554, E0599.
[INFO] [stdout] 
[INFO] [stdout] For more information about an error, try `rustc --explain E0282`.
[INFO] [stdout] 
[INFO] [stdout] error: aborting due to 7 previous errors; 3 warnings emitted
[INFO] [stdout] 
[INFO] [stdout] 
[INFO] [stdout] Some errors have detailed explanations: E0282, E0432, E0433, E0599.
[INFO] [stdout] 
[INFO] [stdout] For more information about an error, try `rustc --explain E0282`.
[INFO] [stdout] 
[INFO] [stdout] error[E0599]: no method named `cycles` found for type `u32` in the current scope
[INFO] [stdout]   --> src/main.rs:35:46
[INFO] [stdout]    |
[INFO] [stdout] 35 |         cx.schedule.led_on(cx.start + PERIOD.cycles()).unwrap();
[INFO] [stdout]    |                                              ^^^^^^ method not found in `u32`
[INFO] [stdout] 
[INFO] [stdout] 
[INFO] [stdout] error[E0599]: no method named `cycles` found for type `u32` in the current scope
[INFO] [stdout]   --> src/main.rs:44:51
[INFO] [stdout]    |
[INFO] [stdout] 44 |         cx.schedule.led_off(cx.scheduled + PERIOD.cycles()).unwrap();
[INFO] [stdout]    |                                                   ^^^^^^ method not found in `u32`
[INFO] [stdout] 
[INFO] [stdout] 
[INFO] [stdout] error[E0599]: no method named `cycles` found for type `u32` in the current scope
[INFO] [stdout]   --> src/main.rs:52:50
[INFO] [stdout]    |
[INFO] [stdout] 52 |         cx.schedule.led_on(cx.scheduled + PERIOD.cycles()).unwrap();
[INFO] [stdout]    |                                                  ^^^^^^ method not found in `u32`
[INFO] [stdout] 
[INFO] [stdout] 
[INFO] [stdout] error[E0282]: type annotations needed
[INFO] [stdout]   --> src/main.rs:15:1
[INFO] [stdout]    |
[INFO] [stdout] 15 | #[rtic::app(device = stm32f4xx_hal::stm32, monotonic = rtic::cyccnt::CYCCNT, peripherals = true)]
[INFO] [stdout]    | ^^^^^^^^^^^^^^^^^^^^^^^^^^^^^^^^^^^^^^^^^^^^^^^^^^^^^^^^^^^^^^^^^^^^^^^^^^^^^^^^^^^^^^^^^^^^^^^^^
[INFO] [stdout]    |
[INFO] [stdout]    = note: type must be known at this point
[INFO] [stdout]    = note: this error originates in the attribute macro `rtic::app` (in Nightly builds, run with -Z macro-backtrace for more info)
[INFO] [stdout] 
[INFO] [stdout] 
[INFO] [stdout] error: aborting due to 7 previous errors
[INFO] [stdout] 
[INFO] [stdout] 
[INFO] [stdout] Some errors have detailed explanations: E0282, E0432, E0433, E0599.
[INFO] [stdout] 
[INFO] [stdout] For more information about an error, try `rustc --explain E0282`.
[INFO] [stdout] 
[INFO] [stderr] error: build failed
[INFO] running `Command { std: "docker" "inspect" "7c3cf067e85949d803ab874b0c6cf43fc2df184ae2585184be211ddc94645295", kill_on_drop: false }`
[INFO] running `Command { std: "docker" "rm" "-f" "7c3cf067e85949d803ab874b0c6cf43fc2df184ae2585184be211ddc94645295", kill_on_drop: false }`
[INFO] [stdout] 7c3cf067e85949d803ab874b0c6cf43fc2df184ae2585184be211ddc94645295
