[INFO] cloning repository https://github.com/marcusball/mug-club
[INFO] running `Command { std: "git" "-c" "credential.helper=" "-c" "credential.helper=/workspace/cargo-home/bin/git-credential-null" "clone" "--bare" "https://github.com/marcusball/mug-club" "/workspace/cache/git-repos/https%3A%2F%2Fgithub.com%2Fmarcusball%2Fmug-club", kill_on_drop: false }`
[INFO] [stderr] Cloning into bare repository '/workspace/cache/git-repos/https%3A%2F%2Fgithub.com%2Fmarcusball%2Fmug-club'...
[INFO] running `Command { std: "git" "rev-parse" "HEAD", kill_on_drop: false }`
[INFO] [stdout] b1a21fde3707de5b1d966f33e1d37dcc1bf0dc4d
[INFO] checking marcusball/mug-club against 1.55.0 for beta-1.56-3
[INFO] running `Command { std: "git" "clone" "/workspace/cache/git-repos/https%3A%2F%2Fgithub.com%2Fmarcusball%2Fmug-club" "/workspace/builds/worker-12/source", kill_on_drop: false }`
[INFO] [stderr] Cloning into '/workspace/builds/worker-12/source'...
[INFO] [stderr] done.
[INFO] validating manifest of git repo https://github.com/marcusball/mug-club on toolchain 1.55.0
[INFO] running `Command { std: "/workspace/cargo-home/bin/cargo" "+1.55.0" "metadata" "--manifest-path" "Cargo.toml" "--no-deps", kill_on_drop: false }`
[INFO] removed /workspace/builds/worker-12/source/rust-toolchain
[INFO] started tweaking git repo https://github.com/marcusball/mug-club
[INFO] finished tweaking git repo https://github.com/marcusball/mug-club
[INFO] tweaked toml for git repo https://github.com/marcusball/mug-club written to /workspace/builds/worker-12/source/Cargo.toml
[INFO] crate git repo https://github.com/marcusball/mug-club already has a lockfile, it will not be regenerated
[INFO] running `Command { std: "/workspace/cargo-home/bin/cargo" "+1.55.0" "fetch" "--manifest-path" "Cargo.toml", kill_on_drop: false }`
[INFO] running `Command { std: "docker" "create" "-v" "/var/lib/crater-agent-workspace/builds/worker-12/target:/opt/rustwide/target:rw,Z" "-v" "/var/lib/crater-agent-workspace/builds/worker-12/source:/opt/rustwide/workdir:ro,Z" "-v" "/var/lib/crater-agent-workspace/cargo-home:/opt/rustwide/cargo-home:ro,Z" "-v" "/var/lib/crater-agent-workspace/rustup-home:/opt/rustwide/rustup-home:ro,Z" "-e" "SOURCE_DIR=/opt/rustwide/workdir" "-e" "CARGO_TARGET_DIR=/opt/rustwide/target" "-e" "CARGO_HOME=/opt/rustwide/cargo-home" "-e" "RUSTUP_HOME=/opt/rustwide/rustup-home" "-w" "/opt/rustwide/workdir" "-m" "1610612736" "--user" "0:0" "--network" "none" "ghcr.io/rust-lang/crates-build-env/linux@sha256:a89201d6b5b9fd45c15d5952ece0a0129e7e80cb26ec023fd59cf09bc26f1604" "/opt/rustwide/cargo-home/bin/cargo" "+1.55.0" "metadata" "--no-deps" "--format-version=1", kill_on_drop: false }`
[INFO] [stderr] WARNING: Your kernel does not support swap limit capabilities or the cgroup is not mounted. Memory limited without swap.
[INFO] [stdout] 4a11cb3a4ea945348d5b4eb01c55553615bb0f34b693cdffc0b11f4b8f671d3e
[INFO] running `Command { std: "docker" "start" "-a" "4a11cb3a4ea945348d5b4eb01c55553615bb0f34b693cdffc0b11f4b8f671d3e", kill_on_drop: false }`
[INFO] running `Command { std: "docker" "inspect" "4a11cb3a4ea945348d5b4eb01c55553615bb0f34b693cdffc0b11f4b8f671d3e", kill_on_drop: false }`
[INFO] running `Command { std: "docker" "rm" "-f" "4a11cb3a4ea945348d5b4eb01c55553615bb0f34b693cdffc0b11f4b8f671d3e", kill_on_drop: false }`
[INFO] [stdout] 4a11cb3a4ea945348d5b4eb01c55553615bb0f34b693cdffc0b11f4b8f671d3e
[INFO] running `Command { std: "docker" "create" "-v" "/var/lib/crater-agent-workspace/builds/worker-12/target:/opt/rustwide/target:rw,Z" "-v" "/var/lib/crater-agent-workspace/builds/worker-12/source:/opt/rustwide/workdir:ro,Z" "-v" "/var/lib/crater-agent-workspace/cargo-home:/opt/rustwide/cargo-home:ro,Z" "-v" "/var/lib/crater-agent-workspace/rustup-home:/opt/rustwide/rustup-home:ro,Z" "-e" "SOURCE_DIR=/opt/rustwide/workdir" "-e" "CARGO_TARGET_DIR=/opt/rustwide/target" "-e" "CARGO_INCREMENTAL=0" "-e" "RUST_BACKTRACE=full" "-e" "RUSTFLAGS=--cap-lints=warn" "-e" "CARGO_HOME=/opt/rustwide/cargo-home" "-e" "RUSTUP_HOME=/opt/rustwide/rustup-home" "-w" "/opt/rustwide/workdir" "-m" "1610612736" "--user" "0:0" "--network" "none" "ghcr.io/rust-lang/crates-build-env/linux@sha256:a89201d6b5b9fd45c15d5952ece0a0129e7e80cb26ec023fd59cf09bc26f1604" "/opt/rustwide/cargo-home/bin/cargo" "+1.55.0" "check" "--frozen" "--all" "--all-targets" "--message-format=json", kill_on_drop: false }`
[INFO] [stdout] 205b09b6c93a2dd397e20e318053a987c2176a1d980fea0a29f15ddf27aff423
[INFO] [stderr] WARNING: Your kernel does not support swap limit capabilities or the cgroup is not mounted. Memory limited without swap.
[INFO] running `Command { std: "docker" "start" "-a" "205b09b6c93a2dd397e20e318053a987c2176a1d980fea0a29f15ddf27aff423", kill_on_drop: false }`
[INFO] [stderr]     Blocking waiting for file lock on package cache
[INFO] [stderr]    Compiling syn v1.0.14
[INFO] [stderr]     Checking smallvec v1.1.0
[INFO] [stderr]     Checking bytes v0.5.3
[INFO] [stderr]    Compiling serde v1.0.104
[INFO] [stderr]     Checking regex-syntax v0.6.13
[INFO] [stderr]    Compiling openssl v0.10.26
[INFO] [stderr]    Compiling brotli-sys v0.3.2
[INFO] [stderr]    Compiling num-bigint v0.2.5
[INFO] [stderr]     Checking uuid v0.6.5
[INFO] [stderr]    Compiling openssl-sys v0.9.53
[INFO] [stderr]     Checking miniz_oxide v0.3.5
[INFO] [stderr]    Compiling error-chain v0.12.1
[INFO] [stderr]     Checking tokio-executor v0.1.9
[INFO] [stderr]     Checking aho-corasick v0.7.6
[INFO] [stderr]     Checking getrandom v0.1.14
[INFO] [stderr]     Checking socket2 v0.3.11
[INFO] [stderr]     Checking hostname v0.1.5
[INFO] [stderr]     Checking bytes v0.4.12
[INFO] [stderr]     Checking threadpool v1.7.1
[INFO] [stderr]     Checking futures-cpupool v0.1.8
[INFO] [stderr]     Checking tokio-current-thread v0.1.6
[INFO] [stderr]     Checking tokio-timer v0.2.12
[INFO] [stderr]     Checking backtrace v0.3.42
[INFO] [stderr]     Checking rand v0.6.5
[INFO] [stderr]    Compiling mime_guess v2.0.1
[INFO] [stderr]     Checking rand_core v0.5.1
[INFO] [stderr]     Checking unicode-normalization v0.1.12
[INFO] [stderr]     Checking parking_lot_core v0.7.0
[INFO] [stderr]     Checking http v0.2.0
[INFO] [stderr]     Checking bytestring v0.1.4
[INFO] [stderr]     Checking resolv-conf v0.6.2
[INFO] [stderr]     Checking parking_lot_core v0.6.2
[INFO] [stderr]     Checking tokio v0.2.10
[INFO] [stderr]     Checking flate2 v1.0.13
[INFO] [stderr]     Checking tokio-io v0.1.12
[INFO] [stderr]     Checking http v0.1.21
[INFO] [stderr]     Checking tokio-buf v0.1.1
[INFO] [stderr]     Checking string v0.2.1
[INFO] [stderr]     Checking rand_chacha v0.2.1
[INFO] [stderr]     Checking parking_lot v0.10.0
[INFO] [stderr]     Checking parking_lot v0.9.0
[INFO] [stderr]     Checking tokio-threadpool v0.1.17
[INFO] [stderr]     Checking rand v0.7.3
[INFO] [stderr]     Checking idna v0.2.0
[INFO] [stderr]     Checking idna v0.1.5
[INFO] [stderr]     Checking scheduled-thread-pool v0.2.3
[INFO] [stderr]    Compiling native-tls v0.2.3
[INFO] [stderr]     Checking tokio-reactor v0.1.11
[INFO] [stderr]     Checking r2d2 v0.8.8
[INFO] [stderr]     Checking uuid v0.7.4
[INFO] [stderr]     Checking tokio-tcp v0.1.3
[INFO] [stderr]     Checking url v2.1.1
[INFO] [stderr]     Checking url v1.7.2
[INFO] [stderr]     Checking regex v1.3.3
[INFO] [stderr]     Checking tokio v0.1.22
[INFO] [stderr]     Checking bigdecimal v0.1.0
[INFO] [stderr]     Checking cookie v0.12.0
[INFO] [stderr]     Checking http-body v0.1.0
[INFO] [stderr]     Checking h2 v0.1.26
[INFO] [stderr]     Checking publicsuffix v1.5.4
[INFO] [stderr]     Checking env_logger v0.7.1
[INFO] [stderr]     Checking tokio-util v0.2.0
[INFO] [stderr]     Checking actix-codec v0.2.0
[INFO] [stderr]     Checking brotli2 v0.3.2
[INFO] [stderr]     Checking hyper v0.12.35
[INFO] [stderr]     Checking hyper-tls v0.3.2
[INFO] [stderr]    Compiling synstructure v0.12.3
[INFO] [stderr]    Compiling proc-macro-hack v0.5.11
[INFO] [stderr]    Compiling serde_derive v1.0.104
[INFO] [stderr]    Compiling failure_derive v0.1.6
[INFO] [stderr]    Compiling derive_more v0.99.2
[INFO] [stderr]    Compiling pin-project-internal v0.4.7
[INFO] [stderr]    Compiling actix-macros v0.1.1
[INFO] [stderr]    Compiling async-trait v0.1.22
[INFO] [stderr]    Compiling enum-as-inner v0.3.0
[INFO] [stderr]    Compiling actix-web-codegen v0.2.0
[INFO] [stderr]    Compiling diesel_derives v1.4.1
[INFO] [stderr]    Compiling futures-macro v0.3.1
[INFO] [stderr]     Checking failure v0.1.6
[INFO] [stderr]     Checking pin-project v0.4.7
[INFO] [stderr]     Checking futures-util v0.3.1
[INFO] [stderr]     Checking actix-threadpool v0.3.1
[INFO] [stderr]     Checking futures-executor v0.3.1
[INFO] [stderr]     Checking actix-service v1.0.5
[INFO] [stderr]     Checking h2 v0.2.1
[INFO] [stderr]     Checking futures v0.3.1
[INFO] [stderr]     Checking actix-rt v1.0.0
[INFO] [stderr]     Checking trust-dns-proto v0.18.0-alpha.2
[INFO] [stderr]     Checking actix-utils v1.0.6
[INFO] [stderr]     Checking actix-server v1.0.1
[INFO] [stderr]     Checking actix-tls v1.0.0
[INFO] [stderr]     Checking actix-testing v1.0.0
[INFO] [stderr]     Checking trust-dns-resolver v0.18.0-alpha.2
[INFO] [stderr]     Checking actix-connect v1.0.2
[INFO] [stderr]     Checking serde_json v1.0.44
[INFO] [stderr]     Checking chrono v0.4.10
[INFO] [stderr]     Checking serde_urlencoded v0.6.1
[INFO] [stderr]     Checking actix-router v0.2.4
[INFO] [stderr]     Checking serde_urlencoded v0.5.5
[INFO] [stderr]     Checking ipnetwork v0.15.1
[INFO] [stderr]     Checking textnonce v0.7.0
[INFO] [stderr]     Checking actix-http v1.0.1
[INFO] [stderr]     Checking cookie_store v0.7.0
[INFO] [stderr]     Checking diesel v1.4.3
[INFO] [stderr]     Checking reqwest v0.9.24
[INFO] [stderr]     Checking authy v0.9.8
[INFO] [stderr]     Checking awc v1.0.1
[INFO] [stderr]     Checking actix-web v2.0.0
[INFO] [stderr]     Checking actix-cors v0.2.0
[INFO] [stderr]     Checking mug-club v0.1.0 (/opt/rustwide/workdir)
[INFO] [stdout] error[E0554]: `#![feature]` may not be used on the stable release channel
[INFO] [stdout]  --> src/main.rs:2:1
[INFO] [stdout]   |
[INFO] [stdout] 2 | #![feature(async_closure)]
[INFO] [stdout]   | ^^^^^^^^^^^^^^^^^^^^^^^^^^
[INFO] [stdout] 
[INFO] [stdout] 
[INFO] [stdout] error[E0554]: `#![feature]` may not be used on the stable release channel
[INFO] [stdout]  --> src/main.rs:3:1
[INFO] [stdout]   |
[INFO] [stdout] 3 | #![feature(type_alias_impl_trait)]
[INFO] [stdout]   | ^^^^^^^^^^^^^^^^^^^^^^^^^^^^^^^^^^
[INFO] [stdout] 
[INFO] [stdout] 
[INFO] [stdout] error[E0658]: `impl Trait` in type aliases is unstable
[INFO] [stdout]   --> src/models.rs:93:19
[INFO] [stdout]    |
[INFO] [stdout] 93 |     type Future = impl Future<Output = Result<Person>>;
[INFO] [stdout]    |                   ^^^^^^^^^^^^^^^^^^^^^^^^^^^^^^^^^^^^
[INFO] [stdout]    |
[INFO] [stdout]    = note: see issue #63063 <https://github.com/rust-lang/rust/issues/63063> for more information
[INFO] [stdout] 
[INFO] [stdout] 
[INFO] [stdout] warning: the feature `type_alias_impl_trait` is incomplete and may not be safe to use and/or cause compiler crashes
[INFO] [stdout]  --> src/main.rs:3:12
[INFO] [stdout]   |
[INFO] [stdout] 3 | #![feature(type_alias_impl_trait)]
[INFO] [stdout]   |            ^^^^^^^^^^^^^^^^^^^^^
[INFO] [stdout]   |
[INFO] [stdout]   = note: `#[warn(incomplete_features)]` on by default
[INFO] [stdout]   = note: see issue #63063 <https://github.com/rust-lang/rust/issues/63063> for more information
[INFO] [stdout] 
[INFO] [stdout] 
[INFO] [stdout] warning: unused import: `actix_web::Error as AWError`
[INFO] [stdout]  --> src/db.rs:2:5
[INFO] [stdout]   |
[INFO] [stdout] 2 | use actix_web::Error as AWError;
[INFO] [stdout]   |     ^^^^^^^^^^^^^^^^^^^^^^^^^^^
[INFO] [stdout]   |
[INFO] [stdout]   = note: `#[warn(unused_imports)]` on by default
[INFO] [stdout] 
[INFO] [stdout] 
[INFO] [stdout] warning: the item `Text` is imported redundantly
[INFO] [stdout]    --> src/db.rs:488:40
[INFO] [stdout]     |
[INFO] [stdout] 8   | use diesel::sql_types::Text;
[INFO] [stdout]     |     ----------------------- the item `Text` is already imported here
[INFO] [stdout] ...
[INFO] [stdout] 488 |         use diesel::sql_types::{Float, Text};
[INFO] [stdout]     |                                        ^^^^
[INFO] [stdout] 
[INFO] [stdout] 
[INFO] [stdout] warning: unused import: `actix_web::Error as ActixError`
[INFO] [stdout]  --> src/models.rs:6:5
[INFO] [stdout]   |
[INFO] [stdout] 6 | use actix_web::Error as ActixError;
[INFO] [stdout]   |     ^^^^^^^^^^^^^^^^^^^^^^^^^^^^^^
[INFO] [stdout] 
[INFO] [stdout] 
[INFO] [stdout] warning: unused import: `Connection`
[INFO] [stdout]   --> src/main.rs:36:44
[INFO] [stdout]    |
[INFO] [stdout] 36 |     BeerSearchResult, BrewerySearchResult, Connection, CreateBeer, CreateBrewery, CreateDrink,
[INFO] [stdout]    |                                            ^^^^^^^^^^
[INFO] [stdout] 
[INFO] [stdout] 
[INFO] [stdout] warning: unused import: `HttpRequest`
[INFO] [stdout]   --> src/main.rs:48:22
[INFO] [stdout]    |
[INFO] [stdout] 48 | use actix_web::{App, HttpRequest, HttpServer, Responder};
[INFO] [stdout]    |                      ^^^^^^^^^^^
[INFO] [stdout] 
[INFO] [stdout] 
[INFO] [stdout] warning: unused import: `futures::Future`
[INFO] [stdout]   --> src/main.rs:55:5
[INFO] [stdout]    |
[INFO] [stdout] 55 | use futures::Future;
[INFO] [stdout]    |     ^^^^^^^^^^^^^^^
[INFO] [stdout] 
[INFO] [stdout] 
[INFO] [stdout] error[E0554]: `#![feature]` may not be used on the stable release channel
[INFO] [stdout]  --> src/main.rs:2:1
[INFO] [stdout]   |
[INFO] [stdout] 2 | #![feature(async_closure)]
[INFO] [stdout]   | ^^^^^^^^^^^^^^^^^^^^^^^^^^
[INFO] [stdout] 
[INFO] [stdout] 
[INFO] [stdout] error[E0554]: `#![feature]` may not be used on the stable release channel
[INFO] [stdout]  --> src/main.rs:3:1
[INFO] [stdout]   |
[INFO] [stdout] 3 | #![feature(type_alias_impl_trait)]
[INFO] [stdout]   | ^^^^^^^^^^^^^^^^^^^^^^^^^^^^^^^^^^
[INFO] [stdout] 
[INFO] [stdout] 
[INFO] [stdout] error[E0658]: `impl Trait` in type aliases is unstable
[INFO] [stdout]   --> src/models.rs:93:19
[INFO] [stdout]    |
[INFO] [stdout] 93 |     type Future = impl Future<Output = Result<Person>>;
[INFO] [stdout]    |                   ^^^^^^^^^^^^^^^^^^^^^^^^^^^^^^^^^^^^
[INFO] [stdout]    |
[INFO] [stdout]    = note: see issue #63063 <https://github.com/rust-lang/rust/issues/63063> for more information
[INFO] [stdout] 
[INFO] [stdout] 
[INFO] [stdout] warning: the feature `type_alias_impl_trait` is incomplete and may not be safe to use and/or cause compiler crashes
[INFO] [stdout]  --> src/main.rs:3:12
[INFO] [stdout]   |
[INFO] [stdout] 3 | #![feature(type_alias_impl_trait)]
[INFO] [stdout]   |            ^^^^^^^^^^^^^^^^^^^^^
[INFO] [stdout]   |
[INFO] [stdout]   = note: `#[warn(incomplete_features)]` on by default
[INFO] [stdout]   = note: see issue #63063 <https://github.com/rust-lang/rust/issues/63063> for more information
[INFO] [stdout] 
[INFO] [stdout] 
[INFO] [stdout] warning: unused import: `actix_web::Error as AWError`
[INFO] [stdout]  --> src/db.rs:2:5
[INFO] [stdout]   |
[INFO] [stdout] 2 | use actix_web::Error as AWError;
[INFO] [stdout]   |     ^^^^^^^^^^^^^^^^^^^^^^^^^^^
[INFO] [stdout]   |
[INFO] [stdout]   = note: `#[warn(unused_imports)]` on by default
[INFO] [stdout] 
[INFO] [stdout] 
[INFO] [stdout] warning: the item `Text` is imported redundantly
[INFO] [stdout]    --> src/db.rs:488:40
[INFO] [stdout]     |
[INFO] [stdout] 8   | use diesel::sql_types::Text;
[INFO] [stdout]     |     ----------------------- the item `Text` is already imported here
[INFO] [stdout] ...
[INFO] [stdout] 488 |         use diesel::sql_types::{Float, Text};
[INFO] [stdout]     |                                        ^^^^
[INFO] [stdout] 
[INFO] [stdout] 
[INFO] [stdout] warning: unused import: `actix_web::Error as ActixError`
[INFO] [stdout]  --> src/models.rs:6:5
[INFO] [stdout]   |
[INFO] [stdout] 6 | use actix_web::Error as ActixError;
[INFO] [stdout]   |     ^^^^^^^^^^^^^^^^^^^^^^^^^^^^^^
[INFO] [stdout] 
[INFO] [stdout] 
[INFO] [stdout] warning: unused import: `Connection`
[INFO] [stdout]   --> src/main.rs:36:44
[INFO] [stdout]    |
[INFO] [stdout] 36 |     BeerSearchResult, BrewerySearchResult, Connection, CreateBeer, CreateBrewery, CreateDrink,
[INFO] [stdout]    |                                            ^^^^^^^^^^
[INFO] [stdout] 
[INFO] [stdout] 
[INFO] [stdout] warning: unused import: `HttpRequest`
[INFO] [stdout]   --> src/main.rs:48:22
[INFO] [stdout]    |
[INFO] [stdout] 48 | use actix_web::{App, HttpRequest, HttpServer, Responder};
[INFO] [stdout]    |                      ^^^^^^^^^^^
[INFO] [stdout] 
[INFO] [stdout] 
[INFO] [stdout] warning: unused import: `futures::Future`
[INFO] [stdout]   --> src/main.rs:55:5
[INFO] [stdout]    |
[INFO] [stdout] 55 | use futures::Future;
[INFO] [stdout]    |     ^^^^^^^^^^^^^^^
[INFO] [stdout] 
[INFO] [stdout] 
[INFO] [stdout] warning: unused import: `HttpMessage`
[INFO] [stdout]  --> src/models.rs:7:30
[INFO] [stdout]   |
[INFO] [stdout] 7 | use actix_web::{FromRequest, HttpMessage, HttpRequest};
[INFO] [stdout]   |                              ^^^^^^^^^^^
[INFO] [stdout] 
[INFO] [stdout] 
[INFO] [stdout] warning: unused import: `futures::prelude`
[INFO] [stdout]   --> src/models.rs:12:5
[INFO] [stdout]    |
[INFO] [stdout] 12 | use futures::prelude::*;
[INFO] [stdout]    |     ^^^^^^^^^^^^^^^^
[INFO] [stdout] 
[INFO] [stdout] 
[INFO] [stdout] error: aborting due to 3 previous errors; 9 warnings emitted
[INFO] [stdout] 
[INFO] [stdout] 
[INFO] [stdout] Some errors have detailed explanations: E0554, E0658.
[INFO] [stdout] 
[INFO] [stdout] For more information about an error, try `rustc --explain E0554`.
[INFO] [stdout] 
[INFO] [stderr] error: could not compile `mug-club` due to 4 previous errors; 9 warnings emitted
[INFO] [stderr] warning: build failed, waiting for other jobs to finish...
[INFO] [stdout] warning: unused import: `HttpMessage`
[INFO] [stdout]  --> src/models.rs:7:30
[INFO] [stdout]   |
[INFO] [stdout] 7 | use actix_web::{FromRequest, HttpMessage, HttpRequest};
[INFO] [stdout]   |                              ^^^^^^^^^^^
[INFO] [stdout] 
[INFO] [stdout] 
[INFO] [stdout] warning: unused import: `futures::prelude`
[INFO] [stdout]   --> src/models.rs:12:5
[INFO] [stdout]    |
[INFO] [stdout] 12 | use futures::prelude::*;
[INFO] [stdout]    |     ^^^^^^^^^^^^^^^^
[INFO] [stdout] 
[INFO] [stdout] 
[INFO] [stdout] error: aborting due to 3 previous errors; 9 warnings emitted
[INFO] [stdout] 
[INFO] [stdout] 
[INFO] [stdout] Some errors have detailed explanations: E0554, E0658.
[INFO] [stdout] 
[INFO] [stdout] For more information about an error, try `rustc --explain E0554`.
[INFO] [stdout] 
[INFO] [stderr] error: build failed
[INFO] running `Command { std: "docker" "inspect" "205b09b6c93a2dd397e20e318053a987c2176a1d980fea0a29f15ddf27aff423", kill_on_drop: false }`
[INFO] running `Command { std: "docker" "rm" "-f" "205b09b6c93a2dd397e20e318053a987c2176a1d980fea0a29f15ddf27aff423", kill_on_drop: false }`
[INFO] [stdout] 205b09b6c93a2dd397e20e318053a987c2176a1d980fea0a29f15ddf27aff423
