[INFO] cloning repository https://github.com/mangefoo/cryptopublisher
[INFO] running `Command { std: "git" "-c" "credential.helper=" "-c" "credential.helper=/workspace/cargo-home/bin/git-credential-null" "clone" "--bare" "https://github.com/mangefoo/cryptopublisher" "/workspace/cache/git-repos/https%3A%2F%2Fgithub.com%2Fmangefoo%2Fcryptopublisher", kill_on_drop: false }`
[INFO] [stderr] Cloning into bare repository '/workspace/cache/git-repos/https%3A%2F%2Fgithub.com%2Fmangefoo%2Fcryptopublisher'...
[INFO] running `Command { std: "git" "rev-parse" "HEAD", kill_on_drop: false }`
[INFO] [stdout] 591144461fa4fcc64341bd6c83bdef616fea6894
[INFO] checking mangefoo/cryptopublisher against 1.55.0 for beta-1.56-3
[INFO] running `Command { std: "git" "clone" "/workspace/cache/git-repos/https%3A%2F%2Fgithub.com%2Fmangefoo%2Fcryptopublisher" "/workspace/builds/worker-10/source", kill_on_drop: false }`
[INFO] [stderr] Cloning into '/workspace/builds/worker-10/source'...
[INFO] [stderr] done.
[INFO] validating manifest of git repo https://github.com/mangefoo/cryptopublisher on toolchain 1.55.0
[INFO] running `Command { std: "/workspace/cargo-home/bin/cargo" "+1.55.0" "metadata" "--manifest-path" "Cargo.toml" "--no-deps", kill_on_drop: false }`
[INFO] started tweaking git repo https://github.com/mangefoo/cryptopublisher
[INFO] finished tweaking git repo https://github.com/mangefoo/cryptopublisher
[INFO] tweaked toml for git repo https://github.com/mangefoo/cryptopublisher written to /workspace/builds/worker-10/source/Cargo.toml
[INFO] crate git repo https://github.com/mangefoo/cryptopublisher already has a lockfile, it will not be regenerated
[INFO] running `Command { std: "/workspace/cargo-home/bin/cargo" "+1.55.0" "fetch" "--manifest-path" "Cargo.toml", kill_on_drop: false }`
[INFO] [stderr]     Blocking waiting for file lock on package cache
[INFO] [stderr]     Blocking waiting for file lock on package cache
[INFO] running `Command { std: "docker" "create" "-v" "/var/lib/crater-agent-workspace/builds/worker-10/target:/opt/rustwide/target:rw,Z" "-v" "/var/lib/crater-agent-workspace/builds/worker-10/source:/opt/rustwide/workdir:ro,Z" "-v" "/var/lib/crater-agent-workspace/cargo-home:/opt/rustwide/cargo-home:ro,Z" "-v" "/var/lib/crater-agent-workspace/rustup-home:/opt/rustwide/rustup-home:ro,Z" "-e" "SOURCE_DIR=/opt/rustwide/workdir" "-e" "CARGO_TARGET_DIR=/opt/rustwide/target" "-e" "CARGO_HOME=/opt/rustwide/cargo-home" "-e" "RUSTUP_HOME=/opt/rustwide/rustup-home" "-w" "/opt/rustwide/workdir" "-m" "1610612736" "--user" "0:0" "--network" "none" "ghcr.io/rust-lang/crates-build-env/linux@sha256:a89201d6b5b9fd45c15d5952ece0a0129e7e80cb26ec023fd59cf09bc26f1604" "/opt/rustwide/cargo-home/bin/cargo" "+1.55.0" "metadata" "--no-deps" "--format-version=1", kill_on_drop: false }`
[INFO] [stdout] 90eadfb106c27789c31fec53fad50143945211856ab6d7a8bcb10a1e5c316879
[INFO] running `Command { std: "docker" "start" "-a" "90eadfb106c27789c31fec53fad50143945211856ab6d7a8bcb10a1e5c316879", kill_on_drop: false }`
[INFO] running `Command { std: "docker" "inspect" "90eadfb106c27789c31fec53fad50143945211856ab6d7a8bcb10a1e5c316879", kill_on_drop: false }`
[INFO] running `Command { std: "docker" "rm" "-f" "90eadfb106c27789c31fec53fad50143945211856ab6d7a8bcb10a1e5c316879", kill_on_drop: false }`
[INFO] [stdout] 90eadfb106c27789c31fec53fad50143945211856ab6d7a8bcb10a1e5c316879
[INFO] running `Command { std: "docker" "create" "-v" "/var/lib/crater-agent-workspace/builds/worker-10/target:/opt/rustwide/target:rw,Z" "-v" "/var/lib/crater-agent-workspace/builds/worker-10/source:/opt/rustwide/workdir:ro,Z" "-v" "/var/lib/crater-agent-workspace/cargo-home:/opt/rustwide/cargo-home:ro,Z" "-v" "/var/lib/crater-agent-workspace/rustup-home:/opt/rustwide/rustup-home:ro,Z" "-e" "SOURCE_DIR=/opt/rustwide/workdir" "-e" "CARGO_TARGET_DIR=/opt/rustwide/target" "-e" "CARGO_INCREMENTAL=0" "-e" "RUST_BACKTRACE=full" "-e" "RUSTFLAGS=--cap-lints=warn" "-e" "CARGO_HOME=/opt/rustwide/cargo-home" "-e" "RUSTUP_HOME=/opt/rustwide/rustup-home" "-w" "/opt/rustwide/workdir" "-m" "1610612736" "--user" "0:0" "--network" "none" "ghcr.io/rust-lang/crates-build-env/linux@sha256:a89201d6b5b9fd45c15d5952ece0a0129e7e80cb26ec023fd59cf09bc26f1604" "/opt/rustwide/cargo-home/bin/cargo" "+1.55.0" "check" "--frozen" "--all" "--all-targets" "--message-format=json", kill_on_drop: false }`
[INFO] [stdout] 5d6c4473479678eaed105e8f4e5113b2288e859677479cab24ee08b007a5a3cd
[INFO] running `Command { std: "docker" "start" "-a" "5d6c4473479678eaed105e8f4e5113b2288e859677479cab24ee08b007a5a3cd", kill_on_drop: false }`
[INFO] [stderr]     Blocking waiting for file lock on package cache
[INFO] [stderr]    Compiling autocfg v1.0.1
[INFO] [stderr]    Compiling libc v0.2.101
[INFO] [stderr]     Checking cfg-if v1.0.0
[INFO] [stderr]    Compiling proc-macro2 v1.0.29
[INFO] [stderr]    Compiling version_check v0.9.3
[INFO] [stderr]    Compiling log v0.4.14
[INFO] [stderr]    Compiling unicode-xid v0.2.2
[INFO] [stderr]    Compiling syn v1.0.76
[INFO] [stderr]    Compiling memchr v2.4.1
[INFO] [stderr]     Checking pin-project-lite v0.2.7
[INFO] [stderr]    Compiling cc v1.0.70
[INFO] [stderr]    Compiling pkg-config v0.3.19
[INFO] [stderr]     Checking bytes v1.1.0
[INFO] [stderr]     Checking itoa v0.4.8
[INFO] [stderr]    Compiling futures-core v0.3.17
[INFO] [stderr]    Compiling proc-macro-hack v0.5.19
[INFO] [stderr]     Checking matches v0.1.9
[INFO] [stderr]     Checking tinyvec_macros v0.1.0
[INFO] [stderr]     Checking percent-encoding v2.1.0
[INFO] [stderr]    Compiling futures-task v0.3.17
[INFO] [stderr]    Compiling serde_derive v1.0.130
[INFO] [stderr]    Compiling ryu v1.0.5
[INFO] [stderr]     Checking foreign-types-shared v0.1.1
[INFO] [stderr]     Checking lazy_static v1.4.0
[INFO] [stderr]     Checking fnv v1.0.7
[INFO] [stderr]    Compiling openssl v0.10.36
[INFO] [stderr]    Compiling const_fn v0.4.8
[INFO] [stderr]    Compiling serde v1.0.130
[INFO] [stderr]     Checking slab v0.4.4
[INFO] [stderr]     Checking bitflags v1.3.2
[INFO] [stderr]     Checking futures-io v0.3.17
[INFO] [stderr]     Checking futures-sink v0.3.17
[INFO] [stderr]     Checking once_cell v1.8.0
[INFO] [stderr]     Checking pin-utils v0.1.0
[INFO] [stderr]     Checking hashbrown v0.11.2
[INFO] [stderr]    Compiling httparse v1.5.1
[INFO] [stderr]    Compiling futures-channel v0.3.17
[INFO] [stderr]     Checking unicode-bidi v0.3.6
[INFO] [stderr]    Compiling native-tls v0.2.8
[INFO] [stderr]     Checking try-lock v0.2.3
[INFO] [stderr]     Checking openssl-probe v0.1.4
[INFO] [stderr]    Compiling serde_json v1.0.67
[INFO] [stderr]     Checking tower-service v0.3.1
[INFO] [stderr]    Compiling encoding_rs v0.8.28
[INFO] [stderr]     Checking httpdate v1.0.1
[INFO] [stderr]     Checking mime v0.3.16
[INFO] [stderr]     Checking ipnet v2.3.1
[INFO] [stderr]     Checking base64 v0.13.0
[INFO] [stderr]     Checking tinyvec v1.3.1
[INFO] [stderr]    Compiling standback v0.2.17
[INFO] [stderr]    Compiling time v0.2.27
[INFO] [stderr]    Compiling cookie v0.14.4
[INFO] [stderr]     Checking tracing-core v0.1.19
[INFO] [stderr]     Checking num_cpus v1.13.0
[INFO] [stderr]     Checking socket2 v0.4.1
[INFO] [stderr]     Checking foreign-types v0.3.2
[INFO] [stderr]    Compiling tokio v1.11.0
[INFO] [stderr]    Compiling indexmap v1.7.0
[INFO] [stderr]    Compiling futures-util v0.3.17
[INFO] [stderr]     Checking form_urlencoded v1.0.1
[INFO] [stderr]    Compiling openssl-sys v0.9.66
[INFO] [stderr]     Checking http v0.2.4
[INFO] [stderr]     Checking unicode-normalization v0.1.19
[INFO] [stderr]    Compiling quote v1.0.9
[INFO] [stderr]     Checking mio v0.7.13
[INFO] [stderr]     Checking want v0.3.0
[INFO] [stderr]     Checking tracing v0.1.26
[INFO] [stderr]     Checking idna v0.2.3
[INFO] [stderr]     Checking http-body v0.4.3
[INFO] [stderr]     Checking url v2.2.2
[INFO] [stderr]     Checking publicsuffix v1.5.6
[INFO] [stderr]     Checking tokio-util v0.6.8
[INFO] [stderr]     Checking tokio-native-tls v0.3.0
[INFO] [stderr]     Checking h2 v0.3.4
[INFO] [stderr]    Compiling time-macros-impl v0.1.2
[INFO] [stderr]     Checking time-macros v0.1.1
[INFO] [stderr]     Checking hyper v0.14.12
[INFO] [stderr]     Checking hyper-tls v0.5.0
[INFO] [stderr]     Checking serde_urlencoded v0.7.0
[INFO] [stderr]     Checking cookie_store v0.12.0
[INFO] [stderr]     Checking reqwest v0.11.4
[INFO] [stderr]     Checking cryptopublisher v0.1.0 (/opt/rustwide/workdir)
[INFO] [stdout] error[E0583]: file not found for module `data`
[INFO] [stdout]  --> src/main.rs:7:1
[INFO] [stdout]   |
[INFO] [stdout] 7 | mod data;
[INFO] [stdout]   | ^^^^^^^^^
[INFO] [stdout]   |
[INFO] [stdout]   = help: to create the module `data`, create file "src/data.rs" or "src/data/mod.rs"
[INFO] [stdout] 
[INFO] [stdout] 
[INFO] [stdout] error[E0583]: file not found for module `data`
[INFO] [stdout]  --> src/main.rs:7:1
[INFO] [stdout]   |
[INFO] [stdout] 7 | mod data;
[INFO] [stdout]   | ^^^^^^^^^
[INFO] [stdout]   |
[INFO] [stdout]   = help: to create the module `data`, create file "src/data.rs" or "src/data/mod.rs"
[INFO] [stdout] 
[INFO] [stdout] 
[INFO] [stdout] error[E0432]: unresolved import `crate::data::Coin`
[INFO] [stdout]  --> src/main.rs:1:19
[INFO] [stdout]   |
[INFO] [stdout] 1 | use crate::data::{Coin};
[INFO] [stdout]   |                   ^^^^ no `Coin` in `data`
[INFO] [stdout] 
[INFO] [stdout] 
[INFO] [stdout] error[E0432]: unresolved import `crate::data::Coin`
[INFO] [stdout]  --> src/main.rs:1:19
[INFO] [stdout]   |
[INFO] [stdout] 1 | use crate::data::{Coin};
[INFO] [stdout]   |                   ^^^^ no `Coin` in `data`
[INFO] [stdout] 
[INFO] [stdout] 
[INFO] [stdout] error[E0425]: cannot find function `get_crypt_rates` in this scope
[INFO] [stdout]   --> src/main.rs:13:9
[INFO] [stdout]    |
[INFO] [stdout] 13 |         get_crypt_rates();
[INFO] [stdout]    |         ^^^^^^^^^^^^^^^ help: a function with a similar name exists: `get_crypto_rates`
[INFO] [stdout] ...
[INFO] [stdout] 19 | fn get_crypto_rates() {
[INFO] [stdout]    | --------------------- similarly named function `get_crypto_rates` defined here
[INFO] [stdout] 
[INFO] [stdout] 
[INFO] [stdout] error[E0425]: cannot find function `get_crypt_rates` in this scope
[INFO] [stdout]   --> src/main.rs:13:9
[INFO] [stdout]    |
[INFO] [stdout] 13 |         get_crypt_rates();
[INFO] [stdout]    |         ^^^^^^^^^^^^^^^ help: a function with a similar name exists: `get_crypto_rates`
[INFO] [stdout] ...
[INFO] [stdout] 19 | fn get_crypto_rates() {
[INFO] [stdout]    | --------------------- similarly named function `get_crypto_rates` defined here
[INFO] [stdout] 
[INFO] [stdout] 
[INFO] [stdout] error: aborting due to 3 previous errors
[INFO] [stdout] 
[INFO] [stdout] 
[INFO] [stdout] Some errors have detailed explanations: E0425, E0432, E0583.
[INFO] [stdout] 
[INFO] [stdout] For more information about an error, try `rustc --explain E0425`.
[INFO] [stdout] 
[INFO] [stdout] error: aborting due to 3 previous errors
[INFO] [stdout] 
[INFO] [stdout] 
[INFO] [stdout] Some errors have detailed explanations: E0425, E0432, E0583.
[INFO] [stdout] 
[INFO] [stdout] For more information about an error, try `rustc --explain E0425`.
[INFO] [stdout] 
[INFO] [stderr] error: could not compile `cryptopublisher` due to 4 previous errors
[INFO] [stderr] warning: build failed, waiting for other jobs to finish...
[INFO] [stderr] error: build failed
[INFO] running `Command { std: "docker" "inspect" "5d6c4473479678eaed105e8f4e5113b2288e859677479cab24ee08b007a5a3cd", kill_on_drop: false }`
[INFO] running `Command { std: "docker" "rm" "-f" "5d6c4473479678eaed105e8f4e5113b2288e859677479cab24ee08b007a5a3cd", kill_on_drop: false }`
[INFO] [stdout] 5d6c4473479678eaed105e8f4e5113b2288e859677479cab24ee08b007a5a3cd
