[INFO] cloning repository https://github.com/magnesium-lang/scratch
[INFO] running `Command { std: "git" "-c" "credential.helper=" "-c" "credential.helper=/workspace/cargo-home/bin/git-credential-null" "clone" "--bare" "https://github.com/magnesium-lang/scratch" "/workspace/cache/git-repos/https%3A%2F%2Fgithub.com%2Fmagnesium-lang%2Fscratch", kill_on_drop: false }`
[INFO] [stderr] Cloning into bare repository '/workspace/cache/git-repos/https%3A%2F%2Fgithub.com%2Fmagnesium-lang%2Fscratch'...
[INFO] running `Command { std: "git" "rev-parse" "HEAD", kill_on_drop: false }`
[INFO] [stdout] 126aac1e82f033f387cc4b0ed74ffc1e23a7797e
[INFO] checking magnesium-lang/scratch against beta-2021-10-15 for beta-1.56-3
[INFO] running `Command { std: "git" "clone" "/workspace/cache/git-repos/https%3A%2F%2Fgithub.com%2Fmagnesium-lang%2Fscratch" "/workspace/builds/worker-3/source", kill_on_drop: false }`
[INFO] [stderr] Cloning into '/workspace/builds/worker-3/source'...
[INFO] [stderr] done.
[INFO] validating manifest of git repo https://github.com/magnesium-lang/scratch on toolchain beta-2021-10-15
[INFO] running `Command { std: "/workspace/cargo-home/bin/cargo" "+beta-2021-10-15" "metadata" "--manifest-path" "Cargo.toml" "--no-deps", kill_on_drop: false }`
[INFO] started tweaking git repo https://github.com/magnesium-lang/scratch
[INFO] finished tweaking git repo https://github.com/magnesium-lang/scratch
[INFO] tweaked toml for git repo https://github.com/magnesium-lang/scratch written to /workspace/builds/worker-3/source/Cargo.toml
[INFO] crate git repo https://github.com/magnesium-lang/scratch already has a lockfile, it will not be regenerated
[INFO] running `Command { std: "/workspace/cargo-home/bin/cargo" "+beta-2021-10-15" "fetch" "--manifest-path" "Cargo.toml", kill_on_drop: false }`
[INFO] [stderr]     Blocking waiting for file lock on package cache
[INFO] running `Command { std: "docker" "create" "-v" "/var/lib/crater-agent-workspace/builds/worker-3/target:/opt/rustwide/target:rw,Z" "-v" "/var/lib/crater-agent-workspace/builds/worker-3/source:/opt/rustwide/workdir:ro,Z" "-v" "/var/lib/crater-agent-workspace/cargo-home:/opt/rustwide/cargo-home:ro,Z" "-v" "/var/lib/crater-agent-workspace/rustup-home:/opt/rustwide/rustup-home:ro,Z" "-e" "SOURCE_DIR=/opt/rustwide/workdir" "-e" "CARGO_TARGET_DIR=/opt/rustwide/target" "-e" "CARGO_HOME=/opt/rustwide/cargo-home" "-e" "RUSTUP_HOME=/opt/rustwide/rustup-home" "-w" "/opt/rustwide/workdir" "-m" "1610612736" "--user" "0:0" "--network" "none" "ghcr.io/rust-lang/crates-build-env/linux@sha256:a89201d6b5b9fd45c15d5952ece0a0129e7e80cb26ec023fd59cf09bc26f1604" "/opt/rustwide/cargo-home/bin/cargo" "+beta-2021-10-15" "metadata" "--no-deps" "--format-version=1", kill_on_drop: false }`
[INFO] [stdout] 63eed0bfa2ee0703ff6a224f73a93d5cf1fe221a2d4886fb4e63ecf5cfb95f5d
[INFO] running `Command { std: "docker" "start" "-a" "63eed0bfa2ee0703ff6a224f73a93d5cf1fe221a2d4886fb4e63ecf5cfb95f5d", kill_on_drop: false }`
[INFO] running `Command { std: "docker" "inspect" "63eed0bfa2ee0703ff6a224f73a93d5cf1fe221a2d4886fb4e63ecf5cfb95f5d", kill_on_drop: false }`
[INFO] running `Command { std: "docker" "rm" "-f" "63eed0bfa2ee0703ff6a224f73a93d5cf1fe221a2d4886fb4e63ecf5cfb95f5d", kill_on_drop: false }`
[INFO] [stdout] 63eed0bfa2ee0703ff6a224f73a93d5cf1fe221a2d4886fb4e63ecf5cfb95f5d
[INFO] running `Command { std: "docker" "create" "-v" "/var/lib/crater-agent-workspace/builds/worker-3/target:/opt/rustwide/target:rw,Z" "-v" "/var/lib/crater-agent-workspace/builds/worker-3/source:/opt/rustwide/workdir:ro,Z" "-v" "/var/lib/crater-agent-workspace/cargo-home:/opt/rustwide/cargo-home:ro,Z" "-v" "/var/lib/crater-agent-workspace/rustup-home:/opt/rustwide/rustup-home:ro,Z" "-e" "SOURCE_DIR=/opt/rustwide/workdir" "-e" "CARGO_TARGET_DIR=/opt/rustwide/target" "-e" "CARGO_INCREMENTAL=0" "-e" "RUST_BACKTRACE=full" "-e" "RUSTFLAGS=--cap-lints=warn" "-e" "CARGO_HOME=/opt/rustwide/cargo-home" "-e" "RUSTUP_HOME=/opt/rustwide/rustup-home" "-w" "/opt/rustwide/workdir" "-m" "1610612736" "--user" "0:0" "--network" "none" "ghcr.io/rust-lang/crates-build-env/linux@sha256:a89201d6b5b9fd45c15d5952ece0a0129e7e80cb26ec023fd59cf09bc26f1604" "/opt/rustwide/cargo-home/bin/cargo" "+beta-2021-10-15" "check" "--frozen" "--all" "--all-targets" "--message-format=json", kill_on_drop: false }`
[INFO] [stdout] bad6d1803e560e1c5591317d13a848361e2c061bd78fd4e98c166c93b6a1baf7
[INFO] running `Command { std: "docker" "start" "-a" "bad6d1803e560e1c5591317d13a848361e2c061bd78fd4e98c166c93b6a1baf7", kill_on_drop: false }`
[INFO] [stderr]     Blocking waiting for file lock on package cache
[INFO] [stderr]    Compiling libc v0.2.65
[INFO] [stderr]    Compiling memchr v2.2.1
[INFO] [stderr]     Checking futures-core-preview v0.3.0-alpha.17
[INFO] [stderr]     Checking futures v0.1.29
[INFO] [stderr]     Checking futures-io-preview v0.3.0-alpha.17
[INFO] [stderr]     Checking slab v0.4.2
[INFO] [stderr]     Checking pin-utils v0.1.0-alpha.4
[INFO] [stderr]     Checking move-test v0.1.0 (/opt/rustwide/workdir/move-test)
[INFO] [stderr]     Checking futures-sink-preview v0.3.0-alpha.17
[INFO] [stderr]     Checking futures-channel-preview v0.3.0-alpha.17
[INFO] [stderr]     Checking futures-util-preview v0.3.0-alpha.17
[INFO] [stderr]     Checking num_cpus v1.11.1
[INFO] [stderr]     Checking futures-executor-preview v0.3.0-alpha.17
[INFO] [stderr]     Checking futures-preview v0.3.0-alpha.17
[INFO] [stderr]     Checking compose-test v0.1.0 (/opt/rustwide/workdir/compose-test)
[INFO] [stdout] error[E0554]: `#![feature]` may not be used on the beta release channel
[INFO] [stdout]  --> compose-test/src/main.rs:1:1
[INFO] [stdout]   |
[INFO] [stdout] 1 | #![feature(unboxed_closures)]
[INFO] [stdout]   | ^^^^^^^^^^^^^^^^^^^^^^^^^^^^^
[INFO] [stdout] 
[INFO] [stdout] 
[INFO] [stdout] error[E0554]: `#![feature]` may not be used on the beta release channel
[INFO] [stdout]  --> compose-test/src/main.rs:2:1
[INFO] [stdout]   |
[INFO] [stdout] 2 | #![feature(fn_traits)]
[INFO] [stdout]   | ^^^^^^^^^^^^^^^^^^^^^^
[INFO] [stdout] 
[INFO] [stdout] 
[INFO] [stdout] error[E0554]: `#![feature]` may not be used on the beta release channel
[INFO] [stdout]  --> compose-test/src/main.rs:1:1
[INFO] [stdout]   |
[INFO] [stdout] 1 | #![feature(unboxed_closures)]
[INFO] [stdout]   | ^^^^^^^^^^^^^^^^^^^^^^^^^^^^^
[INFO] [stdout] 
[INFO] [stdout] 
[INFO] [stdout] error[E0554]: `#![feature]` may not be used on the beta release channel
[INFO] [stdout]  --> compose-test/src/main.rs:2:1
[INFO] [stdout]   |
[INFO] [stdout] 2 | #![feature(fn_traits)]
[INFO] [stdout]   | ^^^^^^^^^^^^^^^^^^^^^^
[INFO] [stdout] 
[INFO] [stdout] 
[INFO] [stdout] error: functions with the "rust-call" ABI must take a single non-self argument that is a tuple
[INFO] [stdout]   --> compose-test/src/main.rs:45:5
[INFO] [stdout]    |
[INFO] [stdout] 45 |     extern "rust-call" fn call_once(self, args: String) -> Self::Output {
[INFO] [stdout]    |     ^^^^^^^^^^^^^^^^^^^^^^^^^^^^^^^^^^^^^^^^^^^^^^^^^^^^^^^^^^^^^^^^^^^
[INFO] [stdout] 
[INFO] [stdout] 
[INFO] [stdout] error: functions with the "rust-call" ABI must take a single non-self argument that is a tuple
[INFO] [stdout]   --> compose-test/src/main.rs:51:5
[INFO] [stdout]    |
[INFO] [stdout] 51 |     extern "rust-call" fn call_mut(&mut self, args: String) -> Self::Output {
[INFO] [stdout]    |     ^^^^^^^^^^^^^^^^^^^^^^^^^^^^^^^^^^^^^^^^^^^^^^^^^^^^^^^^^^^^^^^^^^^^^^^
[INFO] [stdout] 
[INFO] [stdout] 
[INFO] [stdout] error: aborting due to 4 previous errors
[INFO] [stdout] 
[INFO] [stdout] 
[INFO] [stdout] For more information about this error, try `rustc --explain E0554`.
[INFO] [stdout] 
[INFO] [stderr] error: could not compile `compose-test` due to 5 previous errors
[INFO] [stderr] warning: build failed, waiting for other jobs to finish...
[INFO] [stdout] error: functions with the "rust-call" ABI must take a single non-self argument that is a tuple
[INFO] [stdout]   --> compose-test/src/main.rs:45:5
[INFO] [stdout]    |
[INFO] [stdout] 45 |     extern "rust-call" fn call_once(self, args: String) -> Self::Output {
[INFO] [stdout]    |     ^^^^^^^^^^^^^^^^^^^^^^^^^^^^^^^^^^^^^^^^^^^^^^^^^^^^^^^^^^^^^^^^^^^
[INFO] [stdout] 
[INFO] [stdout] 
[INFO] [stdout] error: functions with the "rust-call" ABI must take a single non-self argument that is a tuple
[INFO] [stdout]   --> compose-test/src/main.rs:51:5
[INFO] [stdout]    |
[INFO] [stdout] 51 |     extern "rust-call" fn call_mut(&mut self, args: String) -> Self::Output {
[INFO] [stdout]    |     ^^^^^^^^^^^^^^^^^^^^^^^^^^^^^^^^^^^^^^^^^^^^^^^^^^^^^^^^^^^^^^^^^^^^^^^
[INFO] [stdout] 
[INFO] [stdout] 
[INFO] [stdout] error: aborting due to 4 previous errors
[INFO] [stdout] 
[INFO] [stdout] 
[INFO] [stdout] For more information about this error, try `rustc --explain E0554`.
[INFO] [stdout] 
[INFO] [stderr] error: build failed
[INFO] running `Command { std: "docker" "inspect" "bad6d1803e560e1c5591317d13a848361e2c061bd78fd4e98c166c93b6a1baf7", kill_on_drop: false }`
[INFO] running `Command { std: "docker" "rm" "-f" "bad6d1803e560e1c5591317d13a848361e2c061bd78fd4e98c166c93b6a1baf7", kill_on_drop: false }`
[INFO] [stdout] bad6d1803e560e1c5591317d13a848361e2c061bd78fd4e98c166c93b6a1baf7
