[INFO] cloning repository https://github.com/maeln/shdrr
[INFO] running `Command { std: "git" "-c" "credential.helper=" "-c" "credential.helper=/workspace/cargo-home/bin/git-credential-null" "clone" "--bare" "https://github.com/maeln/shdrr" "/workspace/cache/git-repos/https%3A%2F%2Fgithub.com%2Fmaeln%2Fshdrr", kill_on_drop: false }`
[INFO] [stderr] Cloning into bare repository '/workspace/cache/git-repos/https%3A%2F%2Fgithub.com%2Fmaeln%2Fshdrr'...
[INFO] running `Command { std: "git" "rev-parse" "HEAD", kill_on_drop: false }`
[INFO] [stdout] 346ec778f365bf63713821ad01d8ab2c106348c7
[INFO] checking maeln/shdrr against 1.55.0 for beta-1.56-3
[INFO] running `Command { std: "git" "clone" "/workspace/cache/git-repos/https%3A%2F%2Fgithub.com%2Fmaeln%2Fshdrr" "/workspace/builds/worker-20/source", kill_on_drop: false }`
[INFO] [stderr] Cloning into '/workspace/builds/worker-20/source'...
[INFO] [stderr] done.
[INFO] validating manifest of git repo https://github.com/maeln/shdrr on toolchain 1.55.0
[INFO] running `Command { std: "/workspace/cargo-home/bin/cargo" "+1.55.0" "metadata" "--manifest-path" "Cargo.toml" "--no-deps", kill_on_drop: false }`
[INFO] started tweaking git repo https://github.com/maeln/shdrr
[INFO] finished tweaking git repo https://github.com/maeln/shdrr
[INFO] tweaked toml for git repo https://github.com/maeln/shdrr written to /workspace/builds/worker-20/source/Cargo.toml
[INFO] crate git repo https://github.com/maeln/shdrr already has a lockfile, it will not be regenerated
[INFO] running `Command { std: "/workspace/cargo-home/bin/cargo" "+1.55.0" "fetch" "--manifest-path" "Cargo.toml", kill_on_drop: false }`
[INFO] [stderr]     Blocking waiting for file lock on package cache
[INFO] [stderr]     Blocking waiting for file lock on package cache
[INFO] [stderr]  Downloading crates ...
[INFO] [stderr]   Downloaded walkdir v2.2.8
[INFO] [stderr]   Downloaded inotify v0.6.1
[INFO] [stderr]   Downloaded notify v4.0.12
[INFO] [stderr]   Downloaded atty v0.2.12
[INFO] [stderr]   Downloaded shaderc-sys v0.5.1
[INFO] [stderr]   Downloaded cmake v0.1.40
[INFO] [stderr]   Downloaded shaderc v0.5.1
[INFO] running `Command { std: "docker" "create" "-v" "/var/lib/crater-agent-workspace/builds/worker-20/target:/opt/rustwide/target:rw,Z" "-v" "/var/lib/crater-agent-workspace/builds/worker-20/source:/opt/rustwide/workdir:ro,Z" "-v" "/var/lib/crater-agent-workspace/cargo-home:/opt/rustwide/cargo-home:ro,Z" "-v" "/var/lib/crater-agent-workspace/rustup-home:/opt/rustwide/rustup-home:ro,Z" "-e" "SOURCE_DIR=/opt/rustwide/workdir" "-e" "CARGO_TARGET_DIR=/opt/rustwide/target" "-e" "CARGO_HOME=/opt/rustwide/cargo-home" "-e" "RUSTUP_HOME=/opt/rustwide/rustup-home" "-w" "/opt/rustwide/workdir" "-m" "1610612736" "--user" "0:0" "--network" "none" "ghcr.io/rust-lang/crates-build-env/linux@sha256:a89201d6b5b9fd45c15d5952ece0a0129e7e80cb26ec023fd59cf09bc26f1604" "/opt/rustwide/cargo-home/bin/cargo" "+1.55.0" "metadata" "--no-deps" "--format-version=1", kill_on_drop: false }`
[INFO] [stdout] 38a5458b1d2a3d408eec8a20eff23ba939f665ee29d169304b814a518bcb5b5d
[INFO] running `Command { std: "docker" "start" "-a" "38a5458b1d2a3d408eec8a20eff23ba939f665ee29d169304b814a518bcb5b5d", kill_on_drop: false }`
[INFO] running `Command { std: "docker" "inspect" "38a5458b1d2a3d408eec8a20eff23ba939f665ee29d169304b814a518bcb5b5d", kill_on_drop: false }`
[INFO] running `Command { std: "docker" "rm" "-f" "38a5458b1d2a3d408eec8a20eff23ba939f665ee29d169304b814a518bcb5b5d", kill_on_drop: false }`
[INFO] [stdout] 38a5458b1d2a3d408eec8a20eff23ba939f665ee29d169304b814a518bcb5b5d
[INFO] running `Command { std: "docker" "create" "-v" "/var/lib/crater-agent-workspace/builds/worker-20/target:/opt/rustwide/target:rw,Z" "-v" "/var/lib/crater-agent-workspace/builds/worker-20/source:/opt/rustwide/workdir:ro,Z" "-v" "/var/lib/crater-agent-workspace/cargo-home:/opt/rustwide/cargo-home:ro,Z" "-v" "/var/lib/crater-agent-workspace/rustup-home:/opt/rustwide/rustup-home:ro,Z" "-e" "SOURCE_DIR=/opt/rustwide/workdir" "-e" "CARGO_TARGET_DIR=/opt/rustwide/target" "-e" "CARGO_INCREMENTAL=0" "-e" "RUST_BACKTRACE=full" "-e" "RUSTFLAGS=--cap-lints=warn" "-e" "CARGO_HOME=/opt/rustwide/cargo-home" "-e" "RUSTUP_HOME=/opt/rustwide/rustup-home" "-w" "/opt/rustwide/workdir" "-m" "1610612736" "--user" "0:0" "--network" "none" "ghcr.io/rust-lang/crates-build-env/linux@sha256:a89201d6b5b9fd45c15d5952ece0a0129e7e80cb26ec023fd59cf09bc26f1604" "/opt/rustwide/cargo-home/bin/cargo" "+1.55.0" "check" "--frozen" "--all" "--all-targets" "--message-format=json", kill_on_drop: false }`
[INFO] [stdout] 62d7d5aaafc2892c1361a28ad42818bf0b799134f32bababd921db86ad272a77
[INFO] running `Command { std: "docker" "start" "-a" "62d7d5aaafc2892c1361a28ad42818bf0b799134f32bababd921db86ad272a77", kill_on_drop: false }`
[INFO] [stderr]     Blocking waiting for file lock on package cache
[INFO] [stderr]    Compiling libc v0.2.60
[INFO] [stderr]     Checking cfg-if v0.1.9
[INFO] [stderr]    Compiling cc v1.0.37
[INFO] [stderr]    Compiling bitflags v1.1.0
[INFO] [stderr]    Compiling log v0.4.7
[INFO] [stderr]     Checking unicode-width v0.1.5
[INFO] [stderr]     Checking lazycell v1.2.1
[INFO] [stderr]     Checking same-file v1.0.4
[INFO] [stderr]     Checking strsim v0.8.0
[INFO] [stderr]     Checking vec_map v0.8.1
[INFO] [stderr]     Checking ansi_term v0.11.0
[INFO] [stderr]     Checking walkdir v2.2.8
[INFO] [stderr]     Checking textwrap v0.11.0
[INFO] [stderr]    Compiling cmake v0.1.40
[INFO] [stderr]     Checking net2 v0.2.33
[INFO] [stderr]     Checking iovec v0.1.2
[INFO] [stderr]     Checking inotify-sys v0.1.3
[INFO] [stderr]     Checking filetime v0.2.5
[INFO] [stderr]     Checking atty v0.2.12
[INFO] [stderr]     Checking clap v2.33.0
[INFO] [stderr]     Checking inotify v0.6.1
[INFO] [stderr]    Compiling shaderc-sys v0.5.1
[INFO] [stderr]     Checking mio v0.6.19
[INFO] [stderr]     Checking mio-extras v2.0.5
[INFO] [stderr]     Checking notify v4.0.12
[INFO] [stderr] The following warnings were emitted during compilation:
[INFO] [stderr] 
[INFO] [stderr] warning: Checking for system installed libraries.  Use --features = build-from-source to disable this behavior
[INFO] [stderr] warning: Pre-built library not found.  Falling back to from-source build
[INFO] [stderr] 
[INFO] [stderr] error: failed to run custom build command for `shaderc-sys v0.5.1`
[INFO] [stderr] 
[INFO] [stderr] Caused by:
[INFO] [stderr]   process didn't exit successfully: `/opt/rustwide/target/debug/build/shaderc-sys-aa2d4b2fb2891071/build-script-build` (exit status: 101)
[INFO] [stderr]   --- stdout
[INFO] [stderr]   cargo:warning=Checking for system installed libraries.  Use --features = build-from-source to disable this behavior
[INFO] [stderr]   cargo:warning=Pre-built library not found.  Falling back to from-source build
[INFO] [stderr]   running: "cmake" "/opt/rustwide/cargo-home/registry/src/github.com-1ecc6299db9ec823/shaderc-sys-0.5.1/build" "-G" "Ninja" "-DCMAKE_POSITION_INDEPENDENT_CODE=ON" "-DSPIRV_SKIP_EXECUTABLES=ON" "-DSPIRV_WERROR=OFF" "-DSHADERC_SKIP_TESTS=ON" "-DCMAKE_INSTALL_LIBDIR=lib" "-DCMAKE_INSTALL_PREFIX=/opt/rustwide/target/debug/build/shaderc-sys-947ba501b8448d13/out" "-DCMAKE_C_FLAGS= -ffunction-sections -fdata-sections -fPIC -m64" "-DCMAKE_C_COMPILER=/usr/bin/cc" "-DCMAKE_CXX_FLAGS= -ffunction-sections -fdata-sections -fPIC -m64" "-DCMAKE_CXX_COMPILER=/usr/bin/c++" "-DCMAKE_BUILD_TYPE=Release"
[INFO] [stderr]   -- The C compiler identification is GNU 9.3.0
[INFO] [stderr]   -- The CXX compiler identification is GNU 9.3.0
[INFO] [stderr]   -- Check for working C compiler: /usr/bin/cc
[INFO] [stderr]   -- Check for working C compiler: /usr/bin/cc -- works
[INFO] [stderr]   -- Detecting C compiler ABI info
[INFO] [stderr]   -- Detecting C compiler ABI info - done
[INFO] [stderr]   -- Detecting C compile features
[INFO] [stderr]   -- Detecting C compile features - done
[INFO] [stderr]   -- Check for working CXX compiler: /usr/bin/c++
[INFO] [stderr]   -- Check for working CXX compiler: /usr/bin/c++ -- works
[INFO] [stderr]   -- Detecting CXX compiler ABI info
[INFO] [stderr]   -- Detecting CXX compiler ABI info - done
[INFO] [stderr]   -- Detecting CXX compile features
[INFO] [stderr]   -- Detecting CXX compile features - done
[INFO] [stderr]   -- Building SPIRV-Header examples
[INFO] [stderr]   -- SPIRV-Tools: nosetests was not found - python support code will not be tested
[INFO] [stderr]   -- Found PythonInterp: /usr/bin/python (found version "2.7.18") 
[INFO] [stderr]   -- Google Mock was not found - tests based on that will not build
[INFO] [stderr]   -- optimizer enabled
[INFO] [stderr]   -- Looking for pthread.h
[INFO] [stderr]   -- Looking for pthread.h - found
[INFO] [stderr]   -- Performing Test CMAKE_HAVE_LIBC_PTHREAD
[INFO] [stderr]   -- Performing Test CMAKE_HAVE_LIBC_PTHREAD - Failed
[INFO] [stderr]   -- Check if compiler accepts -pthread
[INFO] [stderr]   -- Check if compiler accepts -pthread - yes
[INFO] [stderr]   -- Found Threads: TRUE  
[INFO] [stderr]   -- Shaderc: build type is "Release".
[INFO] [stderr]   -- Configuring Shaderc to avoid building tests.
[INFO] [stderr]   -- nosetests was not found - python code will not be tested
[INFO] [stderr]   -- asciidoctor was not found - no documentation will be generated
[INFO] [stderr]   -- Configuring done
[INFO] [stderr]   -- Generating done
[INFO] [stderr]   -- Build files have been written to: /opt/rustwide/target/debug/build/shaderc-sys-947ba501b8448d13/out/build
[INFO] [stderr]   running: "cmake" "--build" "." "--target" "install" "--config" "Release" "--" "-j128"
[INFO] [stderr]   [1/364] Building CXX object spirv-headers/example/CMakeFiles/SPIRV-Headers-example.dir/example.cpp.o
[INFO] [stderr]   [2/364] cd /opt/rustwide/target/debug/build/shaderc-sys-947ba501b8448d13/out/build/spirv-tools && /usr/bin/cmake -DCHANGES_FILE=/opt/rustwide/cargo-home/registry/src/github.com-1ecc6299db9ec823/shaderc-sys-0.5.1/build/spirv-tools/CHANGES -DTEMPLATE_FILE=/opt/rustwide/cargo-home/registry/src/github.com-1ecc6299db9ec823/shaderc-sys-0.5.1/build/spirv-tools/cmake/SPIRV-Tools.pc.in -DOUT_FILE=/opt/rustwide/target/debug/build/shaderc-sys-947ba501b8448d13/out/build/spirv-tools/SPIRV-Tools.pc -DCMAKE_INSTALL_PREFIX=/opt/rustwide/target/debug/build/shaderc-sys-947ba501b8448d13/out -DCMAKE_INSTALL_LIBDIR=lib -DCMAKE_INSTALL_INCLUDEDIR=include -DSPIRV_LIBRARIES=-lSPIRV-Tools\ -lSPIRV-Tools-link\ -lSPIRV-Tools-opt -P /opt/rustwide/cargo-home/registry/src/github.com-1ecc6299db9ec823/shaderc-sys-0.5.1/build/spirv-tools/cmake/write_pkg_config.cmake
[INFO] [stderr]   [3/364] cd /opt/rustwide/target/debug/build/shaderc-sys-947ba501b8448d13/out/build/spirv-tools && /usr/bin/cmake -DCHANGES_FILE=/opt/rustwide/cargo-home/registry/src/github.com-1ecc6299db9ec823/shaderc-sys-0.5.1/build/spirv-tools/CHANGES -DTEMPLATE_FILE=/opt/rustwide/cargo-home/registry/src/github.com-1ecc6299db9ec823/shaderc-sys-0.5.1/build/spirv-tools/cmake/SPIRV-Tools-shared.pc.in -DOUT_FILE=/opt/rustwide/target/debug/build/shaderc-sys-947ba501b8448d13/out/build/spirv-tools/SPIRV-Tools-shared.pc -DCMAKE_INSTALL_PREFIX=/opt/rustwide/target/debug/build/shaderc-sys-947ba501b8448d13/out -DCMAKE_INSTALL_LIBDIR=lib -DCMAKE_INSTALL_INCLUDEDIR=include -DSPIRV_SHARED_LIBRARIES=-lSPIRV-Tools-shared -P /opt/rustwide/cargo-home/registry/src/github.com-1ecc6299db9ec823/shaderc-sys-0.5.1/build/spirv-tools/cmake/write_pkg_config.cmake
[INFO] [stderr]   [4/364] Generate extended instruction tables for spv-amd-shader-ballot.
[INFO] [stderr]   [5/364] Generate extended instruction tables for spv-amd-gcn-shader.
[INFO] [stderr]   [6/364] Generate extended instruction tables for spv-amd-shader-trinary-minmax.
[INFO] [stderr]   [7/364] Generate language specific header for DebugInfo.
[INFO] [stderr]   [8/364] Generate extended instruction tables for debuginfo.
[INFO] [stderr]   [9/364] Update build-version.inc in the SPIRV-Tools build directory (if necessary).
[INFO] [stderr]   [10/364] Generate extended instruction tables for spv-amd-shader-explicit-vertex-parameter.
[INFO] [stderr]   [11/364] Generate info tables for SPIR-V vunified1 core instructions and operands.
[INFO] [stderr]   [12/364] Generate tables based on the SPIR-V XML registry.
[INFO] [stderr]   [13/364] Generate enum-string mapping for SPIR-V vunified1.
[INFO] [stderr]   [14/364] Check copyright
[INFO] [stderr]   [15/364] Generate info tables for OpenCL extended instructions and operands vunified1.
[INFO] [stderr]   [16/364] Generate info tables for GLSL extended instructions and operands vunified1.
[INFO] [stderr]   [17/364] Building CXX object spirv-headers/example/CMakeFiles/SPIRV-Headers-example-1.1.dir/example-1.1.cpp.o
[INFO] [stderr]   [18/364] cd /opt/rustwide/target/debug/build/shaderc-sys-947ba501b8448d13/out/build/shaderc && /usr/bin/cmake -DCHANGES_FILE=/opt/rustwide/cargo-home/registry/src/github.com-1ecc6299db9ec823/shaderc-sys-0.5.1/build/shaderc/CHANGES -DTEMPLATE_FILE=/opt/rustwide/cargo-home/registry/src/github.com-1ecc6299db9ec823/shaderc-sys-0.5.1/build/shaderc/cmake/shaderc_combined.pc.in -DOUT_FILE=/opt/rustwide/target/debug/build/shaderc-sys-947ba501b8448d13/out/build/shaderc/shaderc_combined.pc -DCMAKE_INSTALL_PREFIX=/opt/rustwide/target/debug/build/shaderc-sys-947ba501b8448d13/out -DCMAKE_INSTALL_LIBDIR=lib -DCMAKE_INSTALL_INCLUDEDIR=include -DLIBS=-lshaderc_combined -P /opt/rustwide/cargo-home/registry/src/github.com-1ecc6299db9ec823/shaderc-sys-0.5.1/build/shaderc/cmake/write_pkg_config.cmake
[INFO] [stderr]   [19/364] cd /opt/rustwide/target/debug/build/shaderc-sys-947ba501b8448d13/out/build/shaderc && /usr/bin/cmake -DCHANGES_FILE=/opt/rustwide/cargo-home/registry/src/github.com-1ecc6299db9ec823/shaderc-sys-0.5.1/build/shaderc/CHANGES -DTEMPLATE_FILE=/opt/rustwide/cargo-home/registry/src/github.com-1ecc6299db9ec823/shaderc-sys-0.5.1/build/shaderc/cmake/shaderc_static.pc.in -DOUT_FILE=/opt/rustwide/target/debug/build/shaderc-sys-947ba501b8448d13/out/build/shaderc/shaderc_static.pc -DCMAKE_INSTALL_PREFIX=/opt/rustwide/target/debug/build/shaderc-sys-947ba501b8448d13/out -DCMAKE_INSTALL_LIBDIR=lib -DCMAKE_INSTALL_INCLUDEDIR=include -DLIBS=-lshaderc\ \ -lshaderc_util -P /opt/rustwide/cargo-home/registry/src/github.com-1ecc6299db9ec823/shaderc-sys-0.5.1/build/shaderc/cmake/write_pkg_config.cmake
[INFO] [stderr]   [20/364] cd /opt/rustwide/target/debug/build/shaderc-sys-947ba501b8448d13/out/build/shaderc && /usr/bin/cmake -DCHANGES_FILE=/opt/rustwide/cargo-home/registry/src/github.com-1ecc6299db9ec823/shaderc-sys-0.5.1/build/shaderc/CHANGES -DTEMPLATE_FILE=/opt/rustwide/cargo-home/registry/src/github.com-1ecc6299db9ec823/shaderc-sys-0.5.1/build/shaderc/cmake/shaderc.pc.in -DOUT_FILE=/opt/rustwide/target/debug/build/shaderc-sys-947ba501b8448d13/out/build/shaderc/shaderc.pc -DCMAKE_INSTALL_PREFIX=/opt/rustwide/target/debug/build/shaderc-sys-947ba501b8448d13/out -DCMAKE_INSTALL_LIBDIR=lib -DCMAKE_INSTALL_INCLUDEDIR=include -DLIBS=-lshaderc_shared -P /opt/rustwide/cargo-home/registry/src/github.com-1ecc6299db9ec823/shaderc-sys-0.5.1/build/shaderc/cmake/write_pkg_config.cmake
[INFO] [stderr]   [21/364] Update build-version.inc in the Shaderc build directory (if necessary).
[INFO] [stderr]   [22/364] Linking CXX static library spirv-headers/example/libSPIRV-Headers-example.a
[INFO] [stderr]   [23/364] Linking CXX static library spirv-headers/example/libSPIRV-Headers-example-1.1.a
[INFO] [stderr]   [24/364] Building CXX object glslang/glslang/CMakeFiles/glslang.dir/MachineIndependent/IntermTraverse.cpp.o
[INFO] [stderr]   FAILED: glslang/glslang/CMakeFiles/glslang.dir/MachineIndependent/IntermTraverse.cpp.o 
[INFO] [stderr]   /usr/bin/c++  -DAMD_EXTENSIONS -DENABLE_HLSL -DENABLE_OPT=1 -DGLSLANG_OSINCLUDE_UNIX -DNV_EXTENSIONS -I/opt/rustwide/cargo-home/registry/src/github.com-1ecc6299db9ec823/shaderc-sys-0.5.1/build/glslang/glslang/.. -ffunction-sections -fdata-sections -fPIC -m64 -O3 -DNDEBUG -fPIC   -Wall -Wmaybe-uninitialized -Wuninitialized -Wunused -Wunused-local-typedefs -Wunused-parameter -Wunused-value -Wunused-variable -Wunused-but-set-parameter -Wunused-but-set-variable -fno-exceptions -Wno-reorder -pthread -std=c++11 -MD -MT glslang/glslang/CMakeFiles/glslang.dir/MachineIndependent/IntermTraverse.cpp.o -MF glslang/glslang/CMakeFiles/glslang.dir/MachineIndependent/IntermTraverse.cpp.o.d -o glslang/glslang/CMakeFiles/glslang.dir/MachineIndependent/IntermTraverse.cpp.o -c /opt/rustwide/cargo-home/registry/src/github.com-1ecc6299db9ec823/shaderc-sys-0.5.1/build/glslang/glslang/MachineIndependent/IntermTraverse.cpp
[INFO] [stderr]   c++: fatal error: Killed signal terminated program cc1plus
[INFO] [stderr]   compilation terminated.
[INFO] [stderr]   [25/364] Building CXX object spirv-tools/source/CMakeFiles/SPIRV-Tools-shared.dir/val/instruction.cpp.o
[INFO] [stderr]   [26/364] Building CXX object spirv-tools/source/CMakeFiles/SPIRV-Tools-shared.dir/spirv_validator_options.cpp.o
[INFO] [stderr]   [27/364] Building CXX object glslang/hlsl/CMakeFiles/HLSL.dir/hlslGrammar.cpp.o
[INFO] [stderr]   FAILED: glslang/hlsl/CMakeFiles/HLSL.dir/hlslGrammar.cpp.o 
[INFO] [stderr]   /usr/bin/c++  -DAMD_EXTENSIONS -DENABLE_HLSL -DENABLE_OPT=1 -DGLSLANG_OSINCLUDE_UNIX -DNV_EXTENSIONS  -ffunction-sections -fdata-sections -fPIC -m64 -O3 -DNDEBUG -fPIC   -Wall -Wmaybe-uninitialized -Wuninitialized -Wunused -Wunused-local-typedefs -Wunused-parameter -Wunused-value -Wunused-variable -Wunused-but-set-parameter -Wunused-but-set-variable -fno-exceptions -Wno-reorder -std=c++11 -MD -MT glslang/hlsl/CMakeFiles/HLSL.dir/hlslGrammar.cpp.o -MF glslang/hlsl/CMakeFiles/HLSL.dir/hlslGrammar.cpp.o.d -o glslang/hlsl/CMakeFiles/HLSL.dir/hlslGrammar.cpp.o -c /opt/rustwide/cargo-home/registry/src/github.com-1ecc6299db9ec823/shaderc-sys-0.5.1/build/glslang/hlsl/hlslGrammar.cpp
[INFO] [stderr]   c++: fatal error: Killed signal terminated program cc1plus
[INFO] [stderr]   compilation terminated.
[INFO] [stderr]   [28/364] Building CXX object glslang/glslang/CMakeFiles/glslang.dir/MachineIndependent/limits.cpp.o
[INFO] [stderr]   FAILED: glslang/glslang/CMakeFiles/glslang.dir/MachineIndependent/limits.cpp.o 
[INFO] [stderr]   /usr/bin/c++  -DAMD_EXTENSIONS -DENABLE_HLSL -DENABLE_OPT=1 -DGLSLANG_OSINCLUDE_UNIX -DNV_EXTENSIONS -I/opt/rustwide/cargo-home/registry/src/github.com-1ecc6299db9ec823/shaderc-sys-0.5.1/build/glslang/glslang/.. -ffunction-sections -fdata-sections -fPIC -m64 -O3 -DNDEBUG -fPIC   -Wall -Wmaybe-uninitialized -Wuninitialized -Wunused -Wunused-local-typedefs -Wunused-parameter -Wunused-value -Wunused-variable -Wunused-but-set-parameter -Wunused-but-set-variable -fno-exceptions -Wno-reorder -pthread -std=c++11 -MD -MT glslang/glslang/CMakeFiles/glslang.dir/MachineIndependent/limits.cpp.o -MF glslang/glslang/CMakeFiles/glslang.dir/MachineIndependent/limits.cpp.o.d -o glslang/glslang/CMakeFiles/glslang.dir/MachineIndependent/limits.cpp.o -c /opt/rustwide/cargo-home/registry/src/github.com-1ecc6299db9ec823/shaderc-sys-0.5.1/build/glslang/glslang/MachineIndependent/limits.cpp
[INFO] [stderr]   c++: fatal error: Killed signal terminated program cc1plus
[INFO] [stderr]   compilation terminated.
[INFO] [stderr]   [29/364] Building CXX object glslang/glslang/CMakeFiles/glslang.dir/MachineIndependent/preprocessor/PpScanner.cpp.o
[INFO] [stderr]   FAILED: glslang/glslang/CMakeFiles/glslang.dir/MachineIndependent/preprocessor/PpScanner.cpp.o 
[INFO] [stderr]   /usr/bin/c++  -DAMD_EXTENSIONS -DENABLE_HLSL -DENABLE_OPT=1 -DGLSLANG_OSINCLUDE_UNIX -DNV_EXTENSIONS -I/opt/rustwide/cargo-home/registry/src/github.com-1ecc6299db9ec823/shaderc-sys-0.5.1/build/glslang/glslang/.. -ffunction-sections -fdata-sections -fPIC -m64 -O3 -DNDEBUG -fPIC   -Wall -Wmaybe-uninitialized -Wuninitialized -Wunused -Wunused-local-typedefs -Wunused-parameter -Wunused-value -Wunused-variable -Wunused-but-set-parameter -Wunused-but-set-variable -fno-exceptions -Wno-reorder -pthread -std=c++11 -MD -MT glslang/glslang/CMakeFiles/glslang.dir/MachineIndependent/preprocessor/PpScanner.cpp.o -MF glslang/glslang/CMakeFiles/glslang.dir/MachineIndependent/preprocessor/PpScanner.cpp.o.d -o glslang/glslang/CMakeFiles/glslang.dir/MachineIndependent/preprocessor/PpScanner.cpp.o -c /opt/rustwide/cargo-home/registry/src/github.com-1ecc6299db9ec823/shaderc-sys-0.5.1/build/glslang/glslang/MachineIndependent/preprocessor/PpScanner.cpp
[INFO] [stderr]   c++: fatal error: Killed signal terminated program cc1plus
[INFO] [stderr]   compilation terminated.
[INFO] [stderr]   [30/364] Building CXX object glslang/glslang/CMakeFiles/glslang.dir/MachineIndependent/preprocessor/PpAtom.cpp.o
[INFO] [stderr]   FAILED: glslang/glslang/CMakeFiles/glslang.dir/MachineIndependent/preprocessor/PpAtom.cpp.o 
[INFO] [stderr]   /usr/bin/c++  -DAMD_EXTENSIONS -DENABLE_HLSL -DENABLE_OPT=1 -DGLSLANG_OSINCLUDE_UNIX -DNV_EXTENSIONS -I/opt/rustwide/cargo-home/registry/src/github.com-1ecc6299db9ec823/shaderc-sys-0.5.1/build/glslang/glslang/.. -ffunction-sections -fdata-sections -fPIC -m64 -O3 -DNDEBUG -fPIC   -Wall -Wmaybe-uninitialized -Wuninitialized -Wunused -Wunused-local-typedefs -Wunused-parameter -Wunused-value -Wunused-variable -Wunused-but-set-parameter -Wunused-but-set-variable -fno-exceptions -Wno-reorder -pthread -std=c++11 -MD -MT glslang/glslang/CMakeFiles/glslang.dir/MachineIndependent/preprocessor/PpAtom.cpp.o -MF glslang/glslang/CMakeFiles/glslang.dir/MachineIndependent/preprocessor/PpAtom.cpp.o.d -o glslang/glslang/CMakeFiles/glslang.dir/MachineIndependent/preprocessor/PpAtom.cpp.o -c /opt/rustwide/cargo-home/registry/src/github.com-1ecc6299db9ec823/shaderc-sys-0.5.1/build/glslang/glslang/MachineIndependent/preprocessor/PpAtom.cpp
[INFO] [stderr]   c++: fatal error: Killed signal terminated program cc1plus
[INFO] [stderr]   compilation terminated.
[INFO] [stderr]   [31/364] Building CXX object glslang/glslang/CMakeFiles/glslang.dir/MachineIndependent/linkValidate.cpp.o
[INFO] [stderr]   FAILED: glslang/glslang/CMakeFiles/glslang.dir/MachineIndependent/linkValidate.cpp.o 
[INFO] [stderr]   /usr/bin/c++  -DAMD_EXTENSIONS -DENABLE_HLSL -DENABLE_OPT=1 -DGLSLANG_OSINCLUDE_UNIX -DNV_EXTENSIONS -I/opt/rustwide/cargo-home/registry/src/github.com-1ecc6299db9ec823/shaderc-sys-0.5.1/build/glslang/glslang/.. -ffunction-sections -fdata-sections -fPIC -m64 -O3 -DNDEBUG -fPIC   -Wall -Wmaybe-uninitialized -Wuninitialized -Wunused -Wunused-local-typedefs -Wunused-parameter -Wunused-value -Wunused-variable -Wunused-but-set-parameter -Wunused-but-set-variable -fno-exceptions -Wno-reorder -pthread -std=c++11 -MD -MT glslang/glslang/CMakeFiles/glslang.dir/MachineIndependent/linkValidate.cpp.o -MF glslang/glslang/CMakeFiles/glslang.dir/MachineIndependent/linkValidate.cpp.o.d -o glslang/glslang/CMakeFiles/glslang.dir/MachineIndependent/linkValidate.cpp.o -c /opt/rustwide/cargo-home/registry/src/github.com-1ecc6299db9ec823/shaderc-sys-0.5.1/build/glslang/glslang/MachineIndependent/linkValidate.cpp
[INFO] [stderr]   c++: fatal error: Killed signal terminated program cc1plus
[INFO] [stderr]   compilation terminated.
[INFO] [stderr]   [32/364] Building CXX object glslang/glslang/CMakeFiles/glslang.dir/MachineIndependent/glslang_tab.cpp.o
[INFO] [stderr]   FAILED: glslang/glslang/CMakeFiles/glslang.dir/MachineIndependent/glslang_tab.cpp.o 
[INFO] [stderr]   /usr/bin/c++  -DAMD_EXTENSIONS -DENABLE_HLSL -DENABLE_OPT=1 -DGLSLANG_OSINCLUDE_UNIX -DNV_EXTENSIONS -I/opt/rustwide/cargo-home/registry/src/github.com-1ecc6299db9ec823/shaderc-sys-0.5.1/build/glslang/glslang/.. -ffunction-sections -fdata-sections -fPIC -m64 -O3 -DNDEBUG -fPIC   -Wall -Wmaybe-uninitialized -Wuninitialized -Wunused -Wunused-local-typedefs -Wunused-parameter -Wunused-value -Wunused-variable -Wunused-but-set-parameter -Wunused-but-set-variable -fno-exceptions -Wno-reorder -pthread -std=c++11 -MD -MT glslang/glslang/CMakeFiles/glslang.dir/MachineIndependent/glslang_tab.cpp.o -MF glslang/glslang/CMakeFiles/glslang.dir/MachineIndependent/glslang_tab.cpp.o.d -o glslang/glslang/CMakeFiles/glslang.dir/MachineIndependent/glslang_tab.cpp.o -c /opt/rustwide/cargo-home/registry/src/github.com-1ecc6299db9ec823/shaderc-sys-0.5.1/build/glslang/glslang/MachineIndependent/glslang_tab.cpp
[INFO] [stderr]   c++: fatal error: Killed signal terminated program cc1plus
[INFO] [stderr]   compilation terminated.
[INFO] [stderr]   [33/364] Building CXX object glslang/glslang/CMakeFiles/glslang.dir/MachineIndependent/Constant.cpp.o
[INFO] [stderr]   FAILED: glslang/glslang/CMakeFiles/glslang.dir/MachineIndependent/Constant.cpp.o 
[INFO] [stderr]   /usr/bin/c++  -DAMD_EXTENSIONS -DENABLE_HLSL -DENABLE_OPT=1 -DGLSLANG_OSINCLUDE_UNIX -DNV_EXTENSIONS -I/opt/rustwide/cargo-home/registry/src/github.com-1ecc6299db9ec823/shaderc-sys-0.5.1/build/glslang/glslang/.. -ffunction-sections -fdata-sections -fPIC -m64 -O3 -DNDEBUG -fPIC   -Wall -Wmaybe-uninitialized -Wuninitialized -Wunused -Wunused-local-typedefs -Wunused-parameter -Wunused-value -Wunused-variable -Wunused-but-set-parameter -Wunused-but-set-variable -fno-exceptions -Wno-reorder -pthread -std=c++11 -MD -MT glslang/glslang/CMakeFiles/glslang.dir/MachineIndependent/Constant.cpp.o -MF glslang/glslang/CMakeFiles/glslang.dir/MachineIndependent/Constant.cpp.o.d -o glslang/glslang/CMakeFiles/glslang.dir/MachineIndependent/Constant.cpp.o -c /opt/rustwide/cargo-home/registry/src/github.com-1ecc6299db9ec823/shaderc-sys-0.5.1/build/glslang/glslang/MachineIndependent/Constant.cpp
[INFO] [stderr]   c++: fatal error: Killed signal terminated program cc1plus
[INFO] [stderr]   compilation terminated.
[INFO] [stderr]   [34/364] Building CXX object glslang/glslang/OSDependent/Unix/CMakeFiles/OSDependent.dir/ossource.cpp.o
[INFO] [stderr]   [35/364] Building CXX object glslang/glslang/CMakeFiles/glslang.dir/MachineIndependent/InfoSink.cpp.o
[INFO] [stderr]   [36/364] Building CXX object glslang/glslang/CMakeFiles/glslang.dir/MachineIndependent/Scan.cpp.o
[INFO] [stderr]   FAILED: glslang/glslang/CMakeFiles/glslang.dir/MachineIndependent/Scan.cpp.o 
[INFO] [stderr]   /usr/bin/c++  -DAMD_EXTENSIONS -DENABLE_HLSL -DENABLE_OPT=1 -DGLSLANG_OSINCLUDE_UNIX -DNV_EXTENSIONS -I/opt/rustwide/cargo-home/registry/src/github.com-1ecc6299db9ec823/shaderc-sys-0.5.1/build/glslang/glslang/.. -ffunction-sections -fdata-sections -fPIC -m64 -O3 -DNDEBUG -fPIC   -Wall -Wmaybe-uninitialized -Wuninitialized -Wunused -Wunused-local-typedefs -Wunused-parameter -Wunused-value -Wunused-variable -Wunused-but-set-parameter -Wunused-but-set-variable -fno-exceptions -Wno-reorder -pthread -std=c++11 -MD -MT glslang/glslang/CMakeFiles/glslang.dir/MachineIndependent/Scan.cpp.o -MF glslang/glslang/CMakeFiles/glslang.dir/MachineIndependent/Scan.cpp.o.d -o glslang/glslang/CMakeFiles/glslang.dir/MachineIndependent/Scan.cpp.o -c /opt/rustwide/cargo-home/registry/src/github.com-1ecc6299db9ec823/shaderc-sys-0.5.1/build/glslang/glslang/MachineIndependent/Scan.cpp
[INFO] [stderr]   c++: fatal error: Killed signal terminated program cc1plus
[INFO] [stderr]   compilation terminated.
[INFO] [stderr]   [37/364] Building CXX object glslang/glslang/CMakeFiles/glslang.dir/MachineIndependent/Intermediate.cpp.o
[INFO] [stderr]   FAILED: glslang/glslang/CMakeFiles/glslang.dir/MachineIndependent/Intermediate.cpp.o 
[INFO] [stderr]   /usr/bin/c++  -DAMD_EXTENSIONS -DENABLE_HLSL -DENABLE_OPT=1 -DGLSLANG_OSINCLUDE_UNIX -DNV_EXTENSIONS -I/opt/rustwide/cargo-home/registry/src/github.com-1ecc6299db9ec823/shaderc-sys-0.5.1/build/glslang/glslang/.. -ffunction-sections -fdata-sections -fPIC -m64 -O3 -DNDEBUG -fPIC   -Wall -Wmaybe-uninitialized -Wuninitialized -Wunused -Wunused-local-typedefs -Wunused-parameter -Wunused-value -Wunused-variable -Wunused-but-set-parameter -Wunused-but-set-variable -fno-exceptions -Wno-reorder -pthread -std=c++11 -MD -MT glslang/glslang/CMakeFiles/glslang.dir/MachineIndependent/Intermediate.cpp.o -MF glslang/glslang/CMakeFiles/glslang.dir/MachineIndependent/Intermediate.cpp.o.d -o glslang/glslang/CMakeFiles/glslang.dir/MachineIndependent/Intermediate.cpp.o -c /opt/rustwide/cargo-home/registry/src/github.com-1ecc6299db9ec823/shaderc-sys-0.5.1/build/glslang/glslang/MachineIndependent/Intermediate.cpp
[INFO] [stderr]   c++: fatal error: Killed signal terminated program cc1plus
[INFO] [stderr]   compilation terminated.
[INFO] [stderr]   [38/364] Building CXX object glslang/glslang/CMakeFiles/glslang.dir/GenericCodeGen/CodeGen.cpp.o
[INFO] [stderr]   [39/364] Building CXX object spirv-tools/source/CMakeFiles/SPIRV-Tools-shared.dir/spirv_endian.cpp.o
[INFO] [stderr]   [40/364] Building CXX object spirv-tools/source/CMakeFiles/SPIRV-Tools-shared.dir/spirv_optimizer_options.cpp.o
[INFO] [stderr]   [41/364] Building CXX object glslang/hlsl/CMakeFiles/HLSL.dir/hlslParseables.cpp.o
[INFO] [stderr]   FAILED: glslang/hlsl/CMakeFiles/HLSL.dir/hlslParseables.cpp.o 
[INFO] [stderr]   /usr/bin/c++  -DAMD_EXTENSIONS -DENABLE_HLSL -DENABLE_OPT=1 -DGLSLANG_OSINCLUDE_UNIX -DNV_EXTENSIONS  -ffunction-sections -fdata-sections -fPIC -m64 -O3 -DNDEBUG -fPIC   -Wall -Wmaybe-uninitialized -Wuninitialized -Wunused -Wunused-local-typedefs -Wunused-parameter -Wunused-value -Wunused-variable -Wunused-but-set-parameter -Wunused-but-set-variable -fno-exceptions -Wno-reorder -std=c++11 -MD -MT glslang/hlsl/CMakeFiles/HLSL.dir/hlslParseables.cpp.o -MF glslang/hlsl/CMakeFiles/HLSL.dir/hlslParseables.cpp.o.d -o glslang/hlsl/CMakeFiles/HLSL.dir/hlslParseables.cpp.o -c /opt/rustwide/cargo-home/registry/src/github.com-1ecc6299db9ec823/shaderc-sys-0.5.1/build/glslang/hlsl/hlslParseables.cpp
[INFO] [stderr]   c++: fatal error: Killed signal terminated program cc1plus
[INFO] [stderr]   compilation terminated.
[INFO] [stderr]   [42/364] Building CXX object glslang/glslang/CMakeFiles/glslang.dir/MachineIndependent/intermOut.cpp.o
[INFO] [stderr]   FAILED: glslang/glslang/CMakeFiles/glslang.dir/MachineIndependent/intermOut.cpp.o 
[INFO] [stderr]   /usr/bin/c++  -DAMD_EXTENSIONS -DENABLE_HLSL -DENABLE_OPT=1 -DGLSLANG_OSINCLUDE_UNIX -DNV_EXTENSIONS -I/opt/rustwide/cargo-home/registry/src/github.com-1ecc6299db9ec823/shaderc-sys-0.5.1/build/glslang/glslang/.. -ffunction-sections -fdata-sections -fPIC -m64 -O3 -DNDEBUG -fPIC   -Wall -Wmaybe-uninitialized -Wuninitialized -Wunused -Wunused-local-typedefs -Wunused-parameter -Wunused-value -Wunused-variable -Wunused-but-set-parameter -Wunused-but-set-variable -fno-exceptions -Wno-reorder -pthread -std=c++11 -MD -MT glslang/glslang/CMakeFiles/glslang.dir/MachineIndependent/intermOut.cpp.o -MF glslang/glslang/CMakeFiles/glslang.dir/MachineIndependent/intermOut.cpp.o.d -o glslang/glslang/CMakeFiles/glslang.dir/MachineIndependent/intermOut.cpp.o -c /opt/rustwide/cargo-home/registry/src/github.com-1ecc6299db9ec823/shaderc-sys-0.5.1/build/glslang/glslang/MachineIndependent/intermOut.cpp
[INFO] [stderr]   c++: fatal error: Killed signal terminated program cc1plus
[INFO] [stderr]   compilation terminated.
[INFO] [stderr]   [43/364] Building CXX object glslang/glslang/CMakeFiles/glslang.dir/MachineIndependent/preprocessor/PpTokens.cpp.o
[INFO] [stderr]   FAILED: glslang/glslang/CMakeFiles/glslang.dir/MachineIndependent/preprocessor/PpTokens.cpp.o 
[INFO] [stderr]   /usr/bin/c++  -DAMD_EXTENSIONS -DENABLE_HLSL -DENABLE_OPT=1 -DGLSLANG_OSINCLUDE_UNIX -DNV_EXTENSIONS -I/opt/rustwide/cargo-home/registry/src/github.com-1ecc6299db9ec823/shaderc-sys-0.5.1/build/glslang/glslang/.. -ffunction-sections -fdata-sections -fPIC -m64 -O3 -DNDEBUG -fPIC   -Wall -Wmaybe-uninitialized -Wuninitialized -Wunused -Wunused-local-typedefs -Wunused-parameter -Wunused-value -Wunused-variable -Wunused-but-set-parameter -Wunused-but-set-variable -fno-exceptions -Wno-reorder -pthread -std=c++11 -MD -MT glslang/glslang/CMakeFiles/glslang.dir/MachineIndependent/preprocessor/PpTokens.cpp.o -MF glslang/glslang/CMakeFiles/glslang.dir/MachineIndependent/preprocessor/PpTokens.cpp.o.d -o glslang/glslang/CMakeFiles/glslang.dir/MachineIndependent/preprocessor/PpTokens.cpp.o -c /opt/rustwide/cargo-home/registry/src/github.com-1ecc6299db9ec823/shaderc-sys-0.5.1/build/glslang/glslang/MachineIndependent/preprocessor/PpTokens.cpp
[INFO] [stderr]   c++: fatal error: Killed signal terminated program cc1plus
[INFO] [stderr]   compilation terminated.
[INFO] [stderr]   [44/364] Building CXX object spirv-tools/source/CMakeFiles/SPIRV-Tools-shared.dir/software_version.cpp.o
[INFO] [stderr]   [45/364] Building CXX object glslang/glslang/CMakeFiles/glslang.dir/MachineIndependent/preprocessor/PpContext.cpp.o
[INFO] [stderr]   FAILED: glslang/glslang/CMakeFiles/glslang.dir/MachineIndependent/preprocessor/PpContext.cpp.o 
[INFO] [stderr]   /usr/bin/c++  -DAMD_EXTENSIONS -DENABLE_HLSL -DENABLE_OPT=1 -DGLSLANG_OSINCLUDE_UNIX -DNV_EXTENSIONS -I/opt/rustwide/cargo-home/registry/src/github.com-1ecc6299db9ec823/shaderc-sys-0.5.1/build/glslang/glslang/.. -ffunction-sections -fdata-sections -fPIC -m64 -O3 -DNDEBUG -fPIC   -Wall -Wmaybe-uninitialized -Wuninitialized -Wunused -Wunused-local-typedefs -Wunused-parameter -Wunused-value -Wunused-variable -Wunused-but-set-parameter -Wunused-but-set-variable -fno-exceptions -Wno-reorder -pthread -std=c++11 -MD -MT glslang/glslang/CMakeFiles/glslang.dir/MachineIndependent/preprocessor/PpContext.cpp.o -MF glslang/glslang/CMakeFiles/glslang.dir/MachineIndependent/preprocessor/PpContext.cpp.o.d -o glslang/glslang/CMakeFiles/glslang.dir/MachineIndependent/preprocessor/PpContext.cpp.o -c /opt/rustwide/cargo-home/registry/src/github.com-1ecc6299db9ec823/shaderc-sys-0.5.1/build/glslang/glslang/MachineIndependent/preprocessor/PpContext.cpp
[INFO] [stderr]   c++: fatal error: Killed signal terminated program cc1plus
[INFO] [stderr]   compilation terminated.
[INFO] [stderr]   [46/364] Building CXX object spirv-tools/source/CMakeFiles/SPIRV-Tools-shared.dir/val/validate_atomics.cpp.o
[INFO] [stderr]   FAILED: spirv-tools/source/CMakeFiles/SPIRV-Tools-shared.dir/val/validate_atomics.cpp.o 
[INFO] [stderr]   /usr/bin/c++  -DSPIRV_CHECK_CONTEXT -DSPIRV_COLOR_TERMINAL -DSPIRV_LINUX -DSPIRV_TIMER_ENABLED -DSPIRV_TOOLS_IMPLEMENTATION -DSPIRV_TOOLS_SHAREDLIB -DSPIRV_Tools_shared_EXPORTS -I/opt/rustwide/cargo-home/registry/src/github.com-1ecc6299db9ec823/shaderc-sys-0.5.1/build/spirv-tools -I/opt/rustwide/cargo-home/registry/src/github.com-1ecc6299db9ec823/shaderc-sys-0.5.1/build/spirv-tools/include -Ispirv-tools -I/opt/rustwide/cargo-home/registry/src/github.com-1ecc6299db9ec823/shaderc-sys-0.5.1/build/spirv-headers/include -ffunction-sections -fdata-sections -fPIC -m64 -O3 -DNDEBUG -fPIC -fvisibility=hidden   -Wall -Wextra -Wnon-virtual-dtor -Wno-missing-field-initializers -std=c++11 -fno-exceptions -fno-rtti -Wno-long-long -Wshadow -Wundef -Wconversion -Wno-sign-conversion -std=gnu++11 -MD -MT spirv-tools/source/CMakeFiles/SPIRV-Tools-shared.dir/val/validate_atomics.cpp.o -MF spirv-tools/source/CMakeFiles/SPIRV-Tools-shared.dir/val/validate_atomics.cpp.o.d -o spirv-tools/source/CMakeFiles/SPIRV-Tools-shared.dir/val/validate_atomics.cpp.o -c /opt/rustwide/cargo-home/registry/src/github.com-1ecc6299db9ec823/shaderc-sys-0.5.1/build/spirv-tools/source/val/validate_atomics.cpp
[INFO] [stderr]   c++: fatal error: Killed signal terminated program cc1plus
[INFO] [stderr]   compilation terminated.
[INFO] [stderr]   [47/364] Building CXX object glslang/hlsl/CMakeFiles/HLSL.dir/hlslAttributes.cpp.o
[INFO] [stderr]   FAILED: glslang/hlsl/CMakeFiles/HLSL.dir/hlslAttributes.cpp.o 
[INFO] [stderr]   /usr/bin/c++  -DAMD_EXTENSIONS -DENABLE_HLSL -DENABLE_OPT=1 -DGLSLANG_OSINCLUDE_UNIX -DNV_EXTENSIONS  -ffunction-sections -fdata-sections -fPIC -m64 -O3 -DNDEBUG -fPIC   -Wall -Wmaybe-uninitialized -Wuninitialized -Wunused -Wunused-local-typedefs -Wunused-parameter -Wunused-value -Wunused-variable -Wunused-but-set-parameter -Wunused-but-set-variable -fno-exceptions -Wno-reorder -std=c++11 -MD -MT glslang/hlsl/CMakeFiles/HLSL.dir/hlslAttributes.cpp.o -MF glslang/hlsl/CMakeFiles/HLSL.dir/hlslAttributes.cpp.o.d -o glslang/hlsl/CMakeFiles/HLSL.dir/hlslAttributes.cpp.o -c /opt/rustwide/cargo-home/registry/src/github.com-1ecc6299db9ec823/shaderc-sys-0.5.1/build/glslang/hlsl/hlslAttributes.cpp
[INFO] [stderr]   c++: fatal error: Killed signal terminated program cc1plus
[INFO] [stderr]   compilation terminated.
[INFO] [stderr]   [48/364] Building CXX object glslang/glslang/CMakeFiles/glslang.dir/MachineIndependent/ShaderLang.cpp.o
[INFO] [stderr]   FAILED: glslang/glslang/CMakeFiles/glslang.dir/MachineIndependent/ShaderLang.cpp.o 
[INFO] [stderr]   /usr/bin/c++  -DAMD_EXTENSIONS -DENABLE_HLSL -DENABLE_OPT=1 -DGLSLANG_OSINCLUDE_UNIX -DNV_EXTENSIONS -I/opt/rustwide/cargo-home/registry/src/github.com-1ecc6299db9ec823/shaderc-sys-0.5.1/build/glslang/glslang/.. -ffunction-sections -fdata-sections -fPIC -m64 -O3 -DNDEBUG -fPIC   -Wall -Wmaybe-uninitialized -Wuninitialized -Wunused -Wunused-local-typedefs -Wunused-parameter -Wunused-value -Wunused-variable -Wunused-but-set-parameter -Wunused-but-set-variable -fno-exceptions -Wno-reorder -pthread -std=c++11 -MD -MT glslang/glslang/CMakeFiles/glslang.dir/MachineIndependent/ShaderLang.cpp.o -MF glslang/glslang/CMakeFiles/glslang.dir/MachineIndependent/ShaderLang.cpp.o.d -o glslang/glslang/CMakeFiles/glslang.dir/MachineIndependent/ShaderLang.cpp.o -c /opt/rustwide/cargo-home/registry/src/github.com-1ecc6299db9ec823/shaderc-sys-0.5.1/build/glslang/glslang/MachineIndependent/ShaderLang.cpp
[INFO] [stderr]   c++: fatal error: Killed signal terminated program cc1plus
[INFO] [stderr]   compilation terminated.
[INFO] [stderr]   [49/364] Building CXX object glslang/glslang/CMakeFiles/glslang.dir/MachineIndependent/parseConst.cpp.o
[INFO] [stderr]   FAILED: glslang/glslang/CMakeFiles/glslang.dir/MachineIndependent/parseConst.cpp.o 
[INFO] [stderr]   /usr/bin/c++  -DAMD_EXTENSIONS -DENABLE_HLSL -DENABLE_OPT=1 -DGLSLANG_OSINCLUDE_UNIX -DNV_EXTENSIONS -I/opt/rustwide/cargo-home/registry/src/github.com-1ecc6299db9ec823/shaderc-sys-0.5.1/build/glslang/glslang/.. -ffunction-sections -fdata-sections -fPIC -m64 -O3 -DNDEBUG -fPIC   -Wall -Wmaybe-uninitialized -Wuninitialized -Wunused -Wunused-local-typedefs -Wunused-parameter -Wunused-value -Wunused-variable -Wunused-but-set-parameter -Wunused-but-set-variable -fno-exceptions -Wno-reorder -pthread -std=c++11 -MD -MT glslang/glslang/CMakeFiles/glslang.dir/MachineIndependent/parseConst.cpp.o -MF glslang/glslang/CMakeFiles/glslang.dir/MachineIndependent/parseConst.cpp.o.d -o glslang/glslang/CMakeFiles/glslang.dir/MachineIndependent/parseConst.cpp.o -c /opt/rustwide/cargo-home/registry/src/github.com-1ecc6299db9ec823/shaderc-sys-0.5.1/build/glslang/glslang/MachineIndependent/parseConst.cpp
[INFO] [stderr]   c++: fatal error: Killed signal terminated program cc1plus
[INFO] [stderr]   compilation terminated.
[INFO] [stderr]   [50/364] Building CXX object spirv-tools/source/CMakeFiles/SPIRV-Tools-shared.dir/diagnostic.cpp.o
[INFO] [stderr]   FAILED: spirv-tools/source/CMakeFiles/SPIRV-Tools-shared.dir/diagnostic.cpp.o 
[INFO] [stderr]   /usr/bin/c++  -DSPIRV_CHECK_CONTEXT -DSPIRV_COLOR_TERMINAL -DSPIRV_LINUX -DSPIRV_TIMER_ENABLED -DSPIRV_TOOLS_IMPLEMENTATION -DSPIRV_TOOLS_SHAREDLIB -DSPIRV_Tools_shared_EXPORTS -I/opt/rustwide/cargo-home/registry/src/github.com-1ecc6299db9ec823/shaderc-sys-0.5.1/build/spirv-tools -I/opt/rustwide/cargo-home/registry/src/github.com-1ecc6299db9ec823/shaderc-sys-0.5.1/build/spirv-tools/include -Ispirv-tools -I/opt/rustwide/cargo-home/registry/src/github.com-1ecc6299db9ec823/shaderc-sys-0.5.1/build/spirv-headers/include -ffunction-sections -fdata-sections -fPIC -m64 -O3 -DNDEBUG -fPIC -fvisibility=hidden   -Wall -Wextra -Wnon-virtual-dtor -Wno-missing-field-initializers -std=c++11 -fno-exceptions -fno-rtti -Wno-long-long -Wshadow -Wundef -Wconversion -Wno-sign-conversion -std=gnu++11 -MD -MT spirv-tools/source/CMakeFiles/SPIRV-Tools-shared.dir/diagnostic.cpp.o -MF spirv-tools/source/CMakeFiles/SPIRV-Tools-shared.dir/diagnostic.cpp.o.d -o spirv-tools/source/CMakeFiles/SPIRV-Tools-shared.dir/diagnostic.cpp.o -c /opt/rustwide/cargo-home/registry/src/github.com-1ecc6299db9ec823/shaderc-sys-0.5.1/build/spirv-tools/source/diagnostic.cpp
[INFO] [stderr]   c++: fatal error: Killed signal terminated program cc1plus
[INFO] [stderr]   compilation terminated.
[INFO] [stderr]   [51/364] Building CXX object spirv-tools/source/CMakeFiles/SPIRV-Tools.dir/software_version.cpp.o
[INFO] [stderr]   [52/364] Building CXX object glslang/glslang/CMakeFiles/glslang.dir/MachineIndependent/preprocessor/Pp.cpp.o
[INFO] [stderr]   FAILED: glslang/glslang/CMakeFiles/glslang.dir/MachineIndependent/preprocessor/Pp.cpp.o 
[INFO] [stderr]   /usr/bin/c++  -DAMD_EXTENSIONS -DENABLE_HLSL -DENABLE_OPT=1 -DGLSLANG_OSINCLUDE_UNIX -DNV_EXTENSIONS -I/opt/rustwide/cargo-home/registry/src/github.com-1ecc6299db9ec823/shaderc-sys-0.5.1/build/glslang/glslang/.. -ffunction-sections -fdata-sections -fPIC -m64 -O3 -DNDEBUG -fPIC   -Wall -Wmaybe-uninitialized -Wuninitialized -Wunused -Wunused-local-typedefs -Wunused-parameter -Wunused-value -Wunused-variable -Wunused-but-set-parameter -Wunused-but-set-variable -fno-exceptions -Wno-reorder -pthread -std=c++11 -MD -MT glslang/glslang/CMakeFiles/glslang.dir/MachineIndependent/preprocessor/Pp.cpp.o -MF glslang/glslang/CMakeFiles/glslang.dir/MachineIndependent/preprocessor/Pp.cpp.o.d -o glslang/glslang/CMakeFiles/glslang.dir/MachineIndependent/preprocessor/Pp.cpp.o -c /opt/rustwide/cargo-home/registry/src/github.com-1ecc6299db9ec823/shaderc-sys-0.5.1/build/glslang/glslang/MachineIndependent/preprocessor/Pp.cpp
[INFO] [stderr]   c++: fatal error: Killed signal terminated program cc1plus
[INFO] [stderr]   compilation terminated.
[INFO] [stderr]   [53/364] Building CXX object glslang/glslang/CMakeFiles/glslang.dir/MachineIndependent/ParseContextBase.cpp.o
[INFO] [stderr]   FAILED: glslang/glslang/CMakeFiles/glslang.dir/MachineIndependent/ParseContextBase.cpp.o 
[INFO] [stderr]   /usr/bin/c++  -DAMD_EXTENSIONS -DENABLE_HLSL -DENABLE_OPT=1 -DGLSLANG_OSINCLUDE_UNIX -DNV_EXTENSIONS -I/opt/rustwide/cargo-home/registry/src/github.com-1ecc6299db9ec823/shaderc-sys-0.5.1/build/glslang/glslang/.. -ffunction-sections -fdata-sections -fPIC -m64 -O3 -DNDEBUG -fPIC   -Wall -Wmaybe-uninitialized -Wuninitialized -Wunused -Wunused-local-typedefs -Wunused-parameter -Wunused-value -Wunused-variable -Wunused-but-set-parameter -Wunused-but-set-variable -fno-exceptions -Wno-reorder -pthread -std=c++11 -MD -MT glslang/glslang/CMakeFiles/glslang.dir/MachineIndependent/ParseContextBase.cpp.o -MF glslang/glslang/CMakeFiles/glslang.dir/MachineIndependent/ParseContextBase.cpp.o.d -o glslang/glslang/CMakeFiles/glslang.dir/MachineIndependent/ParseContextBase.cpp.o -c /opt/rustwide/cargo-home/registry/src/github.com-1ecc6299db9ec823/shaderc-sys-0.5.1/build/glslang/glslang/MachineIndependent/ParseContextBase.cpp
[INFO] [stderr]   c++: fatal error: Killed signal terminated program cc1plus
[INFO] [stderr]   compilation terminated.
[INFO] [stderr]   [54/364] Building CXX object glslang/glslang/CMakeFiles/glslang.dir/MachineIndependent/ParseHelper.cpp.o
[INFO] [stderr]   FAILED: glslang/glslang/CMakeFiles/glslang.dir/MachineIndependent/ParseHelper.cpp.o 
[INFO] [stderr]   /usr/bin/c++  -DAMD_EXTENSIONS -DENABLE_HLSL -DENABLE_OPT=1 -DGLSLANG_OSINCLUDE_UNIX -DNV_EXTENSIONS -I/opt/rustwide/cargo-home/registry/src/github.com-1ecc6299db9ec823/shaderc-sys-0.5.1/build/glslang/glslang/.. -ffunction-sections -fdata-sections -fPIC -m64 -O3 -DNDEBUG -fPIC   -Wall -Wmaybe-uninitialized -Wuninitialized -Wunused -Wunused-local-typedefs -Wunused-parameter -Wunused-value -Wunused-variable -Wunused-but-set-parameter -Wunused-but-set-variable -fno-exceptions -Wno-reorder -pthread -std=c++11 -MD -MT glslang/glslang/CMakeFiles/glslang.dir/MachineIndependent/ParseHelper.cpp.o -MF glslang/glslang/CMakeFiles/glslang.dir/MachineIndependent/ParseHelper.cpp.o.d -o glslang/glslang/CMakeFiles/glslang.dir/MachineIndependent/ParseHelper.cpp.o -c /opt/rustwide/cargo-home/registry/src/github.com-1ecc6299db9ec823/shaderc-sys-0.5.1/build/glslang/glslang/MachineIndependent/ParseHelper.cpp
[INFO] [stderr]   c++: fatal error: Killed signal terminated program cc1plus
[INFO] [stderr]   compilation terminated.
[INFO] [stderr]   [55/364] Building CXX object spirv-tools/source/CMakeFiles/SPIRV-Tools-shared.dir/val/validate_conversion.cpp.o
[INFO] [stderr]   FAILED: spirv-tools/source/CMakeFiles/SPIRV-Tools-shared.dir/val/validate_conversion.cpp.o 
[INFO] [stderr]   /usr/bin/c++  -DSPIRV_CHECK_CONTEXT -DSPIRV_COLOR_TERMINAL -DSPIRV_LINUX -DSPIRV_TIMER_ENABLED -DSPIRV_TOOLS_IMPLEMENTATION -DSPIRV_TOOLS_SHAREDLIB -DSPIRV_Tools_shared_EXPORTS -I/opt/rustwide/cargo-home/registry/src/github.com-1ecc6299db9ec823/shaderc-sys-0.5.1/build/spirv-tools -I/opt/rustwide/cargo-home/registry/src/github.com-1ecc6299db9ec823/shaderc-sys-0.5.1/build/spirv-tools/include -Ispirv-tools -I/opt/rustwide/cargo-home/registry/src/github.com-1ecc6299db9ec823/shaderc-sys-0.5.1/build/spirv-headers/include -ffunction-sections -fdata-sections -fPIC -m64 -O3 -DNDEBUG -fPIC -fvisibility=hidden   -Wall -Wextra -Wnon-virtual-dtor -Wno-missing-field-initializers -std=c++11 -fno-exceptions -fno-rtti -Wno-long-long -Wshadow -Wundef -Wconversion -Wno-sign-conversion -std=gnu++11 -MD -MT spirv-tools/source/CMakeFiles/SPIRV-Tools-shared.dir/val/validate_conversion.cpp.o -MF spirv-tools/source/CMakeFiles/SPIRV-Tools-shared.dir/val/validate_conversion.cpp.o.d -o spirv-tools/source/CMakeFiles/SPIRV-Tools-shared.dir/val/validate_conversion.cpp.o -c /opt/rustwide/cargo-home/registry/src/github.com-1ecc6299db9ec823/shaderc-sys-0.5.1/build/spirv-tools/source/val/validate_conversion.cpp
[INFO] [stderr]   c++: fatal error: Killed signal terminated program cc1plus
[INFO] [stderr]   compilation terminated.
[INFO] [stderr]   [56/364] Building CXX object spirv-tools/source/CMakeFiles/SPIRV-Tools-shared.dir/val/validate_constants.cpp.o
[INFO] [stderr]   FAILED: spirv-tools/source/CMakeFiles/SPIRV-Tools-shared.dir/val/validate_constants.cpp.o 
[INFO] [stderr]   /usr/bin/c++  -DSPIRV_CHECK_CONTEXT -DSPIRV_COLOR_TERMINAL -DSPIRV_LINUX -DSPIRV_TIMER_ENABLED -DSPIRV_TOOLS_IMPLEMENTATION -DSPIRV_TOOLS_SHAREDLIB -DSPIRV_Tools_shared_EXPORTS -I/opt/rustwide/cargo-home/registry/src/github.com-1ecc6299db9ec823/shaderc-sys-0.5.1/build/spirv-tools -I/opt/rustwide/cargo-home/registry/src/github.com-1ecc6299db9ec823/shaderc-sys-0.5.1/build/spirv-tools/include -Ispirv-tools -I/opt/rustwide/cargo-home/registry/src/github.com-1ecc6299db9ec823/shaderc-sys-0.5.1/build/spirv-headers/include -ffunction-sections -fdata-sections -fPIC -m64 -O3 -DNDEBUG -fPIC -fvisibility=hidden   -Wall -Wextra -Wnon-virtual-dtor -Wno-missing-field-initializers -std=c++11 -fno-exceptions -fno-rtti -Wno-long-long -Wshadow -Wundef -Wconversion -Wno-sign-conversion -std=gnu++11 -MD -MT spirv-tools/source/CMakeFiles/SPIRV-Tools-shared.dir/val/validate_constants.cpp.o -MF spirv-tools/source/CMakeFiles/SPIRV-Tools-shared.dir/val/validate_constants.cpp.o.d -o spirv-tools/source/CMakeFiles/SPIRV-Tools-shared.dir/val/validate_constants.cpp.o -c /opt/rustwide/cargo-home/registry/src/github.com-1ecc6299db9ec823/shaderc-sys-0.5.1/build/spirv-tools/source/val/validate_constants.cpp
[INFO] [stderr]   c++: fatal error: Killed signal terminated program cc1plus
[INFO] [stderr]   compilation terminated.
[INFO] [stderr]   [57/364] Building CXX object spirv-tools/source/CMakeFiles/SPIRV-Tools-shared.dir/val/validate.cpp.o
[INFO] [stderr]   FAILED: spirv-tools/source/CMakeFiles/SPIRV-Tools-shared.dir/val/validate.cpp.o 
[INFO] [stderr]   /usr/bin/c++  -DSPIRV_CHECK_CONTEXT -DSPIRV_COLOR_TERMINAL -DSPIRV_LINUX -DSPIRV_TIMER_ENABLED -DSPIRV_TOOLS_IMPLEMENTATION -DSPIRV_TOOLS_SHAREDLIB -DSPIRV_Tools_shared_EXPORTS -I/opt/rustwide/cargo-home/registry/src/github.com-1ecc6299db9ec823/shaderc-sys-0.5.1/build/spirv-tools -I/opt/rustwide/cargo-home/registry/src/github.com-1ecc6299db9ec823/shaderc-sys-0.5.1/build/spirv-tools/include -Ispirv-tools -I/opt/rustwide/cargo-home/registry/src/github.com-1ecc6299db9ec823/shaderc-sys-0.5.1/build/spirv-headers/include -ffunction-sections -fdata-sections -fPIC -m64 -O3 -DNDEBUG -fPIC -fvisibility=hidden   -Wall -Wextra -Wnon-virtual-dtor -Wno-missing-field-initializers -std=c++11 -fno-exceptions -fno-rtti -Wno-long-long -Wshadow -Wundef -Wconversion -Wno-sign-conversion -std=gnu++11 -MD -MT spirv-tools/source/CMakeFiles/SPIRV-Tools-shared.dir/val/validate.cpp.o -MF spirv-tools/source/CMakeFiles/SPIRV-Tools-shared.dir/val/validate.cpp.o.d -o spirv-tools/source/CMakeFiles/SPIRV-Tools-shared.dir/val/validate.cpp.o -c /opt/rustwide/cargo-home/registry/src/github.com-1ecc6299db9ec823/shaderc-sys-0.5.1/build/spirv-tools/source/val/validate.cpp
[INFO] [stderr]   c++: fatal error: Killed signal terminated program cc1plus
[INFO] [stderr]   compilation terminated.
[INFO] [stderr]   [58/364] Building CXX object spirv-tools/source/CMakeFiles/SPIRV-Tools-shared.dir/spirv_reducer_options.cpp.o
[INFO] [stderr]   [59/364] Building CXX object glslang/glslang/CMakeFiles/glslang.dir/MachineIndependent/Initialize.cpp.o
[INFO] [stderr]   FAILED: glslang/glslang/CMakeFiles/glslang.dir/MachineIndependent/Initialize.cpp.o 
[INFO] [stderr]   /usr/bin/c++  -DAMD_EXTENSIONS -DENABLE_HLSL -DENABLE_OPT=1 -DGLSLANG_OSINCLUDE_UNIX -DNV_EXTENSIONS -I/opt/rustwide/cargo-home/registry/src/github.com-1ecc6299db9ec823/shaderc-sys-0.5.1/build/glslang/glslang/.. -ffunction-sections -fdata-sections -fPIC -m64 -O3 -DNDEBUG -fPIC   -Wall -Wmaybe-uninitialized -Wuninitialized -Wunused -Wunused-local-typedefs -Wunused-parameter -Wunused-value -Wunused-variable -Wunused-but-set-parameter -Wunused-but-set-variable -fno-exceptions -Wno-reorder -pthread -std=c++11 -MD -MT glslang/glslang/CMakeFiles/glslang.dir/MachineIndependent/Initialize.cpp.o -MF glslang/glslang/CMakeFiles/glslang.dir/MachineIndependent/Initialize.cpp.o.d -o glslang/glslang/CMakeFiles/glslang.dir/MachineIndependent/Initialize.cpp.o -c /opt/rustwide/cargo-home/registry/src/github.com-1ecc6299db9ec823/shaderc-sys-0.5.1/build/glslang/glslang/MachineIndependent/Initialize.cpp
[INFO] [stderr]   c++: fatal error: Killed signal terminated program cc1plus
[INFO] [stderr]   compilation terminated.
[INFO] [stderr]   [60/364] Building CXX object spirv-tools/source/CMakeFiles/SPIRV-Tools.dir/spirv_endian.cpp.o
[INFO] [stderr]   [61/364] Building CXX object spirv-tools/source/CMakeFiles/SPIRV-Tools-shared.dir/print.cpp.o
[INFO] [stderr]   [62/364] Building CXX object spirv-tools/source/CMakeFiles/SPIRV-Tools-shared.dir/val/validate_cfg.cpp.o
[INFO] [stderr]   FAILED: spirv-tools/source/CMakeFiles/SPIRV-Tools-shared.dir/val/validate_cfg.cpp.o 
[INFO] [stderr]   /usr/bin/c++  -DSPIRV_CHECK_CONTEXT -DSPIRV_COLOR_TERMINAL -DSPIRV_LINUX -DSPIRV_TIMER_ENABLED -DSPIRV_TOOLS_IMPLEMENTATION -DSPIRV_TOOLS_SHAREDLIB -DSPIRV_Tools_shared_EXPORTS -I/opt/rustwide/cargo-home/registry/src/github.com-1ecc6299db9ec823/shaderc-sys-0.5.1/build/spirv-tools -I/opt/rustwide/cargo-home/registry/src/github.com-1ecc6299db9ec823/shaderc-sys-0.5.1/build/spirv-tools/include -Ispirv-tools -I/opt/rustwide/cargo-home/registry/src/github.com-1ecc6299db9ec823/shaderc-sys-0.5.1/build/spirv-headers/include -ffunction-sections -fdata-sections -fPIC -m64 -O3 -DNDEBUG -fPIC -fvisibility=hidden   -Wall -Wextra -Wnon-virtual-dtor -Wno-missing-field-initializers -std=c++11 -fno-exceptions -fno-rtti -Wno-long-long -Wshadow -Wundef -Wconversion -Wno-sign-conversion -std=gnu++11 -MD -MT spirv-tools/source/CMakeFiles/SPIRV-Tools-shared.dir/val/validate_cfg.cpp.o -MF spirv-tools/source/CMakeFiles/SPIRV-Tools-shared.dir/val/validate_cfg.cpp.o.d -o spirv-tools/source/CMakeFiles/SPIRV-Tools-shared.dir/val/validate_cfg.cpp.o -c /opt/rustwide/cargo-home/registry/src/github.com-1ecc6299db9ec823/shaderc-sys-0.5.1/build/spirv-tools/source/val/validate_cfg.cpp
[INFO] [stderr]   c++: fatal error: Killed signal terminated program cc1plus
[INFO] [stderr]   compilation terminated.
[INFO] [stderr]   [63/364] Building CXX object spirv-tools/source/CMakeFiles/SPIRV-Tools.dir/spirv_optimizer_options.cpp.o
[INFO] [stderr]   [64/364] Building CXX object spirv-tools/source/CMakeFiles/SPIRV-Tools-shared.dir/table.cpp.o
[INFO] [stderr]   FAILED: spirv-tools/source/CMakeFiles/SPIRV-Tools-shared.dir/table.cpp.o 
[INFO] [stderr]   /usr/bin/c++  -DSPIRV_CHECK_CONTEXT -DSPIRV_COLOR_TERMINAL -DSPIRV_LINUX -DSPIRV_TIMER_ENABLED -DSPIRV_TOOLS_IMPLEMENTATION -DSPIRV_TOOLS_SHAREDLIB -DSPIRV_Tools_shared_EXPORTS -I/opt/rustwide/cargo-home/registry/src/github.com-1ecc6299db9ec823/shaderc-sys-0.5.1/build/spirv-tools -I/opt/rustwide/cargo-home/registry/src/github.com-1ecc6299db9ec823/shaderc-sys-0.5.1/build/spirv-tools/include -Ispirv-tools -I/opt/rustwide/cargo-home/registry/src/github.com-1ecc6299db9ec823/shaderc-sys-0.5.1/build/spirv-headers/include -ffunction-sections -fdata-sections -fPIC -m64 -O3 -DNDEBUG -fPIC -fvisibility=hidden   -Wall -Wextra -Wnon-virtual-dtor -Wno-missing-field-initializers -std=c++11 -fno-exceptions -fno-rtti -Wno-long-long -Wshadow -Wundef -Wconversion -Wno-sign-conversion -std=gnu++11 -MD -MT spirv-tools/source/CMakeFiles/SPIRV-Tools-shared.dir/table.cpp.o -MF spirv-tools/source/CMakeFiles/SPIRV-Tools-shared.dir/table.cpp.o.d -o spirv-tools/source/CMakeFiles/SPIRV-Tools-shared.dir/table.cpp.o -c /opt/rustwide/cargo-home/registry/src/github.com-1ecc6299db9ec823/shaderc-sys-0.5.1/build/spirv-tools/source/table.cpp
[INFO] [stderr]   c++: fatal error: Killed signal terminated program cc1plus
[INFO] [stderr]   compilation terminated.
[INFO] [stderr]   [65/364] Building CXX object spirv-tools/source/CMakeFiles/SPIRV-Tools-shared.dir/binary.cpp.o
[INFO] [stderr]   FAILED: spirv-tools/source/CMakeFiles/SPIRV-Tools-shared.dir/binary.cpp.o 
[INFO] [stderr]   /usr/bin/c++  -DSPIRV_CHECK_CONTEXT -DSPIRV_COLOR_TERMINAL -DSPIRV_LINUX -DSPIRV_TIMER_ENABLED -DSPIRV_TOOLS_IMPLEMENTATION -DSPIRV_TOOLS_SHAREDLIB -DSPIRV_Tools_shared_EXPORTS -I/opt/rustwide/cargo-home/registry/src/github.com-1ecc6299db9ec823/shaderc-sys-0.5.1/build/spirv-tools -I/opt/rustwide/cargo-home/registry/src/github.com-1ecc6299db9ec823/shaderc-sys-0.5.1/build/spirv-tools/include -Ispirv-tools -I/opt/rustwide/cargo-home/registry/src/github.com-1ecc6299db9ec823/shaderc-sys-0.5.1/build/spirv-headers/include -ffunction-sections -fdata-sections -fPIC -m64 -O3 -DNDEBUG -fPIC -fvisibility=hidden   -Wall -Wextra -Wnon-virtual-dtor -Wno-missing-field-initializers -std=c++11 -fno-exceptions -fno-rtti -Wno-long-long -Wshadow -Wundef -Wconversion -Wno-sign-conversion -std=gnu++11 -MD -MT spirv-tools/source/CMakeFiles/SPIRV-Tools-shared.dir/binary.cpp.o -MF spirv-tools/source/CMakeFiles/SPIRV-Tools-shared.dir/binary.cpp.o.d -o spirv-tools/source/CMakeFiles/SPIRV-Tools-shared.dir/binary.cpp.o -c /opt/rustwide/cargo-home/registry/src/github.com-1ecc6299db9ec823/shaderc-sys-0.5.1/build/spirv-tools/source/binary.cpp
[INFO] [stderr]   c++: fatal error: Killed signal terminated program cc1plus
[INFO] [stderr]   compilation terminated.
[INFO] [stderr]   [66/364] Building CXX object spirv-tools/source/CMakeFiles/SPIRV-Tools-shared.dir/libspirv.cpp.o
[INFO] [stderr]   FAILED: spirv-tools/source/CMakeFiles/SPIRV-Tools-shared.dir/libspirv.cpp.o 
[INFO] [stderr]   /usr/bin/c++  -DSPIRV_CHECK_CONTEXT -DSPIRV_COLOR_TERMINAL -DSPIRV_LINUX -DSPIRV_TIMER_ENABLED -DSPIRV_TOOLS_IMPLEMENTATION -DSPIRV_TOOLS_SHAREDLIB -DSPIRV_Tools_shared_EXPORTS -I/opt/rustwide/cargo-home/registry/src/github.com-1ecc6299db9ec823/shaderc-sys-0.5.1/build/spirv-tools -I/opt/rustwide/cargo-home/registry/src/github.com-1ecc6299db9ec823/shaderc-sys-0.5.1/build/spirv-tools/include -Ispirv-tools -I/opt/rustwide/cargo-home/registry/src/github.com-1ecc6299db9ec823/shaderc-sys-0.5.1/build/spirv-headers/include -ffunction-sections -fdata-sections -fPIC -m64 -O3 -DNDEBUG -fPIC -fvisibility=hidden   -Wall -Wextra -Wnon-virtual-dtor -Wno-missing-field-initializers -std=c++11 -fno-exceptions -fno-rtti -Wno-long-long -Wshadow -Wundef -Wconversion -Wno-sign-conversion -std=gnu++11 -MD -MT spirv-tools/source/CMakeFiles/SPIRV-Tools-shared.dir/libspirv.cpp.o -MF spirv-tools/source/CMakeFiles/SPIRV-Tools-shared.dir/libspirv.cpp.o.d -o spirv-tools/source/CMakeFiles/SPIRV-Tools-shared.dir/libspirv.cpp.o -c /opt/rustwide/cargo-home/registry/src/github.com-1ecc6299db9ec823/shaderc-sys-0.5.1/build/spirv-tools/source/libspirv.cpp
[INFO] [stderr]   c++: fatal error: Killed signal terminated program cc1plus
[INFO] [stderr]   compilation terminated.
[INFO] [stderr]   [67/364] Building CXX object spirv-tools/source/CMakeFiles/SPIRV-Tools-shared.dir/ext_inst.cpp.o
[INFO] [stderr]   FAILED: spirv-tools/source/CMakeFiles/SPIRV-Tools-shared.dir/ext_inst.cpp.o 
[INFO] [stderr]   /usr/bin/c++  -DSPIRV_CHECK_CONTEXT -DSPIRV_COLOR_TERMINAL -DSPIRV_LINUX -DSPIRV_TIMER_ENABLED -DSPIRV_TOOLS_IMPLEMENTATION -DSPIRV_TOOLS_SHAREDLIB -DSPIRV_Tools_shared_EXPORTS -I/opt/rustwide/cargo-home/registry/src/github.com-1ecc6299db9ec823/shaderc-sys-0.5.1/build/spirv-tools -I/opt/rustwide/cargo-home/registry/src/github.com-1ecc6299db9ec823/shaderc-sys-0.5.1/build/spirv-tools/include -Ispirv-tools -I/opt/rustwide/cargo-home/registry/src/github.com-1ecc6299db9ec823/shaderc-sys-0.5.1/build/spirv-headers/include -ffunction-sections -fdata-sections -fPIC -m64 -O3 -DNDEBUG -fPIC -fvisibility=hidden   -Wall -Wextra -Wnon-virtual-dtor -Wno-missing-field-initializers -std=c++11 -fno-exceptions -fno-rtti -Wno-long-long -Wshadow -Wundef -Wconversion -Wno-sign-conversion -std=gnu++11 -MD -MT spirv-tools/source/CMakeFiles/SPIRV-Tools-shared.dir/ext_inst.cpp.o -MF spirv-tools/source/CMakeFiles/SPIRV-Tools-shared.dir/ext_inst.cpp.o.d -o spirv-tools/source/CMakeFiles/SPIRV-Tools-shared.dir/ext_inst.cpp.o -c /opt/rustwide/cargo-home/registry/src/github.com-1ecc6299db9ec823/shaderc-sys-0.5.1/build/spirv-tools/source/ext_inst.cpp
[INFO] [stderr]   c++: fatal error: Killed signal terminated program cc1plus
[INFO] [stderr]   compilation terminated.
[INFO] [stderr]   [68/364] Building CXX object spirv-tools/source/CMakeFiles/SPIRV-Tools-shared.dir/assembly_grammar.cpp.o
[INFO] [stderr]   FAILED: spirv-tools/source/CMakeFiles/SPIRV-Tools-shared.dir/assembly_grammar.cpp.o 
[INFO] [stderr]   /usr/bin/c++  -DSPIRV_CHECK_CONTEXT -DSPIRV_COLOR_TERMINAL -DSPIRV_LINUX -DSPIRV_TIMER_ENABLED -DSPIRV_TOOLS_IMPLEMENTATION -DSPIRV_TOOLS_SHAREDLIB -DSPIRV_Tools_shared_EXPORTS -I/opt/rustwide/cargo-home/registry/src/github.com-1ecc6299db9ec823/shaderc-sys-0.5.1/build/spirv-tools -I/opt/rustwide/cargo-home/registry/src/github.com-1ecc6299db9ec823/shaderc-sys-0.5.1/build/spirv-tools/include -Ispirv-tools -I/opt/rustwide/cargo-home/registry/src/github.com-1ecc6299db9ec823/shaderc-sys-0.5.1/build/spirv-headers/include -ffunction-sections -fdata-sections -fPIC -m64 -O3 -DNDEBUG -fPIC -fvisibility=hidden   -Wall -Wextra -Wnon-virtual-dtor -Wno-missing-field-initializers -std=c++11 -fno-exceptions -fno-rtti -Wno-long-long -Wshadow -Wundef -Wconversion -Wno-sign-conversion -std=gnu++11 -MD -MT spirv-tools/source/CMakeFiles/SPIRV-Tools-shared.dir/assembly_grammar.cpp.o -MF spirv-tools/source/CMakeFiles/SPIRV-Tools-shared.dir/assembly_grammar.cpp.o.d -o spirv-tools/source/CMakeFiles/SPIRV-Tools-shared.dir/assembly_grammar.cpp.o -c /opt/rustwide/cargo-home/registry/src/github.com-1ecc6299db9ec823/shaderc-sys-0.5.1/build/spirv-tools/source/assembly_grammar.cpp
[INFO] [stderr]   c++: fatal error: Killed signal terminated program cc1plus
[INFO] [stderr]   compilation terminated.
[INFO] [stderr]   [69/364] Building CXX object glslang/StandAlone/CMakeFiles/glslang-default-resource-limits.dir/ResourceLimits.cpp.o
[INFO] [stderr]   FAILED: glslang/StandAlone/CMakeFiles/glslang-default-resource-limits.dir/ResourceLimits.cpp.o 
[INFO] [stderr]   /usr/bin/c++  -DAMD_EXTENSIONS -DENABLE_HLSL -DENABLE_OPT=1 -DGLSLANG_OSINCLUDE_UNIX -DNV_EXTENSIONS -I/opt/rustwide/cargo-home/registry/src/github.com-1ecc6299db9ec823/shaderc-sys-0.5.1/build/glslang/StandAlone -I/opt/rustwide/cargo-home/registry/src/github.com-1ecc6299db9ec823/shaderc-sys-0.5.1/build/glslang -ffunction-sections -fdata-sections -fPIC -m64 -O3 -DNDEBUG -fPIC   -Wall -Wmaybe-uninitialized -Wuninitialized -Wunused -Wunused-local-typedefs -Wunused-parameter -Wunused-value -Wunused-variable -Wunused-but-set-parameter -Wunused-but-set-variable -fno-exceptions -Wno-reorder -std=c++11 -MD -MT glslang/StandAlone/CMakeFiles/glslang-default-resource-limits.dir/ResourceLimits.cpp.o -MF glslang/StandAlone/CMakeFiles/glslang-default-resource-limits.dir/ResourceLimits.cpp.o.d -o glslang/StandAlone/CMakeFiles/glslang-default-resource-limits.dir/ResourceLimits.cpp.o -c /opt/rustwide/cargo-home/registry/src/github.com-1ecc6299db9ec823/shaderc-sys-0.5.1/build/glslang/StandAlone/ResourceLimits.cpp
[INFO] [stderr]   c++: fatal error: Killed signal terminated program cc1plus
[INFO] [stderr]   compilation terminated.
[INFO] [stderr]   [70/364] Building CXX object glslang/glslang/CMakeFiles/glslang.dir/MachineIndependent/iomapper.cpp.o
[INFO] [stderr]   FAILED: glslang/glslang/CMakeFiles/glslang.dir/MachineIndependent/iomapper.cpp.o 
[INFO] [stderr]   /usr/bin/c++  -DAMD_EXTENSIONS -DENABLE_HLSL -DENABLE_OPT=1 -DGLSLANG_OSINCLUDE_UNIX -DNV_EXTENSIONS -I/opt/rustwide/cargo-home/registry/src/github.com-1ecc6299db9ec823/shaderc-sys-0.5.1/build/glslang/glslang/.. -ffunction-sections -fdata-sections -fPIC -m64 -O3 -DNDEBUG -fPIC   -Wall -Wmaybe-uninitialized -Wuninitialized -Wunused -Wunused-local-typedefs -Wunused-parameter -Wunused-value -Wunused-variable -Wunused-but-set-parameter -Wunused-but-set-variable -fno-exceptions -Wno-reorder -pthread -std=c++11 -MD -MT glslang/glslang/CMakeFiles/glslang.dir/MachineIndependent/iomapper.cpp.o -MF glslang/glslang/CMakeFiles/glslang.dir/MachineIndependent/iomapper.cpp.o.d -o glslang/glslang/CMakeFiles/glslang.dir/MachineIndependent/iomapper.cpp.o -c /opt/rustwide/cargo-home/registry/src/github.com-1ecc6299db9ec823/shaderc-sys-0.5.1/build/glslang/glslang/MachineIndependent/iomapper.cpp
[INFO] [stderr]   c++: fatal error: Killed signal terminated program cc1plus
[INFO] [stderr]   compilation terminated.
[INFO] [stderr]   [71/364] Building CXX object glslang/hlsl/CMakeFiles/HLSL.dir/hlslParseHelper.cpp.o
[INFO] [stderr]   FAILED: glslang/hlsl/CMakeFiles/HLSL.dir/hlslParseHelper.cpp.o 
[INFO] [stderr]   /usr/bin/c++  -DAMD_EXTENSIONS -DENABLE_HLSL -DENABLE_OPT=1 -DGLSLANG_OSINCLUDE_UNIX -DNV_EXTENSIONS  -ffunction-sections -fdata-sections -fPIC -m64 -O3 -DNDEBUG -fPIC   -Wall -Wmaybe-uninitialized -Wuninitialized -Wunused -Wunused-local-typedefs -Wunused-parameter -Wunused-value -Wunused-variable -Wunused-but-set-parameter -Wunused-but-set-variable -fno-exceptions -Wno-reorder -std=c++11 -MD -MT glslang/hlsl/CMakeFiles/HLSL.dir/hlslParseHelper.cpp.o -MF glslang/hlsl/CMakeFiles/HLSL.dir/hlslParseHelper.cpp.o.d -o glslang/hlsl/CMakeFiles/HLSL.dir/hlslParseHelper.cpp.o -c /opt/rustwide/cargo-home/registry/src/github.com-1ecc6299db9ec823/shaderc-sys-0.5.1/build/glslang/hlsl/hlslParseHelper.cpp
[INFO] [stderr]   c++: fatal error: Killed signal terminated program cc1plus
[INFO] [stderr]   compilation terminated.
[INFO] [stderr]   [72/364] Building CXX object glslang/hlsl/CMakeFiles/HLSL.dir/hlslScanContext.cpp.o
[INFO] [stderr]   FAILED: glslang/hlsl/CMakeFiles/HLSL.dir/hlslScanContext.cpp.o 
[INFO] [stderr]   /usr/bin/c++  -DAMD_EXTENSIONS -DENABLE_HLSL -DENABLE_OPT=1 -DGLSLANG_OSINCLUDE_UNIX -DNV_EXTENSIONS  -ffunction-sections -fdata-sections -fPIC -m64 -O3 -DNDEBUG -fPIC   -Wall -Wmaybe-uninitialized -Wuninitialized -Wunused -Wunused-local-typedefs -Wunused-parameter -Wunused-value -Wunused-variable -Wunused-but-set-parameter -Wunused-but-set-variable -fno-exceptions -Wno-reorder -std=c++11 -MD -MT glslang/hlsl/CMakeFiles/HLSL.dir/hlslScanContext.cpp.o -MF glslang/hlsl/CMakeFiles/HLSL.dir/hlslScanContext.cpp.o.d -o glslang/hlsl/CMakeFiles/HLSL.dir/hlslScanContext.cpp.o -c /opt/rustwide/cargo-home/registry/src/github.com-1ecc6299db9ec823/shaderc-sys-0.5.1/build/glslang/hlsl/hlslScanContext.cpp
[INFO] [stderr]   c++: fatal error: Killed signal terminated program cc1plus
[INFO] [stderr]   compilation terminated.
[INFO] [stderr]   [73/364] Building CXX object spirv-tools/source/CMakeFiles/SPIRV-Tools-shared.dir/val/validate_function.cpp.o
[INFO] [stderr]   FAILED: spirv-tools/source/CMakeFiles/SPIRV-Tools-shared.dir/val/validate_function.cpp.o 
[INFO] [stderr]   /usr/bin/c++  -DSPIRV_CHECK_CONTEXT -DSPIRV_COLOR_TERMINAL -DSPIRV_LINUX -DSPIRV_TIMER_ENABLED -DSPIRV_TOOLS_IMPLEMENTATION -DSPIRV_TOOLS_SHAREDLIB -DSPIRV_Tools_shared_EXPORTS -I/opt/rustwide/cargo-home/registry/src/github.com-1ecc6299db9ec823/shaderc-sys-0.5.1/build/spirv-tools -I/opt/rustwide/cargo-home/registry/src/github.com-1ecc6299db9ec823/shaderc-sys-0.5.1/build/spirv-tools/include -Ispirv-tools -I/opt/rustwide/cargo-home/registry/src/github.com-1ecc6299db9ec823/shaderc-sys-0.5.1/build/spirv-headers/include -ffunction-sections -fdata-sections -fPIC -m64 -O3 -DNDEBUG -fPIC -fvisibility=hidden   -Wall -Wextra -Wnon-virtual-dtor -Wno-missing-field-initializers -std=c++11 -fno-exceptions -fno-rtti -Wno-long-long -Wshadow -Wundef -Wconversion -Wno-sign-conversion -std=gnu++11 -MD -MT spirv-tools/source/CMakeFiles/SPIRV-Tools-shared.dir/val/validate_function.cpp.o -MF spirv-tools/source/CMakeFiles/SPIRV-Tools-shared.dir/val/validate_function.cpp.o.d -o spirv-tools/source/CMakeFiles/SPIRV-Tools-shared.dir/val/validate_function.cpp.o -c /opt/rustwide/cargo-home/registry/src/github.com-1ecc6299db9ec823/shaderc-sys-0.5.1/build/spirv-tools/source/val/validate_function.cpp
[INFO] [stderr]   c++: fatal error: Killed signal terminated program cc1plus
[INFO] [stderr]   compilation terminated.
[INFO] [stderr]   [74/364] Building CXX object spirv-tools/source/CMakeFiles/SPIRV-Tools-shared.dir/val/validate_adjacency.cpp.o
[INFO] [stderr]   FAILED: spirv-tools/source/CMakeFiles/SPIRV-Tools-shared.dir/val/validate_adjacency.cpp.o 
[INFO] [stderr]   /usr/bin/c++  -DSPIRV_CHECK_CONTEXT -DSPIRV_COLOR_TERMINAL -DSPIRV_LINUX -DSPIRV_TIMER_ENABLED -DSPIRV_TOOLS_IMPLEMENTATION -DSPIRV_TOOLS_SHAREDLIB -DSPIRV_Tools_shared_EXPORTS -I/opt/rustwide/cargo-home/registry/src/github.com-1ecc6299db9ec823/shaderc-sys-0.5.1/build/spirv-tools -I/opt/rustwide/cargo-home/registry/src/github.com-1ecc6299db9ec823/shaderc-sys-0.5.1/build/spirv-tools/include -Ispirv-tools -I/opt/rustwide/cargo-home/registry/src/github.com-1ecc6299db9ec823/shaderc-sys-0.5.1/build/spirv-headers/include -ffunction-sections -fdata-sections -fPIC -m64 -O3 -DNDEBUG -fPIC -fvisibility=hidden   -Wall -Wextra -Wnon-virtual-dtor -Wno-missing-field-initializers -std=c++11 -fno-exceptions -fno-rtti -Wno-long-long -Wshadow -Wundef -Wconversion -Wno-sign-conversion -std=gnu++11 -MD -MT spirv-tools/source/CMakeFiles/SPIRV-Tools-shared.dir/val/validate_adjacency.cpp.o -MF spirv-tools/source/CMakeFiles/SPIRV-Tools-shared.dir/val/validate_adjacency.cpp.o.d -o spirv-tools/source/CMakeFiles/SPIRV-Tools-shared.dir/val/validate_adjacency.cpp.o -c /opt/rustwide/cargo-home/registry/src/github.com-1ecc6299db9ec823/shaderc-sys-0.5.1/build/spirv-tools/source/val/validate_adjacency.cpp
[INFO] [stderr]   c++: fatal error: Killed signal terminated program cc1plus
[INFO] [stderr]   compilation terminated.
[INFO] [stderr]   [75/364] Building CXX object spirv-tools/source/CMakeFiles/SPIRV-Tools-shared.dir/val/validate_decorations.cpp.o
[INFO] [stderr]   FAILED: spirv-tools/source/CMakeFiles/SPIRV-Tools-shared.dir/val/validate_decorations.cpp.o 
[INFO] [stderr]   /usr/bin/c++  -DSPIRV_CHECK_CONTEXT -DSPIRV_COLOR_TERMINAL -DSPIRV_LINUX -DSPIRV_TIMER_ENABLED -DSPIRV_TOOLS_IMPLEMENTATION -DSPIRV_TOOLS_SHAREDLIB -DSPIRV_Tools_shared_EXPORTS -I/opt/rustwide/cargo-home/registry/src/github.com-1ecc6299db9ec823/shaderc-sys-0.5.1/build/spirv-tools -I/opt/rustwide/cargo-home/registry/src/github.com-1ecc6299db9ec823/shaderc-sys-0.5.1/build/spirv-tools/include -Ispirv-tools -I/opt/rustwide/cargo-home/registry/src/github.com-1ecc6299db9ec823/shaderc-sys-0.5.1/build/spirv-headers/include -ffunction-sections -fdata-sections -fPIC -m64 -O3 -DNDEBUG -fPIC -fvisibility=hidden   -Wall -Wextra -Wnon-virtual-dtor -Wno-missing-field-initializers -std=c++11 -fno-exceptions -fno-rtti -Wno-long-long -Wshadow -Wundef -Wconversion -Wno-sign-conversion -std=gnu++11 -MD -MT spirv-tools/source/CMakeFiles/SPIRV-Tools-shared.dir/val/validate_decorations.cpp.o -MF spirv-tools/source/CMakeFiles/SPIRV-Tools-shared.dir/val/validate_decorations.cpp.o.d -o spirv-tools/source/CMakeFiles/SPIRV-Tools-shared.dir/val/validate_decorations.cpp.o -c /opt/rustwide/cargo-home/registry/src/github.com-1ecc6299db9ec823/shaderc-sys-0.5.1/build/spirv-tools/source/val/validate_decorations.cpp
[INFO] [stderr]   c++: fatal error: Killed signal terminated program cc1plus
[INFO] [stderr]   compilation terminated.
[INFO] [stderr]   [76/364] Building CXX object glslang/glslang/CMakeFiles/glslang.dir/MachineIndependent/RemoveTree.cpp.o
[INFO] [stderr]   FAILED: glslang/glslang/CMakeFiles/glslang.dir/MachineIndependent/RemoveTree.cpp.o 
[INFO] [stderr]   /usr/bin/c++  -DAMD_EXTENSIONS -DENABLE_HLSL -DENABLE_OPT=1 -DGLSLANG_OSINCLUDE_UNIX -DNV_EXTENSIONS -I/opt/rustwide/cargo-home/registry/src/github.com-1ecc6299db9ec823/shaderc-sys-0.5.1/build/glslang/glslang/.. -ffunction-sections -fdata-sections -fPIC -m64 -O3 -DNDEBUG -fPIC   -Wall -Wmaybe-uninitialized -Wuninitialized -Wunused -Wunused-local-typedefs -Wunused-parameter -Wunused-value -Wunused-variable -Wunused-but-set-parameter -Wunused-but-set-variable -fno-exceptions -Wno-reorder -pthread -std=c++11 -MD -MT glslang/glslang/CMakeFiles/glslang.dir/MachineIndependent/RemoveTree.cpp.o -MF glslang/glslang/CMakeFiles/glslang.dir/MachineIndependent/RemoveTree.cpp.o.d -o glslang/glslang/CMakeFiles/glslang.dir/MachineIndependent/RemoveTree.cpp.o -c /opt/rustwide/cargo-home/registry/src/github.com-1ecc6299db9ec823/shaderc-sys-0.5.1/build/glslang/glslang/MachineIndependent/RemoveTree.cpp
[INFO] [stderr]   c++: fatal error: Killed signal terminated program cc1plus
[INFO] [stderr]   compilation terminated.
[INFO] [stderr]   [77/364] Building CXX object spirv-tools/source/CMakeFiles/SPIRV-Tools-shared.dir/name_mapper.cpp.o
[INFO] [stderr]   FAILED: spirv-tools/source/CMakeFiles/SPIRV-Tools-shared.dir/name_mapper.cpp.o 
[INFO] [stderr]   /usr/bin/c++  -DSPIRV_CHECK_CONTEXT -DSPIRV_COLOR_TERMINAL -DSPIRV_LINUX -DSPIRV_TIMER_ENABLED -DSPIRV_TOOLS_IMPLEMENTATION -DSPIRV_TOOLS_SHAREDLIB -DSPIRV_Tools_shared_EXPORTS -I/opt/rustwide/cargo-home/registry/src/github.com-1ecc6299db9ec823/shaderc-sys-0.5.1/build/spirv-tools -I/opt/rustwide/cargo-home/registry/src/github.com-1ecc6299db9ec823/shaderc-sys-0.5.1/build/spirv-tools/include -Ispirv-tools -I/opt/rustwide/cargo-home/registry/src/github.com-1ecc6299db9ec823/shaderc-sys-0.5.1/build/spirv-headers/include -ffunction-sections -fdata-sections -fPIC -m64 -O3 -DNDEBUG -fPIC -fvisibility=hidden   -Wall -Wextra -Wnon-virtual-dtor -Wno-missing-field-initializers -std=c++11 -fno-exceptions -fno-rtti -Wno-long-long -Wshadow -Wundef -Wconversion -Wno-sign-conversion -std=gnu++11 -MD -MT spirv-tools/source/CMakeFiles/SPIRV-Tools-shared.dir/name_mapper.cpp.o -MF spirv-tools/source/CMakeFiles/SPIRV-Tools-shared.dir/name_mapper.cpp.o.d -o spirv-tools/source/CMakeFiles/SPIRV-Tools-shared.dir/name_mapper.cpp.o -c /opt/rustwide/cargo-home/registry/src/github.com-1ecc6299db9ec823/shaderc-sys-0.5.1/build/spirv-tools/source/name_mapper.cpp
[INFO] [stderr]   c++: fatal error: Killed signal terminated program cc1plus
[INFO] [stderr]   compilation terminated.
[INFO] [stderr]   [78/364] Building CXX object spirv-tools/source/CMakeFiles/SPIRV-Tools-shared.dir/extensions.cpp.o
[INFO] [stderr]   FAILED: spirv-tools/source/CMakeFiles/SPIRV-Tools-shared.dir/extensions.cpp.o 
[INFO] [stderr]   /usr/bin/c++  -DSPIRV_CHECK_CONTEXT -DSPIRV_COLOR_TERMINAL -DSPIRV_LINUX -DSPIRV_TIMER_ENABLED -DSPIRV_TOOLS_IMPLEMENTATION -DSPIRV_TOOLS_SHAREDLIB -DSPIRV_Tools_shared_EXPORTS -I/opt/rustwide/cargo-home/registry/src/github.com-1ecc6299db9ec823/shaderc-sys-0.5.1/build/spirv-tools -I/opt/rustwide/cargo-home/registry/src/github.com-1ecc6299db9ec823/shaderc-sys-0.5.1/build/spirv-tools/include -Ispirv-tools -I/opt/rustwide/cargo-home/registry/src/github.com-1ecc6299db9ec823/shaderc-sys-0.5.1/build/spirv-headers/include -ffunction-sections -fdata-sections -fPIC -m64 -O3 -DNDEBUG -fPIC -fvisibility=hidden   -Wall -Wextra -Wnon-virtual-dtor -Wno-missing-field-initializers -std=c++11 -fno-exceptions -fno-rtti -Wno-long-long -Wshadow -Wundef -Wconversion -Wno-sign-conversion -std=gnu++11 -MD -MT spirv-tools/source/CMakeFiles/SPIRV-Tools-shared.dir/extensions.cpp.o -MF spirv-tools/source/CMakeFiles/SPIRV-Tools-shared.dir/extensions.cpp.o.d -o spirv-tools/source/CMakeFiles/SPIRV-Tools-shared.dir/extensions.cpp.o -c /opt/rustwide/cargo-home/registry/src/github.com-1ecc6299db9ec823/shaderc-sys-0.5.1/build/spirv-tools/source/extensions.cpp
[INFO] [stderr]   c++: fatal error: Killed signal terminated program cc1plus
[INFO] [stderr]   compilation terminated.
[INFO] [stderr]   [79/364] Building CXX object spirv-tools/source/CMakeFiles/SPIRV-Tools-shared.dir/val/validate_logicals.cpp.o
[INFO] [stderr]   FAILED: spirv-tools/source/CMakeFiles/SPIRV-Tools-shared.dir/val/validate_logicals.cpp.o 
[INFO] [stderr]   /usr/bin/c++  -DSPIRV_CHECK_CONTEXT -DSPIRV_COLOR_TERMINAL -DSPIRV_LINUX -DSPIRV_TIMER_ENABLED -DSPIRV_TOOLS_IMPLEMENTATION -DSPIRV_TOOLS_SHAREDLIB -DSPIRV_Tools_shared_EXPORTS -I/opt/rustwide/cargo-home/registry/src/github.com-1ecc6299db9ec823/shaderc-sys-0.5.1/build/spirv-tools -I/opt/rustwide/cargo-home/registry/src/github.com-1ecc6299db9ec823/shaderc-sys-0.5.1/build/spirv-tools/include -Ispirv-tools -I/opt/rustwide/cargo-home/registry/src/github.com-1ecc6299db9ec823/shaderc-sys-0.5.1/build/spirv-headers/include -ffunction-sections -fdata-sections -fPIC -m64 -O3 -DNDEBUG -fPIC -fvisibility=hidden   -Wall -Wextra -Wnon-virtual-dtor -Wno-missing-field-initializers -std=c++11 -fno-exceptions -fno-rtti -Wno-long-long -Wshadow -Wundef -Wconversion -Wno-sign-conversion -std=gnu++11 -MD -MT spirv-tools/source/CMakeFiles/SPIRV-Tools-shared.dir/val/validate_logicals.cpp.o -MF spirv-tools/source/CMakeFiles/SPIRV-Tools-shared.dir/val/validate_logicals.cpp.o.d -o spirv-tools/source/CMakeFiles/SPIRV-Tools-shared.dir/val/validate_logicals.cpp.o -c /opt/rustwide/cargo-home/registry/src/github.com-1ecc6299db9ec823/shaderc-sys-0.5.1/build/spirv-tools/source/val/validate_logicals.cpp
[INFO] [stderr]   c++: fatal error: Killed signal terminated program cc1plus
[INFO] [stderr]   compilation terminated.
[INFO] [stderr]   [80/364] Building CXX object spirv-tools/source/CMakeFiles/SPIRV-Tools-shared.dir/val/validate_datarules.cpp.o
[INFO] [stderr]   FAILED: spirv-tools/source/CMakeFiles/SPIRV-Tools-shared.dir/val/validate_datarules.cpp.o 
[INFO] [stderr]   /usr/bin/c++  -DSPIRV_CHECK_CONTEXT -DSPIRV_COLOR_TERMINAL -DSPIRV_LINUX -DSPIRV_TIMER_ENABLED -DSPIRV_TOOLS_IMPLEMENTATION -DSPIRV_TOOLS_SHAREDLIB -DSPIRV_Tools_shared_EXPORTS -I/opt/rustwide/cargo-home/registry/src/github.com-1ecc6299db9ec823/shaderc-sys-0.5.1/build/spirv-tools -I/opt/rustwide/cargo-home/registry/src/github.com-1ecc6299db9ec823/shaderc-sys-0.5.1/build/spirv-tools/include -Ispirv-tools -I/opt/rustwide/cargo-home/registry/src/github.com-1ecc6299db9ec823/shaderc-sys-0.5.1/build/spirv-headers/include -ffunction-sections -fdata-sections -fPIC -m64 -O3 -DNDEBUG -fPIC -fvisibility=hidden   -Wall -Wextra -Wnon-virtual-dtor -Wno-missing-field-initializers -std=c++11 -fno-exceptions -fno-rtti -Wno-long-long -Wshadow -Wundef -Wconversion -Wno-sign-conversion -std=gnu++11 -MD -MT spirv-tools/source/CMakeFiles/SPIRV-Tools-shared.dir/val/validate_datarules.cpp.o -MF spirv-tools/source/CMakeFiles/SPIRV-Tools-shared.dir/val/validate_datarules.cpp.o.d -o spirv-tools/source/CMakeFiles/SPIRV-Tools-shared.dir/val/validate_datarules.cpp.o -c /opt/rustwide/cargo-home/registry/src/github.com-1ecc6299db9ec823/shaderc-sys-0.5.1/build/spirv-tools/source/val/validate_datarules.cpp
[INFO] [stderr]   c++: fatal error: Killed signal terminated program cc1plus
[INFO] [stderr]   compilation terminated.
[INFO] [stderr]   [81/364] Building CXX object spirv-tools/source/CMakeFiles/SPIRV-Tools-shared.dir/operand.cpp.o
[INFO] [stderr]   FAILED: spirv-tools/source/CMakeFiles/SPIRV-Tools-shared.dir/operand.cpp.o 
[INFO] [stderr]   /usr/bin/c++  -DSPIRV_CHECK_CONTEXT -DSPIRV_COLOR_TERMINAL -DSPIRV_LINUX -DSPIRV_TIMER_ENABLED -DSPIRV_TOOLS_IMPLEMENTATION -DSPIRV_TOOLS_SHAREDLIB -DSPIRV_Tools_shared_EXPORTS -I/opt/rustwide/cargo-home/registry/src/github.com-1ecc6299db9ec823/shaderc-sys-0.5.1/build/spirv-tools -I/opt/rustwide/cargo-home/registry/src/github.com-1ecc6299db9ec823/shaderc-sys-0.5.1/build/spirv-tools/include -Ispirv-tools -I/opt/rustwide/cargo-home/registry/src/github.com-1ecc6299db9ec823/shaderc-sys-0.5.1/build/spirv-headers/include -ffunction-sections -fdata-sections -fPIC -m64 -O3 -DNDEBUG -fPIC -fvisibility=hidden   -Wall -Wextra -Wnon-virtual-dtor -Wno-missing-field-initializers -std=c++11 -fno-exceptions -fno-rtti -Wno-long-long -Wshadow -Wundef -Wconversion -Wno-sign-conversion -std=gnu++11 -MD -MT spirv-tools/source/CMakeFiles/SPIRV-Tools-shared.dir/operand.cpp.o -MF spirv-tools/source/CMakeFiles/SPIRV-Tools-shared.dir/operand.cpp.o.d -o spirv-tools/source/CMakeFiles/SPIRV-Tools-shared.dir/operand.cpp.o -c /opt/rustwide/cargo-home/registry/src/github.com-1ecc6299db9ec823/shaderc-sys-0.5.1/build/spirv-tools/source/operand.cpp
[INFO] [stderr]   c++: fatal error: Killed signal terminated program cc1plus
[INFO] [stderr]   compilation terminated.
[INFO] [stderr]   [82/364] Building CXX object glslang/hlsl/CMakeFiles/HLSL.dir/hlslTokenStream.cpp.o
[INFO] [stderr]   FAILED: glslang/hlsl/CMakeFiles/HLSL.dir/hlslTokenStream.cpp.o 
[INFO] [stderr]   /usr/bin/c++  -DAMD_EXTENSIONS -DENABLE_HLSL -DENABLE_OPT=1 -DGLSLANG_OSINCLUDE_UNIX -DNV_EXTENSIONS  -ffunction-sections -fdata-sections -fPIC -m64 -O3 -DNDEBUG -fPIC   -Wall -Wmaybe-uninitialized -Wuninitialized -Wunused -Wunused-local-typedefs -Wunused-parameter -Wunused-value -Wunused-variable -Wunused-but-set-parameter -Wunused-but-set-variable -fno-exceptions -Wno-reorder -std=c++11 -MD -MT glslang/hlsl/CMakeFiles/HLSL.dir/hlslTokenStream.cpp.o -MF glslang/hlsl/CMakeFiles/HLSL.dir/hlslTokenStream.cpp.o.d -o glslang/hlsl/CMakeFiles/HLSL.dir/hlslTokenStream.cpp.o -c /opt/rustwide/cargo-home/registry/src/github.com-1ecc6299db9ec823/shaderc-sys-0.5.1/build/glslang/hlsl/hlslTokenStream.cpp
[INFO] [stderr]   c++: fatal error: Killed signal terminated program cc1plus
[INFO] [stderr]   compilation terminated.
[INFO] [stderr]   [83/364] Building CXX object spirv-tools/source/CMakeFiles/SPIRV-Tools-shared.dir/val/validate_memory_semantics.cpp.o
[INFO] [stderr]   FAILED: spirv-tools/source/CMakeFiles/SPIRV-Tools-shared.dir/val/validate_memory_semantics.cpp.o 
[INFO] [stderr]   /usr/bin/c++  -DSPIRV_CHECK_CONTEXT -DSPIRV_COLOR_TERMINAL -DSPIRV_LINUX -DSPIRV_TIMER_ENABLED -DSPIRV_TOOLS_IMPLEMENTATION -DSPIRV_TOOLS_SHAREDLIB -DSPIRV_Tools_shared_EXPORTS -I/opt/rustwide/cargo-home/registry/src/github.com-1ecc6299db9ec823/shaderc-sys-0.5.1/build/spirv-tools -I/opt/rustwide/cargo-home/registry/src/github.com-1ecc6299db9ec823/shaderc-sys-0.5.1/build/spirv-tools/include -Ispirv-tools -I/opt/rustwide/cargo-home/registry/src/github.com-1ecc6299db9ec823/shaderc-sys-0.5.1/build/spirv-headers/include -ffunction-sections -fdata-sections -fPIC -m64 -O3 -DNDEBUG -fPIC -fvisibility=hidden   -Wall -Wextra -Wnon-virtual-dtor -Wno-missing-field-initializers -std=c++11 -fno-exceptions -fno-rtti -Wno-long-long -Wshadow -Wundef -Wconversion -Wno-sign-conversion -std=gnu++11 -MD -MT spirv-tools/source/CMakeFiles/SPIRV-Tools-shared.dir/val/validate_memory_semantics.cpp.o -MF spirv-tools/source/CMakeFiles/SPIRV-Tools-shared.dir/val/validate_memory_semantics.cpp.o.d -o spirv-tools/source/CMakeFiles/SPIRV-Tools-shared.dir/val/validate_memory_semantics.cpp.o -c /opt/rustwide/cargo-home/registry/src/github.com-1ecc6299db9ec823/shaderc-sys-0.5.1/build/spirv-tools/source/val/validate_memory_semantics.cpp
[INFO] [stderr]   c++: fatal error: Killed signal terminated program cc1plus
[INFO] [stderr]   compilation terminated.
[INFO] [stderr]   [84/364] Building CXX object spirv-tools/source/CMakeFiles/SPIRV-Tools-shared.dir/val/validate_annotation.cpp.o
[INFO] [stderr]   FAILED: spirv-tools/source/CMakeFiles/SPIRV-Tools-shared.dir/val/validate_annotation.cpp.o 
[INFO] [stderr]   /usr/bin/c++  -DSPIRV_CHECK_CONTEXT -DSPIRV_COLOR_TERMINAL -DSPIRV_LINUX -DSPIRV_TIMER_ENABLED -DSPIRV_TOOLS_IMPLEMENTATION -DSPIRV_TOOLS_SHAREDLIB -DSPIRV_Tools_shared_EXPORTS -I/opt/rustwide/cargo-home/registry/src/github.com-1ecc6299db9ec823/shaderc-sys-0.5.1/build/spirv-tools -I/opt/rustwide/cargo-home/registry/src/github.com-1ecc6299db9ec823/shaderc-sys-0.5.1/build/spirv-tools/include -Ispirv-tools -I/opt/rustwide/cargo-home/registry/src/github.com-1ecc6299db9ec823/shaderc-sys-0.5.1/build/spirv-headers/include -ffunction-sections -fdata-sections -fPIC -m64 -O3 -DNDEBUG -fPIC -fvisibility=hidden   -Wall -Wextra -Wnon-virtual-dtor -Wno-missing-field-initializers -std=c++11 -fno-exceptions -fno-rtti -Wno-long-long -Wshadow -Wundef -Wconversion -Wno-sign-conversion -std=gnu++11 -MD -MT spirv-tools/source/CMakeFiles/SPIRV-Tools-shared.dir/val/validate_annotation.cpp.o -MF spirv-tools/source/CMakeFiles/SPIRV-Tools-shared.dir/val/validate_annotation.cpp.o.d -o spirv-tools/source/CMakeFiles/SPIRV-Tools-shared.dir/val/validate_annotation.cpp.o -c /opt/rustwide/cargo-home/registry/src/github.com-1ecc6299db9ec823/shaderc-sys-0.5.1/build/spirv-tools/source/val/validate_annotation.cpp
[INFO] [stderr]   c++: fatal error: Killed signal terminated program cc1plus
[INFO] [stderr]   compilation terminated.
[INFO] [stderr]   [85/364] Building CXX object glslang/glslang/CMakeFiles/glslang.dir/MachineIndependent/PoolAlloc.cpp.o
[INFO] [stderr]   FAILED: glslang/glslang/CMakeFiles/glslang.dir/MachineIndependent/PoolAlloc.cpp.o 
[INFO] [stderr]   /usr/bin/c++  -DAMD_EXTENSIONS -DENABLE_HLSL -DENABLE_OPT=1 -DGLSLANG_OSINCLUDE_UNIX -DNV_EXTENSIONS -I/opt/rustwide/cargo-home/registry/src/github.com-1ecc6299db9ec823/shaderc-sys-0.5.1/build/glslang/glslang/.. -ffunction-sections -fdata-sections -fPIC -m64 -O3 -DNDEBUG -fPIC   -Wall -Wmaybe-uninitialized -Wuninitialized -Wunused -Wunused-local-typedefs -Wunused-parameter -Wunused-value -Wunused-variable -Wunused-but-set-parameter -Wunused-but-set-variable -fno-exceptions -Wno-reorder -pthread -std=c++11 -MD -MT glslang/glslang/CMakeFiles/glslang.dir/MachineIndependent/PoolAlloc.cpp.o -MF glslang/glslang/CMakeFiles/glslang.dir/MachineIndependent/PoolAlloc.cpp.o.d -o glslang/glslang/CMakeFiles/glslang.dir/MachineIndependent/PoolAlloc.cpp.o -c /opt/rustwide/cargo-home/registry/src/github.com-1ecc6299db9ec823/shaderc-sys-0.5.1/build/glslang/glslang/MachineIndependent/PoolAlloc.cpp
[INFO] [stderr]   c++: fatal error: Killed signal terminated program cc1plus
[INFO] [stderr]   compilation terminated.
[INFO] [stderr]   [86/364] Building CXX object glslang/glslang/CMakeFiles/glslang.dir/MachineIndependent/reflection.cpp.o
[INFO] [stderr]   FAILED: glslang/glslang/CMakeFiles/glslang.dir/MachineIndependent/reflection.cpp.o 
[INFO] [stderr]   /usr/bin/c++  -DAMD_EXTENSIONS -DENABLE_HLSL -DENABLE_OPT=1 -DGLSLANG_OSINCLUDE_UNIX -DNV_EXTENSIONS -I/opt/rustwide/cargo-home/registry/src/github.com-1ecc6299db9ec823/shaderc-sys-0.5.1/build/glslang/glslang/.. -ffunction-sections -fdata-sections -fPIC -m64 -O3 -DNDEBUG -fPIC   -Wall -Wmaybe-uninitialized -Wuninitialized -Wunused -Wunused-local-typedefs -Wunused-parameter -Wunused-value -Wunused-variable -Wunused-but-set-parameter -Wunused-but-set-variable -fno-exceptions -Wno-reorder -pthread -std=c++11 -MD -MT glslang/glslang/CMakeFiles/glslang.dir/MachineIndependent/reflection.cpp.o -MF glslang/glslang/CMakeFiles/glslang.dir/MachineIndependent/reflection.cpp.o.d -o glslang/glslang/CMakeFiles/glslang.dir/MachineIndependent/reflection.cpp.o -c /opt/rustwide/cargo-home/registry/src/github.com-1ecc6299db9ec823/shaderc-sys-0.5.1/build/glslang/glslang/MachineIndependent/reflection.cpp
[INFO] [stderr]   c++: fatal error: Killed signal terminated program cc1plus
[INFO] [stderr]   compilation terminated.
[INFO] [stderr]   [87/364] Building CXX object glslang/SPIRV/CMakeFiles/SPVRemapper.dir/doc.cpp.o
[INFO] [stderr]   FAILED: glslang/SPIRV/CMakeFiles/SPVRemapper.dir/doc.cpp.o 
[INFO] [stderr]   /usr/bin/c++  -DAMD_EXTENSIONS -DENABLE_HLSL -DENABLE_OPT=1 -DGLSLANG_OSINCLUDE_UNIX -DNV_EXTENSIONS  -ffunction-sections -fdata-sections -fPIC -m64 -O3 -DNDEBUG -fPIC   -Wall -Wmaybe-uninitialized -Wuninitialized -Wunused -Wunused-local-typedefs -Wunused-parameter -Wunused-value -Wunused-variable -Wunused-but-set-parameter -Wunused-but-set-variable -fno-exceptions -Wno-reorder -std=c++11 -MD -MT glslang/SPIRV/CMakeFiles/SPVRemapper.dir/doc.cpp.o -MF glslang/SPIRV/CMakeFiles/SPVRemapper.dir/doc.cpp.o.d -o glslang/SPIRV/CMakeFiles/SPVRemapper.dir/doc.cpp.o -c /opt/rustwide/cargo-home/registry/src/github.com-1ecc6299db9ec823/shaderc-sys-0.5.1/build/glslang/SPIRV/doc.cpp
[INFO] [stderr]   c++: fatal error: Killed signal terminated program cc1plus
[INFO] [stderr]   compilation terminated.
[INFO] [stderr]   [88/364] Building CXX object spirv-tools/source/CMakeFiles/SPIRV-Tools-shared.dir/disassemble.cpp.o
[INFO] [stderr]   FAILED: spirv-tools/source/CMakeFiles/SPIRV-Tools-shared.dir/disassemble.cpp.o 
[INFO] [stderr]   /usr/bin/c++  -DSPIRV_CHECK_CONTEXT -DSPIRV_COLOR_TERMINAL -DSPIRV_LINUX -DSPIRV_TIMER_ENABLED -DSPIRV_TOOLS_IMPLEMENTATION -DSPIRV_TOOLS_SHAREDLIB -DSPIRV_Tools_shared_EXPORTS -I/opt/rustwide/cargo-home/registry/src/github.com-1ecc6299db9ec823/shaderc-sys-0.5.1/build/spirv-tools -I/opt/rustwide/cargo-home/registry/src/github.com-1ecc6299db9ec823/shaderc-sys-0.5.1/build/spirv-tools/include -Ispirv-tools -I/opt/rustwide/cargo-home/registry/src/github.com-1ecc6299db9ec823/shaderc-sys-0.5.1/build/spirv-headers/include -ffunction-sections -fdata-sections -fPIC -m64 -O3 -DNDEBUG -fPIC -fvisibility=hidden   -Wall -Wextra -Wnon-virtual-dtor -Wno-missing-field-initializers -std=c++11 -fno-exceptions -fno-rtti -Wno-long-long -Wshadow -Wundef -Wconversion -Wno-sign-conversion -std=gnu++11 -MD -MT spirv-tools/source/CMakeFiles/SPIRV-Tools-shared.dir/disassemble.cpp.o -MF spirv-tools/source/CMakeFiles/SPIRV-Tools-shared.dir/disassemble.cpp.o.d -o spirv-tools/source/CMakeFiles/SPIRV-Tools-shared.dir/disassemble.cpp.o -c /opt/rustwide/cargo-home/registry/src/github.com-1ecc6299db9ec823/shaderc-sys-0.5.1/build/spirv-tools/source/disassemble.cpp
[INFO] [stderr]   c++: fatal error: Killed signal terminated program cc1plus
[INFO] [stderr]   compilation terminated.
[INFO] [stderr]   [89/364] Building CXX object glslang/hlsl/CMakeFiles/HLSL.dir/hlslOpMap.cpp.o
[INFO] [stderr]   FAILED: glslang/hlsl/CMakeFiles/HLSL.dir/hlslOpMap.cpp.o 
[INFO] [stderr]   /usr/bin/c++  -DAMD_EXTENSIONS -DENABLE_HLSL -DENABLE_OPT=1 -DGLSLANG_OSINCLUDE_UNIX -DNV_EXTENSIONS  -ffunction-sections -fdata-sections -fPIC -m64 -O3 -DNDEBUG -fPIC   -Wall -Wmaybe-uninitialized -Wuninitialized -Wunused -Wunused-local-typedefs -Wunused-parameter -Wunused-value -Wunused-variable -Wunused-but-set-parameter -Wunused-but-set-variable -fno-exceptions -Wno-reorder -std=c++11 -MD -MT glslang/hlsl/CMakeFiles/HLSL.dir/hlslOpMap.cpp.o -MF glslang/hlsl/CMakeFiles/HLSL.dir/hlslOpMap.cpp.o.d -o glslang/hlsl/CMakeFiles/HLSL.dir/hlslOpMap.cpp.o -c /opt/rustwide/cargo-home/registry/src/github.com-1ecc6299db9ec823/shaderc-sys-0.5.1/build/glslang/hlsl/hlslOpMap.cpp
[INFO] [stderr]   c++: fatal error: Killed signal terminated program cc1plus
[INFO] [stderr]   compilation terminated.
[INFO] [stderr]   [90/364] Building CXX object spirv-tools/source/CMakeFiles/SPIRV-Tools-shared.dir/val/validate_layout.cpp.o
[INFO] [stderr]   FAILED: spirv-tools/source/CMakeFiles/SPIRV-Tools-shared.dir/val/validate_layout.cpp.o 
[INFO] [stderr]   /usr/bin/c++  -DSPIRV_CHECK_CONTEXT -DSPIRV_COLOR_TERMINAL -DSPIRV_LINUX -DSPIRV_TIMER_ENABLED -DSPIRV_TOOLS_IMPLEMENTATION -DSPIRV_TOOLS_SHAREDLIB -DSPIRV_Tools_shared_EXPORTS -I/opt/rustwide/cargo-home/registry/src/github.com-1ecc6299db9ec823/shaderc-sys-0.5.1/build/spirv-tools -I/opt/rustwide/cargo-home/registry/src/github.com-1ecc6299db9ec823/shaderc-sys-0.5.1/build/spirv-tools/include -Ispirv-tools -I/opt/rustwide/cargo-home/registry/src/github.com-1ecc6299db9ec823/shaderc-sys-0.5.1/build/spirv-headers/include -ffunction-sections -fdata-sections -fPIC -m64 -O3 -DNDEBUG -fPIC -fvisibility=hidden   -Wall -Wextra -Wnon-virtual-dtor -Wno-missing-field-initializers -std=c++11 -fno-exceptions -fno-rtti -Wno-long-long -Wshadow -Wundef -Wconversion -Wno-sign-conversion -std=gnu++11 -MD -MT spirv-tools/source/CMakeFiles/SPIRV-Tools-shared.dir/val/validate_layout.cpp.o -MF spirv-tools/source/CMakeFiles/SPIRV-Tools-shared.dir/val/validate_layout.cpp.o.d -o spirv-tools/source/CMakeFiles/SPIRV-Tools-shared.dir/val/validate_layout.cpp.o -c /opt/rustwide/cargo-home/registry/src/github.com-1ecc6299db9ec823/shaderc-sys-0.5.1/build/spirv-tools/source/val/validate_layout.cpp
[INFO] [stderr]   c++: fatal error: Killed signal terminated program cc1plus
[INFO] [stderr]   compilation terminated.
[INFO] [stderr]   [91/364] Building CXX object spirv-tools/source/CMakeFiles/SPIRV-Tools-shared.dir/val/validate_memory.cpp.o
[INFO] [stderr]   FAILED: spirv-tools/source/CMakeFiles/SPIRV-Tools-shared.dir/val/validate_memory.cpp.o 
[INFO] [stderr]   /usr/bin/c++  -DSPIRV_CHECK_CONTEXT -DSPIRV_COLOR_TERMINAL -DSPIRV_LINUX -DSPIRV_TIMER_ENABLED -DSPIRV_TOOLS_IMPLEMENTATION -DSPIRV_TOOLS_SHAREDLIB -DSPIRV_Tools_shared_EXPORTS -I/opt/rustwide/cargo-home/registry/src/github.com-1ecc6299db9ec823/shaderc-sys-0.5.1/build/spirv-tools -I/opt/rustwide/cargo-home/registry/src/github.com-1ecc6299db9ec823/shaderc-sys-0.5.1/build/spirv-tools/include -Ispirv-tools -I/opt/rustwide/cargo-home/registry/src/github.com-1ecc6299db9ec823/shaderc-sys-0.5.1/build/spirv-headers/include -ffunction-sections -fdata-sections -fPIC -m64 -O3 -DNDEBUG -fPIC -fvisibility=hidden   -Wall -Wextra -Wnon-virtual-dtor -Wno-missing-field-initializers -std=c++11 -fno-exceptions -fno-rtti -Wno-long-long -Wshadow -Wundef -Wconversion -Wno-sign-conversion -std=gnu++11 -MD -MT spirv-tools/source/CMakeFiles/SPIRV-Tools-shared.dir/val/validate_memory.cpp.o -MF spirv-tools/source/CMakeFiles/SPIRV-Tools-shared.dir/val/validate_memory.cpp.o.d -o spirv-tools/source/CMakeFiles/SPIRV-Tools-shared.dir/val/validate_memory.cpp.o -c /opt/rustwide/cargo-home/registry/src/github.com-1ecc6299db9ec823/shaderc-sys-0.5.1/build/spirv-tools/source/val/validate_memory.cpp
[INFO] [stderr]   c++: fatal error: Killed signal terminated program cc1plus
[INFO] [stderr]   compilation terminated.
[INFO] [stderr]   [92/364] Building CXX object spirv-tools/source/opt/CMakeFiles/SPIRV-Tools-opt.dir/struct_cfg_analysis.cpp.o
[INFO] [stderr]   FAILED: spirv-tools/source/opt/CMakeFiles/SPIRV-Tools-opt.dir/struct_cfg_analysis.cpp.o 
[INFO] [stderr]   /usr/bin/c++  -DSPIRV_CHECK_CONTEXT -DSPIRV_COLOR_TERMINAL -DSPIRV_LINUX -DSPIRV_TIMER_ENABLED -I/opt/rustwide/cargo-home/registry/src/github.com-1ecc6299db9ec823/shaderc-sys-0.5.1/build/spirv-tools -I/opt/rustwide/cargo-home/registry/src/github.com-1ecc6299db9ec823/shaderc-sys-0.5.1/build/spirv-tools/include -I/opt/rustwide/cargo-home/registry/src/github.com-1ecc6299db9ec823/shaderc-sys-0.5.1/build/spirv-headers/include -Ispirv-tools -ffunction-sections -fdata-sections -fPIC -m64 -O3 -DNDEBUG -fPIC   -Wall -Wextra -Wnon-virtual-dtor -Wno-missing-field-initializers -std=c++11 -fno-exceptions -fno-rtti -Wno-long-long -Wshadow -Wundef -Wconversion -Wno-sign-conversion -std=gnu++11 -MD -MT spirv-tools/source/opt/CMakeFiles/SPIRV-Tools-opt.dir/struct_cfg_analysis.cpp.o -MF spirv-tools/source/opt/CMakeFiles/SPIRV-Tools-opt.dir/struct_cfg_analysis.cpp.o.d -o spirv-tools/source/opt/CMakeFiles/SPIRV-Tools-opt.dir/struct_cfg_analysis.cpp.o -c /opt/rustwide/cargo-home/registry/src/github.com-1ecc6299db9ec823/shaderc-sys-0.5.1/build/spirv-tools/source/opt/struct_cfg_analysis.cpp
[INFO] [stderr]   c++: fatal error: Killed signal terminated program cc1plus
[INFO] [stderr]   compilation terminated.
[INFO] [stderr]   [93/364] Building CXX object spirv-tools/source/CMakeFiles/SPIRV-Tools-shared.dir/spirv_target_env.cpp.o
[INFO] [stderr]   [94/364] Building CXX object spirv-tools/source/CMakeFiles/SPIRV-Tools-shared.dir/enum_string_mapping.cpp.o
[INFO] [stderr]   FAILED: spirv-tools/source/CMakeFiles/SPIRV-Tools-shared.dir/enum_string_mapping.cpp.o 
[INFO] [stderr]   /usr/bin/c++  -DSPIRV_CHECK_CONTEXT -DSPIRV_COLOR_TERMINAL -DSPIRV_LINUX -DSPIRV_TIMER_ENABLED -DSPIRV_TOOLS_IMPLEMENTATION -DSPIRV_TOOLS_SHAREDLIB -DSPIRV_Tools_shared_EXPORTS -I/opt/rustwide/cargo-home/registry/src/github.com-1ecc6299db9ec823/shaderc-sys-0.5.1/build/spirv-tools -I/opt/rustwide/cargo-home/registry/src/github.com-1ecc6299db9ec823/shaderc-sys-0.5.1/build/spirv-tools/include -Ispirv-tools -I/opt/rustwide/cargo-home/registry/src/github.com-1ecc6299db9ec823/shaderc-sys-0.5.1/build/spirv-headers/include -ffunction-sections -fdata-sections -fPIC -m64 -O3 -DNDEBUG -fPIC -fvisibility=hidden   -Wall -Wextra -Wnon-virtual-dtor -Wno-missing-field-initializers -std=c++11 -fno-exceptions -fno-rtti -Wno-long-long -Wshadow -Wundef -Wconversion -Wno-sign-conversion -std=gnu++11 -MD -MT spirv-tools/source/CMakeFiles/SPIRV-Tools-shared.dir/enum_string_mapping.cpp.o -MF spirv-tools/source/CMakeFiles/SPIRV-Tools-shared.dir/enum_string_mapping.cpp.o.d -o spirv-tools/source/CMakeFiles/SPIRV-Tools-shared.dir/enum_string_mapping.cpp.o -c /opt/rustwide/cargo-home/registry/src/github.com-1ecc6299db9ec823/shaderc-sys-0.5.1/build/spirv-tools/source/enum_string_mapping.cpp
[INFO] [stderr]   c++: fatal error: Killed signal terminated program cc1plus
[INFO] [stderr]   compilation terminated.
[INFO] [stderr]   [95/364] Building CXX object spirv-tools/source/CMakeFiles/SPIRV-Tools-shared.dir/id_descriptor.cpp.o
[INFO] [stderr]   FAILED: spirv-tools/source/CMakeFiles/SPIRV-Tools-shared.dir/id_descriptor.cpp.o 
[INFO] [stderr]   /usr/bin/c++  -DSPIRV_CHECK_CONTEXT -DSPIRV_COLOR_TERMINAL -DSPIRV_LINUX -DSPIRV_TIMER_ENABLED -DSPIRV_TOOLS_IMPLEMENTATION -DSPIRV_TOOLS_SHAREDLIB -DSPIRV_Tools_shared_EXPORTS -I/opt/rustwide/cargo-home/registry/src/github.com-1ecc6299db9ec823/shaderc-sys-0.5.1/build/spirv-tools -I/opt/rustwide/cargo-home/registry/src/github.com-1ecc6299db9ec823/shaderc-sys-0.5.1/build/spirv-tools/include -Ispirv-tools -I/opt/rustwide/cargo-home/registry/src/github.com-1ecc6299db9ec823/shaderc-sys-0.5.1/build/spirv-headers/include -ffunction-sections -fdata-sections -fPIC -m64 -O3 -DNDEBUG -fPIC -fvisibility=hidden   -Wall -Wextra -Wnon-virtual-dtor -Wno-missing-field-initializers -std=c++11 -fno-exceptions -fno-rtti -Wno-long-long -Wshadow -Wundef -Wconversion -Wno-sign-conversion -std=gnu++11 -MD -MT spirv-tools/source/CMakeFiles/SPIRV-Tools-shared.dir/id_descriptor.cpp.o -MF spirv-tools/source/CMakeFiles/SPIRV-Tools-shared.dir/id_descriptor.cpp.o.d -o spirv-tools/source/CMakeFiles/SPIRV-Tools-shared.dir/id_descriptor.cpp.o -c /opt/rustwide/cargo-home/registry/src/github.com-1ecc6299db9ec823/shaderc-sys-0.5.1/build/spirv-tools/source/id_descriptor.cpp
[INFO] [stderr]   c++: fatal error: Killed signal terminated program cc1plus
[INFO] [stderr]   compilation terminated.
[INFO] [stderr]   [96/364] Building CXX object glslang/OGLCompilersDLL/CMakeFiles/OGLCompiler.dir/InitializeDll.cpp.o
[INFO] [stderr]   [97/364] Building CXX object spirv-tools/source/CMakeFiles/SPIRV-Tools-shared.dir/val/validate_arithmetics.cpp.o
[INFO] [stderr]   FAILED: spirv-tools/source/CMakeFiles/SPIRV-Tools-shared.dir/val/validate_arithmetics.cpp.o 
[INFO] [stderr]   /usr/bin/c++  -DSPIRV_CHECK_CONTEXT -DSPIRV_COLOR_TERMINAL -DSPIRV_LINUX -DSPIRV_TIMER_ENABLED -DSPIRV_TOOLS_IMPLEMENTATION -DSPIRV_TOOLS_SHAREDLIB -DSPIRV_Tools_shared_EXPORTS -I/opt/rustwide/cargo-home/registry/src/github.com-1ecc6299db9ec823/shaderc-sys-0.5.1/build/spirv-tools -I/opt/rustwide/cargo-home/registry/src/github.com-1ecc6299db9ec823/shaderc-sys-0.5.1/build/spirv-tools/include -Ispirv-tools -I/opt/rustwide/cargo-home/registry/src/github.com-1ecc6299db9ec823/shaderc-sys-0.5.1/build/spirv-headers/include -ffunction-sections -fdata-sections -fPIC -m64 -O3 -DNDEBUG -fPIC -fvisibility=hidden   -Wall -Wextra -Wnon-virtual-dtor -Wno-missing-field-initializers -std=c++11 -fno-exceptions -fno-rtti -Wno-long-long -Wshadow -Wundef -Wconversion -Wno-sign-conversion -std=gnu++11 -MD -MT spirv-tools/source/CMakeFiles/SPIRV-Tools-shared.dir/val/validate_arithmetics.cpp.o -MF spirv-tools/source/CMakeFiles/SPIRV-Tools-shared.dir/val/validate_arithmetics.cpp.o.d -o spirv-tools/source/CMakeFiles/SPIRV-Tools-shared.dir/val/validate_arithmetics.cpp.o -c /opt/rustwide/cargo-home/registry/src/github.com-1ecc6299db9ec823/shaderc-sys-0.5.1/build/spirv-tools/source/val/validate_arithmetics.cpp
[INFO] [stderr]   c++: fatal error: Killed signal terminated program cc1plus
[INFO] [stderr]   compilation terminated.
[INFO] [stderr]   [98/364] Building CXX object spirv-tools/source/CMakeFiles/SPIRV-Tools-shared.dir/val/validate_composites.cpp.o
[INFO] [stderr]   FAILED: spirv-tools/source/CMakeFiles/SPIRV-Tools-shared.dir/val/validate_composites.cpp.o 
[INFO] [stderr]   /usr/bin/c++  -DSPIRV_CHECK_CONTEXT -DSPIRV_COLOR_TERMINAL -DSPIRV_LINUX -DSPIRV_TIMER_ENABLED -DSPIRV_TOOLS_IMPLEMENTATION -DSPIRV_TOOLS_SHAREDLIB -DSPIRV_Tools_shared_EXPORTS -I/opt/rustwide/cargo-home/registry/src/github.com-1ecc6299db9ec823/shaderc-sys-0.5.1/build/spirv-tools -I/opt/rustwide/cargo-home/registry/src/github.com-1ecc6299db9ec823/shaderc-sys-0.5.1/build/spirv-tools/include -Ispirv-tools -I/opt/rustwide/cargo-home/registry/src/github.com-1ecc6299db9ec823/shaderc-sys-0.5.1/build/spirv-headers/include -ffunction-sections -fdata-sections -fPIC -m64 -O3 -DNDEBUG -fPIC -fvisibility=hidden   -Wall -Wextra -Wnon-virtual-dtor -Wno-missing-field-initializers -std=c++11 -fno-exceptions -fno-rtti -Wno-long-long -Wshadow -Wundef -Wconversion -Wno-sign-conversion -std=gnu++11 -MD -MT spirv-tools/source/CMakeFiles/SPIRV-Tools-shared.dir/val/validate_composites.cpp.o -MF spirv-tools/source/CMakeFiles/SPIRV-Tools-shared.dir/val/validate_composites.cpp.o.d -o spirv-tools/source/CMakeFiles/SPIRV-Tools-shared.dir/val/validate_composites.cpp.o -c /opt/rustwide/cargo-home/registry/src/github.com-1ecc6299db9ec823/shaderc-sys-0.5.1/build/spirv-tools/source/val/validate_composites.cpp
[INFO] [stderr]   c++: fatal error: Killed signal terminated program cc1plus
[INFO] [stderr]   compilation terminated.
[INFO] [stderr]   [99/364] Building CXX object spirv-tools/source/CMakeFiles/SPIRV-Tools-shared.dir/val/validate_primitives.cpp.o
[INFO] [stderr]   FAILED: spirv-tools/source/CMakeFiles/SPIRV-Tools-shared.dir/val/validate_primitives.cpp.o 
[INFO] [stderr]   /usr/bin/c++  -DSPIRV_CHECK_CONTEXT -DSPIRV_COLOR_TERMINAL -DSPIRV_LINUX -DSPIRV_TIMER_ENABLED -DSPIRV_TOOLS_IMPLEMENTATION -DSPIRV_TOOLS_SHAREDLIB -DSPIRV_Tools_shared_EXPORTS -I/opt/rustwide/cargo-home/registry/src/github.com-1ecc6299db9ec823/shaderc-sys-0.5.1/build/spirv-tools -I/opt/rustwide/cargo-home/registry/src/github.com-1ecc6299db9ec823/shaderc-sys-0.5.1/build/spirv-tools/include -Ispirv-tools -I/opt/rustwide/cargo-home/registry/src/github.com-1ecc6299db9ec823/shaderc-sys-0.5.1/build/spirv-headers/include -ffunction-sections -fdata-sections -fPIC -m64 -O3 -DNDEBUG -fPIC -fvisibility=hidden   -Wall -Wextra -Wnon-virtual-dtor -Wno-missing-field-initializers -std=c++11 -fno-exceptions -fno-rtti -Wno-long-long -Wshadow -Wundef -Wconversion -Wno-sign-conversion -std=gnu++11 -MD -MT spirv-tools/source/CMakeFiles/SPIRV-Tools-shared.dir/val/validate_primitives.cpp.o -MF spirv-tools/source/CMakeFiles/SPIRV-Tools-shared.dir/val/validate_primitives.cpp.o.d -o spirv-tools/source/CMakeFiles/SPIRV-Tools-shared.dir/val/validate_primitives.cpp.o -c /opt/rustwide/cargo-home/registry/src/github.com-1ecc6299db9ec823/shaderc-sys-0.5.1/build/spirv-tools/source/val/validate_primitives.cpp
[INFO] [stderr]   c++: fatal error: Killed signal terminated program cc1plus
[INFO] [stderr]   compilation terminated.
[INFO] [stderr]   [100/364] Building CXX object glslang/glslang/CMakeFiles/glslang.dir/MachineIndependent/Versions.cpp.o
[INFO] [stderr]   FAILED: glslang/glslang/CMakeFiles/glslang.dir/MachineIndependent/Versions.cpp.o 
[INFO] [stderr]   /usr/bin/c++  -DAMD_EXTENSIONS -DENABLE_HLSL -DENABLE_OPT=1 -DGLSLANG_OSINCLUDE_UNIX -DNV_EXTENSIONS -I/opt/rustwide/cargo-home/registry/src/github.com-1ecc6299db9ec823/shaderc-sys-0.5.1/build/glslang/glslang/.. -ffunction-sections -fdata-sections -fPIC -m64 -O3 -DNDEBUG -fPIC   -Wall -Wmaybe-uninitialized -Wuninitialized -Wunused -Wunused-local-typedefs -Wunused-parameter -Wunused-value -Wunused-variable -Wunused-but-set-parameter -Wunused-but-set-variable -fno-exceptions -Wno-reorder -pthread -std=c++11 -MD -MT glslang/glslang/CMakeFiles/glslang.dir/MachineIndependent/Versions.cpp.o -MF glslang/glslang/CMakeFiles/glslang.dir/MachineIndependent/Versions.cpp.o.d -o glslang/glslang/CMakeFiles/glslang.dir/MachineIndependent/Versions.cpp.o -c /opt/rustwide/cargo-home/registry/src/github.com-1ecc6299db9ec823/shaderc-sys-0.5.1/build/glslang/glslang/MachineIndependent/Versions.cpp
[INFO] [stderr]   c++: fatal error: Killed signal terminated program cc1plus
[INFO] [stderr]   compilation terminated.
[INFO] [stderr]   [101/364] Building CXX object spirv-tools/source/CMakeFiles/SPIRV-Tools-shared.dir/val/validate_instruction.cpp.o
[INFO] [stderr]   FAILED: spirv-tools/source/CMakeFiles/SPIRV-Tools-shared.dir/val/validate_instruction.cpp.o 
[INFO] [stderr]   /usr/bin/c++  -DSPIRV_CHECK_CONTEXT -DSPIRV_COLOR_TERMINAL -DSPIRV_LINUX -DSPIRV_TIMER_ENABLED -DSPIRV_TOOLS_IMPLEMENTATION -DSPIRV_TOOLS_SHAREDLIB -DSPIRV_Tools_shared_EXPORTS -I/opt/rustwide/cargo-home/registry/src/github.com-1ecc6299db9ec823/shaderc-sys-0.5.1/build/spirv-tools -I/opt/rustwide/cargo-home/registry/src/github.com-1ecc6299db9ec823/shaderc-sys-0.5.1/build/spirv-tools/include -Ispirv-tools -I/opt/rustwide/cargo-home/registry/src/github.com-1ecc6299db9ec823/shaderc-sys-0.5.1/build/spirv-headers/include -ffunction-sections -fdata-sections -fPIC -m64 -O3 -DNDEBUG -fPIC -fvisibility=hidden   -Wall -Wextra -Wnon-virtual-dtor -Wno-missing-field-initializers -std=c++11 -fno-exceptions -fno-rtti -Wno-long-long -Wshadow -Wundef -Wconversion -Wno-sign-conversion -std=gnu++11 -MD -MT spirv-tools/source/CMakeFiles/SPIRV-Tools-shared.dir/val/validate_instruction.cpp.o -MF spirv-tools/source/CMakeFiles/SPIRV-Tools-shared.dir/val/validate_instruction.cpp.o.d -o spirv-tools/source/CMakeFiles/SPIRV-Tools-shared.dir/val/validate_instruction.cpp.o -c /opt/rustwide/cargo-home/registry/src/github.com-1ecc6299db9ec823/shaderc-sys-0.5.1/build/spirv-tools/source/val/validate_instruction.cpp
[INFO] [stderr]   c++: fatal error: Killed signal terminated program cc1plus
[INFO] [stderr]   compilation terminated.
[INFO] [stderr]   [102/364] Building CXX object glslang/glslang/CMakeFiles/glslang.dir/MachineIndependent/SymbolTable.cpp.o
[INFO] [stderr]   FAILED: glslang/glslang/CMakeFiles/glslang.dir/MachineIndependent/SymbolTable.cpp.o 
[INFO] [stderr]   /usr/bin/c++  -DAMD_EXTENSIONS -DENABLE_HLSL -DENABLE_OPT=1 -DGLSLANG_OSINCLUDE_UNIX -DNV_EXTENSIONS -I/opt/rustwide/cargo-home/registry/src/github.com-1ecc6299db9ec823/shaderc-sys-0.5.1/build/glslang/glslang/.. -ffunction-sections -fdata-sections -fPIC -m64 -O3 -DNDEBUG -fPIC   -Wall -Wmaybe-uninitialized -Wuninitialized -Wunused -Wunused-local-typedefs -Wunused-parameter -Wunused-value -Wunused-variable -Wunused-but-set-parameter -Wunused-but-set-variable -fno-exceptions -Wno-reorder -pthread -std=c++11 -MD -MT glslang/glslang/CMakeFiles/glslang.dir/MachineIndependent/SymbolTable.cpp.o -MF glslang/glslang/CMakeFiles/glslang.dir/MachineIndependent/SymbolTable.cpp.o.d -o glslang/glslang/CMakeFiles/glslang.dir/MachineIndependent/SymbolTable.cpp.o -c /opt/rustwide/cargo-home/registry/src/github.com-1ecc6299db9ec823/shaderc-sys-0.5.1/build/glslang/glslang/MachineIndependent/SymbolTable.cpp
[INFO] [stderr]   c++: fatal error: Killed signal terminated program cc1plus
[INFO] [stderr]   compilation terminated.
[INFO] [stderr]   [103/364] Building CXX object spirv-tools/source/CMakeFiles/SPIRV-Tools-shared.dir/val/validate_execution_limitations.cpp.o
[INFO] [stderr]   FAILED: spirv-tools/source/CMakeFiles/SPIRV-Tools-shared.dir/val/validate_execution_limitations.cpp.o 
[INFO] [stderr]   /usr/bin/c++  -DSPIRV_CHECK_CONTEXT -DSPIRV_COLOR_TERMINAL -DSPIRV_LINUX -DSPIRV_TIMER_ENABLED -DSPIRV_TOOLS_IMPLEMENTATION -DSPIRV_TOOLS_SHAREDLIB -DSPIRV_Tools_shared_EXPORTS -I/opt/rustwide/cargo-home/registry/src/github.com-1ecc6299db9ec823/shaderc-sys-0.5.1/build/spirv-tools -I/opt/rustwide/cargo-home/registry/src/github.com-1ecc6299db9ec823/shaderc-sys-0.5.1/build/spirv-tools/include -Ispirv-tools -I/opt/rustwide/cargo-home/registry/src/github.com-1ecc6299db9ec823/shaderc-sys-0.5.1/build/spirv-headers/include -ffunction-sections -fdata-sections -fPIC -m64 -O3 -DNDEBUG -fPIC -fvisibility=hidden   -Wall -Wextra -Wnon-virtual-dtor -Wno-missing-field-initializers -std=c++11 -fno-exceptions -fno-rtti -Wno-long-long -Wshadow -Wundef -Wconversion -Wno-sign-conversion -std=gnu++11 -MD -MT spirv-tools/source/CMakeFiles/SPIRV-Tools-shared.dir/val/validate_execution_limitations.cpp.o -MF spirv-tools/source/CMakeFiles/SPIRV-Tools-shared.dir/val/validate_execution_limitations.cpp.o.d -o spirv-tools/source/CMakeFiles/SPIRV-Tools-shared.dir/val/validate_execution_limitations.cpp.o -c /opt/rustwide/cargo-home/registry/src/github.com-1ecc6299db9ec823/shaderc-sys-0.5.1/build/spirv-tools/source/val/validate_execution_limitations.cpp
[INFO] [stderr]   c++: fatal error: Killed signal terminated program cc1plus
[INFO] [stderr]   compilation terminated.
[INFO] [stderr]   [104/364] Building CXX object glslang/glslang/CMakeFiles/glslang.dir/MachineIndependent/attribute.cpp.o
[INFO] [stderr]   FAILED: glslang/glslang/CMakeFiles/glslang.dir/MachineIndependent/attribute.cpp.o 
[INFO] [stderr]   /usr/bin/c++  -DAMD_EXTENSIONS -DENABLE_HLSL -DENABLE_OPT=1 -DGLSLANG_OSINCLUDE_UNIX -DNV_EXTENSIONS -I/opt/rustwide/cargo-home/registry/src/github.com-1ecc6299db9ec823/shaderc-sys-0.5.1/build/glslang/glslang/.. -ffunction-sections -fdata-sections -fPIC -m64 -O3 -DNDEBUG -fPIC   -Wall -Wmaybe-uninitialized -Wuninitialized -Wunused -Wunused-local-typedefs -Wunused-parameter -Wunused-value -Wunused-variable -Wunused-but-set-parameter -Wunused-but-set-variable -fno-exceptions -Wno-reorder -pthread -std=c++11 -MD -MT glslang/glslang/CMakeFiles/glslang.dir/MachineIndependent/attribute.cpp.o -MF glslang/glslang/CMakeFiles/glslang.dir/MachineIndependent/attribute.cpp.o.d -o glslang/glslang/CMakeFiles/glslang.dir/MachineIndependent/attribute.cpp.o -c /opt/rustwide/cargo-home/registry/src/github.com-1ecc6299db9ec823/shaderc-sys-0.5.1/build/glslang/glslang/MachineIndependent/attribute.cpp
[INFO] [stderr]   c++: fatal error: Killed signal terminated program cc1plus
[INFO] [stderr]   compilation terminated.
[INFO] [stderr]   [105/364] Building CXX object glslang/glslang/CMakeFiles/glslang.dir/GenericCodeGen/Link.cpp.o
[INFO] [stderr]   FAILED: glslang/glslang/CMakeFiles/glslang.dir/GenericCodeGen/Link.cpp.o 
[INFO] [stderr]   /usr/bin/c++  -DAMD_EXTENSIONS -DENABLE_HLSL -DENABLE_OPT=1 -DGLSLANG_OSINCLUDE_UNIX -DNV_EXTENSIONS -I/opt/rustwide/cargo-home/registry/src/github.com-1ecc6299db9ec823/shaderc-sys-0.5.1/build/glslang/glslang/.. -ffunction-sections -fdata-sections -fPIC -m64 -O3 -DNDEBUG -fPIC   -Wall -Wmaybe-uninitialized -Wuninitialized -Wunused -Wunused-local-typedefs -Wunused-parameter -Wunused-value -Wunused-variable -Wunused-but-set-parameter -Wunused-but-set-variable -fno-exceptions -Wno-reorder -pthread -std=c++11 -MD -MT glslang/glslang/CMakeFiles/glslang.dir/GenericCodeGen/Link.cpp.o -MF glslang/glslang/CMakeFiles/glslang.dir/GenericCodeGen/Link.cpp.o.d -o glslang/glslang/CMakeFiles/glslang.dir/GenericCodeGen/Link.cpp.o -c /opt/rustwide/cargo-home/registry/src/github.com-1ecc6299db9ec823/shaderc-sys-0.5.1/build/glslang/glslang/GenericCodeGen/Link.cpp
[INFO] [stderr]   c++: fatal error: Killed signal terminated program cc1plus
[INFO] [stderr]   compilation terminated.
[INFO] [stderr]   [106/364] Building CXX object spirv-tools/source/CMakeFiles/SPIRV-Tools-shared.dir/val/validate_capability.cpp.o
[INFO] [stderr]   FAILED: spirv-tools/source/CMakeFiles/SPIRV-Tools-shared.dir/val/validate_capability.cpp.o 
[INFO] [stderr]   /usr/bin/c++  -DSPIRV_CHECK_CONTEXT -DSPIRV_COLOR_TERMINAL -DSPIRV_LINUX -DSPIRV_TIMER_ENABLED -DSPIRV_TOOLS_IMPLEMENTATION -DSPIRV_TOOLS_SHAREDLIB -DSPIRV_Tools_shared_EXPORTS -I/opt/rustwide/cargo-home/registry/src/github.com-1ecc6299db9ec823/shaderc-sys-0.5.1/build/spirv-tools -I/opt/rustwide/cargo-home/registry/src/github.com-1ecc6299db9ec823/shaderc-sys-0.5.1/build/spirv-tools/include -Ispirv-tools -I/opt/rustwide/cargo-home/registry/src/github.com-1ecc6299db9ec823/shaderc-sys-0.5.1/build/spirv-headers/include -ffunction-sections -fdata-sections -fPIC -m64 -O3 -DNDEBUG -fPIC -fvisibility=hidden   -Wall -Wextra -Wnon-virtual-dtor -Wno-missing-field-initializers -std=c++11 -fno-exceptions -fno-rtti -Wno-long-long -Wshadow -Wundef -Wconversion -Wno-sign-conversion -std=gnu++11 -MD -MT spirv-tools/source/CMakeFiles/SPIRV-Tools-shared.dir/val/validate_capability.cpp.o -MF spirv-tools/source/CMakeFiles/SPIRV-Tools-shared.dir/val/validate_capability.cpp.o.d -o spirv-tools/source/CMakeFiles/SPIRV-Tools-shared.dir/val/validate_capability.cpp.o -c /opt/rustwide/cargo-home/registry/src/github.com-1ecc6299db9ec823/shaderc-sys-0.5.1/build/spirv-tools/source/val/validate_capability.cpp
[INFO] [stderr]   c++: fatal error: Killed signal terminated program cc1plus
[INFO] [stderr]   compilation terminated.
[INFO] [stderr]   [107/364] Building CXX object glslang/SPIRV/CMakeFiles/SPVRemapper.dir/SPVRemapper.cpp.o
[INFO] [stderr]   FAILED: glslang/SPIRV/CMakeFiles/SPVRemapper.dir/SPVRemapper.cpp.o 
[INFO] [stderr]   /usr/bin/c++  -DAMD_EXTENSIONS -DENABLE_HLSL -DENABLE_OPT=1 -DGLSLANG_OSINCLUDE_UNIX -DNV_EXTENSIONS  -ffunction-sections -fdata-sections -fPIC -m64 -O3 -DNDEBUG -fPIC   -Wall -Wmaybe-uninitialized -Wuninitialized -Wunused -Wunused-local-typedefs -Wunused-parameter -Wunused-value -Wunused-variable -Wunused-but-set-parameter -Wunused-but-set-variable -fno-exceptions -Wno-reorder -std=c++11 -MD -MT glslang/SPIRV/CMakeFiles/SPVRemapper.dir/SPVRemapper.cpp.o -MF glslang/SPIRV/CMakeFiles/SPVRemapper.dir/SPVRemapper.cpp.o.d -o glslang/SPIRV/CMakeFiles/SPVRemapper.dir/SPVRemapper.cpp.o -c /opt/rustwide/cargo-home/registry/src/github.com-1ecc6299db9ec823/shaderc-sys-0.5.1/build/glslang/SPIRV/SPVRemapper.cpp
[INFO] [stderr]   c++: fatal error: Killed signal terminated program cc1plus
[INFO] [stderr]   compilation terminated.
[INFO] [stderr]   [108/364] Building CXX object spirv-tools/source/CMakeFiles/SPIRV-Tools.dir/util/bit_vector.cpp.o
[INFO] [stderr]   FAILED: spirv-tools/source/CMakeFiles/SPIRV-Tools.dir/util/bit_vector.cpp.o 
[INFO] [stderr]   /usr/bin/c++  -DSPIRV_CHECK_CONTEXT -DSPIRV_COLOR_TERMINAL -DSPIRV_LINUX -DSPIRV_TIMER_ENABLED -I/opt/rustwide/cargo-home/registry/src/github.com-1ecc6299db9ec823/shaderc-sys-0.5.1/build/spirv-tools -I/opt/rustwide/cargo-home/registry/src/github.com-1ecc6299db9ec823/shaderc-sys-0.5.1/build/spirv-tools/include -Ispirv-tools -I/opt/rustwide/cargo-home/registry/src/github.com-1ecc6299db9ec823/shaderc-sys-0.5.1/build/spirv-headers/include -ffunction-sections -fdata-sections -fPIC -m64 -O3 -DNDEBUG -fPIC   -Wall -Wextra -Wnon-virtual-dtor -Wno-missing-field-initializers -std=c++11 -fno-exceptions -fno-rtti -Wno-long-long -Wshadow -Wundef -Wconversion -Wno-sign-conversion -std=gnu++11 -MD -MT spirv-tools/source/CMakeFiles/SPIRV-Tools.dir/util/bit_vector.cpp.o -MF spirv-tools/source/CMakeFiles/SPIRV-Tools.dir/util/bit_vector.cpp.o.d -o spirv-tools/source/CMakeFiles/SPIRV-Tools.dir/util/bit_vector.cpp.o -c /opt/rustwide/cargo-home/registry/src/github.com-1ecc6299db9ec823/shaderc-sys-0.5.1/build/spirv-tools/source/util/bit_vector.cpp
[INFO] [stderr]   c++: fatal error: Killed signal terminated program cc1plus
[INFO] [stderr]   compilation terminated.
[INFO] [stderr]   [109/364] Building CXX object spirv-tools/source/CMakeFiles/SPIRV-Tools.dir/print.cpp.o
[INFO] [stderr]   [110/364] Building CXX object glslang/glslang/CMakeFiles/glslang.dir/MachineIndependent/propagateNoContraction.cpp.o
[INFO] [stderr]   FAILED: glslang/glslang/CMakeFiles/glslang.dir/MachineIndependent/propagateNoContraction.cpp.o 
[INFO] [stderr]   /usr/bin/c++  -DAMD_EXTENSIONS -DENABLE_HLSL -DENABLE_OPT=1 -DGLSLANG_OSINCLUDE_UNIX -DNV_EXTENSIONS -I/opt/rustwide/cargo-home/registry/src/github.com-1ecc6299db9ec823/shaderc-sys-0.5.1/build/glslang/glslang/.. -ffunction-sections -fdata-sections -fPIC -m64 -O3 -DNDEBUG -fPIC   -Wall -Wmaybe-uninitialized -Wuninitialized -Wunused -Wunused-local-typedefs -Wunused-parameter -Wunused-value -Wunused-variable -Wunused-but-set-parameter -Wunused-but-set-variable -fno-exceptions -Wno-reorder -pthread -std=c++11 -MD -MT glslang/glslang/CMakeFiles/glslang.dir/MachineIndependent/propagateNoContraction.cpp.o -MF glslang/glslang/CMakeFiles/glslang.dir/MachineIndependent/propagateNoContraction.cpp.o.d -o glslang/glslang/CMakeFiles/glslang.dir/MachineIndependent/propagateNoContraction.cpp.o -c /opt/rustwide/cargo-home/registry/src/github.com-1ecc6299db9ec823/shaderc-sys-0.5.1/build/glslang/glslang/MachineIndependent/propagateNoContraction.cpp
[INFO] [stderr]   c++: fatal error: Killed signal terminated program cc1plus
[INFO] [stderr]   compilation terminated.
[INFO] [stderr]   [111/364] Building CXX object spirv-tools/source/CMakeFiles/SPIRV-Tools.dir/diagnostic.cpp.o
[INFO] [stderr]   FAILED: spirv-tools/source/CMakeFiles/SPIRV-Tools.dir/diagnostic.cpp.o 
[INFO] [stderr]   /usr/bin/c++  -DSPIRV_CHECK_CONTEXT -DSPIRV_COLOR_TERMINAL -DSPIRV_LINUX -DSPIRV_TIMER_ENABLED -I/opt/rustwide/cargo-home/registry/src/github.com-1ecc6299db9ec823/shaderc-sys-0.5.1/build/spirv-tools -I/opt/rustwide/cargo-home/registry/src/github.com-1ecc6299db9ec823/shaderc-sys-0.5.1/build/spirv-tools/include -Ispirv-tools -I/opt/rustwide/cargo-home/registry/src/github.com-1ecc6299db9ec823/shaderc-sys-0.5.1/build/spirv-headers/include -ffunction-sections -fdata-sections -fPIC -m64 -O3 -DNDEBUG -fPIC   -Wall -Wextra -Wnon-virtual-dtor -Wno-missing-field-initializers -std=c++11 -fno-exceptions -fno-rtti -Wno-long-long -Wshadow -Wundef -Wconversion -Wno-sign-conversion -std=gnu++11 -MD -MT spirv-tools/source/CMakeFiles/SPIRV-Tools.dir/diagnostic.cpp.o -MF spirv-tools/source/CMakeFiles/SPIRV-Tools.dir/diagnostic.cpp.o.d -o spirv-tools/source/CMakeFiles/SPIRV-Tools.dir/diagnostic.cpp.o -c /opt/rustwide/cargo-home/registry/src/github.com-1ecc6299db9ec823/shaderc-sys-0.5.1/build/spirv-tools/source/diagnostic.cpp
[INFO] [stderr]   c++: fatal error: Killed signal terminated program cc1plus
[INFO] [stderr]   compilation terminated.
[INFO] [stderr]   [112/364] Building CXX object spirv-tools/source/CMakeFiles/SPIRV-Tools-shared.dir/val/validate_mode_setting.cpp.o
[INFO] [stderr]   FAILED: spirv-tools/source/CMakeFiles/SPIRV-Tools-shared.dir/val/validate_mode_setting.cpp.o 
[INFO] [stderr]   /usr/bin/c++  -DSPIRV_CHECK_CONTEXT -DSPIRV_COLOR_TERMINAL -DSPIRV_LINUX -DSPIRV_TIMER_ENABLED -DSPIRV_TOOLS_IMPLEMENTATION -DSPIRV_TOOLS_SHAREDLIB -DSPIRV_Tools_shared_EXPORTS -I/opt/rustwide/cargo-home/registry/src/github.com-1ecc6299db9ec823/shaderc-sys-0.5.1/build/spirv-tools -I/opt/rustwide/cargo-home/registry/src/github.com-1ecc6299db9ec823/shaderc-sys-0.5.1/build/spirv-tools/include -Ispirv-tools -I/opt/rustwide/cargo-home/registry/src/github.com-1ecc6299db9ec823/shaderc-sys-0.5.1/build/spirv-headers/include -ffunction-sections -fdata-sections -fPIC -m64 -O3 -DNDEBUG -fPIC -fvisibility=hidden   -Wall -Wextra -Wnon-virtual-dtor -Wno-missing-field-initializers -std=c++11 -fno-exceptions -fno-rtti -Wno-long-long -Wshadow -Wundef -Wconversion -Wno-sign-conversion -std=gnu++11 -MD -MT spirv-tools/source/CMakeFiles/SPIRV-Tools-shared.dir/val/validate_mode_setting.cpp.o -MF spirv-tools/source/CMakeFiles/SPIRV-Tools-shared.dir/val/validate_mode_setting.cpp.o.d -o spirv-tools/source/CMakeFiles/SPIRV-Tools-shared.dir/val/validate_mode_setting.cpp.o -c /opt/rustwide/cargo-home/registry/src/github.com-1ecc6299db9ec823/shaderc-sys-0.5.1/build/spirv-tools/source/val/validate_mode_setting.cpp
[INFO] [stderr]   c++: fatal error: Killed signal terminated program cc1plus
[INFO] [stderr]   compilation terminated.
[INFO] [stderr]   [113/364] Building CXX object spirv-tools/source/CMakeFiles/SPIRV-Tools.dir/enum_string_mapping.cpp.o
[INFO] [stderr]   FAILED: spirv-tools/source/CMakeFiles/SPIRV-Tools.dir/enum_string_mapping.cpp.o 
[INFO] [stderr]   /usr/bin/c++  -DSPIRV_CHECK_CONTEXT -DSPIRV_COLOR_TERMINAL -DSPIRV_LINUX -DSPIRV_TIMER_ENABLED -I/opt/rustwide/cargo-home/registry/src/github.com-1ecc6299db9ec823/shaderc-sys-0.5.1/build/spirv-tools -I/opt/rustwide/cargo-home/registry/src/github.com-1ecc6299db9ec823/shaderc-sys-0.5.1/build/spirv-tools/include -Ispirv-tools -I/opt/rustwide/cargo-home/registry/src/github.com-1ecc6299db9ec823/shaderc-sys-0.5.1/build/spirv-headers/include -ffunction-sections -fdata-sections -fPIC -m64 -O3 -DNDEBUG -fPIC   -Wall -Wextra -Wnon-virtual-dtor -Wno-missing-field-initializers -std=c++11 -fno-exceptions -fno-rtti -Wno-long-long -Wshadow -Wundef -Wconversion -Wno-sign-conversion -std=gnu++11 -MD -MT spirv-tools/source/CMakeFiles/SPIRV-Tools.dir/enum_string_mapping.cpp.o -MF spirv-tools/source/CMakeFiles/SPIRV-Tools.dir/enum_string_mapping.cpp.o.d -o spirv-tools/source/CMakeFiles/SPIRV-Tools.dir/enum_string_mapping.cpp.o -c /opt/rustwide/cargo-home/registry/src/github.com-1ecc6299db9ec823/shaderc-sys-0.5.1/build/spirv-tools/source/enum_string_mapping.cpp
[INFO] [stderr]   c++: fatal error: Killed signal terminated program cc1plus
[INFO] [stderr]   compilation terminated.
[INFO] [stderr]   [114/364] Building CXX object spirv-tools/source/CMakeFiles/SPIRV-Tools-shared.dir/util/timer.cpp.o
[INFO] [stderr]   FAILED: spirv-tools/source/CMakeFiles/SPIRV-Tools-shared.dir/util/timer.cpp.o 
[INFO] [stderr]   /usr/bin/c++  -DSPIRV_CHECK_CONTEXT -DSPIRV_COLOR_TERMINAL -DSPIRV_LINUX -DSPIRV_TIMER_ENABLED -DSPIRV_TOOLS_IMPLEMENTATION -DSPIRV_TOOLS_SHAREDLIB -DSPIRV_Tools_shared_EXPORTS -I/opt/rustwide/cargo-home/registry/src/github.com-1ecc6299db9ec823/shaderc-sys-0.5.1/build/spirv-tools -I/opt/rustwide/cargo-home/registry/src/github.com-1ecc6299db9ec823/shaderc-sys-0.5.1/build/spirv-tools/include -Ispirv-tools -I/opt/rustwide/cargo-home/registry/src/github.com-1ecc6299db9ec823/shaderc-sys-0.5.1/build/spirv-headers/include -ffunction-sections -fdata-sections -fPIC -m64 -O3 -DNDEBUG -fPIC -fvisibility=hidden   -Wall -Wextra -Wnon-virtual-dtor -Wno-missing-field-initializers -std=c++11 -fno-exceptions -fno-rtti -Wno-long-long -Wshadow -Wundef -Wconversion -Wno-sign-conversion -std=gnu++11 -MD -MT spirv-tools/source/CMakeFiles/SPIRV-Tools-shared.dir/util/timer.cpp.o -MF spirv-tools/source/CMakeFiles/SPIRV-Tools-shared.dir/util/timer.cpp.o.d -o spirv-tools/source/CMakeFiles/SPIRV-Tools-shared.dir/util/timer.cpp.o -c /opt/rustwide/cargo-home/registry/src/github.com-1ecc6299db9ec823/shaderc-sys-0.5.1/build/spirv-tools/source/util/timer.cpp
[INFO] [stderr]   c++: fatal error: Killed signal terminated program cc1plus
[INFO] [stderr]   compilation terminated.
[INFO] [stderr]   [115/364] Building CXX object spirv-tools/source/CMakeFiles/SPIRV-Tools-shared.dir/val/validate_debug.cpp.o
[INFO] [stderr]   FAILED: spirv-tools/source/CMakeFiles/SPIRV-Tools-shared.dir/val/validate_debug.cpp.o 
[INFO] [stderr]   /usr/bin/c++  -DSPIRV_CHECK_CONTEXT -DSPIRV_COLOR_TERMINAL -DSPIRV_LINUX -DSPIRV_TIMER_ENABLED -DSPIRV_TOOLS_IMPLEMENTATION -DSPIRV_TOOLS_SHAREDLIB -DSPIRV_Tools_shared_EXPORTS -I/opt/rustwide/cargo-home/registry/src/github.com-1ecc6299db9ec823/shaderc-sys-0.5.1/build/spirv-tools -I/opt/rustwide/cargo-home/registry/src/github.com-1ecc6299db9ec823/shaderc-sys-0.5.1/build/spirv-tools/include -Ispirv-tools -I/opt/rustwide/cargo-home/registry/src/github.com-1ecc6299db9ec823/shaderc-sys-0.5.1/build/spirv-headers/include -ffunction-sections -fdata-sections -fPIC -m64 -O3 -DNDEBUG -fPIC -fvisibility=hidden   -Wall -Wextra -Wnon-virtual-dtor -Wno-missing-field-initializers -std=c++11 -fno-exceptions -fno-rtti -Wno-long-long -Wshadow -Wundef -Wconversion -Wno-sign-conversion -std=gnu++11 -MD -MT spirv-tools/source/CMakeFiles/SPIRV-Tools-shared.dir/val/validate_debug.cpp.o -MF spirv-tools/source/CMakeFiles/SPIRV-Tools-shared.dir/val/validate_debug.cpp.o.d -o spirv-tools/source/CMakeFiles/SPIRV-Tools-shared.dir/val/validate_debug.cpp.o -c /opt/rustwide/cargo-home/registry/src/github.com-1ecc6299db9ec823/shaderc-sys-0.5.1/build/spirv-tools/source/val/validate_debug.cpp
[INFO] [stderr]   c++: fatal error: Killed signal terminated program cc1plus
[INFO] [stderr]   compilation terminated.
[INFO] [stderr]   [116/364] Building CXX object spirv-tools/source/CMakeFiles/SPIRV-Tools-shared.dir/val/validate_non_uniform.cpp.o
[INFO] [stderr]   FAILED: spirv-tools/source/CMakeFiles/SPIRV-Tools-shared.dir/val/validate_non_uniform.cpp.o 
[INFO] [stderr]   /usr/bin/c++  -DSPIRV_CHECK_CONTEXT -DSPIRV_COLOR_TERMINAL -DSPIRV_LINUX -DSPIRV_TIMER_ENABLED -DSPIRV_TOOLS_IMPLEMENTATION -DSPIRV_TOOLS_SHAREDLIB -DSPIRV_Tools_shared_EXPORTS -I/opt/rustwide/cargo-home/registry/src/github.com-1ecc6299db9ec823/shaderc-sys-0.5.1/build/spirv-tools -I/opt/rustwide/cargo-home/registry/src/github.com-1ecc6299db9ec823/shaderc-sys-0.5.1/build/spirv-tools/include -Ispirv-tools -I/opt/rustwide/cargo-home/registry/src/github.com-1ecc6299db9ec823/shaderc-sys-0.5.1/build/spirv-headers/include -ffunction-sections -fdata-sections -fPIC -m64 -O3 -DNDEBUG -fPIC -fvisibility=hidden   -Wall -Wextra -Wnon-virtual-dtor -Wno-missing-field-initializers -std=c++11 -fno-exceptions -fno-rtti -Wno-long-long -Wshadow -Wundef -Wconversion -Wno-sign-conversion -std=gnu++11 -MD -MT spirv-tools/source/CMakeFiles/SPIRV-Tools-shared.dir/val/validate_non_uniform.cpp.o -MF spirv-tools/source/CMakeFiles/SPIRV-Tools-shared.dir/val/validate_non_uniform.cpp.o.d -o spirv-tools/source/CMakeFiles/SPIRV-Tools-shared.dir/val/validate_non_uniform.cpp.o -c /opt/rustwide/cargo-home/registry/src/github.com-1ecc6299db9ec823/shaderc-sys-0.5.1/build/spirv-tools/source/val/validate_non_uniform.cpp
[INFO] [stderr]   c++: fatal error: Killed signal terminated program cc1plus
[INFO] [stderr]   compilation terminated.
[INFO] [stderr]   [117/364] Building CXX object spirv-tools/source/CMakeFiles/SPIRV-Tools.dir/extensions.cpp.o
[INFO] [stderr]   FAILED: spirv-tools/source/CMakeFiles/SPIRV-Tools.dir/extensions.cpp.o 
[INFO] [stderr]   /usr/bin/c++  -DSPIRV_CHECK_CONTEXT -DSPIRV_COLOR_TERMINAL -DSPIRV_LINUX -DSPIRV_TIMER_ENABLED -I/opt/rustwide/cargo-home/registry/src/github.com-1ecc6299db9ec823/shaderc-sys-0.5.1/build/spirv-tools -I/opt/rustwide/cargo-home/registry/src/github.com-1ecc6299db9ec823/shaderc-sys-0.5.1/build/spirv-tools/include -Ispirv-tools -I/opt/rustwide/cargo-home/registry/src/github.com-1ecc6299db9ec823/shaderc-sys-0.5.1/build/spirv-headers/include -ffunction-sections -fdata-sections -fPIC -m64 -O3 -DNDEBUG -fPIC   -Wall -Wextra -Wnon-virtual-dtor -Wno-missing-field-initializers -std=c++11 -fno-exceptions -fno-rtti -Wno-long-long -Wshadow -Wundef -Wconversion -Wno-sign-conversion -std=gnu++11 -MD -MT spirv-tools/source/CMakeFiles/SPIRV-Tools.dir/extensions.cpp.o -MF spirv-tools/source/CMakeFiles/SPIRV-Tools.dir/extensions.cpp.o.d -o spirv-tools/source/CMakeFiles/SPIRV-Tools.dir/extensions.cpp.o -c /opt/rustwide/cargo-home/registry/src/github.com-1ecc6299db9ec823/shaderc-sys-0.5.1/build/spirv-tools/source/extensions.cpp
[INFO] [stderr]   c++: fatal error: Killed signal terminated program cc1plus
[INFO] [stderr]   compilation terminated.
[INFO] [stderr]   [118/364] Building CXX object spirv-tools/source/CMakeFiles/SPIRV-Tools-shared.dir/text.cpp.o
[INFO] [stderr]   FAILED: spirv-tools/source/CMakeFiles/SPIRV-Tools-shared.dir/text.cpp.o 
[INFO] [stderr]   /usr/bin/c++  -DSPIRV_CHECK_CONTEXT -DSPIRV_COLOR_TERMINAL -DSPIRV_LINUX -DSPIRV_TIMER_ENABLED -DSPIRV_TOOLS_IMPLEMENTATION -DSPIRV_TOOLS_SHAREDLIB -DSPIRV_Tools_shared_EXPORTS -I/opt/rustwide/cargo-home/registry/src/github.com-1ecc6299db9ec823/shaderc-sys-0.5.1/build/spirv-tools -I/opt/rustwide/cargo-home/registry/src/github.com-1ecc6299db9ec823/shaderc-sys-0.5.1/build/spirv-tools/include -Ispirv-tools -I/opt/rustwide/cargo-home/registry/src/github.com-1ecc6299db9ec823/shaderc-sys-0.5.1/build/spirv-headers/include -ffunction-sections -fdata-sections -fPIC -m64 -O3 -DNDEBUG -fPIC -fvisibility=hidden   -Wall -Wextra -Wnon-virtual-dtor -Wno-missing-field-initializers -std=c++11 -fno-exceptions -fno-rtti -Wno-long-long -Wshadow -Wundef -Wconversion -Wno-sign-conversion -std=gnu++11 -MD -MT spirv-tools/source/CMakeFiles/SPIRV-Tools-shared.dir/text.cpp.o -MF spirv-tools/source/CMakeFiles/SPIRV-Tools-shared.dir/text.cpp.o.d -o spirv-tools/source/CMakeFiles/SPIRV-Tools-shared.dir/text.cpp.o -c /opt/rustwide/cargo-home/registry/src/github.com-1ecc6299db9ec823/shaderc-sys-0.5.1/build/spirv-tools/source/text.cpp
[INFO] [stderr]   c++: fatal error: Killed signal terminated program cc1plus
[INFO] [stderr]   compilation terminated.
[INFO] [stderr]   [119/364] Building CXX object spirv-tools/source/CMakeFiles/SPIRV-Tools-shared.dir/opcode.cpp.o
[INFO] [stderr]   FAILED: spirv-tools/source/CMakeFiles/SPIRV-Tools-shared.dir/opcode.cpp.o 
[INFO] [stderr]   /usr/bin/c++  -DSPIRV_CHECK_CONTEXT -DSPIRV_COLOR_TERMINAL -DSPIRV_LINUX -DSPIRV_TIMER_ENABLED -DSPIRV_TOOLS_IMPLEMENTATION -DSPIRV_TOOLS_SHAREDLIB -DSPIRV_Tools_shared_EXPORTS -I/opt/rustwide/cargo-home/registry/src/github.com-1ecc6299db9ec823/shaderc-sys-0.5.1/build/spirv-tools -I/opt/rustwide/cargo-home/registry/src/github.com-1ecc6299db9ec823/shaderc-sys-0.5.1/build/spirv-tools/include -Ispirv-tools -I/opt/rustwide/cargo-home/registry/src/github.com-1ecc6299db9ec823/shaderc-sys-0.5.1/build/spirv-headers/include -ffunction-sections -fdata-sections -fPIC -m64 -O3 -DNDEBUG -fPIC -fvisibility=hidden   -Wall -Wextra -Wnon-virtual-dtor -Wno-missing-field-initializers -std=c++11 -fno-exceptions -fno-rtti -Wno-long-long -Wshadow -Wundef -Wconversion -Wno-sign-conversion -std=gnu++11 -MD -MT spirv-tools/source/CMakeFiles/SPIRV-Tools-shared.dir/opcode.cpp.o -MF spirv-tools/source/CMakeFiles/SPIRV-Tools-shared.dir/opcode.cpp.o.d -o spirv-tools/source/CMakeFiles/SPIRV-Tools-shared.dir/opcode.cpp.o -c /opt/rustwide/cargo-home/registry/src/github.com-1ecc6299db9ec823/shaderc-sys-0.5.1/build/spirv-tools/source/opcode.cpp
[INFO] [stderr]   c++: fatal error: Killed signal terminated program cc1plus
[INFO] [stderr]   compilation terminated.
[INFO] [stderr]   [120/364] Building CXX object spirv-tools/source/CMakeFiles/SPIRV-Tools-shared.dir/util/bit_vector.cpp.o
[INFO] [stderr]   [121/364] Building CXX object spirv-tools/source/CMakeFiles/SPIRV-Tools-shared.dir/util/parse_number.cpp.o
[INFO] [stderr]   FAILED: spirv-tools/source/CMakeFiles/SPIRV-Tools-shared.dir/util/parse_number.cpp.o 
[INFO] [stderr]   /usr/bin/c++  -DSPIRV_CHECK_CONTEXT -DSPIRV_COLOR_TERMINAL -DSPIRV_LINUX -DSPIRV_TIMER_ENABLED -DSPIRV_TOOLS_IMPLEMENTATION -DSPIRV_TOOLS_SHAREDLIB -DSPIRV_Tools_shared_EXPORTS -I/opt/rustwide/cargo-home/registry/src/github.com-1ecc6299db9ec823/shaderc-sys-0.5.1/build/spirv-tools -I/opt/rustwide/cargo-home/registry/src/github.com-1ecc6299db9ec823/shaderc-sys-0.5.1/build/spirv-tools/include -Ispirv-tools -I/opt/rustwide/cargo-home/registry/src/github.com-1ecc6299db9ec823/shaderc-sys-0.5.1/build/spirv-headers/include -ffunction-sections -fdata-sections -fPIC -m64 -O3 -DNDEBUG -fPIC -fvisibility=hidden   -Wall -Wextra -Wnon-virtual-dtor -Wno-missing-field-initializers -std=c++11 -fno-exceptions -fno-rtti -Wno-long-long -Wshadow -Wundef -Wconversion -Wno-sign-conversion -std=gnu++11 -MD -MT spirv-tools/source/CMakeFiles/SPIRV-Tools-shared.dir/util/parse_number.cpp.o -MF spirv-tools/source/CMakeFiles/SPIRV-Tools-shared.dir/util/parse_number.cpp.o.d -o spirv-tools/source/CMakeFiles/SPIRV-Tools-shared.dir/util/parse_number.cpp.o -c /opt/rustwide/cargo-home/registry/src/github.com-1ecc6299db9ec823/shaderc-sys-0.5.1/build/spirv-tools/source/util/parse_number.cpp
[INFO] [stderr]   c++: fatal error: Killed signal terminated program cc1plus
[INFO] [stderr]   compilation terminated.
[INFO] [stderr]   [122/364] Building CXX object spirv-tools/source/CMakeFiles/SPIRV-Tools.dir/disassemble.cpp.o
[INFO] [stderr]   FAILED: spirv-tools/source/CMakeFiles/SPIRV-Tools.dir/disassemble.cpp.o 
[INFO] [stderr]   /usr/bin/c++  -DSPIRV_CHECK_CONTEXT -DSPIRV_COLOR_TERMINAL -DSPIRV_LINUX -DSPIRV_TIMER_ENABLED -I/opt/rustwide/cargo-home/registry/src/github.com-1ecc6299db9ec823/shaderc-sys-0.5.1/build/spirv-tools -I/opt/rustwide/cargo-home/registry/src/github.com-1ecc6299db9ec823/shaderc-sys-0.5.1/build/spirv-tools/include -Ispirv-tools -I/opt/rustwide/cargo-home/registry/src/github.com-1ecc6299db9ec823/shaderc-sys-0.5.1/build/spirv-headers/include -ffunction-sections -fdata-sections -fPIC -m64 -O3 -DNDEBUG -fPIC   -Wall -Wextra -Wnon-virtual-dtor -Wno-missing-field-initializers -std=c++11 -fno-exceptions -fno-rtti -Wno-long-long -Wshadow -Wundef -Wconversion -Wno-sign-conversion -std=gnu++11 -MD -MT spirv-tools/source/CMakeFiles/SPIRV-Tools.dir/disassemble.cpp.o -MF spirv-tools/source/CMakeFiles/SPIRV-Tools.dir/disassemble.cpp.o.d -o spirv-tools/source/CMakeFiles/SPIRV-Tools.dir/disassemble.cpp.o -c /opt/rustwide/cargo-home/registry/src/github.com-1ecc6299db9ec823/shaderc-sys-0.5.1/build/spirv-tools/source/disassemble.cpp
[INFO] [stderr]   c++: fatal error: Killed signal terminated program cc1plus
[INFO] [stderr]   compilation terminated.
[INFO] [stderr]   [123/364] Building CXX object spirv-tools/source/CMakeFiles/SPIRV-Tools-shared.dir/val/validate_image.cpp.o
[INFO] [stderr]   FAILED: spirv-tools/source/CMakeFiles/SPIRV-Tools-shared.dir/val/validate_image.cpp.o 
[INFO] [stderr]   /usr/bin/c++  -DSPIRV_CHECK_CONTEXT -DSPIRV_COLOR_TERMINAL -DSPIRV_LINUX -DSPIRV_TIMER_ENABLED -DSPIRV_TOOLS_IMPLEMENTATION -DSPIRV_TOOLS_SHAREDLIB -DSPIRV_Tools_shared_EXPORTS -I/opt/rustwide/cargo-home/registry/src/github.com-1ecc6299db9ec823/shaderc-sys-0.5.1/build/spirv-tools -I/opt/rustwide/cargo-home/registry/src/github.com-1ecc6299db9ec823/shaderc-sys-0.5.1/build/spirv-tools/include -Ispirv-tools -I/opt/rustwide/cargo-home/registry/src/github.com-1ecc6299db9ec823/shaderc-sys-0.5.1/build/spirv-headers/include -ffunction-sections -fdata-sections -fPIC -m64 -O3 -DNDEBUG -fPIC -fvisibility=hidden   -Wall -Wextra -Wnon-virtual-dtor -Wno-missing-field-initializers -std=c++11 -fno-exceptions -fno-rtti -Wno-long-long -Wshadow -Wundef -Wconversion -Wno-sign-conversion -std=gnu++11 -MD -MT spirv-tools/source/CMakeFiles/SPIRV-Tools-shared.dir/val/validate_image.cpp.o -MF spirv-tools/source/CMakeFiles/SPIRV-Tools-shared.dir/val/validate_image.cpp.o.d -o spirv-tools/source/CMakeFiles/SPIRV-Tools-shared.dir/val/validate_image.cpp.o -c /opt/rustwide/cargo-home/registry/src/github.com-1ecc6299db9ec823/shaderc-sys-0.5.1/build/spirv-tools/source/val/validate_image.cpp
[INFO] [stderr]   c++: fatal error: Killed signal terminated program cc1plus
[INFO] [stderr]   compilation terminated.
[INFO] [stderr]   [124/364] Building CXX object spirv-tools/source/CMakeFiles/SPIRV-Tools.dir/ext_inst.cpp.o
[INFO] [stderr]   [125/364] Building CXX object spirv-tools/source/CMakeFiles/SPIRV-Tools-shared.dir/text_handler.cpp.o
[INFO] [stderr]   FAILED: spirv-tools/source/CMakeFiles/SPIRV-Tools-shared.dir/text_handler.cpp.o 
[INFO] [stderr]   /usr/bin/c++  -DSPIRV_CHECK_CONTEXT -DSPIRV_COLOR_TERMINAL -DSPIRV_LINUX -DSPIRV_TIMER_ENABLED -DSPIRV_TOOLS_IMPLEMENTATION -DSPIRV_TOOLS_SHAREDLIB -DSPIRV_Tools_shared_EXPORTS -I/opt/rustwide/cargo-home/registry/src/github.com-1ecc6299db9ec823/shaderc-sys-0.5.1/build/spirv-tools -I/opt/rustwide/cargo-home/registry/src/github.com-1ecc6299db9ec823/shaderc-sys-0.5.1/build/spirv-tools/include -Ispirv-tools -I/opt/rustwide/cargo-home/registry/src/github.com-1ecc6299db9ec823/shaderc-sys-0.5.1/build/spirv-headers/include -ffunction-sections -fdata-sections -fPIC -m64 -O3 -DNDEBUG -fPIC -fvisibility=hidden   -Wall -Wextra -Wnon-virtual-dtor -Wno-missing-field-initializers -std=c++11 -fno-exceptions -fno-rtti -Wno-long-long -Wshadow -Wundef -Wconversion -Wno-sign-conversion -std=gnu++11 -MD -MT spirv-tools/source/CMakeFiles/SPIRV-Tools-shared.dir/text_handler.cpp.o -MF spirv-tools/source/CMakeFiles/SPIRV-Tools-shared.dir/text_handler.cpp.o.d -o spirv-tools/source/CMakeFiles/SPIRV-Tools-shared.dir/text_handler.cpp.o -c /opt/rustwide/cargo-home/registry/src/github.com-1ecc6299db9ec823/shaderc-sys-0.5.1/build/spirv-tools/source/text_handler.cpp
[INFO] [stderr]   c++: fatal error: Killed signal terminated program cc1plus
[INFO] [stderr]   compilation terminated.
[INFO] [stderr]   [126/364] Building CXX object spirv-tools/source/CMakeFiles/SPIRV-Tools-shared.dir/val/validate_literals.cpp.o
[INFO] [stderr]   FAILED: spirv-tools/source/CMakeFiles/SPIRV-Tools-shared.dir/val/validate_literals.cpp.o 
[INFO] [stderr]   /usr/bin/c++  -DSPIRV_CHECK_CONTEXT -DSPIRV_COLOR_TERMINAL -DSPIRV_LINUX -DSPIRV_TIMER_ENABLED -DSPIRV_TOOLS_IMPLEMENTATION -DSPIRV_TOOLS_SHAREDLIB -DSPIRV_Tools_shared_EXPORTS -I/opt/rustwide/cargo-home/registry/src/github.com-1ecc6299db9ec823/shaderc-sys-0.5.1/build/spirv-tools -I/opt/rustwide/cargo-home/registry/src/github.com-1ecc6299db9ec823/shaderc-sys-0.5.1/build/spirv-tools/include -Ispirv-tools -I/opt/rustwide/cargo-home/registry/src/github.com-1ecc6299db9ec823/shaderc-sys-0.5.1/build/spirv-headers/include -ffunction-sections -fdata-sections -fPIC -m64 -O3 -DNDEBUG -fPIC -fvisibility=hidden   -Wall -Wextra -Wnon-virtual-dtor -Wno-missing-field-initializers -std=c++11 -fno-exceptions -fno-rtti -Wno-long-long -Wshadow -Wundef -Wconversion -Wno-sign-conversion -std=gnu++11 -MD -MT spirv-tools/source/CMakeFiles/SPIRV-Tools-shared.dir/val/validate_literals.cpp.o -MF spirv-tools/source/CMakeFiles/SPIRV-Tools-shared.dir/val/validate_literals.cpp.o.d -o spirv-tools/source/CMakeFiles/SPIRV-Tools-shared.dir/val/validate_literals.cpp.o -c /opt/rustwide/cargo-home/registry/src/github.com-1ecc6299db9ec823/shaderc-sys-0.5.1/build/spirv-tools/source/val/validate_literals.cpp
[INFO] [stderr]   c++: fatal error: Killed signal terminated program cc1plus
[INFO] [stderr]   compilation terminated.
[INFO] [stderr]   [127/364] Building CXX object spirv-tools/source/CMakeFiles/SPIRV-Tools.dir/util/string_utils.cpp.o
[INFO] [stderr]   [128/364] Building CXX object spirv-tools/source/CMakeFiles/SPIRV-Tools-shared.dir/util/string_utils.cpp.o
[INFO] [stderr]   [129/364] Building CXX object spirv-tools/source/CMakeFiles/SPIRV-Tools-shared.dir/parsed_operand.cpp.o
[INFO] [stderr]   [130/364] Building CXX object spirv-tools/source/CMakeFiles/SPIRV-Tools.dir/assembly_grammar.cpp.o
[INFO] [stderr]   [131/364] Building CXX object spirv-tools/source/CMakeFiles/SPIRV-Tools-shared.dir/val/basic_block.cpp.o
[INFO] [stderr]   [132/364] Building CXX object spirv-tools/source/CMakeFiles/SPIRV-Tools.dir/libspirv.cpp.o
[INFO] [stderr]   [133/364] Building CXX object spirv-tools/source/CMakeFiles/SPIRV-Tools.dir/opcode.cpp.o
[INFO] [stderr]   [134/364] Building CXX object spirv-tools/source/CMakeFiles/SPIRV-Tools.dir/parsed_operand.cpp.o
[INFO] [stderr]   [135/364] Building CXX object spirv-tools/source/CMakeFiles/SPIRV-Tools.dir/id_descriptor.cpp.o
[INFO] [stderr]   [136/364] Building CXX object spirv-tools/source/CMakeFiles/SPIRV-Tools.dir/operand.cpp.o
[INFO] [stderr]   [137/364] Building CXX object spirv-tools/source/CMakeFiles/SPIRV-Tools-shared.dir/val/construct.cpp.o
[INFO] [stderr]   [138/364] Building CXX object spirv-tools/source/CMakeFiles/SPIRV-Tools-shared.dir/val/validate_builtins.cpp.o
[INFO] [stderr]   FAILED: spirv-tools/source/CMakeFiles/SPIRV-Tools-shared.dir/val/validate_builtins.cpp.o 
[INFO] [stderr]   /usr/bin/c++  -DSPIRV_CHECK_CONTEXT -DSPIRV_COLOR_TERMINAL -DSPIRV_LINUX -DSPIRV_TIMER_ENABLED -DSPIRV_TOOLS_IMPLEMENTATION -DSPIRV_TOOLS_SHAREDLIB -DSPIRV_Tools_shared_EXPORTS -I/opt/rustwide/cargo-home/registry/src/github.com-1ecc6299db9ec823/shaderc-sys-0.5.1/build/spirv-tools -I/opt/rustwide/cargo-home/registry/src/github.com-1ecc6299db9ec823/shaderc-sys-0.5.1/build/spirv-tools/include -Ispirv-tools -I/opt/rustwide/cargo-home/registry/src/github.com-1ecc6299db9ec823/shaderc-sys-0.5.1/build/spirv-headers/include -ffunction-sections -fdata-sections -fPIC -m64 -O3 -DNDEBUG -fPIC -fvisibility=hidden   -Wall -Wextra -Wnon-virtual-dtor -Wno-missing-field-initializers -std=c++11 -fno-exceptions -fno-rtti -Wno-long-long -Wshadow -Wundef -Wconversion -Wno-sign-conversion -std=gnu++11 -MD -MT spirv-tools/source/CMakeFiles/SPIRV-Tools-shared.dir/val/validate_builtins.cpp.o -MF spirv-tools/source/CMakeFiles/SPIRV-Tools-shared.dir/val/validate_builtins.cpp.o.d -o spirv-tools/source/CMakeFiles/SPIRV-Tools-shared.dir/val/validate_builtins.cpp.o -c /opt/rustwide/cargo-home/registry/src/github.com-1ecc6299db9ec823/shaderc-sys-0.5.1/build/spirv-tools/source/val/validate_builtins.cpp
[INFO] [stderr]   c++: fatal error: Killed signal terminated program cc1plus
[INFO] [stderr]   compilation terminated.
[INFO] [stderr]   [139/364] Building CXX object spirv-tools/source/CMakeFiles/SPIRV-Tools-shared.dir/val/validation_state.cpp.o
[INFO] [stderr]   FAILED: spirv-tools/source/CMakeFiles/SPIRV-Tools-shared.dir/val/validation_state.cpp.o 
[INFO] [stderr]   /usr/bin/c++  -DSPIRV_CHECK_CONTEXT -DSPIRV_COLOR_TERMINAL -DSPIRV_LINUX -DSPIRV_TIMER_ENABLED -DSPIRV_TOOLS_IMPLEMENTATION -DSPIRV_TOOLS_SHAREDLIB -DSPIRV_Tools_shared_EXPORTS -I/opt/rustwide/cargo-home/registry/src/github.com-1ecc6299db9ec823/shaderc-sys-0.5.1/build/spirv-tools -I/opt/rustwide/cargo-home/registry/src/github.com-1ecc6299db9ec823/shaderc-sys-0.5.1/build/spirv-tools/include -Ispirv-tools -I/opt/rustwide/cargo-home/registry/src/github.com-1ecc6299db9ec823/shaderc-sys-0.5.1/build/spirv-headers/include -ffunction-sections -fdata-sections -fPIC -m64 -O3 -DNDEBUG -fPIC -fvisibility=hidden   -Wall -Wextra -Wnon-virtual-dtor -Wno-missing-field-initializers -std=c++11 -fno-exceptions -fno-rtti -Wno-long-long -Wshadow -Wundef -Wconversion -Wno-sign-conversion -std=gnu++11 -MD -MT spirv-tools/source/CMakeFiles/SPIRV-Tools-shared.dir/val/validation_state.cpp.o -MF spirv-tools/source/CMakeFiles/SPIRV-Tools-shared.dir/val/validation_state.cpp.o.d -o spirv-tools/source/CMakeFiles/SPIRV-Tools-shared.dir/val/validation_state.cpp.o -c /opt/rustwide/cargo-home/registry/src/github.com-1ecc6299db9ec823/shaderc-sys-0.5.1/build/spirv-tools/source/val/validation_state.cpp
[INFO] [stderr]   c++: fatal error: Killed signal terminated program cc1plus
[INFO] [stderr]   compilation terminated.
[INFO] [stderr]   [140/364] Building CXX object spirv-tools/source/CMakeFiles/SPIRV-Tools-shared.dir/val/validate_barriers.cpp.o
[INFO] [stderr]   [141/364] Building CXX object spirv-tools/source/CMakeFiles/SPIRV-Tools-shared.dir/val/validate_bitwise.cpp.o
[INFO] [stderr]   [142/364] Building CXX object spirv-tools/source/CMakeFiles/SPIRV-Tools-shared.dir/val/validate_derivatives.cpp.o
[INFO] [stderr]   [143/364] Building CXX object spirv-tools/source/CMakeFiles/SPIRV-Tools-shared.dir/val/validate_scopes.cpp.o
[INFO] [stderr]   [144/364] Building CXX object spirv-tools/source/CMakeFiles/SPIRV-Tools.dir/name_mapper.cpp.o
[INFO] [stderr]   [145/364] Building CXX object spirv-tools/source/CMakeFiles/SPIRV-Tools.dir/util/parse_number.cpp.o
[INFO] [stderr]   [146/364] Building CXX object spirv-tools/source/CMakeFiles/SPIRV-Tools-shared.dir/val/validate_id.cpp.o
[INFO] [stderr]   [147/364] Building CXX object spirv-tools/source/CMakeFiles/SPIRV-Tools-shared.dir/val/validate_interfaces.cpp.o
[INFO] [stderr]   [148/364] Building CXX object spirv-tools/source/CMakeFiles/SPIRV-Tools-shared.dir/val/validate_type.cpp.o
[INFO] [stderr]   [149/364] Building CXX object spirv-tools/source/CMakeFiles/SPIRV-Tools.dir/binary.cpp.o
[INFO] [stderr]   [150/364] Building CXX object spirv-tools/source/CMakeFiles/SPIRV-Tools-shared.dir/val/function.cpp.o
[INFO] [stderr]   [151/364] Building CXX object spirv-tools/source/CMakeFiles/SPIRV-Tools-shared.dir/val/validate_extensions.cpp.o
[INFO] [stderr]   ninja: build stopped: subcommand failed.
[INFO] [stderr] 
[INFO] [stderr]   --- stderr
[INFO] [stderr]   thread 'main' panicked at '
[INFO] [stderr]   command did not execute successfully, got: exit status: 1
[INFO] [stderr] 
[INFO] [stderr]   build script failed, must exit now', /opt/rustwide/cargo-home/registry/src/github.com-1ecc6299db9ec823/cmake-0.1.40/src/lib.rs:832:5
[INFO] [stderr]   stack backtrace:
[INFO] [stderr]      0:     0x55c3ed2ee810 - std::backtrace_rs::backtrace::libunwind::trace::ha0ad43e8a952bfe7
[INFO] [stderr]                                  at /rustc/c8dfcfe046a7680554bf4eb612bad840e7631c4b/library/std/src/../../backtrace/src/backtrace/libunwind.rs:90:5
[INFO] [stderr]      1:     0x55c3ed2ee810 - std::backtrace_rs::backtrace::trace_unsynchronized::h6830419c0c4130dc
[INFO] [stderr]                                  at /rustc/c8dfcfe046a7680554bf4eb612bad840e7631c4b/library/std/src/../../backtrace/src/backtrace/mod.rs:66:5
[INFO] [stderr]      2:     0x55c3ed2ee810 - std::sys_common::backtrace::_print_fmt::h8f3516631ffa1ef5
[INFO] [stderr]                                  at /rustc/c8dfcfe046a7680554bf4eb612bad840e7631c4b/library/std/src/sys_common/backtrace.rs:67:5
[INFO] [stderr]      3:     0x55c3ed2ee810 - <std::sys_common::backtrace::_print::DisplayBacktrace as core::fmt::Display>::fmt::he1640d5f0d93f618
[INFO] [stderr]                                  at /rustc/c8dfcfe046a7680554bf4eb612bad840e7631c4b/library/std/src/sys_common/backtrace.rs:46:22
[INFO] [stderr]      4:     0x55c3ed30df8c - core::fmt::write::h88012e1f01caeebf
[INFO] [stderr]                                  at /rustc/c8dfcfe046a7680554bf4eb612bad840e7631c4b/library/core/src/fmt/mod.rs:1115:17
[INFO] [stderr]      5:     0x55c3ed2eb415 - std::io::Write::write_fmt::h360fa85b30182555
[INFO] [stderr]                                  at /rustc/c8dfcfe046a7680554bf4eb612bad840e7631c4b/library/std/src/io/mod.rs:1665:15
[INFO] [stderr]      6:     0x55c3ed2f0d5b - std::sys_common::backtrace::_print::ha1f00492f406a015
[INFO] [stderr]                                  at /rustc/c8dfcfe046a7680554bf4eb612bad840e7631c4b/library/std/src/sys_common/backtrace.rs:49:5
[INFO] [stderr]      7:     0x55c3ed2f0d5b - std::sys_common::backtrace::print::hd54561b13feb6af3
[INFO] [stderr]                                  at /rustc/c8dfcfe046a7680554bf4eb612bad840e7631c4b/library/std/src/sys_common/backtrace.rs:36:9
[INFO] [stderr]      8:     0x55c3ed2f0d5b - std::panicking::default_hook::{{closure}}::h84fe124cd0864662
[INFO] [stderr]                                  at /rustc/c8dfcfe046a7680554bf4eb612bad840e7631c4b/library/std/src/panicking.rs:208:50
[INFO] [stderr]      9:     0x55c3ed2f0831 - std::panicking::default_hook::h5a8e74a76ce290a7
[INFO] [stderr]                                  at /rustc/c8dfcfe046a7680554bf4eb612bad840e7631c4b/library/std/src/panicking.rs:225:9
[INFO] [stderr]     10:     0x55c3ed2f1424 - std::panicking::rust_panic_with_hook::h67c812a4fe9d4c91
[INFO] [stderr]                                  at /rustc/c8dfcfe046a7680554bf4eb612bad840e7631c4b/library/std/src/panicking.rs:622:17
[INFO] [stderr]     11:     0x55c3ed2f0f07 - std::panicking::begin_panic_handler::{{closure}}::h33f9c1b96af300d7
[INFO] [stderr]                                  at /rustc/c8dfcfe046a7680554bf4eb612bad840e7631c4b/library/std/src/panicking.rs:519:13
[INFO] [stderr]     12:     0x55c3ed2eed0c - std::sys_common::backtrace::__rust_end_short_backtrace::h51bae64be5921f0e
[INFO] [stderr]                                  at /rustc/c8dfcfe046a7680554bf4eb612bad840e7631c4b/library/std/src/sys_common/backtrace.rs:141:18
[INFO] [stderr]     13:     0x55c3ed2f0e69 - rust_begin_unwind
[INFO] [stderr]                                  at /rustc/c8dfcfe046a7680554bf4eb612bad840e7631c4b/library/std/src/panicking.rs:515:5
[INFO] [stderr]     14:     0x55c3ed27abbb - std::panicking::begin_panic_fmt::h7ab3d84aa4ae32a2
[INFO] [stderr]                                  at /rustc/c8dfcfe046a7680554bf4eb612bad840e7631c4b/library/std/src/panicking.rs:457:5
[INFO] [stderr]     15:     0x55c3ed28ca33 - cmake::fail::h4f5177396c08f8de
[INFO] [stderr]                                  at /opt/rustwide/cargo-home/registry/src/github.com-1ecc6299db9ec823/cmake-0.1.40/src/lib.rs:832:5
[INFO] [stderr]     16:     0x55c3ed28c441 - cmake::run::h5323d088a00323fa
[INFO] [stderr]                                  at /opt/rustwide/cargo-home/registry/src/github.com-1ecc6299db9ec823/cmake-0.1.40/src/lib.rs:810:9
[INFO] [stderr]     17:     0x55c3ed2895f0 - cmake::Config::build::haf18903b2f9e4b55
[INFO] [stderr]                                  at /opt/rustwide/cargo-home/registry/src/github.com-1ecc6299db9ec823/cmake-0.1.40/src/lib.rs:719:9
[INFO] [stderr]     18:     0x55c3ed27d85d - build_script_build::build_shaderc::hafd66f04916c8579
[INFO] [stderr]                                  at /opt/rustwide/cargo-home/registry/src/github.com-1ecc6299db9ec823/shaderc-sys-0.5.1/build/build.rs:40:5
[INFO] [stderr]     19:     0x55c3ed2803d0 - build_script_build::main::hefbcc4d51baad84e
[INFO] [stderr]                                  at /opt/rustwide/cargo-home/registry/src/github.com-1ecc6299db9ec823/shaderc-sys-0.5.1/build/build.rs:249:9
[INFO] [stderr]     20:     0x55c3ed280dbb - core::ops::function::FnOnce::call_once::h06569d2b2d7f8d16
[INFO] [stderr]                                  at /rustc/c8dfcfe046a7680554bf4eb612bad840e7631c4b/library/core/src/ops/function.rs:227:5
[INFO] [stderr]     21:     0x55c3ed28123e - std::sys_common::backtrace::__rust_begin_short_backtrace::hbdf424ffa8fbd983
[INFO] [stderr]                                  at /rustc/c8dfcfe046a7680554bf4eb612bad840e7631c4b/library/std/src/sys_common/backtrace.rs:125:18
[INFO] [stderr]     22:     0x55c3ed2809b1 - std::rt::lang_start::{{closure}}::h92b0ee293386f7c9
[INFO] [stderr]                                  at /rustc/c8dfcfe046a7680554bf4eb612bad840e7631c4b/library/std/src/rt.rs:63:18
[INFO] [stderr]     23:     0x55c3ed2f192a - core::ops::function::impls::<impl core::ops::function::FnOnce<A> for &F>::call_once::ha9408abe89f69dc4
[INFO] [stderr]                                  at /rustc/c8dfcfe046a7680554bf4eb612bad840e7631c4b/library/core/src/ops/function.rs:259:13
[INFO] [stderr]     24:     0x55c3ed2f192a - std::panicking::try::do_call::h5b0cc9e9102acb65
[INFO] [stderr]                                  at /rustc/c8dfcfe046a7680554bf4eb612bad840e7631c4b/library/std/src/panicking.rs:401:40
[INFO] [stderr]     25:     0x55c3ed2f192a - std::panicking::try::hddc7f8229138b3ba
[INFO] [stderr]                                  at /rustc/c8dfcfe046a7680554bf4eb612bad840e7631c4b/library/std/src/panicking.rs:365:19
[INFO] [stderr]     26:     0x55c3ed2f192a - std::panic::catch_unwind::hfa401ff8bab2986e
[INFO] [stderr]                                  at /rustc/c8dfcfe046a7680554bf4eb612bad840e7631c4b/library/std/src/panic.rs:434:14
[INFO] [stderr]     27:     0x55c3ed2f192a - std::rt::lang_start_internal::{{closure}}::h8163422320d11405
[INFO] [stderr]                                  at /rustc/c8dfcfe046a7680554bf4eb612bad840e7631c4b/library/std/src/rt.rs:45:48
[INFO] [stderr]     28:     0x55c3ed2f192a - std::panicking::try::do_call::hc742cc7bb4f0fb20
[INFO] [stderr]                                  at /rustc/c8dfcfe046a7680554bf4eb612bad840e7631c4b/library/std/src/panicking.rs:401:40
[INFO] [stderr]     29:     0x55c3ed2f192a - std::panicking::try::ha37d8d2dd1acf7d3
[INFO] [stderr]                                  at /rustc/c8dfcfe046a7680554bf4eb612bad840e7631c4b/library/std/src/panicking.rs:365:19
[INFO] [stderr]     30:     0x55c3ed2f192a - std::panic::catch_unwind::h8a5381d5ecf437bc
[INFO] [stderr]                                  at /rustc/c8dfcfe046a7680554bf4eb612bad840e7631c4b/library/std/src/panic.rs:434:14
[INFO] [stderr]     31:     0x55c3ed2f192a - std::rt::lang_start_internal::h7e2cee8c90d4a4d3
[INFO] [stderr]                                  at /rustc/c8dfcfe046a7680554bf4eb612bad840e7631c4b/library/std/src/rt.rs:45:20
[INFO] [stderr]     32:     0x55c3ed280980 - std::rt::lang_start::h29158ba4c847476f
[INFO] [stderr]                                  at /rustc/c8dfcfe046a7680554bf4eb612bad840e7631c4b/library/std/src/rt.rs:62:5
[INFO] [stderr]     33:     0x55c3ed28094c - main
[INFO] [stderr]     34:     0x7f8e8cf1a0b3 - __libc_start_main
[INFO] [stderr]     35:     0x55c3ed27b9ce - _start
[INFO] [stderr]     36:                0x0 - <unknown>
[INFO] running `Command { std: "docker" "inspect" "62d7d5aaafc2892c1361a28ad42818bf0b799134f32bababd921db86ad272a77", kill_on_drop: false }`
[INFO] running `Command { std: "docker" "rm" "-f" "62d7d5aaafc2892c1361a28ad42818bf0b799134f32bababd921db86ad272a77", kill_on_drop: false }`
[INFO] [stdout] 62d7d5aaafc2892c1361a28ad42818bf0b799134f32bababd921db86ad272a77
