[INFO] cloning repository https://github.com/m-ou-se/tis100node
[INFO] running `Command { std: "git" "-c" "credential.helper=" "-c" "credential.helper=/workspace/cargo-home/bin/git-credential-null" "clone" "--bare" "https://github.com/m-ou-se/tis100node" "/workspace/cache/git-repos/https%3A%2F%2Fgithub.com%2Fm-ou-se%2Ftis100node", kill_on_drop: false }`
[INFO] [stderr] Cloning into bare repository '/workspace/cache/git-repos/https%3A%2F%2Fgithub.com%2Fm-ou-se%2Ftis100node'...
[INFO] running `Command { std: "git" "rev-parse" "HEAD", kill_on_drop: false }`
[INFO] [stdout] a9288664f5f0f4b871af2ca774639b72dbc26d1c
[INFO] checking m-ou-se/tis100node against 1.55.0 for beta-1.56-3
[INFO] running `Command { std: "git" "clone" "/workspace/cache/git-repos/https%3A%2F%2Fgithub.com%2Fm-ou-se%2Ftis100node" "/workspace/builds/worker-1/source", kill_on_drop: false }`
[INFO] [stderr] Cloning into '/workspace/builds/worker-1/source'...
[INFO] [stderr] done.
[INFO] validating manifest of git repo https://github.com/m-ou-se/tis100node on toolchain 1.55.0
[INFO] running `Command { std: "/workspace/cargo-home/bin/cargo" "+1.55.0" "metadata" "--manifest-path" "Cargo.toml" "--no-deps", kill_on_drop: false }`
[INFO] started tweaking git repo https://github.com/m-ou-se/tis100node
[INFO] finished tweaking git repo https://github.com/m-ou-se/tis100node
[INFO] tweaked toml for git repo https://github.com/m-ou-se/tis100node written to /workspace/builds/worker-1/source/Cargo.toml
[INFO] crate git repo https://github.com/m-ou-se/tis100node already has a lockfile, it will not be regenerated
[INFO] running `Command { std: "/workspace/cargo-home/bin/cargo" "+1.55.0" "fetch" "--manifest-path" "Cargo.toml", kill_on_drop: false }`
[INFO] [stderr]     Blocking waiting for file lock on package cache
[INFO] [stderr]     Blocking waiting for file lock on package cache
[INFO] [stderr]  Downloading crates ...
[INFO] [stderr]   Downloaded structopt v0.3.11
[INFO] [stderr]   Downloaded structopt-derive v0.4.4
[INFO] running `Command { std: "docker" "create" "-v" "/var/lib/crater-agent-workspace/builds/worker-1/target:/opt/rustwide/target:rw,Z" "-v" "/var/lib/crater-agent-workspace/builds/worker-1/source:/opt/rustwide/workdir:ro,Z" "-v" "/var/lib/crater-agent-workspace/cargo-home:/opt/rustwide/cargo-home:ro,Z" "-v" "/var/lib/crater-agent-workspace/rustup-home:/opt/rustwide/rustup-home:ro,Z" "-e" "SOURCE_DIR=/opt/rustwide/workdir" "-e" "CARGO_TARGET_DIR=/opt/rustwide/target" "-e" "CARGO_HOME=/opt/rustwide/cargo-home" "-e" "RUSTUP_HOME=/opt/rustwide/rustup-home" "-w" "/opt/rustwide/workdir" "-m" "1610612736" "--user" "0:0" "--network" "none" "ghcr.io/rust-lang/crates-build-env/linux@sha256:a89201d6b5b9fd45c15d5952ece0a0129e7e80cb26ec023fd59cf09bc26f1604" "/opt/rustwide/cargo-home/bin/cargo" "+1.55.0" "metadata" "--no-deps" "--format-version=1", kill_on_drop: false }`
[INFO] [stdout] 6684fab554bf16830838d07ab880aea8972bb8da8fef43776f89a9311c7a50ac
[INFO] running `Command { std: "docker" "start" "-a" "6684fab554bf16830838d07ab880aea8972bb8da8fef43776f89a9311c7a50ac", kill_on_drop: false }`
[INFO] running `Command { std: "docker" "inspect" "6684fab554bf16830838d07ab880aea8972bb8da8fef43776f89a9311c7a50ac", kill_on_drop: false }`
[INFO] running `Command { std: "docker" "rm" "-f" "6684fab554bf16830838d07ab880aea8972bb8da8fef43776f89a9311c7a50ac", kill_on_drop: false }`
[INFO] [stdout] 6684fab554bf16830838d07ab880aea8972bb8da8fef43776f89a9311c7a50ac
[INFO] running `Command { std: "docker" "create" "-v" "/var/lib/crater-agent-workspace/builds/worker-1/target:/opt/rustwide/target:rw,Z" "-v" "/var/lib/crater-agent-workspace/builds/worker-1/source:/opt/rustwide/workdir:ro,Z" "-v" "/var/lib/crater-agent-workspace/cargo-home:/opt/rustwide/cargo-home:ro,Z" "-v" "/var/lib/crater-agent-workspace/rustup-home:/opt/rustwide/rustup-home:ro,Z" "-e" "SOURCE_DIR=/opt/rustwide/workdir" "-e" "CARGO_TARGET_DIR=/opt/rustwide/target" "-e" "CARGO_INCREMENTAL=0" "-e" "RUST_BACKTRACE=full" "-e" "RUSTFLAGS=--cap-lints=warn" "-e" "CARGO_HOME=/opt/rustwide/cargo-home" "-e" "RUSTUP_HOME=/opt/rustwide/rustup-home" "-w" "/opt/rustwide/workdir" "-m" "1610612736" "--user" "0:0" "--network" "none" "ghcr.io/rust-lang/crates-build-env/linux@sha256:a89201d6b5b9fd45c15d5952ece0a0129e7e80cb26ec023fd59cf09bc26f1604" "/opt/rustwide/cargo-home/bin/cargo" "+1.55.0" "check" "--frozen" "--all" "--all-targets" "--message-format=json", kill_on_drop: false }`
[INFO] [stdout] a072b5b91f184a4b078d8fc4a81b0ecfa39a74f1918351e2bfaa5ed146c2b47e
[INFO] running `Command { std: "docker" "start" "-a" "a072b5b91f184a4b078d8fc4a81b0ecfa39a74f1918351e2bfaa5ed146c2b47e", kill_on_drop: false }`
[INFO] [stderr]    Compiling proc-macro2 v1.0.9
[INFO] [stderr]    Compiling version_check v0.9.1
[INFO] [stderr]    Compiling syn v1.0.16
[INFO] [stderr]    Compiling libc v0.2.67
[INFO] [stderr]    Compiling bitflags v1.2.1
[INFO] [stderr]    Compiling unicode-segmentation v1.6.0
[INFO] [stderr]     Checking unicode-width v0.1.7
[INFO] [stderr]    Compiling nix v0.17.0
[INFO] [stderr]     Checking void v1.0.2
[INFO] [stderr]     Checking cfg-if v0.1.10
[INFO] [stderr]     Checking arraymap v0.1.1
[INFO] [stderr]     Checking textwrap v0.11.0
[INFO] [stderr]    Compiling heck v0.3.1
[INFO] [stderr]    Compiling proc-macro-error-attr v0.4.11
[INFO] [stderr]    Compiling proc-macro-error v0.4.11
[INFO] [stderr]    Compiling quote v1.0.3
[INFO] [stderr]     Checking atty v0.2.14
[INFO] [stderr]     Checking clap v2.33.0
[INFO] [stderr]    Compiling syn-mid v0.5.0
[INFO] [stderr]    Compiling structopt-derive v0.4.4
[INFO] [stderr]     Checking structopt v0.3.11
[INFO] [stderr]     Checking tis100node v0.1.0 (/opt/rustwide/workdir)
[INFO] [stdout] warning: unused import: `arraymap::ArrayMap`
[INFO] [stdout]  --> src/node.rs:1:5
[INFO] [stdout]   |
[INFO] [stdout] 1 | use arraymap::ArrayMap;
[INFO] [stdout]   |     ^^^^^^^^^^^^^^^^^^
[INFO] [stdout]   |
[INFO] [stdout]   = note: `#[warn(unused_imports)]` on by default
[INFO] [stdout] 
[INFO] [stdout] 
[INFO] [stdout] warning: unused import: `arraymap::ArrayMap`
[INFO] [stdout]  --> src/node.rs:1:5
[INFO] [stdout]   |
[INFO] [stdout] 1 | use arraymap::ArrayMap;
[INFO] [stdout]   |     ^^^^^^^^^^^^^^^^^^
[INFO] [stdout]   |
[INFO] [stdout]   = note: `#[warn(unused_imports)]` on by default
[INFO] [stdout] 
[INFO] [stdout] 
[INFO] [stdout] error[E0507]: cannot move out of `self.peers` which is behind a mutable reference
[INFO] [stdout]    --> src/node.rs:257:17
[INFO] [stdout]     |
[INFO] [stdout] 257 |         let mut fds = self.peers.map(|p| PollFd::new(p.input_fd, POLLIN));
[INFO] [stdout]     |                       ^^^^^^^^^^ move occurs because `self.peers` has type `[Peer; 4]`, which does not implement the `Copy` trait
[INFO] [stdout] 
[INFO] [stdout] 
[INFO] [stdout] error[E0507]: cannot move out of `self.peers` which is behind a mutable reference
[INFO] [stdout]    --> src/node.rs:282:17
[INFO] [stdout]     |
[INFO] [stdout] 282 |         let mut fds = self.peers.map(|p| PollFd::new(p.input_fd, POLLIN));
[INFO] [stdout]     |                       ^^^^^^^^^^ move occurs because `self.peers` has type `[Peer; 4]`, which does not implement the `Copy` trait
[INFO] [stdout] 
[INFO] [stdout] 
[INFO] [stdout] error: aborting due to 2 previous errors; 1 warning emitted
[INFO] [stdout] 
[INFO] [stdout] 
[INFO] [stdout] For more information about this error, try `rustc --explain E0507`.
[INFO] [stdout] 
[INFO] [stderr] error: could not compile `tis100node` due to 3 previous errors; 1 warning emitted
[INFO] [stdout] error[E0507]: cannot move out of `self.peers` which is behind a mutable reference
[INFO] [stdout]    --> src/node.rs:257:17
[INFO] [stdout]     |
[INFO] [stdout] 257 |         let mut fds = self.peers.map(|p| PollFd::new(p.input_fd, POLLIN));
[INFO] [stdout]     |                       ^^^^^^^^^^ move occurs because `self.peers` has type `[Peer; 4]`, which does not implement the `Copy` trait
[INFO] [stdout] 
[INFO] [stdout] 
[INFO] [stderr] warning: build failed, waiting for other jobs to finish...
[INFO] [stdout] error[E0507]: cannot move out of `self.peers` which is behind a mutable reference
[INFO] [stdout]    --> src/node.rs:282:17
[INFO] [stdout]     |
[INFO] [stdout] 282 |         let mut fds = self.peers.map(|p| PollFd::new(p.input_fd, POLLIN));
[INFO] [stdout]     |                       ^^^^^^^^^^ move occurs because `self.peers` has type `[Peer; 4]`, which does not implement the `Copy` trait
[INFO] [stdout] 
[INFO] [stdout] 
[INFO] [stdout] error: aborting due to 2 previous errors; 1 warning emitted
[INFO] [stdout] 
[INFO] [stdout] 
[INFO] [stdout] For more information about this error, try `rustc --explain E0507`.
[INFO] [stdout] 
[INFO] [stderr] error: build failed
[INFO] running `Command { std: "docker" "inspect" "a072b5b91f184a4b078d8fc4a81b0ecfa39a74f1918351e2bfaa5ed146c2b47e", kill_on_drop: false }`
[INFO] running `Command { std: "docker" "rm" "-f" "a072b5b91f184a4b078d8fc4a81b0ecfa39a74f1918351e2bfaa5ed146c2b47e", kill_on_drop: false }`
[INFO] [stdout] a072b5b91f184a4b078d8fc4a81b0ecfa39a74f1918351e2bfaa5ed146c2b47e
