[INFO] cloning repository https://github.com/lwp001/carmonitor
[INFO] running `Command { std: "git" "-c" "credential.helper=" "-c" "credential.helper=/workspace/cargo-home/bin/git-credential-null" "clone" "--bare" "https://github.com/lwp001/carmonitor" "/workspace/cache/git-repos/https%3A%2F%2Fgithub.com%2Flwp001%2Fcarmonitor", kill_on_drop: false }`
[INFO] [stderr] Cloning into bare repository '/workspace/cache/git-repos/https%3A%2F%2Fgithub.com%2Flwp001%2Fcarmonitor'...
[INFO] running `Command { std: "git" "rev-parse" "HEAD", kill_on_drop: false }`
[INFO] [stdout] 9304caae061daa61a7fec07220f532d8706dcf4e
[INFO] checking lwp001/carmonitor against 1.55.0 for beta-1.56-3
[INFO] running `Command { std: "git" "clone" "/workspace/cache/git-repos/https%3A%2F%2Fgithub.com%2Flwp001%2Fcarmonitor" "/workspace/builds/worker-13/source", kill_on_drop: false }`
[INFO] [stderr] Cloning into '/workspace/builds/worker-13/source'...
[INFO] [stderr] done.
[INFO] validating manifest of git repo https://github.com/lwp001/carmonitor on toolchain 1.55.0
[INFO] running `Command { std: "/workspace/cargo-home/bin/cargo" "+1.55.0" "metadata" "--manifest-path" "Cargo.toml" "--no-deps", kill_on_drop: false }`
[INFO] started tweaking git repo https://github.com/lwp001/carmonitor
[INFO] finished tweaking git repo https://github.com/lwp001/carmonitor
[INFO] tweaked toml for git repo https://github.com/lwp001/carmonitor written to /workspace/builds/worker-13/source/Cargo.toml
[INFO] crate git repo https://github.com/lwp001/carmonitor already has a lockfile, it will not be regenerated
[INFO] running `Command { std: "/workspace/cargo-home/bin/cargo" "+1.55.0" "fetch" "--manifest-path" "Cargo.toml", kill_on_drop: false }`
[INFO] [stderr]     Blocking waiting for file lock on package cache
[INFO] [stderr]     Blocking waiting for file lock on package cache
[INFO] running `Command { std: "docker" "create" "-v" "/var/lib/crater-agent-workspace/builds/worker-13/target:/opt/rustwide/target:rw,Z" "-v" "/var/lib/crater-agent-workspace/builds/worker-13/source:/opt/rustwide/workdir:ro,Z" "-v" "/var/lib/crater-agent-workspace/cargo-home:/opt/rustwide/cargo-home:ro,Z" "-v" "/var/lib/crater-agent-workspace/rustup-home:/opt/rustwide/rustup-home:ro,Z" "-e" "SOURCE_DIR=/opt/rustwide/workdir" "-e" "CARGO_TARGET_DIR=/opt/rustwide/target" "-e" "CARGO_HOME=/opt/rustwide/cargo-home" "-e" "RUSTUP_HOME=/opt/rustwide/rustup-home" "-w" "/opt/rustwide/workdir" "-m" "1610612736" "--user" "0:0" "--network" "none" "ghcr.io/rust-lang/crates-build-env/linux@sha256:a89201d6b5b9fd45c15d5952ece0a0129e7e80cb26ec023fd59cf09bc26f1604" "/opt/rustwide/cargo-home/bin/cargo" "+1.55.0" "metadata" "--no-deps" "--format-version=1", kill_on_drop: false }`
[INFO] [stdout] 753d922062a509a67a44e1185c81d4ec39a20a99f20677c713d45d3d554c59e0
[INFO] [stderr] WARNING: Your kernel does not support swap limit capabilities or the cgroup is not mounted. Memory limited without swap.
[INFO] running `Command { std: "docker" "start" "-a" "753d922062a509a67a44e1185c81d4ec39a20a99f20677c713d45d3d554c59e0", kill_on_drop: false }`
[INFO] running `Command { std: "docker" "inspect" "753d922062a509a67a44e1185c81d4ec39a20a99f20677c713d45d3d554c59e0", kill_on_drop: false }`
[INFO] running `Command { std: "docker" "rm" "-f" "753d922062a509a67a44e1185c81d4ec39a20a99f20677c713d45d3d554c59e0", kill_on_drop: false }`
[INFO] [stdout] 753d922062a509a67a44e1185c81d4ec39a20a99f20677c713d45d3d554c59e0
[INFO] running `Command { std: "docker" "create" "-v" "/var/lib/crater-agent-workspace/builds/worker-13/target:/opt/rustwide/target:rw,Z" "-v" "/var/lib/crater-agent-workspace/builds/worker-13/source:/opt/rustwide/workdir:ro,Z" "-v" "/var/lib/crater-agent-workspace/cargo-home:/opt/rustwide/cargo-home:ro,Z" "-v" "/var/lib/crater-agent-workspace/rustup-home:/opt/rustwide/rustup-home:ro,Z" "-e" "SOURCE_DIR=/opt/rustwide/workdir" "-e" "CARGO_TARGET_DIR=/opt/rustwide/target" "-e" "CARGO_INCREMENTAL=0" "-e" "RUST_BACKTRACE=full" "-e" "RUSTFLAGS=--cap-lints=warn" "-e" "CARGO_HOME=/opt/rustwide/cargo-home" "-e" "RUSTUP_HOME=/opt/rustwide/rustup-home" "-w" "/opt/rustwide/workdir" "-m" "1610612736" "--user" "0:0" "--network" "none" "ghcr.io/rust-lang/crates-build-env/linux@sha256:a89201d6b5b9fd45c15d5952ece0a0129e7e80cb26ec023fd59cf09bc26f1604" "/opt/rustwide/cargo-home/bin/cargo" "+1.55.0" "check" "--frozen" "--all" "--all-targets" "--message-format=json", kill_on_drop: false }`
[INFO] [stdout] 14b8adc3d9ab8070067f01e806ebb1c3628f26189a1713e92a80625d2920aa1e
[INFO] [stderr] WARNING: Your kernel does not support swap limit capabilities or the cgroup is not mounted. Memory limited without swap.
[INFO] running `Command { std: "docker" "start" "-a" "14b8adc3d9ab8070067f01e806ebb1c3628f26189a1713e92a80625d2920aa1e", kill_on_drop: false }`
[INFO] [stderr]    Compiling syn v1.0.6
[INFO] [stderr]     Checking futures-core-preview v0.3.0-alpha.19
[INFO] [stderr]     Checking futures-sink-preview v0.3.0-alpha.19
[INFO] [stderr]     Checking arc-swap v0.4.3
[INFO] [stderr]    Compiling smallvec v0.6.10
[INFO] [stderr]     Checking tower-service v0.3.0-alpha.2
[INFO] [stderr]     Checking half v1.4.0
[INFO] [stderr]    Compiling if_chain v1.0.0
[INFO] [stderr]     Checking strum v0.16.0
[INFO] [stderr]     Checking lazy_static v1.4.0
[INFO] [stderr]    Compiling num-traits v0.2.8
[INFO] [stderr]    Compiling brotli-sys v0.3.2
[INFO] [stderr]    Compiling miniz-sys v0.1.12
[INFO] [stderr]    Compiling ring v0.14.6
[INFO] [stderr]    Compiling openssl-sys v0.9.52
[INFO] [stderr]     Checking crossbeam-utils v0.6.6
[INFO] [stderr]     Checking thread_local v0.3.6
[INFO] [stderr]     Checking tracing-core v0.1.7
[INFO] [stderr]     Checking iovec v0.1.4
[INFO] [stderr]     Checking num_cpus v1.10.1
[INFO] [stderr]     Checking net2 v0.2.33
[INFO] [stderr]     Checking rand_os v0.1.3
[INFO] [stderr]     Checking time v0.1.42
[INFO] [stderr]     Checking getrandom v0.1.13
[INFO] [stderr]     Checking hostname v0.1.5
[INFO] [stderr]     Checking backtrace-sys v0.1.32
[INFO] [stderr]    Compiling nom v4.2.3
[INFO] [stderr]     Checking futures-channel-preview v0.3.0-alpha.19
[INFO] [stderr]     Checking signal-hook-registry v1.1.1
[INFO] [stderr]    Compiling unicode-normalization v0.1.8
[INFO] [stderr]     Checking regex v1.3.1
[INFO] [stderr]     Checking bytes v0.4.12
[INFO] [stderr]     Checking rand v0.6.5
[INFO] [stderr]     Checking block-cipher-trait v0.6.2
[INFO] [stderr]     Checking threadpool v1.7.1
[INFO] [stderr]     Checking tokio-executor v0.1.8
[INFO] [stderr]     Checking parking_lot_core v0.6.2
[INFO] [stderr]    Compiling derive_more v0.14.1
[INFO] [stderr]    Compiling envconfig_derive v0.5.1
[INFO] [stderr]     Checking backtrace v0.3.40
[INFO] [stderr]     Checking resolv-conf v0.6.2
[INFO] [stderr]     Checking mio v0.6.19
[INFO] [stderr]     Checking rand_core v0.5.1
[INFO] [stderr]     Checking signal-hook v0.1.10
[INFO] [stderr]     Checking blowfish v0.4.0
[INFO] [stderr]     Checking futures-util-preview v0.3.0-alpha.19
[INFO] [stderr]     Checking tokio-timer v0.2.11
[INFO] [stderr]     Checking tokio-current-thread v0.1.6
[INFO] [stderr]     Checking parking_lot v0.9.0
[INFO] [stderr]     Checking tokio-io v0.1.12
[INFO] [stderr]     Checking http v0.1.19
[INFO] [stderr]     Checking string v0.2.1
[INFO] [stderr]     Checking rand_chacha v0.2.1
[INFO] [stderr]     Checking flate2 v1.0.12
[INFO] [stderr]     Checking env_logger v0.7.1
[INFO] [stderr]    Compiling openssl v0.10.25
[INFO] [stderr]    Compiling native-tls v0.2.3
[INFO] [stderr]     Checking uuid v0.7.4
[INFO] [stderr]     Checking mio-uds v0.6.7
[INFO] [stderr]     Checking scheduled-thread-pool v0.2.2
[INFO] [stderr]    Compiling idna v0.2.0
[INFO] [stderr]     Checking rand v0.7.2
[INFO] [stderr]     Checking tokio-reactor v0.1.10
[INFO] [stderr]     Checking tokio-codec v0.1.1
[INFO] [stderr]     Checking num-integer v0.1.41
[INFO] [stderr]     Checking r2d2 v0.8.6
[INFO] [stderr]     Checking actix-codec v0.1.2
[INFO] [stderr]     Checking tokio-tcp v0.1.3
[INFO] [stderr]     Checking tokio-udp v0.1.5
[INFO] [stderr]     Checking tokio-signal v0.2.7
[INFO] [stderr]     Checking actix-utils v0.4.7
[INFO] [stderr]     Checking actix-server-config v0.1.2
[INFO] [stderr]     Checking bcrypt v0.6.1
[INFO] [stderr]    Compiling url v2.1.0
[INFO] [stderr]     Checking tokio-sync v0.2.0-alpha.6
[INFO] [stderr]     Checking tokio-executor v0.2.0-alpha.6
[INFO] [stderr]     Checking h2 v0.1.26
[INFO] [stderr]     Checking http-body v0.2.0-alpha.3
[INFO] [stderr]     Checking tokio-timer v0.3.0-alpha.6
[INFO] [stderr]    Compiling derive_more v0.15.0
[INFO] [stderr]     Checking brotli2 v0.3.2
[INFO] [stderr]    Compiling synstructure v0.12.1
[INFO] [stderr]     Checking actix-threadpool v0.1.2
[INFO] [stderr]     Checking actix-rt v0.2.5
[INFO] [stderr]    Compiling serde_derive v1.0.101
[INFO] [stderr]    Compiling pin-project-internal v0.4.5
[INFO] [stderr]    Compiling failure_derive v0.1.6
[INFO] [stderr]    Compiling tracing-attributes v0.1.5
[INFO] [stderr]    Compiling actix-web-codegen v0.1.3
[INFO] [stderr]    Compiling v_escape_derive v0.5.6
[INFO] [stderr]    Compiling diesel_derives v1.4.1
[INFO] [stderr]    Compiling derive-new v0.5.8
[INFO] [stderr]    Compiling strum_macros v0.16.0
[INFO] [stderr]     Checking actix-server v0.6.1
[INFO] [stderr]     Checking actix-testing v0.1.0
[INFO] [stderr]     Checking failure v0.1.6
[INFO] [stderr]     Checking v_escape v0.7.4
[INFO] [stderr]     Checking trust-dns-proto v0.7.4
[INFO] [stderr]     Checking dotenv v0.14.1
[INFO] [stderr]     Checking envconfig v0.5.1
[INFO] [stderr]     Checking v_htmlescape v0.4.5
[INFO] [stderr]     Checking tracing v0.1.10
[INFO] [stderr]     Checking pin-project v0.4.5
[INFO] [stderr]     Checking tokio-io v0.2.0-alpha.6
[INFO] [stderr]     Checking tokio-codec v0.2.0-alpha.6
[INFO] [stderr]     Checking tower-make v0.3.0-alpha.2a
[INFO] [stderr]     Checking tokio-tls v0.3.0-alpha.6
[INFO] [stderr]     Checking tokio-net v0.2.0-alpha.6
[INFO] [stderr]     Checking h2 v0.2.0-alpha.3
[INFO] [stderr]     Checking trust-dns-resolver v0.11.1
[INFO] [stderr]     Checking tokio v0.2.0-alpha.6
[INFO] [stderr]     Checking actix-connect v0.2.5
[INFO] [stderr]     Checking serde v1.0.101
[INFO] [stderr]     Checking hyper v0.13.0-alpha.4
[INFO] [stderr]     Checking hyper-tls v0.4.0-alpha.4
[INFO] [stderr]     Checking serde_json v1.0.41
[INFO] [stderr]     Checking chrono v0.4.9
[INFO] [stderr]     Checking serde_urlencoded v0.6.1
[INFO] [stderr]     Checking actix-router v0.1.5
[INFO] [stderr]     Checking uuid v0.8.1
[INFO] [stderr]     Checking serde_cbor v0.10.2
[INFO] [stderr]     Checking reqwest v0.10.0-alpha.1
[INFO] [stderr]     Checking diesel v1.4.3
[INFO] [stderr]     Checking actix-http v0.2.10
[INFO] [stderr]     Checking validator v0.10.0
[INFO] [stderr]     Checking jsonwebtoken v6.0.1
[INFO] [stderr]    Compiling validator_derive v0.10.0
[INFO] [stderr]     Checking awc v0.2.7
[INFO] [stderr]     Checking actix-web v1.0.8
[INFO] [stderr]     Checking actix-cors v0.1.0
[INFO] [stderr]     Checking actix-files v0.1.6
[INFO] [stderr]     Checking carmonitor v0.1.0 (/opt/rustwide/workdir)
[INFO] [stdout] error: expected identifier, found `,`
[INFO] [stdout]   --> src/models/user.rs:21:31
[INFO] [stdout]    |
[INFO] [stdout] 21 |     pub email: Option<String>,,
[INFO] [stdout]    |                               ^
[INFO] [stdout]    |                               |
[INFO] [stdout]    |                               expected identifier
[INFO] [stdout]    |                               help: remove this comma
[INFO] [stdout] 
[INFO] [stdout] 
[INFO] [stdout] error: expected identifier, found `,`
[INFO] [stdout]   --> src/models/user.rs:21:31
[INFO] [stdout]    |
[INFO] [stdout] 21 |     pub email: Option<String>,,
[INFO] [stdout]    |                               ^
[INFO] [stdout]    |                               |
[INFO] [stdout]    |                               expected identifier
[INFO] [stdout]    |                               help: remove this comma
[INFO] [stdout] 
[INFO] [stdout] 
[INFO] [stdout] error[E0583]: file not found for module `services`
[INFO] [stdout]   --> src/main.rs:33:1
[INFO] [stdout]    |
[INFO] [stdout] 33 | mod services;
[INFO] [stdout]    | ^^^^^^^^^^^^^
[INFO] [stdout]    |
[INFO] [stdout]    = help: to create the module `services`, create file "src/services.rs" or "src/services/mod.rs"
[INFO] [stdout] 
[INFO] [stdout] 
[INFO] [stdout] error[E0583]: file not found for module `services`
[INFO] [stdout]   --> src/main.rs:33:1
[INFO] [stdout]    |
[INFO] [stdout] 33 | mod services;
[INFO] [stdout]    | ^^^^^^^^^^^^^
[INFO] [stdout]    |
[INFO] [stdout]    = help: to create the module `services`, create file "src/services.rs" or "src/services/mod.rs"
[INFO] [stdout] 
[INFO] [stdout] 
[INFO] [stdout] error[E0463]: can't find crate for `diesel_migrations`
[INFO] [stdout]   --> src/main.rs:25:1
[INFO] [stdout]    |
[INFO] [stdout] 25 | extern crate diesel_migrations;
[INFO] [stdout]    | ^^^^^^^^^^^^^^^^^^^^^^^^^^^^^^^ can't find crate
[INFO] [stdout] 
[INFO] [stdout] 
[INFO] [stdout] error[E0463]: can't find crate for `diesel_migrations`
[INFO] [stdout]   --> src/main.rs:25:1
[INFO] [stdout]    |
[INFO] [stdout] 25 | extern crate diesel_migrations;
[INFO] [stdout]    | ^^^^^^^^^^^^^^^^^^^^^^^^^^^^^^^ can't find crate
[INFO] [stdout] 
[INFO] [stdout] 
[INFO] [stdout] error: aborting due to 3 previous errors
[INFO] [stdout] 
[INFO] [stdout] 
[INFO] [stdout] error: aborting due to 3 previous errors
[INFO] [stdout] 
[INFO] [stdout] 
[INFO] [stdout] Some errors have detailed explanations: E0463, E0583.
[INFO] [stdout] 
[INFO] [stdout] Some errors have detailed explanations: E0463, E0583.
[INFO] [stdout] 
[INFO] [stdout] For more information about an error, try `rustc --explain E0463`.
[INFO] [stdout] 
[INFO] [stdout] For more information about an error, try `rustc --explain E0463`.
[INFO] [stdout] 
[INFO] [stderr] error: could not compile `carmonitor` due to 4 previous errors
[INFO] [stderr] warning: build failed, waiting for other jobs to finish...
[INFO] [stderr] error: build failed
[INFO] running `Command { std: "docker" "inspect" "14b8adc3d9ab8070067f01e806ebb1c3628f26189a1713e92a80625d2920aa1e", kill_on_drop: false }`
[INFO] running `Command { std: "docker" "rm" "-f" "14b8adc3d9ab8070067f01e806ebb1c3628f26189a1713e92a80625d2920aa1e", kill_on_drop: false }`
[INFO] [stdout] 14b8adc3d9ab8070067f01e806ebb1c3628f26189a1713e92a80625d2920aa1e
