[INFO] cloning repository https://github.com/luojia65/memory_free_windows
[INFO] running `Command { std: "git" "-c" "credential.helper=" "-c" "credential.helper=/workspace/cargo-home/bin/git-credential-null" "clone" "--bare" "https://github.com/luojia65/memory_free_windows" "/workspace/cache/git-repos/https%3A%2F%2Fgithub.com%2Fluojia65%2Fmemory_free_windows", kill_on_drop: false }`
[INFO] [stderr] Cloning into bare repository '/workspace/cache/git-repos/https%3A%2F%2Fgithub.com%2Fluojia65%2Fmemory_free_windows'...
[INFO] running `Command { std: "git" "rev-parse" "HEAD", kill_on_drop: false }`
[INFO] [stdout] 7d5b7287e9dc17a03a6dfcb86f61eb2df913a0e4
[INFO] checking luojia65/memory_free_windows against beta-2021-10-15 for beta-1.56-3
[INFO] running `Command { std: "git" "clone" "/workspace/cache/git-repos/https%3A%2F%2Fgithub.com%2Fluojia65%2Fmemory_free_windows" "/workspace/builds/worker-8/source", kill_on_drop: false }`
[INFO] [stderr] Cloning into '/workspace/builds/worker-8/source'...
[INFO] [stderr] done.
[INFO] validating manifest of git repo https://github.com/luojia65/memory_free_windows on toolchain beta-2021-10-15
[INFO] running `Command { std: "/workspace/cargo-home/bin/cargo" "+beta-2021-10-15" "metadata" "--manifest-path" "Cargo.toml" "--no-deps", kill_on_drop: false }`
[INFO] started tweaking git repo https://github.com/luojia65/memory_free_windows
[INFO] finished tweaking git repo https://github.com/luojia65/memory_free_windows
[INFO] tweaked toml for git repo https://github.com/luojia65/memory_free_windows written to /workspace/builds/worker-8/source/Cargo.toml
[INFO] crate git repo https://github.com/luojia65/memory_free_windows already has a lockfile, it will not be regenerated
[INFO] running `Command { std: "/workspace/cargo-home/bin/cargo" "+beta-2021-10-15" "fetch" "--manifest-path" "Cargo.toml", kill_on_drop: false }`
[INFO] [stderr]     Blocking waiting for file lock on package cache
[INFO] [stderr]     Blocking waiting for file lock on package cache
[INFO] running `Command { std: "docker" "create" "-v" "/var/lib/crater-agent-workspace/builds/worker-8/target:/opt/rustwide/target:rw,Z" "-v" "/var/lib/crater-agent-workspace/builds/worker-8/source:/opt/rustwide/workdir:ro,Z" "-v" "/var/lib/crater-agent-workspace/cargo-home:/opt/rustwide/cargo-home:ro,Z" "-v" "/var/lib/crater-agent-workspace/rustup-home:/opt/rustwide/rustup-home:ro,Z" "-e" "SOURCE_DIR=/opt/rustwide/workdir" "-e" "CARGO_TARGET_DIR=/opt/rustwide/target" "-e" "CARGO_HOME=/opt/rustwide/cargo-home" "-e" "RUSTUP_HOME=/opt/rustwide/rustup-home" "-w" "/opt/rustwide/workdir" "-m" "1610612736" "--user" "0:0" "--network" "none" "ghcr.io/rust-lang/crates-build-env/linux@sha256:a89201d6b5b9fd45c15d5952ece0a0129e7e80cb26ec023fd59cf09bc26f1604" "/opt/rustwide/cargo-home/bin/cargo" "+beta-2021-10-15" "metadata" "--no-deps" "--format-version=1", kill_on_drop: false }`
[INFO] [stdout] 98f5cf8aa60a2e7d1351e2b965e72c87f854b45a1ff105cbe3e5faf96616b72b
[INFO] [stderr] WARNING: Your kernel does not support swap limit capabilities or the cgroup is not mounted. Memory limited without swap.
[INFO] running `Command { std: "docker" "start" "-a" "98f5cf8aa60a2e7d1351e2b965e72c87f854b45a1ff105cbe3e5faf96616b72b", kill_on_drop: false }`
[INFO] running `Command { std: "docker" "inspect" "98f5cf8aa60a2e7d1351e2b965e72c87f854b45a1ff105cbe3e5faf96616b72b", kill_on_drop: false }`
[INFO] running `Command { std: "docker" "rm" "-f" "98f5cf8aa60a2e7d1351e2b965e72c87f854b45a1ff105cbe3e5faf96616b72b", kill_on_drop: false }`
[INFO] [stdout] 98f5cf8aa60a2e7d1351e2b965e72c87f854b45a1ff105cbe3e5faf96616b72b
[INFO] running `Command { std: "docker" "create" "-v" "/var/lib/crater-agent-workspace/builds/worker-8/target:/opt/rustwide/target:rw,Z" "-v" "/var/lib/crater-agent-workspace/builds/worker-8/source:/opt/rustwide/workdir:ro,Z" "-v" "/var/lib/crater-agent-workspace/cargo-home:/opt/rustwide/cargo-home:ro,Z" "-v" "/var/lib/crater-agent-workspace/rustup-home:/opt/rustwide/rustup-home:ro,Z" "-e" "SOURCE_DIR=/opt/rustwide/workdir" "-e" "CARGO_TARGET_DIR=/opt/rustwide/target" "-e" "CARGO_INCREMENTAL=0" "-e" "RUST_BACKTRACE=full" "-e" "RUSTFLAGS=--cap-lints=warn" "-e" "CARGO_HOME=/opt/rustwide/cargo-home" "-e" "RUSTUP_HOME=/opt/rustwide/rustup-home" "-w" "/opt/rustwide/workdir" "-m" "1610612736" "--user" "0:0" "--network" "none" "ghcr.io/rust-lang/crates-build-env/linux@sha256:a89201d6b5b9fd45c15d5952ece0a0129e7e80cb26ec023fd59cf09bc26f1604" "/opt/rustwide/cargo-home/bin/cargo" "+beta-2021-10-15" "check" "--frozen" "--all" "--all-targets" "--message-format=json", kill_on_drop: false }`
[INFO] [stdout] a5481a646ebe5f24222ff9c135912eac2409a4d75e3855e55fd284077022db92
[INFO] [stderr] WARNING: Your kernel does not support swap limit capabilities or the cgroup is not mounted. Memory limited without swap.
[INFO] running `Command { std: "docker" "start" "-a" "a5481a646ebe5f24222ff9c135912eac2409a4d75e3855e55fd284077022db92", kill_on_drop: false }`
[INFO] [stderr]    Compiling winapi v0.3.6
[INFO] [stderr]     Checking memory_free_windows v0.1.0 (/opt/rustwide/workdir)
[INFO] [stdout] error[E0433]: failed to resolve: could not find `um` in `winapi`
[INFO] [stdout]  --> src/main.rs:2:17
[INFO] [stdout]   |
[INFO] [stdout] 2 |     use winapi::um::winbase::GlobalMemoryStatus;
[INFO] [stdout]   |                 ^^ could not find `um` in `winapi`
[INFO] [stdout] 
[INFO] [stdout] 
[INFO] [stdout] error[E0433]: failed to resolve: could not find `um` in `winapi`
[INFO] [stdout]  --> src/main.rs:3:17
[INFO] [stdout]   |
[INFO] [stdout] 3 |     use winapi::um::winbase::MEMORYSTATUS;
[INFO] [stdout]   |                 ^^ could not find `um` in `winapi`
[INFO] [stdout] 
[INFO] [stdout] 
[INFO] [stdout] error[E0433]: failed to resolve: could not find `um` in `winapi`
[INFO] [stdout]  --> src/main.rs:2:17
[INFO] [stdout]   |
[INFO] [stdout] 2 |     use winapi::um::winbase::GlobalMemoryStatus;
[INFO] [stdout]   |                 ^^ could not find `um` in `winapi`
[INFO] [stdout] 
[INFO] [stdout] 
[INFO] [stdout] error[E0433]: failed to resolve: could not find `um` in `winapi`
[INFO] [stdout]  --> src/main.rs:3:17
[INFO] [stdout]   |
[INFO] [stdout] 3 |     use winapi::um::winbase::MEMORYSTATUS;
[INFO] [stdout]   |                 ^^ could not find `um` in `winapi`
[INFO] [stdout] 
[INFO] [stdout] 
[INFO] [stdout] error[E0422]: cannot find struct, variant or union type `MEMORYSTATUS` in this scope
[INFO] [stdout]  --> src/main.rs:5:31
[INFO] [stdout]   |
[INFO] [stdout] 5 |         let status = Box::new(MEMORYSTATUS {
[INFO] [stdout]   |                               ^^^^^^^^^^^^ not found in this scope
[INFO] [stdout] 
[INFO] [stdout] 
[INFO] [stdout] error[E0425]: cannot find function, tuple struct or tuple variant `GlobalMemoryStatus` in this scope
[INFO] [stdout]   --> src/main.rs:16:9
[INFO] [stdout]    |
[INFO] [stdout] 16 |         GlobalMemoryStatus(status_ptr);
[INFO] [stdout]    |         ^^^^^^^^^^^^^^^^^^ not found in this scope
[INFO] [stdout] 
[INFO] [stdout] 
[INFO] [stdout] error[E0422]: cannot find struct, variant or union type `MEMORYSTATUS` in this scope
[INFO] [stdout]  --> src/main.rs:5:31
[INFO] [stdout]   |
[INFO] [stdout] 5 |         let status = Box::new(MEMORYSTATUS {
[INFO] [stdout]   |                               ^^^^^^^^^^^^ not found in this scope
[INFO] [stdout] 
[INFO] [stdout] 
[INFO] [stdout] error[E0425]: cannot find function, tuple struct or tuple variant `GlobalMemoryStatus` in this scope
[INFO] [stdout]   --> src/main.rs:16:9
[INFO] [stdout]    |
[INFO] [stdout] 16 |         GlobalMemoryStatus(status_ptr);
[INFO] [stdout]    |         ^^^^^^^^^^^^^^^^^^ not found in this scope
[INFO] [stdout] 
[INFO] [stdout] 
[INFO] [stdout] error[E0609]: no field `dwTotalPhys` on type `Box<_>`
[INFO] [stdout]   --> src/main.rs:18:17
[INFO] [stdout]    |
[INFO] [stdout] 18 |         (status.dwTotalPhys as usize, status.dwAvailPhys as usize)
[INFO] [stdout]    |                 ^^^^^^^^^^^ unknown field
[INFO] [stdout] 
[INFO] [stdout] 
[INFO] [stdout] error: aborting due to 5 previous errors
[INFO] [stdout] 
[INFO] [stdout] 
[INFO] [stdout] Some errors have detailed explanations: E0422, E0425, E0433, E0609.
[INFO] [stdout] 
[INFO] [stdout] For more information about an error, try `rustc --explain E0422`.
[INFO] [stdout] 
[INFO] [stderr] error: could not compile `memory_free_windows` due to 6 previous errors
[INFO] [stderr] warning: build failed, waiting for other jobs to finish...
[INFO] [stdout] error[E0609]: no field `dwTotalPhys` on type `Box<_>`
[INFO] [stdout]   --> src/main.rs:18:17
[INFO] [stdout]    |
[INFO] [stdout] 18 |         (status.dwTotalPhys as usize, status.dwAvailPhys as usize)
[INFO] [stdout]    |                 ^^^^^^^^^^^ unknown field
[INFO] [stdout] 
[INFO] [stdout] 
[INFO] [stdout] error: aborting due to 5 previous errors
[INFO] [stdout] 
[INFO] [stdout] 
[INFO] [stdout] Some errors have detailed explanations: E0422, E0425, E0433, E0609.
[INFO] [stdout] 
[INFO] [stdout] For more information about an error, try `rustc --explain E0422`.
[INFO] [stdout] 
[INFO] [stderr] error: build failed
[INFO] running `Command { std: "docker" "inspect" "a5481a646ebe5f24222ff9c135912eac2409a4d75e3855e55fd284077022db92", kill_on_drop: false }`
[INFO] running `Command { std: "docker" "rm" "-f" "a5481a646ebe5f24222ff9c135912eac2409a4d75e3855e55fd284077022db92", kill_on_drop: false }`
[INFO] [stdout] a5481a646ebe5f24222ff9c135912eac2409a4d75e3855e55fd284077022db92
