[INFO] cloning repository https://github.com/lucyawrey/rust_text_adventure
[INFO] running `Command { std: "git" "-c" "credential.helper=" "-c" "credential.helper=/workspace/cargo-home/bin/git-credential-null" "clone" "--bare" "https://github.com/lucyawrey/rust_text_adventure" "/workspace/cache/git-repos/https%3A%2F%2Fgithub.com%2Flucyawrey%2Frust_text_adventure", kill_on_drop: false }`
[INFO] [stderr] Cloning into bare repository '/workspace/cache/git-repos/https%3A%2F%2Fgithub.com%2Flucyawrey%2Frust_text_adventure'...
[INFO] running `Command { std: "git" "rev-parse" "HEAD", kill_on_drop: false }`
[INFO] [stdout] a92525472388e84f3a30977ba7434f0a7a8c8dce
[INFO] checking lucyawrey/rust_text_adventure against beta-2021-10-15 for beta-1.56-3
[INFO] running `Command { std: "git" "clone" "/workspace/cache/git-repos/https%3A%2F%2Fgithub.com%2Flucyawrey%2Frust_text_adventure" "/workspace/builds/worker-12/source", kill_on_drop: false }`
[INFO] [stderr] Cloning into '/workspace/builds/worker-12/source'...
[INFO] [stderr] done.
[INFO] validating manifest of git repo https://github.com/lucyawrey/rust_text_adventure on toolchain beta-2021-10-15
[INFO] running `Command { std: "/workspace/cargo-home/bin/cargo" "+beta-2021-10-15" "metadata" "--manifest-path" "Cargo.toml" "--no-deps", kill_on_drop: false }`
[INFO] started tweaking git repo https://github.com/lucyawrey/rust_text_adventure
[INFO] finished tweaking git repo https://github.com/lucyawrey/rust_text_adventure
[INFO] tweaked toml for git repo https://github.com/lucyawrey/rust_text_adventure written to /workspace/builds/worker-12/source/Cargo.toml
[INFO] crate git repo https://github.com/lucyawrey/rust_text_adventure already has a lockfile, it will not be regenerated
[INFO] running `Command { std: "/workspace/cargo-home/bin/cargo" "+beta-2021-10-15" "fetch" "--manifest-path" "Cargo.toml", kill_on_drop: false }`
[INFO] running `Command { std: "docker" "create" "-v" "/var/lib/crater-agent-workspace/builds/worker-12/target:/opt/rustwide/target:rw,Z" "-v" "/var/lib/crater-agent-workspace/builds/worker-12/source:/opt/rustwide/workdir:ro,Z" "-v" "/var/lib/crater-agent-workspace/cargo-home:/opt/rustwide/cargo-home:ro,Z" "-v" "/var/lib/crater-agent-workspace/rustup-home:/opt/rustwide/rustup-home:ro,Z" "-e" "SOURCE_DIR=/opt/rustwide/workdir" "-e" "CARGO_TARGET_DIR=/opt/rustwide/target" "-e" "CARGO_HOME=/opt/rustwide/cargo-home" "-e" "RUSTUP_HOME=/opt/rustwide/rustup-home" "-w" "/opt/rustwide/workdir" "-m" "1610612736" "--user" "0:0" "--network" "none" "ghcr.io/rust-lang/crates-build-env/linux@sha256:a89201d6b5b9fd45c15d5952ece0a0129e7e80cb26ec023fd59cf09bc26f1604" "/opt/rustwide/cargo-home/bin/cargo" "+beta-2021-10-15" "metadata" "--no-deps" "--format-version=1", kill_on_drop: false }`
[INFO] [stdout] 9528bb5aea670054010c82c0c6d5505f2d467b0940f44c31e0290f33f3183419
[INFO] [stderr] WARNING: Your kernel does not support swap limit capabilities or the cgroup is not mounted. Memory limited without swap.
[INFO] running `Command { std: "docker" "start" "-a" "9528bb5aea670054010c82c0c6d5505f2d467b0940f44c31e0290f33f3183419", kill_on_drop: false }`
[INFO] running `Command { std: "docker" "inspect" "9528bb5aea670054010c82c0c6d5505f2d467b0940f44c31e0290f33f3183419", kill_on_drop: false }`
[INFO] running `Command { std: "docker" "rm" "-f" "9528bb5aea670054010c82c0c6d5505f2d467b0940f44c31e0290f33f3183419", kill_on_drop: false }`
[INFO] [stdout] 9528bb5aea670054010c82c0c6d5505f2d467b0940f44c31e0290f33f3183419
[INFO] running `Command { std: "docker" "create" "-v" "/var/lib/crater-agent-workspace/builds/worker-12/target:/opt/rustwide/target:rw,Z" "-v" "/var/lib/crater-agent-workspace/builds/worker-12/source:/opt/rustwide/workdir:ro,Z" "-v" "/var/lib/crater-agent-workspace/cargo-home:/opt/rustwide/cargo-home:ro,Z" "-v" "/var/lib/crater-agent-workspace/rustup-home:/opt/rustwide/rustup-home:ro,Z" "-e" "SOURCE_DIR=/opt/rustwide/workdir" "-e" "CARGO_TARGET_DIR=/opt/rustwide/target" "-e" "CARGO_INCREMENTAL=0" "-e" "RUST_BACKTRACE=full" "-e" "RUSTFLAGS=--cap-lints=warn" "-e" "CARGO_HOME=/opt/rustwide/cargo-home" "-e" "RUSTUP_HOME=/opt/rustwide/rustup-home" "-w" "/opt/rustwide/workdir" "-m" "1610612736" "--user" "0:0" "--network" "none" "ghcr.io/rust-lang/crates-build-env/linux@sha256:a89201d6b5b9fd45c15d5952ece0a0129e7e80cb26ec023fd59cf09bc26f1604" "/opt/rustwide/cargo-home/bin/cargo" "+beta-2021-10-15" "check" "--frozen" "--all" "--all-targets" "--message-format=json", kill_on_drop: false }`
[INFO] [stderr] WARNING: Your kernel does not support swap limit capabilities or the cgroup is not mounted. Memory limited without swap.
[INFO] [stdout] f0f08d0b6ab110a2df7e2869b17aa7339273535089d0c8fbd93b2f84db528534
[INFO] running `Command { std: "docker" "start" "-a" "f0f08d0b6ab110a2df7e2869b17aa7339273535089d0c8fbd93b2f84db528534", kill_on_drop: false }`
[INFO] [stderr]     Checking rust_text_adventure v0.1.0 (/opt/rustwide/workdir)
[INFO] [stdout] error[E0412]: cannot find type `string` in this scope
[INFO] [stdout]    --> src/main.rs:39:24
[INFO] [stdout]     |
[INFO] [stdout] 39  |       variables: HashMap<string, >,
[INFO] [stdout]     |                          ^^^^^^
[INFO] [stdout]     |
[INFO] [stdout] help: a struct with a similar name exists
[INFO] [stdout]     |
[INFO] [stdout] 39  |     variables: HashMap<String, >,
[INFO] [stdout]     |                        ~~~~~~
[INFO] [stdout] help: you might be missing a type parameter
[INFO] [stdout]     |
[INFO] [stdout] 36  | struct GameState<string> {
[INFO] [stdout]     |                 ++++++++
[INFO] [stdout] 
[INFO] [stdout] 
[INFO] [stdout] error[E0423]: expected value, found struct `HashMap`
[INFO] [stdout]    --> src/main.rs:46:20
[INFO] [stdout]     |
[INFO] [stdout] 46  |           variables: HashMap,
[INFO] [stdout]     |                      ^^^^^^^ help: use struct literal syntax instead: `HashMap { base: val }`
[INFO] [stdout] 
[INFO] [stdout] 
[INFO] [stdout] error[E0107]: this struct takes at least 2 generic arguments but 1 generic argument was supplied
[INFO] [stdout]    --> src/main.rs:39:16
[INFO] [stdout]     |
[INFO] [stdout] 39  |     variables: HashMap<string, >,
[INFO] [stdout]     |                ^^^^^^^ ------ supplied 1 generic argument
[INFO] [stdout]     |                |
[INFO] [stdout]     |                expected at least 2 generic arguments
[INFO] [stdout]     |
[INFO] [stdout] note: struct defined here, with at least 2 generic parameters: `K`, `V`
[INFO] [stdout] help: add missing generic argument
[INFO] [stdout]     |
[INFO] [stdout] 39  |     variables: HashMap<string, V, >,
[INFO] [stdout]     |                              +++
[INFO] [stdout] 
[INFO] [stdout] 
[INFO] [stdout] error: aborting due to 3 previous errors
[INFO] [stdout] 
[INFO] [stdout] 
[INFO] [stdout] Some errors have detailed explanations: E0107, E0412, E0423.
[INFO] [stdout] 
[INFO] [stdout] For more information about an error, try `rustc --explain E0107`.
[INFO] [stdout] 
[INFO] [stderr] error: could not compile `rust_text_adventure` due to 4 previous errors
[INFO] [stderr] warning: build failed, waiting for other jobs to finish...
[INFO] [stdout] error[E0412]: cannot find type `string` in this scope
[INFO] [stdout]    --> src/main.rs:39:24
[INFO] [stdout]     |
[INFO] [stdout] 39  |       variables: HashMap<string, >,
[INFO] [stdout]     |                          ^^^^^^
[INFO] [stdout]     |
[INFO] [stdout] help: a struct with a similar name exists
[INFO] [stdout]     |
[INFO] [stdout] 39  |     variables: HashMap<String, >,
[INFO] [stdout]     |                        ~~~~~~
[INFO] [stdout] help: you might be missing a type parameter
[INFO] [stdout]     |
[INFO] [stdout] 36  | struct GameState<string> {
[INFO] [stdout]     |                 ++++++++
[INFO] [stdout] 
[INFO] [stdout] 
[INFO] [stdout] error[E0423]: expected value, found struct `HashMap`
[INFO] [stdout]    --> src/main.rs:46:20
[INFO] [stdout]     |
[INFO] [stdout] 46  |           variables: HashMap,
[INFO] [stdout]     |                      ^^^^^^^ help: use struct literal syntax instead: `HashMap { base: val }`
[INFO] [stdout] 
[INFO] [stdout] 
[INFO] [stdout] error[E0107]: this struct takes at least 2 generic arguments but 1 generic argument was supplied
[INFO] [stdout]    --> src/main.rs:39:16
[INFO] [stdout]     |
[INFO] [stdout] 39  |     variables: HashMap<string, >,
[INFO] [stdout]     |                ^^^^^^^ ------ supplied 1 generic argument
[INFO] [stdout]     |                |
[INFO] [stdout]     |                expected at least 2 generic arguments
[INFO] [stdout]     |
[INFO] [stdout] note: struct defined here, with at least 2 generic parameters: `K`, `V`
[INFO] [stdout] help: add missing generic argument
[INFO] [stdout]     |
[INFO] [stdout] 39  |     variables: HashMap<string, V, >,
[INFO] [stdout]     |                              +++
[INFO] [stdout] 
[INFO] [stdout] 
[INFO] [stdout] error: aborting due to 3 previous errors
[INFO] [stdout] 
[INFO] [stdout] 
[INFO] [stdout] Some errors have detailed explanations: E0107, E0412, E0423.
[INFO] [stdout] 
[INFO] [stdout] For more information about an error, try `rustc --explain E0107`.
[INFO] [stdout] 
[INFO] [stderr] error: build failed
[INFO] running `Command { std: "docker" "inspect" "f0f08d0b6ab110a2df7e2869b17aa7339273535089d0c8fbd93b2f84db528534", kill_on_drop: false }`
[INFO] running `Command { std: "docker" "rm" "-f" "f0f08d0b6ab110a2df7e2869b17aa7339273535089d0c8fbd93b2f84db528534", kill_on_drop: false }`
[INFO] [stdout] f0f08d0b6ab110a2df7e2869b17aa7339273535089d0c8fbd93b2f84db528534
