[INFO] cloning repository https://github.com/ltentrup/caqe
[INFO] running `Command { std: "git" "-c" "credential.helper=" "-c" "credential.helper=/workspace/cargo-home/bin/git-credential-null" "clone" "--bare" "https://github.com/ltentrup/caqe" "/workspace/cache/git-repos/https%3A%2F%2Fgithub.com%2Fltentrup%2Fcaqe", kill_on_drop: false }`
[INFO] [stderr] Cloning into bare repository '/workspace/cache/git-repos/https%3A%2F%2Fgithub.com%2Fltentrup%2Fcaqe'...
[INFO] running `Command { std: "git" "rev-parse" "HEAD", kill_on_drop: false }`
[INFO] [stdout] 62ee7692dada5236307f8652234ed7a743651eb7
[INFO] checking ltentrup/caqe against 1.55.0 for beta-1.56-3
[INFO] running `Command { std: "git" "clone" "/workspace/cache/git-repos/https%3A%2F%2Fgithub.com%2Fltentrup%2Fcaqe" "/workspace/builds/worker-3/source", kill_on_drop: false }`
[INFO] [stderr] Cloning into '/workspace/builds/worker-3/source'...
[INFO] [stderr] done.
[INFO] validating manifest of git repo https://github.com/ltentrup/caqe on toolchain 1.55.0
[INFO] running `Command { std: "/workspace/cargo-home/bin/cargo" "+1.55.0" "metadata" "--manifest-path" "Cargo.toml" "--no-deps", kill_on_drop: false }`
[INFO] started tweaking git repo https://github.com/ltentrup/caqe
[INFO] finished tweaking git repo https://github.com/ltentrup/caqe
[INFO] tweaked toml for git repo https://github.com/ltentrup/caqe written to /workspace/builds/worker-3/source/Cargo.toml
[INFO] crate git repo https://github.com/ltentrup/caqe already has a lockfile, it will not be regenerated
[INFO] running `Command { std: "/workspace/cargo-home/bin/cargo" "+1.55.0" "fetch" "--manifest-path" "Cargo.toml", kill_on_drop: false }`
[INFO] [stderr]     Blocking waiting for file lock on package cache
[INFO] [stderr]     Blocking waiting for file lock on package cache
[INFO] [stderr]  Downloading crates ...
[INFO] [stderr]   Downloaded dot v0.1.4
[INFO] [stderr]   Downloaded colored-diff v0.2.2
[INFO] [stderr]   Downloaded regex-syntax v0.6.13
[INFO] [stderr]   Downloaded regex v1.3.3
[INFO] [stderr]   Downloaded uncover v0.1.1
[INFO] [stderr]   Downloaded atomicwrites v0.2.5
[INFO] running `Command { std: "docker" "create" "-v" "/var/lib/crater-agent-workspace/builds/worker-3/target:/opt/rustwide/target:rw,Z" "-v" "/var/lib/crater-agent-workspace/builds/worker-3/source:/opt/rustwide/workdir:ro,Z" "-v" "/var/lib/crater-agent-workspace/cargo-home:/opt/rustwide/cargo-home:ro,Z" "-v" "/var/lib/crater-agent-workspace/rustup-home:/opt/rustwide/rustup-home:ro,Z" "-e" "SOURCE_DIR=/opt/rustwide/workdir" "-e" "CARGO_TARGET_DIR=/opt/rustwide/target" "-e" "CARGO_HOME=/opt/rustwide/cargo-home" "-e" "RUSTUP_HOME=/opt/rustwide/rustup-home" "-w" "/opt/rustwide/workdir" "-m" "1610612736" "--user" "0:0" "--network" "none" "ghcr.io/rust-lang/crates-build-env/linux@sha256:a89201d6b5b9fd45c15d5952ece0a0129e7e80cb26ec023fd59cf09bc26f1604" "/opt/rustwide/cargo-home/bin/cargo" "+1.55.0" "metadata" "--no-deps" "--format-version=1", kill_on_drop: false }`
[INFO] [stdout] 011d27b383d6ae5fac98a0304b45fe2bd412c910a77ccf1c5c3851a7d6de0280
[INFO] [stderr] WARNING: Your kernel does not support swap limit capabilities or the cgroup is not mounted. Memory limited without swap.
[INFO] running `Command { std: "docker" "start" "-a" "011d27b383d6ae5fac98a0304b45fe2bd412c910a77ccf1c5c3851a7d6de0280", kill_on_drop: false }`
[INFO] running `Command { std: "docker" "inspect" "011d27b383d6ae5fac98a0304b45fe2bd412c910a77ccf1c5c3851a7d6de0280", kill_on_drop: false }`
[INFO] running `Command { std: "docker" "rm" "-f" "011d27b383d6ae5fac98a0304b45fe2bd412c910a77ccf1c5c3851a7d6de0280", kill_on_drop: false }`
[INFO] [stdout] 011d27b383d6ae5fac98a0304b45fe2bd412c910a77ccf1c5c3851a7d6de0280
[INFO] running `Command { std: "docker" "create" "-v" "/var/lib/crater-agent-workspace/builds/worker-3/target:/opt/rustwide/target:rw,Z" "-v" "/var/lib/crater-agent-workspace/builds/worker-3/source:/opt/rustwide/workdir:ro,Z" "-v" "/var/lib/crater-agent-workspace/cargo-home:/opt/rustwide/cargo-home:ro,Z" "-v" "/var/lib/crater-agent-workspace/rustup-home:/opt/rustwide/rustup-home:ro,Z" "-e" "SOURCE_DIR=/opt/rustwide/workdir" "-e" "CARGO_TARGET_DIR=/opt/rustwide/target" "-e" "CARGO_INCREMENTAL=0" "-e" "RUST_BACKTRACE=full" "-e" "RUSTFLAGS=--cap-lints=warn" "-e" "CARGO_HOME=/opt/rustwide/cargo-home" "-e" "RUSTUP_HOME=/opt/rustwide/rustup-home" "-w" "/opt/rustwide/workdir" "-m" "1610612736" "--user" "0:0" "--network" "none" "ghcr.io/rust-lang/crates-build-env/linux@sha256:a89201d6b5b9fd45c15d5952ece0a0129e7e80cb26ec023fd59cf09bc26f1604" "/opt/rustwide/cargo-home/bin/cargo" "+1.55.0" "check" "--frozen" "--all" "--all-targets" "--message-format=json", kill_on_drop: false }`
[INFO] [stdout] 972eeb3c89b7b1dc58e1b9b6d7d48e03d5cc8ee017340e75b97302632dcaed3f
[INFO] [stderr] WARNING: Your kernel does not support swap limit capabilities or the cgroup is not mounted. Memory limited without swap.
[INFO] running `Command { std: "docker" "start" "-a" "972eeb3c89b7b1dc58e1b9b6d7d48e03d5cc8ee017340e75b97302632dcaed3f", kill_on_drop: false }`
[INFO] [stderr]    Compiling log v0.4.11
[INFO] [stderr]    Compiling serde v1.0.90
[INFO] [stderr]     Checking number_prefix v0.3.0
[INFO] [stderr]     Checking bit-vec v0.6.2
[INFO] [stderr]     Checking dot v0.1.4
[INFO] [stderr]     Checking thread_local v1.0.1
[INFO] [stderr]    Compiling cmake v0.1.35
[INFO] [stderr]    Compiling jemalloc-sys v0.3.2
[INFO] [stderr]     Checking uncover v0.1.1
[INFO] [stderr]     Checking itertools v0.7.11
[INFO] [stderr]     Checking getrandom v0.1.14
[INFO] [stderr]     Checking clicolors-control v1.0.0
[INFO] [stderr]     Checking atty v0.2.11
[INFO] [stderr]     Checking termios v0.3.1
[INFO] [stderr]     Checking rand v0.4.6
[INFO] [stderr]     Checking nix v0.14.1
[INFO] [stderr]     Checking clap v2.33.1
[INFO] [stderr]     Checking rand_core v0.5.1
[INFO] [stderr]     Checking regex v1.3.3
[INFO] [stderr]    Compiling cryptominisat v5.6.6 (https://github.com/ltentrup/cryptominisat-rs.git?rev=79380e6117fb83dfce7224fffcee992446577686#79380e61)
[INFO] [stderr]     Checking colored-diff v0.2.2
[INFO] [stderr]     Checking rand_chacha v0.2.1
[INFO] [stderr]     Checking ena v0.14.0
[INFO] [stderr]     Checking tempdir v0.3.7
[INFO] [stderr]     Checking rand v0.7.3
[INFO] [stderr]     Checking console v0.9.1
[INFO] [stderr]     Checking env_logger v0.7.1
[INFO] [stderr]     Checking tempfile v3.1.0
[INFO] [stderr]     Checking indicatif v0.15.0
[INFO] [stderr]     Checking atomicwrites v0.2.5
[INFO] [stderr]     Checking serde_json v1.0.39
[INFO] [stderr] error: failed to run custom build command for `cryptominisat v5.6.6 (https://github.com/ltentrup/cryptominisat-rs.git?rev=79380e6117fb83dfce7224fffcee992446577686#79380e61)`
[INFO] [stderr] 
[INFO] [stderr] Caused by:
[INFO] [stderr]   process didn't exit successfully: `/opt/rustwide/target/debug/build/cryptominisat-d046516379abf1dd/build-script-build` (exit status: 101)
[INFO] [stderr]   --- stdout
[INFO] [stderr]   running: "cmake" "/opt/rustwide/cargo-home/git/checkouts/cryptominisat-rs-75edc64e29520f5b/79380e6/cryptominisat" "-DCMAKE_BUILD_TYPE=Release" "-DSTATICCOMPILE=ON" "-DENABLE_PYTHON_INTERFACE=OFF" "-DONLY_SIMPLE=ON" "-DNOZLIB=ON" "-DNOM4RI=ON" "-DSTATS=OFF" "-DNOVALGRIND=ON" "-DENABLE_TESTING=OFF" "-DCMAKE_INSTALL_PREFIX=/opt/rustwide/target/debug/build/cryptominisat-dfcfd778785d03f9/out" "-DCMAKE_C_FLAGS= -ffunction-sections -fdata-sections -fPIC -m64" "-DCMAKE_C_COMPILER=/usr/bin/cc" "-DCMAKE_CXX_FLAGS= -ffunction-sections -fdata-sections -fPIC -m64" "-DCMAKE_CXX_COMPILER=/usr/bin/c++"
[INFO] [stderr]   -- LIB directory is 'lib'
[INFO] [stderr]   -- BIN directory is 'bin'
[INFO] [stderr]   -- Doing a Release build
[INFO] [stderr]   -- The C compiler identification is GNU 9.3.0
[INFO] [stderr]   -- The CXX compiler identification is GNU 9.3.0
[INFO] [stderr]   -- Check for working C compiler: /usr/bin/cc
[INFO] [stderr]   -- Check for working C compiler: /usr/bin/cc -- works
[INFO] [stderr]   -- Detecting C compiler ABI info
[INFO] [stderr]   -- Detecting C compiler ABI info - done
[INFO] [stderr]   -- Detecting C compile features
[INFO] [stderr]   -- Detecting C compile features - done
[INFO] [stderr]   -- Check for working CXX compiler: /usr/bin/c++
[INFO] [stderr]   -- Check for working CXX compiler: /usr/bin/c++ -- works
[INFO] [stderr]   -- Detecting CXX compiler ABI info
[INFO] [stderr]   -- Detecting CXX compiler ABI info - done
[INFO] [stderr]   -- Detecting CXX compile features
[INFO] [stderr]   -- Detecting CXX compile features - done
[INFO] [stderr]   -- Looking for pthread.h
[INFO] [stderr]   -- Looking for pthread.h - found
[INFO] [stderr]   -- Performing Test CMAKE_HAVE_LIBC_PTHREAD
[INFO] [stderr]   -- Performing Test CMAKE_HAVE_LIBC_PTHREAD - Failed
[INFO] [stderr]   -- Check if compiler accepts -pthread
[INFO] [stderr]   -- Check if compiler accepts -pthread - yes
[INFO] [stderr]   -- Found Threads: TRUE  
[INFO] [stderr]   -- build type is Release
[INFO] [stderr]   -- Performing Test HAVE_FLAG_-fno-stack-protector
[INFO] [stderr]   -- Performing Test HAVE_FLAG_-fno-stack-protector - Success
[INFO] [stderr]   -- Compiling for static library use
[INFO] [stderr]   -- GIT hash found: dbc798e877b25e20c86fe00bd0bfade3338ffdc5
[INFO] [stderr]   -- PROJECT_VERSION: 5.6.6
[INFO] [stderr]   -- PROJECT_VERSION_MAJOR: 5
[INFO] [stderr]   -- PROJECT_VERSION_MINOR: 6
[INFO] [stderr]   -- PROJECT_VERSION_PATCH: 6
[INFO] [stderr]   -- Not compiling detailed statistics. The system is faster without them
[INFO] [stderr]   -- Cannot find help2man, not creating manpage
[INFO] [stderr]   -- Valgrind Prefix: 
[INFO] [stderr]   -- Could NOT find VALGRIND (missing: VALGRIND_INCLUDE_DIR VALGRIND_PROGRAM) 
[INFO] [stderr]   -- Cannot find valgrind or it's disabled, we will not be able to mark memory pool objects as undefined
[INFO] [stderr]   -- All defines at startup:  -DNDEBUG -D_FORTIFY_SOURCE=0
[INFO] [stderr]   -- In case your Python interpreter is not found, or a wrong one is found, please set it with '-DPYTHON_EXECUTABLE:FILEPATH=your path here'
[INFO] [stderr]   -- Found PythonInterp: /usr/bin/python3 (found suitable version "3.8.10", minimum required is "3") 
[INFO] [stderr]   -- Found PythonLibs: /usr/lib/x86_64-linux-gnu/libpython3.8.a (found suitable version "3.8.10", minimum required is "3") 
[INFO] [stderr]   -- Python 3 -- PYTHON_EXECUTABLE=/usr/bin/python3
[INFO] [stderr]   -- Python 3 -- PYTHON_LIBRARIES=/usr/lib/x86_64-linux-gnu/libpython3.8.a
[INFO] [stderr]   -- Python 3 -- PYTHON_INCLUDE_DIRS=/usr/include/python3.8
[INFO] [stderr]   -- Python 3 -- PYTHONLIBS_VERSION_STRING=3.8.10
[INFO] [stderr]   -- Only building executable with few command-line options because the boost program_options library were not available
[INFO] [stderr]   -- Performing Test HAVE_FLAG_-Wno-bitfield-constant-conversion
[INFO] [stderr]   -- Performing Test HAVE_FLAG_-Wno-bitfield-constant-conversion - Failed
[INFO] [stderr]   -- Performing Test HAVE_FLAG_-Wlogical-op
[INFO] [stderr]   -- Performing Test HAVE_FLAG_-Wlogical-op - Success
[INFO] [stderr]   -- Performing Test HAVE_FLAG_-Wrestrict
[INFO] [stderr]   -- Performing Test HAVE_FLAG_-Wrestrict - Success
[INFO] [stderr]   -- Performing Test HAVE_FLAG_-Wnull-dereference
[INFO] [stderr]   -- Performing Test HAVE_FLAG_-Wnull-dereference - Success
[INFO] [stderr]   -- Performing Test HAVE_FLAG_-Wjump-misses-init
[INFO] [stderr]   -- Performing Test HAVE_FLAG_-Wjump-misses-init - Failed
[INFO] [stderr]   -- Performing Test HAVE_FLAG_-Wdouble-promotion
[INFO] [stderr]   -- Performing Test HAVE_FLAG_-Wdouble-promotion - Success
[INFO] [stderr]   -- Performing Test HAVE_FLAG_-Wshadow
[INFO] [stderr]   -- Performing Test HAVE_FLAG_-Wshadow - Success
[INFO] [stderr]   -- Performing Test HAVE_FLAG_-Wformat=2
[INFO] [stderr]   -- Performing Test HAVE_FLAG_-Wformat=2 - Success
[INFO] [stderr]   -- Performing Test HAVE_FLAG_-Wextra-semi
[INFO] [stderr]   -- Performing Test HAVE_FLAG_-Wextra-semi - Success
[INFO] [stderr]   -- Performing Test HAVE_FLAG_-pedantic
[INFO] [stderr]   -- Performing Test HAVE_FLAG_-pedantic - Success
[INFO] [stderr]   -- Performing Test HAVE_FLAG_-Wno-class-memaccess
[INFO] [stderr]   -- Performing Test HAVE_FLAG_-Wno-class-memaccess - Success
[INFO] [stderr]   -- Performing Test COMPILER_HAS_HIDDEN_VISIBILITY
[INFO] [stderr]   -- Performing Test COMPILER_HAS_HIDDEN_VISIBILITY - Success
[INFO] [stderr]   -- Performing Test COMPILER_HAS_HIDDEN_INLINE_VISIBILITY
[INFO] [stderr]   -- Performing Test COMPILER_HAS_HIDDEN_INLINE_VISIBILITY - Success
[INFO] [stderr]   -- Performing Test COMPILER_HAS_DEPRECATED_ATTR
[INFO] [stderr]   -- Performing Test COMPILER_HAS_DEPRECATED_ATTR - Success
[INFO] [stderr]   -- Configuring done
[INFO] [stderr]   -- Generating done
[INFO] [stderr]   -- Build files have been written to: /opt/rustwide/target/debug/build/cryptominisat-dfcfd778785d03f9/out/build
[INFO] [stderr]   running: "cmake" "--build" "." "--target" "install" "--config" "Debug" "--"
[INFO] [stderr]   Scanning dependencies of target CopyPublicHeaders
[INFO] [stderr]   Scanning dependencies of target libcryptominisat5
[INFO] [stderr]   Copying cryptominisat_c.h to /opt/rustwide/target/debug/build/cryptominisat-dfcfd778785d03f9/out/build/include/cryptominisat5
[INFO] [stderr]   [  2%] Building CXX object cmsat5-src/CMakeFiles/libcryptominisat5.dir/cnf.cpp.o
[INFO] [stderr]   [  4%] Building CXX object cmsat5-src/CMakeFiles/libcryptominisat5.dir/propengine.cpp.o
[INFO] [stderr]   [  7%] Building CXX object cmsat5-src/CMakeFiles/libcryptominisat5.dir/clauseusagestats.cpp.o
[INFO] [stderr]   [  9%] Building CXX object cmsat5-src/CMakeFiles/libcryptominisat5.dir/varreplacer.cpp.o
[INFO] [stderr]   [ 12%] Building CXX object cmsat5-src/CMakeFiles/libcryptominisat5.dir/clausecleaner.cpp.o
[INFO] [stderr]   [ 14%] Building CXX object cmsat5-src/CMakeFiles/libcryptominisat5.dir/subsumestrengthen.cpp.o
[INFO] [stderr]   [ 17%] Building CXX object cmsat5-src/CMakeFiles/libcryptominisat5.dir/clauseallocator.cpp.o
[INFO] [stderr]   [ 19%] Building CXX object cmsat5-src/CMakeFiles/libcryptominisat5.dir/prober.cpp.o
[INFO] [stderr]   Copying cryptominisat.h to /opt/rustwide/target/debug/build/cryptominisat-dfcfd778785d03f9/out/build/include/cryptominisat5
[INFO] [stderr]   [ 21%] Building CXX object cmsat5-src/CMakeFiles/libcryptominisat5.dir/occsimplifier.cpp.o
[INFO] [stderr]   [ 24%] Building CXX object cmsat5-src/CMakeFiles/libcryptominisat5.dir/sccfinder.cpp.o
[INFO] [stderr]   [ 26%] Building CXX object cmsat5-src/CMakeFiles/libcryptominisat5.dir/distillerlongwithimpl.cpp.o
[INFO] [stderr]   [ 29%] Building CXX object cmsat5-src/CMakeFiles/libcryptominisat5.dir/distillerlong.cpp.o
[INFO] [stderr]   [ 31%] Building CXX object cmsat5-src/CMakeFiles/libcryptominisat5.dir/solverconf.cpp.o
[INFO] [stderr]   [ 34%] Building CXX object cmsat5-src/CMakeFiles/libcryptominisat5.dir/str_impl_w_impl_stamp.cpp.o
[INFO] [stderr]   Copying solvertypesmini.h to /opt/rustwide/target/debug/build/cryptominisat-dfcfd778785d03f9/out/build/include/cryptominisat5
[INFO] [stderr]   Copying dimacsparser.h to /opt/rustwide/target/debug/build/cryptominisat-dfcfd778785d03f9/out/build/include/cryptominisat5
[INFO] [stderr]   Copying streambuffer.h to /opt/rustwide/target/debug/build/cryptominisat-dfcfd778785d03f9/out/build/include/cryptominisat5
[INFO] [stderr]   [ 34%] Built target CopyPublicHeaders
[INFO] [stderr]   [ 36%] Building CXX object cmsat5-src/CMakeFiles/libcryptominisat5.dir/solutionextender.cpp.o
[INFO] [stderr]   [ 39%] Building CXX object cmsat5-src/CMakeFiles/libcryptominisat5.dir/completedetachreattacher.cpp.o
[INFO] [stderr]   [ 41%] Building CXX object cmsat5-src/CMakeFiles/libcryptominisat5.dir/searcher.cpp.o
[INFO] [stderr]   [ 43%] Building CXX object cmsat5-src/CMakeFiles/libcryptominisat5.dir/solver.cpp.o
[INFO] [stderr]   [ 46%] Building CXX object cmsat5-src/CMakeFiles/libcryptominisat5.dir/sqlstats.cpp.o
[INFO] [stderr]   [ 48%] Building CXX object cmsat5-src/CMakeFiles/libcryptominisat5.dir/implcache.cpp.o
[INFO] [stderr]   [ 51%] Building CXX object cmsat5-src/CMakeFiles/libcryptominisat5.dir/stamp.cpp.o
[INFO] [stderr]   [ 53%] Building CXX object cmsat5-src/CMakeFiles/libcryptominisat5.dir/compfinder.cpp.o
[INFO] [stderr]   [ 56%] Building CXX object cmsat5-src/CMakeFiles/libcryptominisat5.dir/comphandler.cpp.o
[INFO] [stderr]   [ 58%] Building CXX object cmsat5-src/CMakeFiles/libcryptominisat5.dir/hyperengine.cpp.o
[INFO] [stderr]   [ 60%] Building CXX object cmsat5-src/CMakeFiles/libcryptominisat5.dir/subsumeimplicit.cpp.o
[INFO] [stderr]   [ 63%] Building CXX object cmsat5-src/CMakeFiles/libcryptominisat5.dir/datasync.cpp.o
[INFO] [stderr]   [ 65%] Building CXX object cmsat5-src/CMakeFiles/libcryptominisat5.dir/reducedb.cpp.o
[INFO] [stderr]   [ 68%] Building CXX object cmsat5-src/CMakeFiles/libcryptominisat5.dir/clausedumper.cpp.o
[INFO] [stderr]   [ 70%] Building CXX object cmsat5-src/CMakeFiles/libcryptominisat5.dir/bva.cpp.o
[INFO] [stderr] 
[INFO] [stderr]   --- stderr
[INFO] [stderr]   CMake Warning at CMakeLists.txt:689 (message):
[INFO] [stderr]     Testing is disabled
[INFO] [stderr] 
[INFO] [stderr] 
[INFO] [stderr]   <command-line>: warning: "_FORTIFY_SOURCE" redefined
[INFO] [stderr]   <built-in>: note: this is the location of the previous definition
[INFO] [stderr]   <command-line>: warning: "_FORTIFY_SOURCE" redefined
[INFO] [stderr]   <built-in>: note: this is the location of the previous definition
[INFO] [stderr]   <command-line>: warning: "_FORTIFY_SOURCE" redefined
[INFO] [stderr]   <built-in>: note: this is the location of the previous definition
[INFO] [stderr]   <command-line>: warning: "_FORTIFY_SOURCE" redefined
[INFO] [stderr]   <built-in>: note: this is the location of the previous definition
[INFO] [stderr]   <command-line>: warning: "_FORTIFY_SOURCE" redefined
[INFO] [stderr]   <built-in>: note: this is the location of the previous definition
[INFO] [stderr]   <command-line>: warning: "_FORTIFY_SOURCE" redefined
[INFO] [stderr]   <built-in>: note: this is the location of the previous definition
[INFO] [stderr]   <command-line>: warning: "_FORTIFY_SOURCE" redefined
[INFO] [stderr]   <built-in>: note: this is the location of the previous definition
[INFO] [stderr]   <command-line>: warning: "_FORTIFY_SOURCE" redefined
[INFO] [stderr]   <built-in>: note: this is the location of the previous definition
[INFO] [stderr]   <command-line>: warning: "_FORTIFY_SOURCE" redefined
[INFO] [stderr]   <built-in>: note: this is the location of the previous definition
[INFO] [stderr]   <command-line>: warning: "_FORTIFY_SOURCE" redefined
[INFO] [stderr]   <built-in>: note: this is the location of the previous definition
[INFO] [stderr]   <command-line>: warning: "_FORTIFY_SOURCE" redefined
[INFO] [stderr]   <built-in>: note: this is the location of the previous definition
[INFO] [stderr]   <command-line>: warning: "_FORTIFY_SOURCE" redefined
[INFO] [stderr]   <built-in>: note: this is the location of the previous definition
[INFO] [stderr]   <command-line>: warning: "_FORTIFY_SOURCE" redefined
[INFO] [stderr]   <built-in>: note: this is the location of the previous definition
[INFO] [stderr]   <command-line>: warning: "_FORTIFY_SOURCE" redefined
[INFO] [stderr]   <built-in>: note: this is the location of the previous definition
[INFO] [stderr]   <command-line>: warning: "_FORTIFY_SOURCE" redefined
[INFO] [stderr]   <built-in>: note: this is the location of the previous definition
[INFO] [stderr]   In file included from /opt/rustwide/cargo-home/git/checkouts/cryptominisat-rs-75edc64e29520f5b/79380e6/cryptominisat/src/solverconf.cpp:24:
[INFO] [stderr]   /opt/rustwide/cargo-home/git/checkouts/cryptominisat-rs-75edc64e29520f5b/79380e6/cryptominisat/src/solverconf.h: In function 'unsigned int CMSat::clean_to_int(CMSat::ClauseClean)':
[INFO] [stderr]   /opt/rustwide/cargo-home/git/checkouts/cryptominisat-rs-75edc64e29520f5b/79380e6/cryptominisat/src/solverconf.h:54:1: warning: control reaches end of non-void function [-Wreturn-type]
[INFO] [stderr]      54 | }
[INFO] [stderr]         | ^
[INFO] [stderr]   <command-line>: warning: "_FORTIFY_SOURCE" redefined
[INFO] [stderr]   <built-in>: note: this is the location of the previous definition
[INFO] [stderr]   <command-line>: warning: "_FORTIFY_SOURCE" redefined
[INFO] [stderr]   <built-in>: note: this is the location of the previous definition
[INFO] [stderr]   <command-line>: warning: "_FORTIFY_SOURCE" redefined
[INFO] [stderr]   <built-in>: note: this is the location of the previous definition
[INFO] [stderr]   <command-line>: warning: "_FORTIFY_SOURCE" redefined
[INFO] [stderr]   <built-in>: note: this is the location of the previous definition
[INFO] [stderr]   <command-line>: warning: "_FORTIFY_SOURCE" redefined
[INFO] [stderr]   <built-in>: note: this is the location of the previous definition
[INFO] [stderr]   <command-line>: warning: "_FORTIFY_SOURCE" redefined
[INFO] [stderr]   <built-in>: note: this is the location of the previous definition
[INFO] [stderr]   <command-line>: warning: "_FORTIFY_SOURCE" redefined
[INFO] [stderr]   <built-in>: note: this is the location of the previous definition
[INFO] [stderr]   <command-line>: warning: "_FORTIFY_SOURCE" redefined
[INFO] [stderr]   <built-in>: note: this is the location of the previous definition
[INFO] [stderr]   <command-line>: warning: "_FORTIFY_SOURCE" redefined
[INFO] [stderr]   <built-in>: note: this is the location of the previous definition
[INFO] [stderr]   <command-line>: warning: "_FORTIFY_SOURCE" redefined
[INFO] [stderr]   <built-in>: note: this is the location of the previous definition
[INFO] [stderr]   <command-line>: warning: "_FORTIFY_SOURCE" redefined
[INFO] [stderr]   <built-in>: note: this is the location of the previous definition
[INFO] [stderr]   <command-line>: warning: "_FORTIFY_SOURCE" redefined
[INFO] [stderr]   <built-in>: note: this is the location of the previous definition
[INFO] [stderr]   In file included from /opt/rustwide/cargo-home/git/checkouts/cryptominisat-rs-75edc64e29520f5b/79380e6/cryptominisat/src/solvertypes.h:38,
[INFO] [stderr]                    from /opt/rustwide/cargo-home/git/checkouts/cryptominisat-rs-75edc64e29520f5b/79380e6/cryptominisat/src/propby.h:27,
[INFO] [stderr]                    from /opt/rustwide/cargo-home/git/checkouts/cryptominisat-rs-75edc64e29520f5b/79380e6/cryptominisat/src/propengine.h:35,
[INFO] [stderr]                    from /opt/rustwide/cargo-home/git/checkouts/cryptominisat-rs-75edc64e29520f5b/79380e6/cryptominisat/src/searcher.h:28,
[INFO] [stderr]                    from /opt/rustwide/cargo-home/git/checkouts/cryptominisat-rs-75edc64e29520f5b/79380e6/cryptominisat/src/searcher.cpp:23:
[INFO] [stderr]   /opt/rustwide/cargo-home/git/checkouts/cryptominisat-rs-75edc64e29520f5b/79380e6/cryptominisat/src/solverconf.h: In function 'std::string CMSat::getNameOfRestartType(CMSat::Restart)':
[INFO] [stderr]   /opt/rustwide/cargo-home/git/checkouts/cryptominisat-rs-75edc64e29520f5b/79380e6/cryptominisat/src/solverconf.h:89:9: warning: control reaches end of non-void function [-Wreturn-type]
[INFO] [stderr]      89 |         default:
[INFO] [stderr]         |         ^~~~~~~
[INFO] [stderr]   <command-line>: warning: "_FORTIFY_SOURCE" redefined
[INFO] [stderr]   <built-in>: note: this is the location of the previous definition
[INFO] [stderr]   <command-line>: warning: "_FORTIFY_SOURCE" redefined
[INFO] [stderr]   <built-in>: note: this is the location of the previous definition
[INFO] [stderr]   c++: fatal error: Killed signal terminated program cc1plus
[INFO] [stderr]   compilation terminated.
[INFO] [stderr]   make[2]: *** [cmsat5-src/CMakeFiles/libcryptominisat5.dir/build.make:141: cmsat5-src/CMakeFiles/libcryptominisat5.dir/occsimplifier.cpp.o] Error 1
[INFO] [stderr]   make[2]: *** Waiting for unfinished jobs....
[INFO] [stderr]   c++: fatal error: Killed signal terminated program cc1plus
[INFO] [stderr]   compilation terminated.
[INFO] [stderr]   make[2]: *** [cmsat5-src/CMakeFiles/libcryptominisat5.dir/build.make:89: cmsat5-src/CMakeFiles/libcryptominisat5.dir/varreplacer.cpp.o] Error 1
[INFO] [stderr]   c++: fatal error: Killed signal terminated program cc1plus
[INFO] [stderr]   compilation terminated.
[INFO] [stderr]   make[2]: *** [cmsat5-src/CMakeFiles/libcryptominisat5.dir/build.make:284: cmsat5-src/CMakeFiles/libcryptominisat5.dir/solver.cpp.o] Error 1
[INFO] [stderr]   make[1]: *** [CMakeFiles/Makefile2:180: cmsat5-src/CMakeFiles/libcryptominisat5.dir/all] Error 2
[INFO] [stderr]   make: *** [Makefile:130: all] Error 2
[INFO] [stderr]   thread 'main' panicked at '
[INFO] [stderr]   command did not execute successfully, got: exit status: 2
[INFO] [stderr] 
[INFO] [stderr]   build script failed, must exit now', /opt/rustwide/cargo-home/registry/src/github.com-1ecc6299db9ec823/cmake-0.1.35/src/lib.rs:778:5
[INFO] [stderr]   stack backtrace:
[INFO] [stderr]      0:     0x55d1503f0bd0 - std::backtrace_rs::backtrace::libunwind::trace::ha0ad43e8a952bfe7
[INFO] [stderr]                                  at /rustc/c8dfcfe046a7680554bf4eb612bad840e7631c4b/library/std/src/../../backtrace/src/backtrace/libunwind.rs:90:5
[INFO] [stderr]      1:     0x55d1503f0bd0 - std::backtrace_rs::backtrace::trace_unsynchronized::h6830419c0c4130dc
[INFO] [stderr]                                  at /rustc/c8dfcfe046a7680554bf4eb612bad840e7631c4b/library/std/src/../../backtrace/src/backtrace/mod.rs:66:5
[INFO] [stderr]      2:     0x55d1503f0bd0 - std::sys_common::backtrace::_print_fmt::h8f3516631ffa1ef5
[INFO] [stderr]                                  at /rustc/c8dfcfe046a7680554bf4eb612bad840e7631c4b/library/std/src/sys_common/backtrace.rs:67:5
[INFO] [stderr]      3:     0x55d1503f0bd0 - <std::sys_common::backtrace::_print::DisplayBacktrace as core::fmt::Display>::fmt::he1640d5f0d93f618
[INFO] [stderr]                                  at /rustc/c8dfcfe046a7680554bf4eb612bad840e7631c4b/library/std/src/sys_common/backtrace.rs:46:22
[INFO] [stderr]      4:     0x55d15041026c - core::fmt::write::h88012e1f01caeebf
[INFO] [stderr]                                  at /rustc/c8dfcfe046a7680554bf4eb612bad840e7631c4b/library/core/src/fmt/mod.rs:1115:17
[INFO] [stderr]      5:     0x55d1503edb05 - std::io::Write::write_fmt::h360fa85b30182555
[INFO] [stderr]                                  at /rustc/c8dfcfe046a7680554bf4eb612bad840e7631c4b/library/std/src/io/mod.rs:1665:15
[INFO] [stderr]      6:     0x55d1503f30cb - std::sys_common::backtrace::_print::ha1f00492f406a015
[INFO] [stderr]                                  at /rustc/c8dfcfe046a7680554bf4eb612bad840e7631c4b/library/std/src/sys_common/backtrace.rs:49:5
[INFO] [stderr]      7:     0x55d1503f30cb - std::sys_common::backtrace::print::hd54561b13feb6af3
[INFO] [stderr]                                  at /rustc/c8dfcfe046a7680554bf4eb612bad840e7631c4b/library/std/src/sys_common/backtrace.rs:36:9
[INFO] [stderr]      8:     0x55d1503f30cb - std::panicking::default_hook::{{closure}}::h84fe124cd0864662
[INFO] [stderr]                                  at /rustc/c8dfcfe046a7680554bf4eb612bad840e7631c4b/library/std/src/panicking.rs:208:50
[INFO] [stderr]      9:     0x55d1503f2ba1 - std::panicking::default_hook::h5a8e74a76ce290a7
[INFO] [stderr]                                  at /rustc/c8dfcfe046a7680554bf4eb612bad840e7631c4b/library/std/src/panicking.rs:225:9
[INFO] [stderr]     10:     0x55d1503f3794 - std::panicking::rust_panic_with_hook::h67c812a4fe9d4c91
[INFO] [stderr]                                  at /rustc/c8dfcfe046a7680554bf4eb612bad840e7631c4b/library/std/src/panicking.rs:622:17
[INFO] [stderr]     11:     0x55d1503f3277 - std::panicking::begin_panic_handler::{{closure}}::h33f9c1b96af300d7
[INFO] [stderr]                                  at /rustc/c8dfcfe046a7680554bf4eb612bad840e7631c4b/library/std/src/panicking.rs:519:13
[INFO] [stderr]     12:     0x55d1503f10cc - std::sys_common::backtrace::__rust_end_short_backtrace::h51bae64be5921f0e
[INFO] [stderr]                                  at /rustc/c8dfcfe046a7680554bf4eb612bad840e7631c4b/library/std/src/sys_common/backtrace.rs:141:18
[INFO] [stderr]     13:     0x55d1503f31d9 - rust_begin_unwind
[INFO] [stderr]                                  at /rustc/c8dfcfe046a7680554bf4eb612bad840e7631c4b/library/std/src/panicking.rs:515:5
[INFO] [stderr]     14:     0x55d150386bbb - std::panicking::begin_panic_fmt::h7ab3d84aa4ae32a2
[INFO] [stderr]                                  at /rustc/c8dfcfe046a7680554bf4eb612bad840e7631c4b/library/std/src/panicking.rs:457:5
[INFO] [stderr]     15:     0x55d15038fbc3 - cmake::fail::hf67448aafff2dc7b
[INFO] [stderr]                                  at /opt/rustwide/cargo-home/registry/src/github.com-1ecc6299db9ec823/cmake-0.1.35/src/lib.rs:778:5
[INFO] [stderr]     16:     0x55d15038f5d1 - cmake::run::h3a10215dd980bef5
[INFO] [stderr]                                  at /opt/rustwide/cargo-home/registry/src/github.com-1ecc6299db9ec823/cmake-0.1.35/src/lib.rs:759:9
[INFO] [stderr]     17:     0x55d15038c7b7 - cmake::Config::build::h9405dc9799fd3bca
[INFO] [stderr]                                  at /opt/rustwide/cargo-home/registry/src/github.com-1ecc6299db9ec823/cmake-0.1.35/src/lib.rs:671:9
[INFO] [stderr]     18:     0x55d150388505 - build_script_build::main::ha22b84262e512e85
[INFO] [stderr]                                  at /opt/rustwide/cargo-home/git/checkouts/cryptominisat-rs-75edc64e29520f5b/79380e6/build.rs:28:15
[INFO] [stderr]     19:     0x55d15038880b - core::ops::function::FnOnce::call_once::h85490610acd88f83
[INFO] [stderr]                                  at /rustc/c8dfcfe046a7680554bf4eb612bad840e7631c4b/library/core/src/ops/function.rs:227:5
[INFO] [stderr]     20:     0x55d15038811e - std::sys_common::backtrace::__rust_begin_short_backtrace::h5032a29a90b2b2f7
[INFO] [stderr]                                  at /rustc/c8dfcfe046a7680554bf4eb612bad840e7631c4b/library/std/src/sys_common/backtrace.rs:125:18
[INFO] [stderr]     21:     0x55d150388ba1 - std::rt::lang_start::{{closure}}::hf46b7f65285a892e
[INFO] [stderr]                                  at /rustc/c8dfcfe046a7680554bf4eb612bad840e7631c4b/library/std/src/rt.rs:63:18
[INFO] [stderr]     22:     0x55d1503f3c9a - core::ops::function::impls::<impl core::ops::function::FnOnce<A> for &F>::call_once::ha9408abe89f69dc4
[INFO] [stderr]                                  at /rustc/c8dfcfe046a7680554bf4eb612bad840e7631c4b/library/core/src/ops/function.rs:259:13
[INFO] [stderr]     23:     0x55d1503f3c9a - std::panicking::try::do_call::h5b0cc9e9102acb65
[INFO] [stderr]                                  at /rustc/c8dfcfe046a7680554bf4eb612bad840e7631c4b/library/std/src/panicking.rs:401:40
[INFO] [stderr]     24:     0x55d1503f3c9a - std::panicking::try::hddc7f8229138b3ba
[INFO] [stderr]                                  at /rustc/c8dfcfe046a7680554bf4eb612bad840e7631c4b/library/std/src/panicking.rs:365:19
[INFO] [stderr]     25:     0x55d1503f3c9a - std::panic::catch_unwind::hfa401ff8bab2986e
[INFO] [stderr]                                  at /rustc/c8dfcfe046a7680554bf4eb612bad840e7631c4b/library/std/src/panic.rs:434:14
[INFO] [stderr]     26:     0x55d1503f3c9a - std::rt::lang_start_internal::{{closure}}::h8163422320d11405
[INFO] [stderr]                                  at /rustc/c8dfcfe046a7680554bf4eb612bad840e7631c4b/library/std/src/rt.rs:45:48
[INFO] [stderr]     27:     0x55d1503f3c9a - std::panicking::try::do_call::hc742cc7bb4f0fb20
[INFO] [stderr]                                  at /rustc/c8dfcfe046a7680554bf4eb612bad840e7631c4b/library/std/src/panicking.rs:401:40
[INFO] [stderr]     28:     0x55d1503f3c9a - std::panicking::try::ha37d8d2dd1acf7d3
[INFO] [stderr]                                  at /rustc/c8dfcfe046a7680554bf4eb612bad840e7631c4b/library/std/src/panicking.rs:365:19
[INFO] [stderr]     29:     0x55d1503f3c9a - std::panic::catch_unwind::h8a5381d5ecf437bc
[INFO] [stderr]                                  at /rustc/c8dfcfe046a7680554bf4eb612bad840e7631c4b/library/std/src/panic.rs:434:14
[INFO] [stderr]     30:     0x55d1503f3c9a - std::rt::lang_start_internal::h7e2cee8c90d4a4d3
[INFO] [stderr]                                  at /rustc/c8dfcfe046a7680554bf4eb612bad840e7631c4b/library/std/src/rt.rs:45:20
[INFO] [stderr]     31:     0x55d150388b70 - std::rt::lang_start::hc607e32ac849c088
[INFO] [stderr]                                  at /rustc/c8dfcfe046a7680554bf4eb612bad840e7631c4b/library/std/src/rt.rs:62:5
[INFO] [stderr]     32:     0x55d1503886ec - main
[INFO] [stderr]     33:     0x7fd3b45c20b3 - __libc_start_main
[INFO] [stderr]     34:     0x55d1503879ce - _start
[INFO] [stderr]     35:                0x0 - <unknown>
[INFO] [stderr] warning: build failed, waiting for other jobs to finish...
[INFO] [stderr] error: build failed
[INFO] running `Command { std: "docker" "inspect" "972eeb3c89b7b1dc58e1b9b6d7d48e03d5cc8ee017340e75b97302632dcaed3f", kill_on_drop: false }`
[INFO] running `Command { std: "docker" "rm" "-f" "972eeb3c89b7b1dc58e1b9b6d7d48e03d5cc8ee017340e75b97302632dcaed3f", kill_on_drop: false }`
[INFO] [stdout] 972eeb3c89b7b1dc58e1b9b6d7d48e03d5cc8ee017340e75b97302632dcaed3f
