[INFO] cloning repository https://github.com/lrogana/dungeon
[INFO] running `Command { std: "git" "-c" "credential.helper=" "-c" "credential.helper=/workspace/cargo-home/bin/git-credential-null" "clone" "--bare" "https://github.com/lrogana/dungeon" "/workspace/cache/git-repos/https%3A%2F%2Fgithub.com%2Flrogana%2Fdungeon", kill_on_drop: false }`
[INFO] [stderr] Cloning into bare repository '/workspace/cache/git-repos/https%3A%2F%2Fgithub.com%2Flrogana%2Fdungeon'...
[INFO] running `Command { std: "git" "rev-parse" "HEAD", kill_on_drop: false }`
[INFO] [stdout] 257c2bb1c3957ea63f16081106c474238e4c2ed1
[INFO] checking lrogana/dungeon against beta-2021-10-15 for beta-1.56-3
[INFO] running `Command { std: "git" "clone" "/workspace/cache/git-repos/https%3A%2F%2Fgithub.com%2Flrogana%2Fdungeon" "/workspace/builds/worker-4/source", kill_on_drop: false }`
[INFO] [stderr] Cloning into '/workspace/builds/worker-4/source'...
[INFO] [stderr] done.
[INFO] validating manifest of git repo https://github.com/lrogana/dungeon on toolchain beta-2021-10-15
[INFO] running `Command { std: "/workspace/cargo-home/bin/cargo" "+beta-2021-10-15" "metadata" "--manifest-path" "Cargo.toml" "--no-deps", kill_on_drop: false }`
[INFO] started tweaking git repo https://github.com/lrogana/dungeon
[INFO] finished tweaking git repo https://github.com/lrogana/dungeon
[INFO] tweaked toml for git repo https://github.com/lrogana/dungeon written to /workspace/builds/worker-4/source/Cargo.toml
[INFO] crate git repo https://github.com/lrogana/dungeon already has a lockfile, it will not be regenerated
[INFO] running `Command { std: "/workspace/cargo-home/bin/cargo" "+beta-2021-10-15" "fetch" "--manifest-path" "Cargo.toml", kill_on_drop: false }`
[INFO] running `Command { std: "docker" "create" "-v" "/var/lib/crater-agent-workspace/builds/worker-4/target:/opt/rustwide/target:rw,Z" "-v" "/var/lib/crater-agent-workspace/builds/worker-4/source:/opt/rustwide/workdir:ro,Z" "-v" "/var/lib/crater-agent-workspace/cargo-home:/opt/rustwide/cargo-home:ro,Z" "-v" "/var/lib/crater-agent-workspace/rustup-home:/opt/rustwide/rustup-home:ro,Z" "-e" "SOURCE_DIR=/opt/rustwide/workdir" "-e" "CARGO_TARGET_DIR=/opt/rustwide/target" "-e" "CARGO_HOME=/opt/rustwide/cargo-home" "-e" "RUSTUP_HOME=/opt/rustwide/rustup-home" "-w" "/opt/rustwide/workdir" "-m" "1610612736" "--user" "0:0" "--network" "none" "ghcr.io/rust-lang/crates-build-env/linux@sha256:a89201d6b5b9fd45c15d5952ece0a0129e7e80cb26ec023fd59cf09bc26f1604" "/opt/rustwide/cargo-home/bin/cargo" "+beta-2021-10-15" "metadata" "--no-deps" "--format-version=1", kill_on_drop: false }`
[INFO] [stderr] WARNING: Your kernel does not support swap limit capabilities or the cgroup is not mounted. Memory limited without swap.
[INFO] [stdout] 3d0713aacd786ee6984a018f4926f657a1779d9043249d89d1826e7ca3fab94c
[INFO] running `Command { std: "docker" "start" "-a" "3d0713aacd786ee6984a018f4926f657a1779d9043249d89d1826e7ca3fab94c", kill_on_drop: false }`
[INFO] running `Command { std: "docker" "inspect" "3d0713aacd786ee6984a018f4926f657a1779d9043249d89d1826e7ca3fab94c", kill_on_drop: false }`
[INFO] running `Command { std: "docker" "rm" "-f" "3d0713aacd786ee6984a018f4926f657a1779d9043249d89d1826e7ca3fab94c", kill_on_drop: false }`
[INFO] [stdout] 3d0713aacd786ee6984a018f4926f657a1779d9043249d89d1826e7ca3fab94c
[INFO] running `Command { std: "docker" "create" "-v" "/var/lib/crater-agent-workspace/builds/worker-4/target:/opt/rustwide/target:rw,Z" "-v" "/var/lib/crater-agent-workspace/builds/worker-4/source:/opt/rustwide/workdir:ro,Z" "-v" "/var/lib/crater-agent-workspace/cargo-home:/opt/rustwide/cargo-home:ro,Z" "-v" "/var/lib/crater-agent-workspace/rustup-home:/opt/rustwide/rustup-home:ro,Z" "-e" "SOURCE_DIR=/opt/rustwide/workdir" "-e" "CARGO_TARGET_DIR=/opt/rustwide/target" "-e" "CARGO_INCREMENTAL=0" "-e" "RUST_BACKTRACE=full" "-e" "RUSTFLAGS=--cap-lints=warn" "-e" "CARGO_HOME=/opt/rustwide/cargo-home" "-e" "RUSTUP_HOME=/opt/rustwide/rustup-home" "-w" "/opt/rustwide/workdir" "-m" "1610612736" "--user" "0:0" "--network" "none" "ghcr.io/rust-lang/crates-build-env/linux@sha256:a89201d6b5b9fd45c15d5952ece0a0129e7e80cb26ec023fd59cf09bc26f1604" "/opt/rustwide/cargo-home/bin/cargo" "+beta-2021-10-15" "check" "--frozen" "--all" "--all-targets" "--message-format=json", kill_on_drop: false }`
[INFO] [stdout] 8719262f1afbc9dbc214705406022f7ce46178e1f37791db29bb47453dc7b991
[INFO] [stderr] WARNING: Your kernel does not support swap limit capabilities or the cgroup is not mounted. Memory limited without swap.
[INFO] running `Command { std: "docker" "start" "-a" "8719262f1afbc9dbc214705406022f7ce46178e1f37791db29bb47453dc7b991", kill_on_drop: false }`
[INFO] [stderr]    Compiling wide v0.4.6
[INFO] [stderr]    Compiling libloading v0.5.2
[INFO] [stderr]     Checking iovec v0.1.4
[INFO] [stderr]     Checking net2 v0.2.37
[INFO] [stderr]     Checking getrandom v0.1.15
[INFO] [stderr]     Checking parking_lot_core v0.7.2
[INFO] [stderr]     Checking memmap v0.7.0
[INFO] [stderr]     Checking shared_library v0.1.9
[INFO] [stderr]     Checking raw-window-handle v0.3.3
[INFO] [stderr]     Checking nix v0.14.1
[INFO] [stderr]     Checking approx v0.3.2
[INFO] [stderr]     Checking ordered-float v1.1.1
[INFO] [stderr]     Checking wayland-sys v0.23.6
[INFO] [stderr]     Checking x11-dl v2.18.5
[INFO] [stderr]     Checking flate2 v1.0.19
[INFO] [stderr]    Compiling glow v0.4.0
[INFO] [stderr]     Checking png v0.16.8
[INFO] [stderr]     Checking parking_lot_core v0.6.2
[INFO] [stderr]     Checking rusttype v0.8.3
[INFO] [stderr]     Checking parking_lot v0.10.2
[INFO] [stderr]     Checking rand_core v0.5.1
[INFO] [stderr]     Checking osmesa-sys v0.1.2
[INFO] [stderr]     Checking mio v0.6.23
[INFO] [stderr]     Checking parking_lot v0.9.0
[INFO] [stderr]     Checking rusttype v0.7.9
[INFO] [stderr]     Checking rand_chacha v0.2.2
[INFO] [stderr]     Checking rand_xorshift v0.2.0
[INFO] [stderr]     Checking bracket-color v0.8.1
[INFO] [stderr]     Checking andrew v0.2.1
[INFO] [stderr]     Checking image v0.23.12
[INFO] [stderr]     Checking rand v0.7.3
[INFO] [stderr]     Checking object-pool v0.4.4
[INFO] [stderr]     Checking mio-extras v2.0.6
[INFO] [stderr]     Checking ultraviolet v0.4.6
[INFO] [stderr]     Checking glutin_glx_sys v0.1.7
[INFO] [stderr]     Checking bracket-random v0.8.0
[INFO] [stderr]     Checking bracket-geometry v0.8.1
[INFO] [stderr]     Checking bracket-noise v0.8.1
[INFO] [stderr]     Checking bracket-algorithm-traits v0.8.1
[INFO] [stderr]     Checking bracket-pathfinding v0.8.1
[INFO] [stderr]     Checking wayland-commons v0.23.6
[INFO] [stderr]     Checking calloop v0.4.4
[INFO] [stderr]     Checking wayland-client v0.23.6
[INFO] [stderr]     Checking wayland-protocols v0.23.6
[INFO] [stderr]     Checking smithay-client-toolkit v0.6.6
[INFO] [stderr]     Checking winit v0.22.2
[INFO] [stderr]     Checking glutin v0.24.1
[INFO] [stderr]     Checking bracket-terminal v0.8.1
[INFO] [stderr]     Checking bracket-lib v0.8.1
[INFO] [stderr]     Checking dungeoncrawl v0.1.0 (/opt/rustwide/workdir)
[INFO] [stdout] error[E0583]: file not found for module `camera`
[INFO] [stdout]  --> src/main.rs:6:1
[INFO] [stdout]   |
[INFO] [stdout] 6 | mod camera;
[INFO] [stdout]   | ^^^^^^^^^^^
[INFO] [stdout]   |
[INFO] [stdout]   = help: to create the module `camera`, create file "src/camera.rs" or "src/camera/mod.rs"
[INFO] [stdout] 
[INFO] [stdout] 
[INFO] [stdout] error[E0583]: file not found for module `camera`
[INFO] [stdout]  --> src/main.rs:6:1
[INFO] [stdout]   |
[INFO] [stdout] 6 | mod camera;
[INFO] [stdout]   | ^^^^^^^^^^^
[INFO] [stdout]   |
[INFO] [stdout]   = help: to create the module `camera`, create file "src/camera.rs" or "src/camera/mod.rs"
[INFO] [stdout] 
[INFO] [stdout] 
[INFO] [stdout] error[E0433]: failed to resolve: use of undeclared type `Camera`
[INFO] [stdout]   --> src/main.rs:35:21
[INFO] [stdout]    |
[INFO] [stdout] 35 |             camera: Camera::new(map_builder.player_start)
[INFO] [stdout]    |                     ^^^^^^ use of undeclared type `Camera`
[INFO] [stdout] 
[INFO] [stdout] 
[INFO] [stdout] error[E0412]: cannot find type `Camera` in this scope
[INFO] [stdout]   --> src/main.rs:25:13
[INFO] [stdout]    |
[INFO] [stdout] 25 |     camera: Camera
[INFO] [stdout]    |             ^^^^^^ not found in this scope
[INFO] [stdout] 
[INFO] [stdout] 
[INFO] [stdout] error[E0433]: failed to resolve: use of undeclared type `Camera`
[INFO] [stdout]   --> src/main.rs:35:21
[INFO] [stdout]    |
[INFO] [stdout] 35 |             camera: Camera::new(map_builder.player_start)
[INFO] [stdout]    |                     ^^^^^^ use of undeclared type `Camera`
[INFO] [stdout] 
[INFO] [stdout] 
[INFO] [stdout] error[E0412]: cannot find type `Camera` in this scope
[INFO] [stdout]   --> src/main.rs:25:13
[INFO] [stdout]    |
[INFO] [stdout] 25 |     camera: Camera
[INFO] [stdout]    |             ^^^^^^ not found in this scope
[INFO] [stdout] 
[INFO] [stdout] 
[INFO] [stdout] error[E0061]: this function takes 2 arguments but 3 arguments were supplied
[INFO] [stdout]   --> src/main.rs:46:21
[INFO] [stdout]    |
[INFO] [stdout] 46 |         self.player.update(ctx, &self.map, &mut self.camera);
[INFO] [stdout]    |                     ^^^^^^ ---  ---------  ---------------- supplied 3 arguments
[INFO] [stdout]    |                     |
[INFO] [stdout]    |                     expected 2 arguments
[INFO] [stdout]    |
[INFO] [stdout] note: associated function defined here
[INFO] [stdout]   --> src/player.rs:24:12
[INFO] [stdout]    |
[INFO] [stdout] 24 |     pub fn update(&mut self, ctx: &mut BTerm, map : &Map) {
[INFO] [stdout]    |            ^^^^^^ ---------  ---------------  ----------
[INFO] [stdout] 
[INFO] [stdout] 
[INFO] [stdout] error[E0061]: this function takes 1 argument but 2 arguments were supplied
[INFO] [stdout]   --> src/main.rs:47:18
[INFO] [stdout]    |
[INFO] [stdout] 47 |         self.map.render(ctx, &self.camera);
[INFO] [stdout]    |                  ^^^^^^ ---  ------------ supplied 2 arguments
[INFO] [stdout]    |                  |
[INFO] [stdout]    |                  expected 1 argument
[INFO] [stdout]    |
[INFO] [stdout] note: associated function defined here
[INFO] [stdout]   --> src/map.rs:37:12
[INFO] [stdout]    |
[INFO] [stdout] 37 |     pub fn render(&self, ctx: &mut BTerm) {
[INFO] [stdout]    |            ^^^^^^ -----  ---------------
[INFO] [stdout] 
[INFO] [stdout] 
[INFO] [stdout] error[E0061]: this function takes 1 argument but 2 arguments were supplied
[INFO] [stdout]   --> src/main.rs:48:21
[INFO] [stdout]    |
[INFO] [stdout] 48 |         self.player.render(ctx, &self.camera);
[INFO] [stdout]    |                     ^^^^^^ ---  ------------ supplied 2 arguments
[INFO] [stdout]    |                     |
[INFO] [stdout]    |                     expected 1 argument
[INFO] [stdout]    |
[INFO] [stdout] note: associated function defined here
[INFO] [stdout]   --> src/player.rs:14:12
[INFO] [stdout]    |
[INFO] [stdout] 14 |     pub fn render(&self, ctx: &mut BTerm) {
[INFO] [stdout]    |            ^^^^^^ -----  ---------------
[INFO] [stdout] 
[INFO] [stdout] 
[INFO] [stdout] error: aborting due to 6 previous errors
[INFO] [stdout] 
[INFO] [stdout] 
[INFO] [stdout] Some errors have detailed explanations: E0061, E0412, E0433, E0583.
[INFO] [stdout] 
[INFO] [stdout] For more information about an error, try `rustc --explain E0061`.
[INFO] [stdout] 
[INFO] [stderr] error: could not compile `dungeoncrawl` due to 7 previous errors
[INFO] [stderr] warning: build failed, waiting for other jobs to finish...
[INFO] [stdout] error[E0061]: this function takes 2 arguments but 3 arguments were supplied
[INFO] [stdout]   --> src/main.rs:46:21
[INFO] [stdout]    |
[INFO] [stdout] 46 |         self.player.update(ctx, &self.map, &mut self.camera);
[INFO] [stdout]    |                     ^^^^^^ ---  ---------  ---------------- supplied 3 arguments
[INFO] [stdout]    |                     |
[INFO] [stdout]    |                     expected 2 arguments
[INFO] [stdout]    |
[INFO] [stdout] note: associated function defined here
[INFO] [stdout]   --> src/player.rs:24:12
[INFO] [stdout]    |
[INFO] [stdout] 24 |     pub fn update(&mut self, ctx: &mut BTerm, map : &Map) {
[INFO] [stdout]    |            ^^^^^^ ---------  ---------------  ----------
[INFO] [stdout] 
[INFO] [stdout] 
[INFO] [stdout] error[E0061]: this function takes 1 argument but 2 arguments were supplied
[INFO] [stdout]   --> src/main.rs:47:18
[INFO] [stdout]    |
[INFO] [stdout] 47 |         self.map.render(ctx, &self.camera);
[INFO] [stdout]    |                  ^^^^^^ ---  ------------ supplied 2 arguments
[INFO] [stdout]    |                  |
[INFO] [stdout]    |                  expected 1 argument
[INFO] [stdout]    |
[INFO] [stdout] note: associated function defined here
[INFO] [stdout]   --> src/map.rs:37:12
[INFO] [stdout]    |
[INFO] [stdout] 37 |     pub fn render(&self, ctx: &mut BTerm) {
[INFO] [stdout]    |            ^^^^^^ -----  ---------------
[INFO] [stdout] 
[INFO] [stdout] 
[INFO] [stdout] error[E0061]: this function takes 1 argument but 2 arguments were supplied
[INFO] [stdout]   --> src/main.rs:48:21
[INFO] [stdout]    |
[INFO] [stdout] 48 |         self.player.render(ctx, &self.camera);
[INFO] [stdout]    |                     ^^^^^^ ---  ------------ supplied 2 arguments
[INFO] [stdout]    |                     |
[INFO] [stdout]    |                     expected 1 argument
[INFO] [stdout]    |
[INFO] [stdout] note: associated function defined here
[INFO] [stdout]   --> src/player.rs:14:12
[INFO] [stdout]    |
[INFO] [stdout] 14 |     pub fn render(&self, ctx: &mut BTerm) {
[INFO] [stdout]    |            ^^^^^^ -----  ---------------
[INFO] [stdout] 
[INFO] [stdout] 
[INFO] [stdout] error: aborting due to 6 previous errors
[INFO] [stdout] 
[INFO] [stdout] 
[INFO] [stdout] Some errors have detailed explanations: E0061, E0412, E0433, E0583.
[INFO] [stdout] 
[INFO] [stdout] For more information about an error, try `rustc --explain E0061`.
[INFO] [stdout] 
[INFO] [stderr] error: build failed
[INFO] running `Command { std: "docker" "inspect" "8719262f1afbc9dbc214705406022f7ce46178e1f37791db29bb47453dc7b991", kill_on_drop: false }`
[INFO] running `Command { std: "docker" "rm" "-f" "8719262f1afbc9dbc214705406022f7ce46178e1f37791db29bb47453dc7b991", kill_on_drop: false }`
[INFO] [stdout] 8719262f1afbc9dbc214705406022f7ce46178e1f37791db29bb47453dc7b991
