[INFO] cloning repository https://github.com/lore-lml/streams-1.1.0
[INFO] running `Command { std: "git" "-c" "credential.helper=" "-c" "credential.helper=/workspace/cargo-home/bin/git-credential-null" "clone" "--bare" "https://github.com/lore-lml/streams-1.1.0" "/workspace/cache/git-repos/https%3A%2F%2Fgithub.com%2Flore-lml%2Fstreams-1.1.0", kill_on_drop: false }`
[INFO] [stderr] Cloning into bare repository '/workspace/cache/git-repos/https%3A%2F%2Fgithub.com%2Flore-lml%2Fstreams-1.1.0'...
[INFO] running `Command { std: "git" "rev-parse" "HEAD", kill_on_drop: false }`
[INFO] [stdout] 603d51ca1766943a99c92df820208b412861245c
[INFO] checking lore-lml/streams-1.1.0 against beta-2021-10-15 for beta-1.56-3
[INFO] running `Command { std: "git" "clone" "/workspace/cache/git-repos/https%3A%2F%2Fgithub.com%2Flore-lml%2Fstreams-1.1.0" "/workspace/builds/worker-11/source", kill_on_drop: false }`
[INFO] [stderr] Cloning into '/workspace/builds/worker-11/source'...
[INFO] [stderr] done.
[INFO] validating manifest of git repo https://github.com/lore-lml/streams-1.1.0 on toolchain beta-2021-10-15
[INFO] running `Command { std: "/workspace/cargo-home/bin/cargo" "+beta-2021-10-15" "metadata" "--manifest-path" "Cargo.toml" "--no-deps", kill_on_drop: false }`
[INFO] started tweaking git repo https://github.com/lore-lml/streams-1.1.0
[INFO] finished tweaking git repo https://github.com/lore-lml/streams-1.1.0
[INFO] tweaked toml for git repo https://github.com/lore-lml/streams-1.1.0 written to /workspace/builds/worker-11/source/Cargo.toml
[INFO] crate git repo https://github.com/lore-lml/streams-1.1.0 already has a lockfile, it will not be regenerated
[INFO] running `Command { std: "/workspace/cargo-home/bin/cargo" "+beta-2021-10-15" "fetch" "--manifest-path" "Cargo.toml", kill_on_drop: false }`
[INFO] [stderr]     Updating git repository `https://github.com/iotaledger/crypto.rs`
[INFO] [stderr]     Updating git repository `https://github.com/iotaledger/iota.rs`
[INFO] [stderr]  Downloading crates ...
[INFO] [stderr]   Downloaded ed25519-zebra v2.2.0
[INFO] [stderr]   Downloaded bee-message v0.1.5
[INFO] [stderr]   Downloaded cty v0.2.1
[INFO] [stderr]   Downloaded cstr_core v0.2.3
[INFO] [stderr]   Downloaded bech32 v0.8.0
[INFO] [stderr]   Downloaded smol v1.2.5
[INFO] [stderr]   Downloaded bee-ledger v0.1.0
[INFO] [stderr]   Downloaded bee-network v0.1.0
[INFO] [stderr]   Downloaded crypto-mac v0.11.0
[INFO] [stderr]   Downloaded bee-common v0.4.1
[INFO] [stderr]   Downloaded bee-ternary v0.4.2-alpha
[INFO] [stderr]   Downloaded bee-rest-api v0.1.0
[INFO] [stderr]   Downloaded async-net v1.6.0
[INFO] [stderr]   Downloaded async-fs v1.5.0
[INFO] [stderr]   Downloaded iota-crypto v0.5.1
[INFO] [stderr]   Downloaded displaydoc v0.2.1
[INFO] [stderr]   Downloaded iota-crypto v0.4.2
[INFO] [stderr]   Downloaded bee-crypto v0.2.1-alpha
[INFO] [stderr]   Downloaded bee-protocol v0.1.0
[INFO] [stderr]   Downloaded bee-pow v0.1.0
[INFO] running `Command { std: "docker" "create" "-v" "/var/lib/crater-agent-workspace/builds/worker-11/target:/opt/rustwide/target:rw,Z" "-v" "/var/lib/crater-agent-workspace/builds/worker-11/source:/opt/rustwide/workdir:ro,Z" "-v" "/var/lib/crater-agent-workspace/cargo-home:/opt/rustwide/cargo-home:ro,Z" "-v" "/var/lib/crater-agent-workspace/rustup-home:/opt/rustwide/rustup-home:ro,Z" "-e" "SOURCE_DIR=/opt/rustwide/workdir" "-e" "CARGO_TARGET_DIR=/opt/rustwide/target" "-e" "CARGO_HOME=/opt/rustwide/cargo-home" "-e" "RUSTUP_HOME=/opt/rustwide/rustup-home" "-w" "/opt/rustwide/workdir" "-m" "1610612736" "--user" "0:0" "--network" "none" "ghcr.io/rust-lang/crates-build-env/linux@sha256:a89201d6b5b9fd45c15d5952ece0a0129e7e80cb26ec023fd59cf09bc26f1604" "/opt/rustwide/cargo-home/bin/cargo" "+beta-2021-10-15" "metadata" "--no-deps" "--format-version=1", kill_on_drop: false }`
[INFO] [stdout] 51ce982c76b28687c673b6533d0c10a9d493b395fb3413751d5b1a3c9ae1ea83
[INFO] [stderr] WARNING: Your kernel does not support swap limit capabilities or the cgroup is not mounted. Memory limited without swap.
[INFO] running `Command { std: "docker" "start" "-a" "51ce982c76b28687c673b6533d0c10a9d493b395fb3413751d5b1a3c9ae1ea83", kill_on_drop: false }`
[INFO] running `Command { std: "docker" "inspect" "51ce982c76b28687c673b6533d0c10a9d493b395fb3413751d5b1a3c9ae1ea83", kill_on_drop: false }`
[INFO] running `Command { std: "docker" "rm" "-f" "51ce982c76b28687c673b6533d0c10a9d493b395fb3413751d5b1a3c9ae1ea83", kill_on_drop: false }`
[INFO] [stdout] 51ce982c76b28687c673b6533d0c10a9d493b395fb3413751d5b1a3c9ae1ea83
[INFO] running `Command { std: "docker" "create" "-v" "/var/lib/crater-agent-workspace/builds/worker-11/target:/opt/rustwide/target:rw,Z" "-v" "/var/lib/crater-agent-workspace/builds/worker-11/source:/opt/rustwide/workdir:ro,Z" "-v" "/var/lib/crater-agent-workspace/cargo-home:/opt/rustwide/cargo-home:ro,Z" "-v" "/var/lib/crater-agent-workspace/rustup-home:/opt/rustwide/rustup-home:ro,Z" "-e" "SOURCE_DIR=/opt/rustwide/workdir" "-e" "CARGO_TARGET_DIR=/opt/rustwide/target" "-e" "CARGO_INCREMENTAL=0" "-e" "RUST_BACKTRACE=full" "-e" "RUSTFLAGS=--cap-lints=warn" "-e" "CARGO_HOME=/opt/rustwide/cargo-home" "-e" "RUSTUP_HOME=/opt/rustwide/rustup-home" "-w" "/opt/rustwide/workdir" "-m" "1610612736" "--user" "0:0" "--network" "none" "ghcr.io/rust-lang/crates-build-env/linux@sha256:a89201d6b5b9fd45c15d5952ece0a0129e7e80cb26ec023fd59cf09bc26f1604" "/opt/rustwide/cargo-home/bin/cargo" "+beta-2021-10-15" "check" "--frozen" "--all" "--all-targets" "--message-format=json", kill_on_drop: false }`
[INFO] [stderr] WARNING: Your kernel does not support swap limit capabilities or the cgroup is not mounted. Memory limited without swap.
[INFO] [stdout] dd605bca357aa278ef8216e880e6d4f0c878670844ed293b133c4861e24a846a
[INFO] running `Command { std: "docker" "start" "-a" "dd605bca357aa278ef8216e880e6d4f0c878670844ed293b133c4861e24a846a", kill_on_drop: false }`
[INFO] [stderr]     Blocking waiting for file lock on package cache
[INFO] [stderr]     Blocking waiting for file lock on package cache
[INFO] [stderr]    Compiling proc-macro2 v1.0.27
[INFO] [stderr]    Compiling syn v1.0.72
[INFO] [stderr]    Compiling libc v0.2.95
[INFO] [stderr]    Compiling log v0.4.14
[INFO] [stderr]    Compiling getrandom v0.1.16
[INFO] [stderr]     Checking unsigned-varint v0.7.0
[INFO] [stderr]     Checking bech32 v0.8.0
[INFO] [stderr]    Compiling iota-streams-app v1.1.0 (/opt/rustwide/workdir/iota-streams-app)
[INFO] [stderr]     Checking cty v0.2.1
[INFO] [stderr]     Checking atomic_refcell v0.1.7
[INFO] [stderr]    Compiling wasm-bindgen v0.2.74
[INFO] [stderr]    Compiling wee_alloc v0.4.5
[INFO] [stderr]     Checking memory_units v0.4.0
[INFO] [stderr]    Compiling futures-util v0.3.15
[INFO] [stderr]    Compiling tokio v1.6.1
[INFO] [stderr]    Compiling bee-ternary v0.4.2-alpha
[INFO] [stderr]    Compiling bee-common v0.4.1
[INFO] [stderr]    Compiling hashbrown v0.8.2
[INFO] [stderr]    Compiling ring v0.16.20
[INFO] [stderr]     Checking itertools v0.10.0
[INFO] [stderr]    Compiling anyhow v1.0.40
[INFO] [stderr]     Checking cstr_core v0.2.3
[INFO] [stderr]     Checking futures-lite v1.11.3
[INFO] [stderr]     Checking tiny-keccak v2.0.2
[INFO] [stderr]     Checking crypto-mac v0.8.0
[INFO] [stderr]     Checking crypto-mac v0.11.0
[INFO] [stderr]     Checking num-integer v0.1.44
[INFO] [stderr]     Checking plotters v0.3.1
[INFO] [stderr]    Compiling petgraph v0.5.1
[INFO] [stderr]     Checking sha2 v0.8.2
[INFO] [stderr]     Checking sha2 v0.9.5
[INFO] [stderr]    Compiling cast v0.2.6
[INFO] [stderr]     Checking pbkdf2 v0.8.0
[INFO] [stderr]     Checking hmac v0.11.0
[INFO] [stderr]     Checking blake2 v0.9.1
[INFO] [stderr]     Checking iota-crypto v0.6.0 (https://github.com/iotaledger/crypto.rs?branch=dev#e42be4d0)
[INFO] [stderr]     Checking num_cpus v1.13.0
[INFO] [stderr]     Checking getrandom v0.2.3
[INFO] [stderr]     Checking atty v0.2.14
[INFO] [stderr]     Checking parking_lot_core v0.8.3
[INFO] [stderr]     Checking socket2 v0.4.0
[INFO] [stderr]     Checking time v0.1.43
[INFO] [stderr]     Checking signal-hook-registry v1.4.0
[INFO] [stderr]     Checking blocking v1.0.2
[INFO] [stderr]     Checking async-executor v1.4.1
[INFO] [stderr]    Compiling quote v1.0.9
[INFO] [stderr]    Compiling which v4.1.0
[INFO] [stderr]     Checking colored v1.9.3
[INFO] [stderr]     Checking chrono v0.4.19
[INFO] [stderr]     Checking rayon-core v1.9.1
[INFO] [stderr]     Checking rand_core v0.5.1
[INFO] [stderr]     Checking signal-hook v0.3.9
[INFO] [stderr]     Checking ahash v0.7.4
[INFO] [stderr]     Checking criterion-plot v0.4.3
[INFO] [stderr]     Checking parking_lot v0.11.1
[INFO] [stderr]     Checking async-fs v1.5.0
[INFO] [stderr]    Compiling rand_core v0.6.2
[INFO] [stderr]    Compiling prost-build v0.7.0
[INFO] [stderr]     Checking rand_chacha v0.2.2
[INFO] [stderr]    Compiling proc-macro-error-attr v1.0.4
[INFO] [stderr]     Checking hashbrown v0.11.2
[INFO] [stderr]    Compiling rand_chacha v0.3.0
[INFO] [stderr]     Checking rayon v1.5.1
[INFO] [stderr]     Checking rand v0.7.3
[INFO] [stderr]    Compiling rand v0.8.3
[INFO] [stderr]     Checking libsecp256k1 v0.3.5
[INFO] [stderr]    Compiling tempfile v3.2.0
[INFO] [stderr]     Checking webpki v0.21.4
[INFO] [stderr]     Checking sct v0.6.1
[INFO] [stderr]     Checking webpki-roots v0.21.1
[INFO] [stderr]    Compiling synstructure v0.12.4
[INFO] [stderr]    Compiling proc-macro-error v1.0.4
[INFO] [stderr]    Compiling serde_derive v1.0.126
[INFO] [stderr]    Compiling thiserror-impl v1.0.25
[INFO] [stderr]    Compiling zeroize_derive v1.1.0
[INFO] [stderr]    Compiling futures-macro v0.3.15
[INFO] [stderr]    Compiling prost-derive v0.7.0
[INFO] [stderr]    Compiling displaydoc v0.2.1
[INFO] [stderr]    Compiling pin-project-internal v1.0.7
[INFO] [stderr]    Compiling pin-project-internal v0.4.28
[INFO] [stderr]    Compiling tokio-macros v1.2.0
[INFO] [stderr]    Compiling libp2p-swarm-derive v0.23.0
[INFO] [stderr]    Compiling async-trait v0.1.50
[INFO] [stderr]     Checking zeroize v1.3.0
[INFO] [stderr]     Checking curve25519-dalek v3.1.0
[INFO] [stderr]     Checking iota-streams-core v0.3.1 (/opt/rustwide/workdir/iota-streams-core)
[INFO] [stderr]     Checking pin-project v1.0.7
[INFO] [stderr]     Checking x25519-dalek v1.1.1
[INFO] [stderr]     Checking thiserror v1.0.25
[INFO] [stderr]     Checking iota-streams-core-keccak v0.3.1 (/opt/rustwide/workdir/iota-streams-core-keccak)
[INFO] [stderr]     Checking ed25519-zebra v2.2.0
[INFO] [stderr]     Checking pin-project v0.4.28
[INFO] [stderr]    Compiling prost v0.7.0
[INFO] [stderr]     Checking iota-crypto v0.4.2
[INFO] [stderr]    Compiling prost-types v0.7.0
[INFO] [stderr]     Checking futures-executor v0.3.15
[INFO] [stderr]     Checking futures v0.3.15
[INFO] [stderr]     Checking serde v1.0.126
[INFO] [stderr]     Checking rw-stream-sink v0.2.1
[INFO] [stderr]     Checking wasm-timer v0.2.5
[INFO] [stderr]     Checking serde_json v1.0.64
[INFO] [stderr]     Checking ed25519-dalek v1.0.1
[INFO] [stderr]     Checking serde_urlencoded v0.7.0
[INFO] [stderr]     Checking iota-crypto v0.5.1
[INFO] [stderr]     Checking bstr v0.2.16
[INFO] [stderr]     Checking serde_cbor v0.11.1
[INFO] [stderr]     Checking iota-streams-core-edsig v0.2.1 (/opt/rustwide/workdir/iota-streams-core-edsig)
[INFO] [stderr]     Checking mio v0.7.11
[INFO] [stderr]     Checking multistream-select v0.10.2
[INFO] [stderr]     Checking fern v0.6.0
[INFO] [stderr]     Checking rustls v0.19.1
[INFO] [stderr]     Checking want v0.3.0
[INFO] [stderr]     Checking polling v2.0.3
[INFO] [stderr]    Compiling toml v0.5.8
[INFO] [stderr]     Checking bee-crypto v0.2.1-alpha
[INFO] [stderr]     Checking iota-streams-ddml v0.2.3 (/opt/rustwide/workdir/iota-streams-ddml)
[INFO] [stderr]     Checking csv v1.1.6
[INFO] [stderr]     Checking async-io v1.4.1
[INFO] [stderr]    Compiling wasm-bindgen-backend v0.2.74
[INFO] [stdout] warning: unused import: `std::str::FromStr`
[INFO] [stdout]  --> iota-streams-ddml/src/command/test.rs:1:5
[INFO] [stdout]   |
[INFO] [stdout] 1 | use std::str::FromStr;
[INFO] [stdout]   |     ^^^^^^^^^^^^^^^^^
[INFO] [stdout]   |
[INFO] [stdout]   = note: `#[warn(unused_imports)]` on by default
[INFO] [stdout] 
[INFO] [stdout] 
[INFO] [stdout] warning: unused import: `spongos::Spongos`
[INFO] [stdout]   --> iota-streams-ddml/src/command/test.rs:15:9
[INFO] [stdout]    |
[INFO] [stdout] 15 |         spongos::Spongos,
[INFO] [stdout]    |         ^^^^^^^^^^^^^^^^
[INFO] [stdout] 
[INFO] [stdout] 
[INFO] [stderr]     Checking bee-pow v0.1.0
[INFO] [stderr]     Checking tinytemplate v1.2.1
[INFO] [stdout] error[E0599]: the method `to_string` exists for struct `external::External<nbytes::NBytes<UInt<UInt<UInt<UInt<UInt<UInt<UTerm, B1>, B0>, B0>, B0>, B0>, B0>>>`, but its trait bounds were not satisfied
[INFO] [stdout]   --> iota-streams-ddml/src/command/test.rs:66:40
[INFO] [stdout]    |
[INFO] [stdout] 66 |             InvalidTagSqueeze(tag_wrap.to_string(), tag_unwrap.to_string())
[INFO] [stdout]    |                                        ^^^^^^^^^ method cannot be called on `external::External<nbytes::NBytes<UInt<UInt<UInt<UInt<UInt<UInt<UTerm, B1>, B0>, B0>, B0>, B0>, B0>>>` due to unsatisfied trait bounds
[INFO] [stdout]    |
[INFO] [stdout]   ::: iota-streams-ddml/src/types/external.rs:4:1
[INFO] [stdout]    |
[INFO] [stdout] 4  | pub struct External<T>(pub T);
[INFO] [stdout]    | ------------------------------
[INFO] [stdout]    | |
[INFO] [stdout]    | method `to_string` not found for this
[INFO] [stdout]    | doesn't satisfy `_: ToString`
[INFO] [stdout]    | doesn't satisfy `_: core::fmt::Display`
[INFO] [stdout]    |
[INFO] [stdout]    = note: the following trait bounds were not satisfied:
[INFO] [stdout]            `external::External<nbytes::NBytes<UInt<UInt<UInt<UInt<UInt<UInt<UTerm, B1>, B0>, B0>, B0>, B0>, B0>>>: core::fmt::Display`
[INFO] [stdout]            which is required by `external::External<nbytes::NBytes<UInt<UInt<UInt<UInt<UInt<UInt<UTerm, B1>, B0>, B0>, B0>, B0>, B0>>>: ToString`
[INFO] [stdout] 
[INFO] [stdout] 
[INFO] [stdout] error[E0599]: the method `to_string` exists for struct `external::External<nbytes::NBytes<UInt<UInt<UInt<UInt<UInt<UInt<UTerm, B1>, B0>, B0>, B0>, B0>, B0>>>`, but its trait bounds were not satisfied
[INFO] [stdout]   --> iota-streams-ddml/src/command/test.rs:66:64
[INFO] [stdout]    |
[INFO] [stdout] 66 |             InvalidTagSqueeze(tag_wrap.to_string(), tag_unwrap.to_string())
[INFO] [stdout]    |                                                                ^^^^^^^^^ method cannot be called on `external::External<nbytes::NBytes<UInt<UInt<UInt<UInt<UInt<UInt<UTerm, B1>, B0>, B0>, B0>, B0>, B0>>>` due to unsatisfied trait bounds
[INFO] [stdout]    |
[INFO] [stdout]   ::: iota-streams-ddml/src/types/external.rs:4:1
[INFO] [stdout]    |
[INFO] [stdout] 4  | pub struct External<T>(pub T);
[INFO] [stdout]    | ------------------------------
[INFO] [stdout]    | |
[INFO] [stdout]    | method `to_string` not found for this
[INFO] [stdout]    | doesn't satisfy `_: ToString`
[INFO] [stdout]    | doesn't satisfy `_: core::fmt::Display`
[INFO] [stdout]    |
[INFO] [stdout]    = note: the following trait bounds were not satisfied:
[INFO] [stdout]            `external::External<nbytes::NBytes<UInt<UInt<UInt<UInt<UInt<UInt<UTerm, B1>, B0>, B0>, B0>, B0>, B0>>>: core::fmt::Display`
[INFO] [stdout]            which is required by `external::External<nbytes::NBytes<UInt<UInt<UInt<UInt<UInt<UInt<UTerm, B1>, B0>, B0>, B0>, B0>, B0>>>: ToString`
[INFO] [stdout] 
[INFO] [stdout] 
[INFO] [stdout] error[E0605]: non-primitive cast: `types::uint::Uint8` as `usize`
[INFO] [stdout]   --> iota-streams-ddml/src/command/test.rs:62:40
[INFO] [stdout]    |
[INFO] [stdout] 62 |         try_or!(t == t2, ValueMismatch(t as usize, t2 as usize))?;
[INFO] [stdout]    |                                        ^^^^^^^^^^ an `as` expression can only be used to convert between primitive types or to coerce to a specific trait object
[INFO] [stdout] 
[INFO] [stdout] 
[INFO] [stdout] error[E0605]: non-primitive cast: `types::uint::Uint8` as `usize`
[INFO] [stdout]   --> iota-streams-ddml/src/command/test.rs:62:52
[INFO] [stdout]    |
[INFO] [stdout] 62 |         try_or!(t == t2, ValueMismatch(t as usize, t2 as usize))?;
[INFO] [stdout]    |                                                    ^^^^^^^^^^^ an `as` expression can only be used to convert between primitive types or to coerce to a specific trait object
[INFO] [stdout] 
[INFO] [stdout] 
[INFO] [stdout] error[E0605]: non-primitive cast: `types::uint::Uint8` as `usize`
[INFO] [stdout]   --> iota-streams-ddml/src/command/test.rs:63:40
[INFO] [stdout]    |
[INFO] [stdout] 63 |         try_or!(t == t3, ValueMismatch(t as usize, t3 as usize))?;
[INFO] [stdout]    |                                        ^^^^^^^^^^ an `as` expression can only be used to convert between primitive types or to coerce to a specific trait object
[INFO] [stdout] 
[INFO] [stdout] 
[INFO] [stdout] error[E0605]: non-primitive cast: `types::uint::Uint8` as `usize`
[INFO] [stdout]   --> iota-streams-ddml/src/command/test.rs:63:52
[INFO] [stdout]    |
[INFO] [stdout] 63 |         try_or!(t == t3, ValueMismatch(t as usize, t3 as usize))?;
[INFO] [stdout]    |                                                    ^^^^^^^^^^^ an `as` expression can only be used to convert between primitive types or to coerce to a specific trait object
[INFO] [stdout] 
[INFO] [stdout] 
[INFO] [stdout] error[E0599]: the method `to_string` exists for struct `external::External<nbytes::NBytes<UInt<UInt<UInt<UInt<UInt<UInt<UTerm, B1>, B0>, B0>, B0>, B0>, B0>>>`, but its trait bounds were not satisfied
[INFO] [stdout]    --> iota-streams-ddml/src/command/test.rs:113:40
[INFO] [stdout]     |
[INFO] [stdout] 113 |             InvalidTagSqueeze(tag_wrap.to_string(), tag_unwrap.to_string())
[INFO] [stdout]     |                                        ^^^^^^^^^ method cannot be called on `external::External<nbytes::NBytes<UInt<UInt<UInt<UInt<UInt<UInt<UTerm, B1>, B0>, B0>, B0>, B0>, B0>>>` due to unsatisfied trait bounds
[INFO] [stdout]     |
[INFO] [stdout]    ::: iota-streams-ddml/src/types/external.rs:4:1
[INFO] [stdout]     |
[INFO] [stdout] 4   | pub struct External<T>(pub T);
[INFO] [stdout]     | ------------------------------
[INFO] [stdout]     | |
[INFO] [stdout]     | method `to_string` not found for this
[INFO] [stdout]     | doesn't satisfy `_: ToString`
[INFO] [stdout]     | doesn't satisfy `_: core::fmt::Display`
[INFO] [stdout]     |
[INFO] [stdout]     = note: the following trait bounds were not satisfied:
[INFO] [stdout]             `external::External<nbytes::NBytes<UInt<UInt<UInt<UInt<UInt<UInt<UTerm, B1>, B0>, B0>, B0>, B0>, B0>>>: core::fmt::Display`
[INFO] [stdout]             which is required by `external::External<nbytes::NBytes<UInt<UInt<UInt<UInt<UInt<UInt<UTerm, B1>, B0>, B0>, B0>, B0>, B0>>>: ToString`
[INFO] [stdout] 
[INFO] [stdout] 
[INFO] [stdout] error[E0599]: the method `to_string` exists for struct `external::External<nbytes::NBytes<UInt<UInt<UInt<UInt<UInt<UInt<UTerm, B1>, B0>, B0>, B0>, B0>, B0>>>`, but its trait bounds were not satisfied
[INFO] [stdout]    --> iota-streams-ddml/src/command/test.rs:113:64
[INFO] [stdout]     |
[INFO] [stdout] 113 |             InvalidTagSqueeze(tag_wrap.to_string(), tag_unwrap.to_string())
[INFO] [stdout]     |                                                                ^^^^^^^^^ method cannot be called on `external::External<nbytes::NBytes<UInt<UInt<UInt<UInt<UInt<UInt<UTerm, B1>, B0>, B0>, B0>, B0>, B0>>>` due to unsatisfied trait bounds
[INFO] [stdout]     |
[INFO] [stdout]    ::: iota-streams-ddml/src/types/external.rs:4:1
[INFO] [stdout]     |
[INFO] [stdout] 4   | pub struct External<T>(pub T);
[INFO] [stdout]     | ------------------------------
[INFO] [stdout]     | |
[INFO] [stdout]     | method `to_string` not found for this
[INFO] [stdout]     | doesn't satisfy `_: ToString`
[INFO] [stdout]     | doesn't satisfy `_: core::fmt::Display`
[INFO] [stdout]     |
[INFO] [stdout]     = note: the following trait bounds were not satisfied:
[INFO] [stdout]             `external::External<nbytes::NBytes<UInt<UInt<UInt<UInt<UInt<UInt<UTerm, B1>, B0>, B0>, B0>, B0>, B0>>>: core::fmt::Display`
[INFO] [stdout]             which is required by `external::External<nbytes::NBytes<UInt<UInt<UInt<UInt<UInt<UInt<UTerm, B1>, B0>, B0>, B0>, B0>, B0>>>: ToString`
[INFO] [stdout] 
[INFO] [stdout] 
[INFO] [stdout] error[E0599]: the method `to_string` exists for struct `external::External<nbytes::NBytes<UInt<UInt<UInt<UInt<UInt<UInt<UTerm, B1>, B0>, B0>, B0>, B0>, B0>>>`, but its trait bounds were not satisfied
[INFO] [stdout]    --> iota-streams-ddml/src/command/test.rs:215:40
[INFO] [stdout]     |
[INFO] [stdout] 215 |             InvalidTagSqueeze(tag_wrap.to_string(), tag_unwrap.to_string())
[INFO] [stdout]     |                                        ^^^^^^^^^ method cannot be called on `external::External<nbytes::NBytes<UInt<UInt<UInt<UInt<UInt<UInt<UTerm, B1>, B0>, B0>, B0>, B0>, B0>>>` due to unsatisfied trait bounds
[INFO] [stdout]     |
[INFO] [stdout]    ::: iota-streams-ddml/src/types/external.rs:4:1
[INFO] [stdout]     |
[INFO] [stdout] 4   | pub struct External<T>(pub T);
[INFO] [stdout]     | ------------------------------
[INFO] [stdout]     | |
[INFO] [stdout]     | method `to_string` not found for this
[INFO] [stdout]     | doesn't satisfy `_: ToString`
[INFO] [stdout]     | doesn't satisfy `_: core::fmt::Display`
[INFO] [stdout]     |
[INFO] [stdout]     = note: the following trait bounds were not satisfied:
[INFO] [stdout]             `external::External<nbytes::NBytes<UInt<UInt<UInt<UInt<UInt<UInt<UTerm, B1>, B0>, B0>, B0>, B0>, B0>>>: core::fmt::Display`
[INFO] [stdout]             which is required by `external::External<nbytes::NBytes<UInt<UInt<UInt<UInt<UInt<UInt<UTerm, B1>, B0>, B0>, B0>, B0>, B0>>>: ToString`
[INFO] [stdout] 
[INFO] [stdout] 
[INFO] [stdout] error[E0599]: the method `to_string` exists for struct `external::External<nbytes::NBytes<UInt<UInt<UInt<UInt<UInt<UInt<UTerm, B1>, B0>, B0>, B0>, B0>, B0>>>`, but its trait bounds were not satisfied
[INFO] [stdout]    --> iota-streams-ddml/src/command/test.rs:215:64
[INFO] [stdout]     |
[INFO] [stdout] 215 |             InvalidTagSqueeze(tag_wrap.to_string(), tag_unwrap.to_string())
[INFO] [stdout]     |                                                                ^^^^^^^^^ method cannot be called on `external::External<nbytes::NBytes<UInt<UInt<UInt<UInt<UInt<UInt<UTerm, B1>, B0>, B0>, B0>, B0>, B0>>>` due to unsatisfied trait bounds
[INFO] [stdout]     |
[INFO] [stdout]    ::: iota-streams-ddml/src/types/external.rs:4:1
[INFO] [stdout]     |
[INFO] [stdout] 4   | pub struct External<T>(pub T);
[INFO] [stdout]     | ------------------------------
[INFO] [stdout]     | |
[INFO] [stdout]     | method `to_string` not found for this
[INFO] [stdout]     | doesn't satisfy `_: ToString`
[INFO] [stdout]     | doesn't satisfy `_: core::fmt::Display`
[INFO] [stdout]     |
[INFO] [stdout]     = note: the following trait bounds were not satisfied:
[INFO] [stdout]             `external::External<nbytes::NBytes<UInt<UInt<UInt<UInt<UInt<UInt<UTerm, B1>, B0>, B0>, B0>, B0>, B0>>>: core::fmt::Display`
[INFO] [stdout]             which is required by `external::External<nbytes::NBytes<UInt<UInt<UInt<UInt<UInt<UInt<UTerm, B1>, B0>, B0>, B0>, B0>, B0>>>: ToString`
[INFO] [stdout] 
[INFO] [stdout] 
[INFO] [stderr]     Checking async-process v1.1.0
[INFO] [stderr]     Checking async-net v1.6.0
[INFO] [stdout] error: aborting due to 10 previous errors; 2 warnings emitted
[INFO] [stdout] 
[INFO] [stdout] 
[INFO] [stdout] Some errors have detailed explanations: E0599, E0605.
[INFO] [stdout] 
[INFO] [stdout] For more information about an error, try `rustc --explain E0599`.
[INFO] [stdout] 
[INFO] [stderr] error: could not compile `iota-streams-ddml` due to 11 previous errors; 2 warnings emitted
[INFO] [stderr] warning: build failed, waiting for other jobs to finish...
[INFO] [stderr] error: build failed
[INFO] running `Command { std: "docker" "inspect" "dd605bca357aa278ef8216e880e6d4f0c878670844ed293b133c4861e24a846a", kill_on_drop: false }`
[INFO] running `Command { std: "docker" "rm" "-f" "dd605bca357aa278ef8216e880e6d4f0c878670844ed293b133c4861e24a846a", kill_on_drop: false }`
[INFO] [stdout] dd605bca357aa278ef8216e880e6d4f0c878670844ed293b133c4861e24a846a
