[INFO] cloning repository https://github.com/lomirus/bad-apple-rs
[INFO] running `Command { std: "git" "-c" "credential.helper=" "-c" "credential.helper=/workspace/cargo-home/bin/git-credential-null" "clone" "--bare" "https://github.com/lomirus/bad-apple-rs" "/workspace/cache/git-repos/https%3A%2F%2Fgithub.com%2Flomirus%2Fbad-apple-rs", kill_on_drop: false }`
[INFO] [stderr] Cloning into bare repository '/workspace/cache/git-repos/https%3A%2F%2Fgithub.com%2Flomirus%2Fbad-apple-rs'...
[INFO] running `Command { std: "git" "rev-parse" "HEAD", kill_on_drop: false }`
[INFO] [stdout] bb6e71dabf565159d0ed305710a19957de016f73
[INFO] checking lomirus/bad-apple-rs against beta-2021-10-15 for beta-1.56-3
[INFO] running `Command { std: "git" "clone" "/workspace/cache/git-repos/https%3A%2F%2Fgithub.com%2Flomirus%2Fbad-apple-rs" "/workspace/builds/worker-54/source", kill_on_drop: false }`
[INFO] [stderr] Cloning into '/workspace/builds/worker-54/source'...
[INFO] [stderr] done.
[INFO] validating manifest of git repo https://github.com/lomirus/bad-apple-rs on toolchain beta-2021-10-15
[INFO] running `Command { std: "/workspace/cargo-home/bin/cargo" "+beta-2021-10-15" "metadata" "--manifest-path" "Cargo.toml" "--no-deps", kill_on_drop: false }`
[INFO] started tweaking git repo https://github.com/lomirus/bad-apple-rs
[INFO] finished tweaking git repo https://github.com/lomirus/bad-apple-rs
[INFO] tweaked toml for git repo https://github.com/lomirus/bad-apple-rs written to /workspace/builds/worker-54/source/Cargo.toml
[INFO] crate git repo https://github.com/lomirus/bad-apple-rs already has a lockfile, it will not be regenerated
[INFO] running `Command { std: "/workspace/cargo-home/bin/cargo" "+beta-2021-10-15" "fetch" "--manifest-path" "Cargo.toml", kill_on_drop: false }`
[INFO] [stderr]     Blocking waiting for file lock on package cache
[INFO] [stderr]     Blocking waiting for file lock on package cache
[INFO] [stderr]  Downloading crates ...
[INFO] [stderr]   Downloaded lock_api v0.4.4
[INFO] [stderr]   Downloaded crossterm_winapi v0.7.0
[INFO] [stderr]   Downloaded redox_syscall v0.2.8
[INFO] [stderr]   Downloaded libc v0.2.95
[INFO] [stderr]   Downloaded crossterm v0.19.0
[INFO] running `Command { std: "docker" "create" "-v" "/var/lib/crater-agent-workspace/builds/worker-54/target:/opt/rustwide/target:rw,Z" "-v" "/var/lib/crater-agent-workspace/builds/worker-54/source:/opt/rustwide/workdir:ro,Z" "-v" "/var/lib/crater-agent-workspace/cargo-home:/opt/rustwide/cargo-home:ro,Z" "-v" "/var/lib/crater-agent-workspace/rustup-home:/opt/rustwide/rustup-home:ro,Z" "-e" "SOURCE_DIR=/opt/rustwide/workdir" "-e" "CARGO_TARGET_DIR=/opt/rustwide/target" "-e" "CARGO_HOME=/opt/rustwide/cargo-home" "-e" "RUSTUP_HOME=/opt/rustwide/rustup-home" "-w" "/opt/rustwide/workdir" "-m" "1610612736" "--user" "0:0" "--network" "none" "ghcr.io/rust-lang/crates-build-env/linux@sha256:a89201d6b5b9fd45c15d5952ece0a0129e7e80cb26ec023fd59cf09bc26f1604" "/opt/rustwide/cargo-home/bin/cargo" "+beta-2021-10-15" "metadata" "--no-deps" "--format-version=1", kill_on_drop: false }`
[INFO] [stdout] cb57af2ba3726f3ebb87faaa3ae8fcdb62764776e65e370c2905e99e4b2f5b33
[INFO] running `Command { std: "docker" "start" "-a" "cb57af2ba3726f3ebb87faaa3ae8fcdb62764776e65e370c2905e99e4b2f5b33", kill_on_drop: false }`
[INFO] running `Command { std: "docker" "inspect" "cb57af2ba3726f3ebb87faaa3ae8fcdb62764776e65e370c2905e99e4b2f5b33", kill_on_drop: false }`
[INFO] running `Command { std: "docker" "rm" "-f" "cb57af2ba3726f3ebb87faaa3ae8fcdb62764776e65e370c2905e99e4b2f5b33", kill_on_drop: false }`
[INFO] [stdout] cb57af2ba3726f3ebb87faaa3ae8fcdb62764776e65e370c2905e99e4b2f5b33
[INFO] running `Command { std: "docker" "create" "-v" "/var/lib/crater-agent-workspace/builds/worker-54/target:/opt/rustwide/target:rw,Z" "-v" "/var/lib/crater-agent-workspace/builds/worker-54/source:/opt/rustwide/workdir:ro,Z" "-v" "/var/lib/crater-agent-workspace/cargo-home:/opt/rustwide/cargo-home:ro,Z" "-v" "/var/lib/crater-agent-workspace/rustup-home:/opt/rustwide/rustup-home:ro,Z" "-e" "SOURCE_DIR=/opt/rustwide/workdir" "-e" "CARGO_TARGET_DIR=/opt/rustwide/target" "-e" "CARGO_INCREMENTAL=0" "-e" "RUST_BACKTRACE=full" "-e" "RUSTFLAGS=--cap-lints=warn" "-e" "CARGO_HOME=/opt/rustwide/cargo-home" "-e" "RUSTUP_HOME=/opt/rustwide/rustup-home" "-w" "/opt/rustwide/workdir" "-m" "1610612736" "--user" "0:0" "--network" "none" "ghcr.io/rust-lang/crates-build-env/linux@sha256:a89201d6b5b9fd45c15d5952ece0a0129e7e80cb26ec023fd59cf09bc26f1604" "/opt/rustwide/cargo-home/bin/cargo" "+beta-2021-10-15" "check" "--frozen" "--all" "--all-targets" "--message-format=json", kill_on_drop: false }`
[INFO] [stdout] 47104027eaa35eac71aadb5e633f52a0515862fc7e0d5c72f300257fa674d75f
[INFO] running `Command { std: "docker" "start" "-a" "47104027eaa35eac71aadb5e633f52a0515862fc7e0d5c72f300257fa674d75f", kill_on_drop: false }`
[INFO] [stderr]     Blocking waiting for file lock on package cache
[INFO] [stderr]    Compiling libc v0.2.95
[INFO] [stderr]     Checking instant v0.1.9
[INFO] [stderr]     Checking log v0.4.14
[INFO] [stderr]     Checking signal-hook-registry v1.3.0
[INFO] [stderr]     Checking parking_lot_core v0.8.3
[INFO] [stderr]     Checking mio v0.7.11
[INFO] [stderr]     Checking parking_lot v0.11.1
[INFO] [stderr]     Checking signal-hook v0.1.17
[INFO] [stderr]     Checking crossterm v0.19.0
[INFO] [stderr]     Checking bad-apple-rs v1.3.0 (/opt/rustwide/workdir)
[INFO] [stdout] error[E0583]: file not found for module `data`
[INFO] [stdout]  --> src/main.rs:1:1
[INFO] [stdout]   |
[INFO] [stdout] 1 | mod data;
[INFO] [stdout]   | ^^^^^^^^^
[INFO] [stdout]   |
[INFO] [stdout]   = help: to create the module `data`, create file "src/data.rs" or "src/data/mod.rs"
[INFO] [stdout] 
[INFO] [stdout] 
[INFO] [stdout] error[E0583]: file not found for module `data`
[INFO] [stdout]  --> src/main.rs:1:1
[INFO] [stdout]   |
[INFO] [stdout] 1 | mod data;
[INFO] [stdout]   | ^^^^^^^^^
[INFO] [stdout]   |
[INFO] [stdout]   = help: to create the module `data`, create file "src/data.rs" or "src/data/mod.rs"
[INFO] [stdout] 
[INFO] [stdout] 
[INFO] [stdout] error[E0425]: cannot find value `DATA` in module `data`
[INFO] [stdout]   --> src/main.rs:12:29
[INFO] [stdout]    |
[INFO] [stdout] 12 | const FRAMES: usize = data::DATA.len();
[INFO] [stdout]    |                             ^^^^ not found in `data`
[INFO] [stdout] 
[INFO] [stdout] 
[INFO] [stdout] error[E0425]: cannot find value `DATA` in module `data`
[INFO] [stdout]   --> src/main.rs:12:29
[INFO] [stdout]    |
[INFO] [stdout] 12 | const FRAMES: usize = data::DATA.len();
[INFO] [stdout]    |                             ^^^^ not found in `data`
[INFO] [stdout] 
[INFO] [stdout] 
[INFO] [stdout] error[E0425]: cannot find value `DATA` in module `data`
[INFO] [stdout]   --> src/main.rs:13:29
[INFO] [stdout]    |
[INFO] [stdout] 13 | const HEIGHT: usize = data::DATA[0].len();
[INFO] [stdout]    |                             ^^^^ not found in `data`
[INFO] [stdout] 
[INFO] [stdout] 
[INFO] [stdout] error[E0425]: cannot find value `DATA` in module `data`
[INFO] [stdout]   --> src/main.rs:14:28
[INFO] [stdout]    |
[INFO] [stdout] 14 | const WIDTH: usize = data::DATA[0][0].len();
[INFO] [stdout]    |                            ^^^^ not found in `data`
[INFO] [stdout] 
[INFO] [stdout] 
[INFO] [stdout] error[E0425]: cannot find value `DATA` in module `data`
[INFO] [stdout]   --> src/main.rs:32:52
[INFO] [stdout]    |
[INFO] [stdout] 32 |                     .queue(Print(data_to_str(data::DATA[i][row][col])))
[INFO] [stdout]    |                                                    ^^^^ not found in `data`
[INFO] [stdout] 
[INFO] [stdout] 
[INFO] [stdout] error[E0425]: cannot find value `DATA` in module `data`
[INFO] [stdout]   --> src/main.rs:13:29
[INFO] [stdout]    |
[INFO] [stdout] 13 | const HEIGHT: usize = data::DATA[0].len();
[INFO] [stdout]    |                             ^^^^ not found in `data`
[INFO] [stdout] 
[INFO] [stdout] 
[INFO] [stdout] error[E0425]: cannot find value `DATA` in module `data`
[INFO] [stdout]   --> src/main.rs:14:28
[INFO] [stdout]    |
[INFO] [stdout] 14 | const WIDTH: usize = data::DATA[0][0].len();
[INFO] [stdout]    |                            ^^^^ not found in `data`
[INFO] [stdout] 
[INFO] [stdout] 
[INFO] [stdout] error[E0425]: cannot find value `DATA` in module `data`
[INFO] [stdout]   --> src/main.rs:32:52
[INFO] [stdout]    |
[INFO] [stdout] 32 |                     .queue(Print(data_to_str(data::DATA[i][row][col])))
[INFO] [stdout]    |                                                    ^^^^ not found in `data`
[INFO] [stdout] 
[INFO] [stdout] 
[INFO] [stdout] error: aborting due to 5 previous errors
[INFO] [stdout] 
[INFO] [stdout] 
[INFO] [stdout] Some errors have detailed explanations: E0425, E0583.
[INFO] [stdout] 
[INFO] [stdout] For more information about an error, try `rustc --explain E0425`.
[INFO] [stdout] 
[INFO] [stdout] error: aborting due to 5 previous errors
[INFO] [stdout] 
[INFO] [stdout] 
[INFO] [stdout] Some errors have detailed explanations: E0425, E0583.
[INFO] [stdout] 
[INFO] [stdout] For more information about an error, try `rustc --explain E0425`.
[INFO] [stdout] 
[INFO] [stderr] error: could not compile `bad-apple-rs` due to 6 previous errors
[INFO] [stderr] warning: build failed, waiting for other jobs to finish...
[INFO] [stderr] error: build failed
[INFO] running `Command { std: "docker" "inspect" "47104027eaa35eac71aadb5e633f52a0515862fc7e0d5c72f300257fa674d75f", kill_on_drop: false }`
[INFO] running `Command { std: "docker" "rm" "-f" "47104027eaa35eac71aadb5e633f52a0515862fc7e0d5c72f300257fa674d75f", kill_on_drop: false }`
[INFO] [stdout] 47104027eaa35eac71aadb5e633f52a0515862fc7e0d5c72f300257fa674d75f
