[INFO] cloning repository https://github.com/ljahier/game-of-life
[INFO] running `Command { std: "git" "-c" "credential.helper=" "-c" "credential.helper=/workspace/cargo-home/bin/git-credential-null" "clone" "--bare" "https://github.com/ljahier/game-of-life" "/workspace/cache/git-repos/https%3A%2F%2Fgithub.com%2Fljahier%2Fgame-of-life", kill_on_drop: false }`
[INFO] [stderr] Cloning into bare repository '/workspace/cache/git-repos/https%3A%2F%2Fgithub.com%2Fljahier%2Fgame-of-life'...
[INFO] running `Command { std: "git" "rev-parse" "HEAD", kill_on_drop: false }`
[INFO] [stdout] 119782f2fdea6fd922a14108796a3ce07391e06d
[INFO] checking ljahier/game-of-life against 1.55.0 for beta-1.56-3
[INFO] running `Command { std: "git" "clone" "/workspace/cache/git-repos/https%3A%2F%2Fgithub.com%2Fljahier%2Fgame-of-life" "/workspace/builds/worker-62/source", kill_on_drop: false }`
[INFO] [stderr] Cloning into '/workspace/builds/worker-62/source'...
[INFO] [stderr] done.
[INFO] validating manifest of git repo https://github.com/ljahier/game-of-life on toolchain 1.55.0
[INFO] running `Command { std: "/workspace/cargo-home/bin/cargo" "+1.55.0" "metadata" "--manifest-path" "Cargo.toml" "--no-deps", kill_on_drop: false }`
[INFO] started tweaking git repo https://github.com/ljahier/game-of-life
[INFO] finished tweaking git repo https://github.com/ljahier/game-of-life
[INFO] tweaked toml for git repo https://github.com/ljahier/game-of-life written to /workspace/builds/worker-62/source/Cargo.toml
[INFO] crate git repo https://github.com/ljahier/game-of-life already has a lockfile, it will not be regenerated
[INFO] running `Command { std: "/workspace/cargo-home/bin/cargo" "+1.55.0" "fetch" "--manifest-path" "Cargo.toml", kill_on_drop: false }`
[INFO] [stderr]     Blocking waiting for file lock on package cache
[INFO] [stderr]     Blocking waiting for file lock on package cache
[INFO] [stderr]  Downloading crates ...
[INFO] [stderr]   Downloaded minifb v0.18.0
[INFO] running `Command { std: "docker" "create" "-v" "/var/lib/crater-agent-workspace/builds/worker-62/target:/opt/rustwide/target:rw,Z" "-v" "/var/lib/crater-agent-workspace/builds/worker-62/source:/opt/rustwide/workdir:ro,Z" "-v" "/var/lib/crater-agent-workspace/cargo-home:/opt/rustwide/cargo-home:ro,Z" "-v" "/var/lib/crater-agent-workspace/rustup-home:/opt/rustwide/rustup-home:ro,Z" "-e" "SOURCE_DIR=/opt/rustwide/workdir" "-e" "CARGO_TARGET_DIR=/opt/rustwide/target" "-e" "CARGO_HOME=/opt/rustwide/cargo-home" "-e" "RUSTUP_HOME=/opt/rustwide/rustup-home" "-w" "/opt/rustwide/workdir" "-m" "1610612736" "--user" "0:0" "--network" "none" "ghcr.io/rust-lang/crates-build-env/linux@sha256:a89201d6b5b9fd45c15d5952ece0a0129e7e80cb26ec023fd59cf09bc26f1604" "/opt/rustwide/cargo-home/bin/cargo" "+1.55.0" "metadata" "--no-deps" "--format-version=1", kill_on_drop: false }`
[INFO] [stdout] ee6f09420a9dc0f5f22448a3c5b76a0a452a99bd6bc5d33130b7508e42ecaa01
[INFO] running `Command { std: "docker" "start" "-a" "ee6f09420a9dc0f5f22448a3c5b76a0a452a99bd6bc5d33130b7508e42ecaa01", kill_on_drop: false }`
[INFO] running `Command { std: "docker" "inspect" "ee6f09420a9dc0f5f22448a3c5b76a0a452a99bd6bc5d33130b7508e42ecaa01", kill_on_drop: false }`
[INFO] running `Command { std: "docker" "rm" "-f" "ee6f09420a9dc0f5f22448a3c5b76a0a452a99bd6bc5d33130b7508e42ecaa01", kill_on_drop: false }`
[INFO] [stdout] ee6f09420a9dc0f5f22448a3c5b76a0a452a99bd6bc5d33130b7508e42ecaa01
[INFO] running `Command { std: "docker" "create" "-v" "/var/lib/crater-agent-workspace/builds/worker-62/target:/opt/rustwide/target:rw,Z" "-v" "/var/lib/crater-agent-workspace/builds/worker-62/source:/opt/rustwide/workdir:ro,Z" "-v" "/var/lib/crater-agent-workspace/cargo-home:/opt/rustwide/cargo-home:ro,Z" "-v" "/var/lib/crater-agent-workspace/rustup-home:/opt/rustwide/rustup-home:ro,Z" "-e" "SOURCE_DIR=/opt/rustwide/workdir" "-e" "CARGO_TARGET_DIR=/opt/rustwide/target" "-e" "CARGO_INCREMENTAL=0" "-e" "RUST_BACKTRACE=full" "-e" "RUSTFLAGS=--cap-lints=warn" "-e" "CARGO_HOME=/opt/rustwide/cargo-home" "-e" "RUSTUP_HOME=/opt/rustwide/rustup-home" "-w" "/opt/rustwide/workdir" "-m" "1610612736" "--user" "0:0" "--network" "none" "ghcr.io/rust-lang/crates-build-env/linux@sha256:a89201d6b5b9fd45c15d5952ece0a0129e7e80cb26ec023fd59cf09bc26f1604" "/opt/rustwide/cargo-home/bin/cargo" "+1.55.0" "check" "--frozen" "--all" "--all-targets" "--message-format=json", kill_on_drop: false }`
[INFO] [stdout] 6dbb6fc63c867b17294a85a4584084d5a2e0801181be6205403a7225ae8d70de
[INFO] running `Command { std: "docker" "start" "-a" "6dbb6fc63c867b17294a85a4584084d5a2e0801181be6205403a7225ae8d70de", kill_on_drop: false }`
[INFO] [stderr]     Blocking waiting for file lock on package cache
[INFO] [stderr]    Compiling libc v0.2.76
[INFO] [stderr]    Compiling pkg-config v0.3.18
[INFO] [stderr]    Compiling xml-rs v0.8.3
[INFO] [stderr]    Compiling getrandom v0.1.14
[INFO] [stderr]    Compiling nix v0.17.0
[INFO] [stderr]    Compiling semver-parser v0.7.0
[INFO] [stderr]     Checking void v1.0.2
[INFO] [stderr]    Compiling memchr v2.3.3
[INFO] [stderr]     Checking smallvec v1.4.2
[INFO] [stderr]     Checking once_cell v1.4.1
[INFO] [stderr]     Checking ppv-lite86 v0.2.9
[INFO] [stderr]    Compiling cc v1.0.59
[INFO] [stderr]    Compiling nom v5.1.2
[INFO] [stderr]    Compiling semver v0.9.0
[INFO] [stderr]    Compiling wayland-sys v0.27.0
[INFO] [stderr]    Compiling xkbcommon-sys v0.7.4
[INFO] [stderr]    Compiling x11-dl v2.18.5
[INFO] [stderr]    Compiling minifb v0.18.0
[INFO] [stderr]    Compiling wayland-scanner v0.27.0
[INFO] [stderr]     Checking raw-window-handle v0.3.3
[INFO] [stderr]     Checking rand_core v0.5.1
[INFO] [stderr]     Checking xcursor v0.3.2
[INFO] [stderr]     Checking xkb v0.2.1
[INFO] [stderr]     Checking rand_chacha v0.2.2
[INFO] [stderr]    Compiling rustc_version v0.2.3
[INFO] [stderr]    Compiling cast v0.2.3
[INFO] [stderr]    Compiling wayland-client v0.27.0
[INFO] [stderr]    Compiling wayland-protocols v0.27.0
[INFO] [stderr]     Checking rand v0.7.3
[INFO] [stderr]     Checking tempfile v3.1.0
[INFO] [stderr]     Checking wayland-commons v0.27.0
[INFO] [stderr]     Checking wayland-cursor v0.27.0
[INFO] [stderr]     Checking game-of-life v0.1.0 (/opt/rustwide/workdir)
[INFO] [stdout] error[E0583]: file not found for module `grid`
[INFO] [stdout]  --> src/main.rs:1:1
[INFO] [stdout]   |
[INFO] [stdout] 1 | mod grid;
[INFO] [stdout]   | ^^^^^^^^^
[INFO] [stdout]   |
[INFO] [stdout]   = help: to create the module `grid`, create file "src/grid.rs" or "src/grid/mod.rs"
[INFO] [stdout] 
[INFO] [stdout] 
[INFO] [stdout] error[E0583]: file not found for module `grid`
[INFO] [stdout]  --> src/main.rs:1:1
[INFO] [stdout]   |
[INFO] [stdout] 1 | mod grid;
[INFO] [stdout]   | ^^^^^^^^^
[INFO] [stdout]   |
[INFO] [stdout]   = help: to create the module `grid`, create file "src/grid.rs" or "src/grid/mod.rs"
[INFO] [stdout] 
[INFO] [stdout] 
[INFO] [stdout] error[E0422]: cannot find struct, variant or union type `_Grid` in module `grid`
[INFO] [stdout]   --> src/main.rs:18:26
[INFO] [stdout]    |
[INFO] [stdout] 18 |     let mut grid = grid::_Grid {
[INFO] [stdout]    |                          ^^^^^ not found in `grid`
[INFO] [stdout] 
[INFO] [stdout] 
[INFO] [stdout] error[E0422]: cannot find struct, variant or union type `_Grid` in module `grid`
[INFO] [stdout]   --> src/main.rs:18:26
[INFO] [stdout]    |
[INFO] [stdout] 18 |     let mut grid = grid::_Grid {
[INFO] [stdout]    |                          ^^^^^ not found in `grid`
[INFO] [stdout] 
[INFO] [stdout] 
[INFO] [stdout] error: aborting due to 2 previous errors
[INFO] [stdout] 
[INFO] [stdout] 
[INFO] [stdout] Some errors have detailed explanations: E0422, E0583.
[INFO] [stdout] 
[INFO] [stdout] For more information about an error, try `rustc --explain E0422`.
[INFO] [stdout] 
[INFO] [stderr] error: could not compile `game-of-life` due to 3 previous errors
[INFO] [stderr] warning: build failed, waiting for other jobs to finish...
[INFO] [stdout] error: aborting due to 2 previous errors
[INFO] [stdout] 
[INFO] [stdout] 
[INFO] [stdout] Some errors have detailed explanations: E0422, E0583.
[INFO] [stdout] 
[INFO] [stdout] For more information about an error, try `rustc --explain E0422`.
[INFO] [stdout] 
[INFO] [stderr] error: build failed
[INFO] running `Command { std: "docker" "inspect" "6dbb6fc63c867b17294a85a4584084d5a2e0801181be6205403a7225ae8d70de", kill_on_drop: false }`
[INFO] running `Command { std: "docker" "rm" "-f" "6dbb6fc63c867b17294a85a4584084d5a2e0801181be6205403a7225ae8d70de", kill_on_drop: false }`
[INFO] [stdout] 6dbb6fc63c867b17294a85a4584084d5a2e0801181be6205403a7225ae8d70de
