[INFO] cloning repository https://github.com/livioribeiro/rust-tiny-http
[INFO] running `Command { std: "git" "-c" "credential.helper=" "-c" "credential.helper=/workspace/cargo-home/bin/git-credential-null" "clone" "--bare" "https://github.com/livioribeiro/rust-tiny-http" "/workspace/cache/git-repos/https%3A%2F%2Fgithub.com%2Flivioribeiro%2Frust-tiny-http", kill_on_drop: false }`
[INFO] [stderr] Cloning into bare repository '/workspace/cache/git-repos/https%3A%2F%2Fgithub.com%2Flivioribeiro%2Frust-tiny-http'...
[INFO] running `Command { std: "git" "rev-parse" "HEAD", kill_on_drop: false }`
[INFO] [stdout] 927a94f8762f279f689680a6be0f5da89b8df72f
[INFO] checking livioribeiro/rust-tiny-http against 1.55.0 for beta-1.56-3
[INFO] running `Command { std: "git" "clone" "/workspace/cache/git-repos/https%3A%2F%2Fgithub.com%2Flivioribeiro%2Frust-tiny-http" "/workspace/builds/worker-67/source", kill_on_drop: false }`
[INFO] [stderr] Cloning into '/workspace/builds/worker-67/source'...
[INFO] [stderr] done.
[INFO] validating manifest of git repo https://github.com/livioribeiro/rust-tiny-http on toolchain 1.55.0
[INFO] running `Command { std: "/workspace/cargo-home/bin/cargo" "+1.55.0" "metadata" "--manifest-path" "Cargo.toml" "--no-deps", kill_on_drop: false }`
[INFO] started tweaking git repo https://github.com/livioribeiro/rust-tiny-http
[INFO] finished tweaking git repo https://github.com/livioribeiro/rust-tiny-http
[INFO] tweaked toml for git repo https://github.com/livioribeiro/rust-tiny-http written to /workspace/builds/worker-67/source/Cargo.toml
[INFO] crate git repo https://github.com/livioribeiro/rust-tiny-http already has a lockfile, it will not be regenerated
[INFO] running `Command { std: "/workspace/cargo-home/bin/cargo" "+1.55.0" "fetch" "--manifest-path" "Cargo.toml", kill_on_drop: false }`
[INFO] [stderr] warning: An explicit [[bin]] section is specified in Cargo.toml which currently
[INFO] [stderr] disables Cargo from automatically inferring other binary targets.
[INFO] [stderr] This inference behavior will change in the Rust 2018 edition and the following
[INFO] [stderr] files will be included as a binary target:
[INFO] [stderr] 
[INFO] [stderr] * /workspace/builds/worker-67/source/src/main.rs
[INFO] [stderr] 
[INFO] [stderr] This is likely to break cargo build or cargo test as these files may not be
[INFO] [stderr] ready to be compiled as a binary target today. You can future-proof yourself
[INFO] [stderr] and disable this warning by adding `autobins = false` to your [package]
[INFO] [stderr] section. You may also move the files to a location where Cargo would not
[INFO] [stderr] automatically infer them to be a target, such as in subfolders.
[INFO] [stderr] 
[INFO] [stderr] For more information on this warning you can consult
[INFO] [stderr] https://github.com/rust-lang/cargo/issues/5330
[INFO] [stderr] warning: path `/workspace/builds/worker-67/source/src/main.rs` was erroneously implicitly accepted for binary `server-bin`,
[INFO] [stderr] please set bin.path in Cargo.toml
[INFO] [stderr]     Blocking waiting for file lock on package cache
[INFO] [stderr]     Blocking waiting for file lock on package cache
[INFO] [stderr]  Downloading crates ...
[INFO] [stderr]   Downloaded threadpool v0.1.4
[INFO] [stderr]   Downloaded kernel32-sys v0.1.3
[INFO] [stderr]   Downloaded winapi-build v0.1.0
[INFO] [stderr]   Downloaded rustc-serialize v0.3.15
[INFO] [stderr]   Downloaded libc v0.1.8
[INFO] [stderr]   Downloaded winapi v0.2.1
[INFO] [stderr]   Downloaded regex-syntax v0.2.1
[INFO] [stderr]   Downloaded url v0.2.36
[INFO] [stderr]   Downloaded regex v0.1.41
[INFO] [stderr]   Downloaded time v0.1.32
[INFO] [stderr]   Downloaded memchr v0.1.3
[INFO] [stderr]   Downloaded aho-corasick v0.3.0
[INFO] [stderr]   Downloaded argparse v0.2.0
[INFO] running `Command { std: "docker" "create" "-v" "/var/lib/crater-agent-workspace/builds/worker-67/target:/opt/rustwide/target:rw,Z" "-v" "/var/lib/crater-agent-workspace/builds/worker-67/source:/opt/rustwide/workdir:ro,Z" "-v" "/var/lib/crater-agent-workspace/cargo-home:/opt/rustwide/cargo-home:ro,Z" "-v" "/var/lib/crater-agent-workspace/rustup-home:/opt/rustwide/rustup-home:ro,Z" "-e" "SOURCE_DIR=/opt/rustwide/workdir" "-e" "CARGO_TARGET_DIR=/opt/rustwide/target" "-e" "CARGO_HOME=/opt/rustwide/cargo-home" "-e" "RUSTUP_HOME=/opt/rustwide/rustup-home" "-w" "/opt/rustwide/workdir" "-m" "1610612736" "--user" "0:0" "--network" "none" "ghcr.io/rust-lang/crates-build-env/linux@sha256:a89201d6b5b9fd45c15d5952ece0a0129e7e80cb26ec023fd59cf09bc26f1604" "/opt/rustwide/cargo-home/bin/cargo" "+1.55.0" "metadata" "--no-deps" "--format-version=1", kill_on_drop: false }`
[INFO] [stdout] 2752a995239f23fe22de12b9994c3235e62d19031f403ce215b4370f8c4b3894
[INFO] running `Command { std: "docker" "start" "-a" "2752a995239f23fe22de12b9994c3235e62d19031f403ce215b4370f8c4b3894", kill_on_drop: false }`
[INFO] running `Command { std: "docker" "inspect" "2752a995239f23fe22de12b9994c3235e62d19031f403ce215b4370f8c4b3894", kill_on_drop: false }`
[INFO] running `Command { std: "docker" "rm" "-f" "2752a995239f23fe22de12b9994c3235e62d19031f403ce215b4370f8c4b3894", kill_on_drop: false }`
[INFO] [stdout] 2752a995239f23fe22de12b9994c3235e62d19031f403ce215b4370f8c4b3894
[INFO] running `Command { std: "docker" "create" "-v" "/var/lib/crater-agent-workspace/builds/worker-67/target:/opt/rustwide/target:rw,Z" "-v" "/var/lib/crater-agent-workspace/builds/worker-67/source:/opt/rustwide/workdir:ro,Z" "-v" "/var/lib/crater-agent-workspace/cargo-home:/opt/rustwide/cargo-home:ro,Z" "-v" "/var/lib/crater-agent-workspace/rustup-home:/opt/rustwide/rustup-home:ro,Z" "-e" "SOURCE_DIR=/opt/rustwide/workdir" "-e" "CARGO_TARGET_DIR=/opt/rustwide/target" "-e" "CARGO_INCREMENTAL=0" "-e" "RUST_BACKTRACE=full" "-e" "RUSTFLAGS=--cap-lints=warn" "-e" "CARGO_HOME=/opt/rustwide/cargo-home" "-e" "RUSTUP_HOME=/opt/rustwide/rustup-home" "-w" "/opt/rustwide/workdir" "-m" "1610612736" "--user" "0:0" "--network" "none" "ghcr.io/rust-lang/crates-build-env/linux@sha256:a89201d6b5b9fd45c15d5952ece0a0129e7e80cb26ec023fd59cf09bc26f1604" "/opt/rustwide/cargo-home/bin/cargo" "+1.55.0" "check" "--frozen" "--all" "--all-targets" "--message-format=json", kill_on_drop: false }`
[INFO] [stdout] d9282b6cce389fbbe6a928276cbc97481eed70d414fec522bb79d1d5d82fe46a
[INFO] running `Command { std: "docker" "start" "-a" "d9282b6cce389fbbe6a928276cbc97481eed70d414fec522bb79d1d5d82fe46a", kill_on_drop: false }`
[INFO] [stderr] warning: An explicit [[bin]] section is specified in Cargo.toml which currently
[INFO] [stderr] disables Cargo from automatically inferring other binary targets.
[INFO] [stderr] This inference behavior will change in the Rust 2018 edition and the following
[INFO] [stderr] files will be included as a binary target:
[INFO] [stderr] 
[INFO] [stderr] * /opt/rustwide/workdir/src/main.rs
[INFO] [stderr] 
[INFO] [stderr] This is likely to break cargo build or cargo test as these files may not be
[INFO] [stderr] ready to be compiled as a binary target today. You can future-proof yourself
[INFO] [stderr] and disable this warning by adding `autobins = false` to your [package]
[INFO] [stderr] section. You may also move the files to a location where Cargo would not
[INFO] [stderr] automatically infer them to be a target, such as in subfolders.
[INFO] [stderr] 
[INFO] [stderr] For more information on this warning you can consult
[INFO] [stderr] https://github.com/rust-lang/cargo/issues/5330
[INFO] [stderr] warning: path `/opt/rustwide/workdir/src/main.rs` was erroneously implicitly accepted for binary `server-bin`,
[INFO] [stderr] please set bin.path in Cargo.toml
[INFO] [stderr]     Blocking waiting for file lock on package cache
[INFO] [stderr]    Compiling winapi-build v0.1.0
[INFO] [stderr]     Checking rustc-serialize v0.3.15
[INFO] [stderr]     Checking winapi v0.2.1
[INFO] [stderr]     Checking regex-syntax v0.2.1
[INFO] [stderr]     Checking matches v0.1.2
[INFO] [stderr]     Checking threadpool v0.1.4
[INFO] [stderr]     Checking argparse v0.2.0
[INFO] [stderr]     Checking memchr v0.1.3
[INFO] [stdout] error[E0642]: patterns aren't allowed in functions without bodies
[INFO] [stdout]    --> /opt/rustwide/cargo-home/registry/src/github.com-1ecc6299db9ec823/rustc-serialize-0.3.15/src/serialize.rs:145:45
[INFO] [stdout]     |
[INFO] [stdout] 145 | ...                   &f_name: &str,
[INFO] [stdout]     |                       ^^^^^^^ pattern not allowed in function without body
[INFO] [stdout] 
[INFO] [stdout] 
[INFO] [stderr]     Checking aho-corasick v0.3.0
[INFO] [stdout] error[E0277]: the size for values of type `Self` cannot be known at compilation time
[INFO] [stdout]    --> /opt/rustwide/cargo-home/registry/src/github.com-1ecc6299db9ec823/rustc-serialize-0.3.15/src/serialize.rs:201:41
[INFO] [stdout]     |
[INFO] [stdout] 201 |     fn decode<D: Decoder>(d: &mut D) -> Result<Self, D::Error>;
[INFO] [stdout]     |                                         ^^^^^^^^^^^^^^^^^^^^^^ doesn't have a size known at compile-time
[INFO] [stdout]     |
[INFO] [stdout] help: consider further restricting `Self`
[INFO] [stdout]     |
[INFO] [stdout] 201 |     fn decode<D: Decoder>(d: &mut D) -> Result<Self, D::Error> where Self: Sized;
[INFO] [stdout]     |                                                                ^^^^^^^^^^^^^^^^^
[INFO] [stdout] 
[INFO] [stdout] 
[INFO] [stdout] error[E0277]: the size for values of type `Self` cannot be known at compilation time
[INFO] [stdout]    --> /opt/rustwide/cargo-home/registry/src/github.com-1ecc6299db9ec823/argparse-0.2.0/src/lib.rs:17:34
[INFO] [stdout]     |
[INFO] [stdout] 17  |     fn from_argument(s: &str) -> Result<Self, String>;
[INFO] [stdout]     |                                  ^^^^^^^^^^^^^^^^^^^^ doesn't have a size known at compile-time
[INFO] [stdout]     |
[INFO] [stdout] help: consider further restricting `Self`
[INFO] [stdout]     |
[INFO] [stdout] 17  |     fn from_argument(s: &str) -> Result<Self, String> where Self: Sized;
[INFO] [stdout]     |                                                       ^^^^^^^^^^^^^^^^^
[INFO] [stdout] 
[INFO] [stdout] 
[INFO] [stdout] error: aborting due to previous error
[INFO] [stdout] 
[INFO] [stdout] 
[INFO] [stdout] For more information about this error, try `rustc --explain E0277`.
[INFO] [stdout] 
[INFO] [stdout] error: aborting due to 2 previous errors
[INFO] [stdout] 
[INFO] [stdout] 
[INFO] [stderr] error: could not compile `argparse` due to 2 previous errors
[INFO] [stdout] Some errors have detailed explanations: E0277, E0642.
[INFO] [stdout] 
[INFO] [stderr] warning: build failed, waiting for other jobs to finish...
[INFO] [stdout] For more information about an error, try `rustc --explain E0277`.
[INFO] [stdout] 
[INFO] [stderr] error: build failed
[INFO] running `Command { std: "docker" "inspect" "d9282b6cce389fbbe6a928276cbc97481eed70d414fec522bb79d1d5d82fe46a", kill_on_drop: false }`
[INFO] running `Command { std: "docker" "rm" "-f" "d9282b6cce389fbbe6a928276cbc97481eed70d414fec522bb79d1d5d82fe46a", kill_on_drop: false }`
[INFO] [stdout] d9282b6cce389fbbe6a928276cbc97481eed70d414fec522bb79d1d5d82fe46a
