[INFO] cloning repository https://github.com/littledivy/deno_vendor
[INFO] running `Command { std: "git" "-c" "credential.helper=" "-c" "credential.helper=/workspace/cargo-home/bin/git-credential-null" "clone" "--bare" "https://github.com/littledivy/deno_vendor" "/workspace/cache/git-repos/https%3A%2F%2Fgithub.com%2Flittledivy%2Fdeno_vendor", kill_on_drop: false }`
[INFO] [stderr] Cloning into bare repository '/workspace/cache/git-repos/https%3A%2F%2Fgithub.com%2Flittledivy%2Fdeno_vendor'...
[INFO] running `Command { std: "git" "rev-parse" "HEAD", kill_on_drop: false }`
[INFO] [stdout] c5542df3f69ed42399b3b0cb34be3515d93574c0
[INFO] checking littledivy/deno_vendor against beta-2021-10-15 for beta-1.56-3
[INFO] running `Command { std: "git" "clone" "/workspace/cache/git-repos/https%3A%2F%2Fgithub.com%2Flittledivy%2Fdeno_vendor" "/workspace/builds/worker-103/source", kill_on_drop: false }`
[INFO] [stderr] Cloning into '/workspace/builds/worker-103/source'...
[INFO] [stderr] done.
[INFO] validating manifest of git repo https://github.com/littledivy/deno_vendor on toolchain beta-2021-10-15
[INFO] running `Command { std: "/workspace/cargo-home/bin/cargo" "+beta-2021-10-15" "metadata" "--manifest-path" "Cargo.toml" "--no-deps", kill_on_drop: false }`
[INFO] started tweaking git repo https://github.com/littledivy/deno_vendor
[INFO] finished tweaking git repo https://github.com/littledivy/deno_vendor
[INFO] tweaked toml for git repo https://github.com/littledivy/deno_vendor written to /workspace/builds/worker-103/source/Cargo.toml
[INFO] crate git repo https://github.com/littledivy/deno_vendor already has a lockfile, it will not be regenerated
[INFO] running `Command { std: "/workspace/cargo-home/bin/cargo" "+beta-2021-10-15" "fetch" "--manifest-path" "Cargo.toml", kill_on_drop: false }`
[INFO] [stderr]     Blocking waiting for file lock on package cache
[INFO] [stderr]     Blocking waiting for file lock on package cache
[INFO] running `Command { std: "docker" "create" "-v" "/var/lib/crater-agent-workspace/builds/worker-103/target:/opt/rustwide/target:rw,Z" "-v" "/var/lib/crater-agent-workspace/builds/worker-103/source:/opt/rustwide/workdir:ro,Z" "-v" "/var/lib/crater-agent-workspace/cargo-home:/opt/rustwide/cargo-home:ro,Z" "-v" "/var/lib/crater-agent-workspace/rustup-home:/opt/rustwide/rustup-home:ro,Z" "-e" "SOURCE_DIR=/opt/rustwide/workdir" "-e" "CARGO_TARGET_DIR=/opt/rustwide/target" "-e" "CARGO_HOME=/opt/rustwide/cargo-home" "-e" "RUSTUP_HOME=/opt/rustwide/rustup-home" "-w" "/opt/rustwide/workdir" "-m" "1610612736" "--user" "0:0" "--network" "none" "ghcr.io/rust-lang/crates-build-env/linux@sha256:a89201d6b5b9fd45c15d5952ece0a0129e7e80cb26ec023fd59cf09bc26f1604" "/opt/rustwide/cargo-home/bin/cargo" "+beta-2021-10-15" "metadata" "--no-deps" "--format-version=1", kill_on_drop: false }`
[INFO] [stdout] 85c5e7aa8645fd6a6088d9098603f3e96fc40acca557043b47f4fbfd07a46bad
[INFO] running `Command { std: "docker" "start" "-a" "85c5e7aa8645fd6a6088d9098603f3e96fc40acca557043b47f4fbfd07a46bad", kill_on_drop: false }`
[INFO] running `Command { std: "docker" "inspect" "85c5e7aa8645fd6a6088d9098603f3e96fc40acca557043b47f4fbfd07a46bad", kill_on_drop: false }`
[INFO] running `Command { std: "docker" "rm" "-f" "85c5e7aa8645fd6a6088d9098603f3e96fc40acca557043b47f4fbfd07a46bad", kill_on_drop: false }`
[INFO] [stdout] 85c5e7aa8645fd6a6088d9098603f3e96fc40acca557043b47f4fbfd07a46bad
[INFO] running `Command { std: "docker" "create" "-v" "/var/lib/crater-agent-workspace/builds/worker-103/target:/opt/rustwide/target:rw,Z" "-v" "/var/lib/crater-agent-workspace/builds/worker-103/source:/opt/rustwide/workdir:ro,Z" "-v" "/var/lib/crater-agent-workspace/cargo-home:/opt/rustwide/cargo-home:ro,Z" "-v" "/var/lib/crater-agent-workspace/rustup-home:/opt/rustwide/rustup-home:ro,Z" "-e" "SOURCE_DIR=/opt/rustwide/workdir" "-e" "CARGO_TARGET_DIR=/opt/rustwide/target" "-e" "CARGO_INCREMENTAL=0" "-e" "RUST_BACKTRACE=full" "-e" "RUSTFLAGS=--cap-lints=warn" "-e" "CARGO_HOME=/opt/rustwide/cargo-home" "-e" "RUSTUP_HOME=/opt/rustwide/rustup-home" "-w" "/opt/rustwide/workdir" "-m" "1610612736" "--user" "0:0" "--network" "none" "ghcr.io/rust-lang/crates-build-env/linux@sha256:a89201d6b5b9fd45c15d5952ece0a0129e7e80cb26ec023fd59cf09bc26f1604" "/opt/rustwide/cargo-home/bin/cargo" "+beta-2021-10-15" "check" "--frozen" "--all" "--all-targets" "--message-format=json", kill_on_drop: false }`
[INFO] [stdout] 7eefa29e9ef0318f1b8973cd962d53444a45fb1a19a3ae34b65492cc905c6624
[INFO] running `Command { std: "docker" "start" "-a" "7eefa29e9ef0318f1b8973cd962d53444a45fb1a19a3ae34b65492cc905c6624", kill_on_drop: false }`
[INFO] [stderr]     Blocking waiting for file lock on package cache
[INFO] [stderr]    Compiling syn v1.0.48
[INFO] [stderr]    Compiling libc v0.2.80
[INFO] [stderr]    Compiling log v0.4.11
[INFO] [stderr]    Compiling getrandom v0.1.15
[INFO] [stderr]    Compiling serde_derive v1.0.117
[INFO] [stderr]    Compiling serde v1.0.117
[INFO] [stderr]    Compiling cc v1.0.62
[INFO] [stderr]    Compiling pkg-config v0.3.19
[INFO] [stderr]     Checking once_cell v1.5.0
[INFO] [stderr]    Compiling ppv-lite86 v0.2.10
[INFO] [stderr]     Checking futures-core v0.3.8
[INFO] [stderr]    Compiling regex-syntax v0.6.21
[INFO] [stderr]    Compiling siphasher v0.3.3
[INFO] [stderr]    Compiling fnv v1.0.7
[INFO] [stderr]    Compiling ident_case v1.0.1
[INFO] [stderr]     Checking itoa v0.4.6
[INFO] [stderr]    Compiling strsim v0.9.3
[INFO] [stderr]    Compiling byteorder v1.3.4
[INFO] [stderr]    Compiling openssl v0.10.30
[INFO] [stderr]     Checking futures-sink v0.3.8
[INFO] [stderr]     Checking stable_deref_trait v1.2.0
[INFO] [stderr]     Checking futures-io v0.3.8
[INFO] [stderr]     Checking new_debug_unreachable v1.0.4
[INFO] [stderr]    Compiling native-tls v0.2.6
[INFO] [stderr]     Checking precomputed-hash v0.1.1
[INFO] [stderr]     Checking tinyvec v0.3.4
[INFO] [stderr]    Compiling serde_json v1.0.59
[INFO] [stderr]     Checking dtoa v0.4.6
[INFO] [stderr]     Checking unicode-xid v0.2.1
[INFO] [stderr]     Checking ipnet v2.3.0
[INFO] [stderr]     Checking smallvec v1.4.2
[INFO] [stderr]     Checking base64 v0.12.3
[INFO] [stderr]    Compiling num-traits v0.2.14
[INFO] [stderr]    Compiling unicase v2.6.0
[INFO] [stderr]    Compiling indexmap v1.6.0
[INFO] [stderr]    Compiling num-integer v0.1.44
[INFO] [stderr]    Compiling num-bigint v0.2.6
[INFO] [stderr]    Compiling quote v1.0.7
[INFO] [stderr]    Compiling memchr v2.3.4
[INFO] [stderr]     Checking owning_ref v0.4.1
[INFO] [stderr]     Checking http v0.2.1
[INFO] [stderr]    Compiling aho-corasick v0.7.15
[INFO] [stderr]     Checking phf_shared v0.8.0
[INFO] [stderr]     Checking futures-channel v0.3.8
[INFO] [stderr]     Checking futures-task v0.3.8
[INFO] [stderr]     Checking tracing v0.1.21
[INFO] [stderr]     Checking want v0.3.0
[INFO] [stderr]     Checking unicode-normalization v0.1.13
[INFO] [stderr]    Compiling openssl-sys v0.9.58
[INFO] [stderr]    Compiling mime_guess v2.0.3
[INFO] [stderr]     Checking net2 v0.2.35
[INFO] [stderr]     Checking iovec v0.1.4
[INFO] [stderr]     Checking num_cpus v1.13.0
[INFO] [stderr]     Checking socket2 v0.3.15
[INFO] [stderr]     Checking atty v0.2.14
[INFO] [stderr]     Checking fxhash v0.2.1
[INFO] [stderr]    Compiling regex v1.4.2
[INFO] [stderr]    Compiling rand_core v0.5.1
[INFO] [stderr]     Checking idna v0.2.0
[INFO] [stderr]     Checking http-body v0.3.1
[INFO] [stderr]     Checking mio v0.6.22
[INFO] [stderr]     Checking clap v2.33.3
[INFO] [stderr]    Compiling rand_pcg v0.2.1
[INFO] [stderr]    Compiling rand_chacha v0.2.2
[INFO] [stderr]    Compiling Inflector v0.11.4
[INFO] [stderr]     Checking tokio v0.2.22
[INFO] [stderr]    Compiling rand v0.7.3
[INFO] [stderr]     Checking url v2.2.0
[INFO] [stderr]    Compiling phf_generator v0.8.0
[INFO] [stderr]    Compiling string_cache_codegen v0.5.1
[INFO] [stderr]    Compiling pmutil v0.5.3
[INFO] [stderr]    Compiling darling_core v0.10.2
[INFO] [stderr]    Compiling swc_atoms v0.2.5
[INFO] [stderr]    Compiling swc_macros_common v0.3.1
[INFO] [stderr]     Checking tokio-util v0.3.1
[INFO] [stderr]     Checking tokio-tls v0.3.1
[INFO] [stderr]    Compiling pin-project-internal v0.4.27
[INFO] [stderr]    Compiling darling_macro v0.10.2
[INFO] [stderr]    Compiling pin-project-internal v1.0.1
[INFO] [stderr]    Compiling swc_visit_macros v0.1.1
[INFO] [stderr]    Compiling from_variant v0.1.2
[INFO] [stderr]    Compiling is-macro v0.1.8
[INFO] [stderr]    Compiling enum_kind v0.2.0
[INFO] [stderr]    Compiling string_enum v0.3.0
[INFO] [stderr]    Compiling swc_ecma_parser_macros v0.4.1
[INFO] [stderr]    Compiling darling v0.10.2
[INFO] [stderr]    Compiling ast_node v0.7.0
[INFO] [stderr]     Checking pin-project v1.0.1
[INFO] [stderr]     Checking futures-util v0.3.8
[INFO] [stderr]     Checking pin-project v0.4.27
[INFO] [stderr]     Checking tracing-futures v0.2.4
[INFO] [stderr]     Checking swc_visit v0.1.1
[INFO] [stderr]     Checking h2 v0.2.7
[INFO] [stderr]     Checking string_cache v0.8.0
[INFO] [stderr]     Checking swc_common v0.9.1
[INFO] [stderr]     Checking serde_urlencoded v0.6.1
[INFO] [stderr]     Checking hyper v0.13.9
[INFO] [stderr]     Checking swc_ecma_ast v0.28.0
[INFO] [stderr]     Checking hyper-tls v0.4.3
[INFO] [stderr]     Checking reqwest v0.10.8
[INFO] [stderr]     Checking swc_ecma_visit v0.13.0
[INFO] [stderr]     Checking swc_ecma_parser v0.33.3
[INFO] [stderr]     Checking deno-vendor v0.1.0 (/opt/rustwide/workdir)
[INFO] [stdout] error[E0554]: `#![feature]` may not be used on the beta release channel
[INFO] [stdout]  --> src/main.rs:1:1
[INFO] [stdout]   |
[INFO] [stdout] 1 | #![feature(box_patterns)]
[INFO] [stdout]   | ^^^^^^^^^^^^^^^^^^^^^^^^^
[INFO] [stdout] 
[INFO] [stdout] 
[INFO] [stdout] error[E0554]: `#![feature]` may not be used on the beta release channel
[INFO] [stdout]  --> src/main.rs:1:1
[INFO] [stdout]   |
[INFO] [stdout] 1 | #![feature(box_patterns)]
[INFO] [stdout]   | ^^^^^^^^^^^^^^^^^^^^^^^^^
[INFO] [stdout] 
[INFO] [stdout] 
[INFO] [stdout] error[E0308]: mismatched types
[INFO] [stdout]   --> src/main.rs:45:26
[INFO] [stdout]    |
[INFO] [stdout] 45 | fn fetch(dep: String) -> String {
[INFO] [stdout]    |    -----                 ^^^^^^ expected struct `String`, found `()`
[INFO] [stdout]    |    |
[INFO] [stdout]    |    implicitly returns `()` as its body has no tail or `return` expression
[INFO] [stdout] 
[INFO] [stdout] 
[INFO] [stdout] error: aborting due to 2 previous errors
[INFO] [stdout] 
[INFO] [stdout] 
[INFO] [stdout] Some errors have detailed explanations: E0308, E0554.
[INFO] [stdout] 
[INFO] [stdout] For more information about an error, try `rustc --explain E0308`.
[INFO] [stdout] 
[INFO] [stdout] error[E0308]: mismatched types
[INFO] [stdout]   --> src/main.rs:45:26
[INFO] [stdout]    |
[INFO] [stdout] 45 | fn fetch(dep: String) -> String {
[INFO] [stdout]    |    -----                 ^^^^^^ expected struct `String`, found `()`
[INFO] [stdout]    |    |
[INFO] [stdout]    |    implicitly returns `()` as its body has no tail or `return` expression
[INFO] [stdout] 
[INFO] [stdout] 
[INFO] [stderr] error: could not compile `deno-vendor` due to 3 previous errors
[INFO] [stderr] warning: build failed, waiting for other jobs to finish...
[INFO] [stdout] error: aborting due to 2 previous errors
[INFO] [stdout] 
[INFO] [stdout] 
[INFO] [stdout] Some errors have detailed explanations: E0308, E0554.
[INFO] [stdout] 
[INFO] [stdout] For more information about an error, try `rustc --explain E0308`.
[INFO] [stdout] 
[INFO] [stderr] error: build failed
[INFO] running `Command { std: "docker" "inspect" "7eefa29e9ef0318f1b8973cd962d53444a45fb1a19a3ae34b65492cc905c6624", kill_on_drop: false }`
[INFO] running `Command { std: "docker" "rm" "-f" "7eefa29e9ef0318f1b8973cd962d53444a45fb1a19a3ae34b65492cc905c6624", kill_on_drop: false }`
[INFO] [stdout] 7eefa29e9ef0318f1b8973cd962d53444a45fb1a19a3ae34b65492cc905c6624
