[INFO] cloning repository https://github.com/linw789/VulkanExamplesRust
[INFO] running `Command { std: "git" "-c" "credential.helper=" "-c" "credential.helper=/workspace/cargo-home/bin/git-credential-null" "clone" "--bare" "https://github.com/linw789/VulkanExamplesRust" "/workspace/cache/git-repos/https%3A%2F%2Fgithub.com%2Flinw789%2FVulkanExamplesRust", kill_on_drop: false }`
[INFO] [stderr] Cloning into bare repository '/workspace/cache/git-repos/https%3A%2F%2Fgithub.com%2Flinw789%2FVulkanExamplesRust'...
[INFO] running `Command { std: "git" "rev-parse" "HEAD", kill_on_drop: false }`
[INFO] [stdout] 3d6550592bb70fb9eff8f85dbd901c43a37bc182
[INFO] checking linw789/VulkanExamplesRust against 1.55.0 for beta-1.56-3
[INFO] running `Command { std: "git" "clone" "/workspace/cache/git-repos/https%3A%2F%2Fgithub.com%2Flinw789%2FVulkanExamplesRust" "/workspace/builds/worker-1/source", kill_on_drop: false }`
[INFO] [stderr] Cloning into '/workspace/builds/worker-1/source'...
[INFO] [stderr] done.
[INFO] validating manifest of git repo https://github.com/linw789/VulkanExamplesRust on toolchain 1.55.0
[INFO] running `Command { std: "/workspace/cargo-home/bin/cargo" "+1.55.0" "metadata" "--manifest-path" "Cargo.toml" "--no-deps", kill_on_drop: false }`
[INFO] started tweaking git repo https://github.com/linw789/VulkanExamplesRust
[INFO] finished tweaking git repo https://github.com/linw789/VulkanExamplesRust
[INFO] tweaked toml for git repo https://github.com/linw789/VulkanExamplesRust written to /workspace/builds/worker-1/source/Cargo.toml
[INFO] crate git repo https://github.com/linw789/VulkanExamplesRust already has a lockfile, it will not be regenerated
[INFO] running `Command { std: "/workspace/cargo-home/bin/cargo" "+1.55.0" "fetch" "--manifest-path" "Cargo.toml", kill_on_drop: false }`
[INFO] [stderr]     Blocking waiting for file lock on package cache
[INFO] [stderr]     Blocking waiting for file lock on package cache
[INFO] [stderr]  Downloading crates ...
[INFO] [stderr]   Downloaded num_enum_derive v0.5.2
[INFO] [stderr]   Downloaded once_cell v1.7.0
[INFO] [stderr]   Downloaded num_enum v0.5.2
[INFO] [stderr]   Downloaded ash v0.33.0+1.2.186
[INFO] [stderr]   Downloaded ash-window v0.7.0
[INFO] running `Command { std: "docker" "create" "-v" "/var/lib/crater-agent-workspace/builds/worker-1/target:/opt/rustwide/target:rw,Z" "-v" "/var/lib/crater-agent-workspace/builds/worker-1/source:/opt/rustwide/workdir:ro,Z" "-v" "/var/lib/crater-agent-workspace/cargo-home:/opt/rustwide/cargo-home:ro,Z" "-v" "/var/lib/crater-agent-workspace/rustup-home:/opt/rustwide/rustup-home:ro,Z" "-e" "SOURCE_DIR=/opt/rustwide/workdir" "-e" "CARGO_TARGET_DIR=/opt/rustwide/target" "-e" "CARGO_HOME=/opt/rustwide/cargo-home" "-e" "RUSTUP_HOME=/opt/rustwide/rustup-home" "-w" "/opt/rustwide/workdir" "-m" "1610612736" "--user" "0:0" "--network" "none" "ghcr.io/rust-lang/crates-build-env/linux@sha256:a89201d6b5b9fd45c15d5952ece0a0129e7e80cb26ec023fd59cf09bc26f1604" "/opt/rustwide/cargo-home/bin/cargo" "+1.55.0" "metadata" "--no-deps" "--format-version=1", kill_on_drop: false }`
[INFO] [stdout] 0292de9fc9a9c93edea91ae3be437c11496e4093fedd2fe551f259ab7695ff98
[INFO] running `Command { std: "docker" "start" "-a" "0292de9fc9a9c93edea91ae3be437c11496e4093fedd2fe551f259ab7695ff98", kill_on_drop: false }`
[INFO] running `Command { std: "docker" "inspect" "0292de9fc9a9c93edea91ae3be437c11496e4093fedd2fe551f259ab7695ff98", kill_on_drop: false }`
[INFO] running `Command { std: "docker" "rm" "-f" "0292de9fc9a9c93edea91ae3be437c11496e4093fedd2fe551f259ab7695ff98", kill_on_drop: false }`
[INFO] [stdout] 0292de9fc9a9c93edea91ae3be437c11496e4093fedd2fe551f259ab7695ff98
[INFO] running `Command { std: "docker" "create" "-v" "/var/lib/crater-agent-workspace/builds/worker-1/target:/opt/rustwide/target:rw,Z" "-v" "/var/lib/crater-agent-workspace/builds/worker-1/source:/opt/rustwide/workdir:ro,Z" "-v" "/var/lib/crater-agent-workspace/cargo-home:/opt/rustwide/cargo-home:ro,Z" "-v" "/var/lib/crater-agent-workspace/rustup-home:/opt/rustwide/rustup-home:ro,Z" "-e" "SOURCE_DIR=/opt/rustwide/workdir" "-e" "CARGO_TARGET_DIR=/opt/rustwide/target" "-e" "CARGO_INCREMENTAL=0" "-e" "RUST_BACKTRACE=full" "-e" "RUSTFLAGS=--cap-lints=warn" "-e" "CARGO_HOME=/opt/rustwide/cargo-home" "-e" "RUSTUP_HOME=/opt/rustwide/rustup-home" "-w" "/opt/rustwide/workdir" "-m" "1610612736" "--user" "0:0" "--network" "none" "ghcr.io/rust-lang/crates-build-env/linux@sha256:a89201d6b5b9fd45c15d5952ece0a0129e7e80cb26ec023fd59cf09bc26f1604" "/opt/rustwide/cargo-home/bin/cargo" "+1.55.0" "check" "--frozen" "--all" "--all-targets" "--message-format=json", kill_on_drop: false }`
[INFO] [stdout] 69d3db903a4e439bb98cab715c8f85249f2ba29d7593824c71f770b38f62130d
[INFO] running `Command { std: "docker" "start" "-a" "69d3db903a4e439bb98cab715c8f85249f2ba29d7593824c71f770b38f62130d", kill_on_drop: false }`
[INFO] [stderr]     Blocking waiting for file lock on package cache
[INFO] [stderr]    Compiling libc v0.2.86
[INFO] [stderr]    Compiling pkg-config v0.3.19
[INFO] [stderr]    Compiling xml-rs v0.8.3
[INFO] [stderr]    Compiling crossbeam-utils v0.8.5
[INFO] [stderr]    Compiling memchr v2.3.4
[INFO] [stderr]     Checking scopeguard v1.1.0
[INFO] [stderr]    Compiling crossbeam-epoch v0.9.5
[INFO] [stderr]     Checking once_cell v1.7.0
[INFO] [stderr]    Compiling nix v0.18.0
[INFO] [stderr]     Checking ttf-parser v0.6.2
[INFO] [stderr]    Compiling crossbeam-queue v0.3.2
[INFO] [stderr]     Checking scoped-tls v1.0.0
[INFO] [stderr]     Checking downcast-rs v1.2.0
[INFO] [stderr]     Checking ab_glyph_rasterizer v0.1.4
[INFO] [stderr]     Checking xdg v2.2.0
[INFO] [stderr]    Compiling cgmath v0.18.0
[INFO] [stderr]    Compiling winit v0.25.0
[INFO] [stderr]     Checking libloading v0.7.0
[INFO] [stderr]     Checking libloading v0.6.7
[INFO] [stderr]    Compiling memoffset v0.6.4
[INFO] [stderr]    Compiling nom v6.1.2
[INFO] [stderr]    Compiling num-traits v0.2.14
[INFO] [stderr]     Checking walkdir v2.3.1
[INFO] [stderr]     Checking lock_api v0.4.2
[INFO] [stderr]     Checking dlib v0.5.0
[INFO] [stderr]     Checking ash v0.33.0+1.2.186
[INFO] [stderr]     Checking dlib v0.4.2
[INFO] [stderr]    Compiling wayland-sys v0.28.5
[INFO] [stderr]    Compiling x11-dl v2.18.5
[INFO] [stderr]    Compiling wayland-scanner v0.28.5
[INFO] [stderr]     Checking crossbeam-channel v0.5.1
[INFO] [stderr]     Checking crossbeam-deque v0.8.1
[INFO] [stderr]     Checking crossbeam v0.8.1
[INFO] [stderr]     Checking owned_ttf_parser v0.6.0
[INFO] [stderr]     Checking rusttype v0.9.2
[INFO] [stderr]     Checking andrew v0.3.1
[INFO] [stderr]     Checking approx v0.4.0
[INFO] [stderr]    Compiling wayland-client v0.28.5
[INFO] [stderr]    Compiling wayland-protocols v0.28.5
[INFO] [stderr]     Checking nix v0.20.0
[INFO] [stderr]     Checking memmap2 v0.1.0
[INFO] [stderr]     Checking mio v0.7.13
[INFO] [stderr]     Checking raw-window-handle v0.3.3
[INFO] [stderr]     Checking parking_lot_core v0.8.3
[INFO] [stderr]     Checking xcursor v0.3.3
[INFO] [stderr]     Checking parking_lot v0.11.1
[INFO] [stderr]     Checking mio-misc v1.2.1
[INFO] [stderr]     Checking calloop v0.6.5
[INFO] [stderr]     Checking wayland-commons v0.28.5
[INFO] [stderr]     Checking wayland-cursor v0.28.5
[INFO] [stderr]     Checking ash-window v0.7.0
[INFO] [stderr]     Checking smithay-client-toolkit v0.12.3
[INFO] [stderr]     Checking vulkan_base v0.1.0 (/opt/rustwide/workdir)
[INFO] [stdout] error[E0432]: unresolved import `crate::device::VulkanDevice`
[INFO] [stdout]   --> src/vulkan_base.rs:10:5
[INFO] [stdout]    |
[INFO] [stdout] 10 | use crate::device::VulkanDevice;
[INFO] [stdout]    |     ^^^^^^^^^^^^^^^^^^^^^^^^^^^ no `VulkanDevice` in `device`
[INFO] [stdout] 
[INFO] [stdout] 
[INFO] [stdout] error[E0433]: failed to resolve: use of undeclared type `VulkanSwapchain`
[INFO] [stdout]    --> src/vulkan_base.rs:180:25
[INFO] [stdout]     |
[INFO] [stdout] 180 |         let swapchain = VulkanSwapchain::new(entry, instance, physical_devices, logical_device);
[INFO] [stdout]     |                         ^^^^^^^^^^^^^^^ use of undeclared type `VulkanSwapchain`
[INFO] [stdout] 
[INFO] [stdout] 
[INFO] [stdout] error[E0425]: cannot find value `logical_device` in this scope
[INFO] [stdout]    --> src/vulkan_base.rs:180:81
[INFO] [stdout]     |
[INFO] [stdout] 180 |         let swapchain = VulkanSwapchain::new(entry, instance, physical_devices, logical_device);
[INFO] [stdout]     |                                                                                 ^^^^^^^^^^^^^^ not found in this scope
[INFO] [stdout] 
[INFO] [stdout] 
[INFO] [stdout] error[E0432]: unresolved import `crate::device::VulkanDevice`
[INFO] [stdout]   --> src/vulkan_base.rs:10:5
[INFO] [stdout]    |
[INFO] [stdout] 10 | use crate::device::VulkanDevice;
[INFO] [stdout]    |     ^^^^^^^^^^^^^^^^^^^^^^^^^^^ no `VulkanDevice` in `device`
[INFO] [stdout] 
[INFO] [stdout] 
[INFO] [stdout] error[E0433]: failed to resolve: use of undeclared type `VulkanSwapchain`
[INFO] [stdout]    --> src/vulkan_base.rs:180:25
[INFO] [stdout]     |
[INFO] [stdout] 180 |         let swapchain = VulkanSwapchain::new(entry, instance, physical_devices, logical_device);
[INFO] [stdout]     |                         ^^^^^^^^^^^^^^^ use of undeclared type `VulkanSwapchain`
[INFO] [stdout] 
[INFO] [stdout] 
[INFO] [stdout] error[E0425]: cannot find value `logical_device` in this scope
[INFO] [stdout]    --> src/vulkan_base.rs:180:81
[INFO] [stdout]     |
[INFO] [stdout] 180 |         let swapchain = VulkanSwapchain::new(entry, instance, physical_devices, logical_device);
[INFO] [stdout]     |                                                                                 ^^^^^^^^^^^^^^ not found in this scope
[INFO] [stdout] 
[INFO] [stdout] 
[INFO] [stdout] error[E0308]: mismatched types
[INFO] [stdout]   --> src/surface.rs:17:10
[INFO] [stdout]    |
[INFO] [stdout] 12 |     pub fn new(
[INFO] [stdout]    |            --- implicitly returns `()` as its body has no tail or `return` expression
[INFO] [stdout] ...
[INFO] [stdout] 17 |     ) -> Self {
[INFO] [stdout]    |          ^^^^ expected struct `surface::Surface`, found `()`
[INFO] [stdout] 
[INFO] [stdout] 
[INFO] [stdout] error: aborting due to 4 previous errors
[INFO] [stdout] 
[INFO] [stdout] 
[INFO] [stdout] Some errors have detailed explanations: E0308, E0425, E0432, E0433.
[INFO] [stdout] 
[INFO] [stdout] For more information about an error, try `rustc --explain E0308`.
[INFO] [stdout] 
[INFO] [stderr] error: could not compile `vulkan_base` due to 5 previous errors
[INFO] [stderr] warning: build failed, waiting for other jobs to finish...
[INFO] [stdout] error[E0308]: mismatched types
[INFO] [stdout]   --> src/surface.rs:17:10
[INFO] [stdout]    |
[INFO] [stdout] 12 |     pub fn new(
[INFO] [stdout]    |            --- implicitly returns `()` as its body has no tail or `return` expression
[INFO] [stdout] ...
[INFO] [stdout] 17 |     ) -> Self {
[INFO] [stdout]    |          ^^^^ expected struct `surface::Surface`, found `()`
[INFO] [stdout] 
[INFO] [stdout] 
[INFO] [stdout] error: aborting due to 4 previous errors
[INFO] [stdout] 
[INFO] [stdout] 
[INFO] [stdout] Some errors have detailed explanations: E0308, E0425, E0432, E0433.
[INFO] [stdout] 
[INFO] [stdout] For more information about an error, try `rustc --explain E0308`.
[INFO] [stdout] 
[INFO] [stderr] error: build failed
[INFO] running `Command { std: "docker" "inspect" "69d3db903a4e439bb98cab715c8f85249f2ba29d7593824c71f770b38f62130d", kill_on_drop: false }`
[INFO] running `Command { std: "docker" "rm" "-f" "69d3db903a4e439bb98cab715c8f85249f2ba29d7593824c71f770b38f62130d", kill_on_drop: false }`
[INFO] [stdout] 69d3db903a4e439bb98cab715c8f85249f2ba29d7593824c71f770b38f62130d
