[INFO] cloning repository https://github.com/lhjok/Rust-Yew
[INFO] running `Command { std: "git" "-c" "credential.helper=" "-c" "credential.helper=/workspace/cargo-home/bin/git-credential-null" "clone" "--bare" "https://github.com/lhjok/Rust-Yew" "/workspace/cache/git-repos/https%3A%2F%2Fgithub.com%2Flhjok%2FRust-Yew", kill_on_drop: false }`
[INFO] [stderr] Cloning into bare repository '/workspace/cache/git-repos/https%3A%2F%2Fgithub.com%2Flhjok%2FRust-Yew'...
[INFO] running `Command { std: "git" "rev-parse" "HEAD", kill_on_drop: false }`
[INFO] [stdout] 81d000089df8e48426da2afa731ae33f37020d87
[INFO] checking lhjok/Rust-Yew against 1.55.0 for beta-1.56-3
[INFO] running `Command { std: "git" "clone" "/workspace/cache/git-repos/https%3A%2F%2Fgithub.com%2Flhjok%2FRust-Yew" "/workspace/builds/worker-46/source", kill_on_drop: false }`
[INFO] [stderr] Cloning into '/workspace/builds/worker-46/source'...
[INFO] [stderr] done.
[INFO] validating manifest of git repo https://github.com/lhjok/Rust-Yew on toolchain 1.55.0
[INFO] running `Command { std: "/workspace/cargo-home/bin/cargo" "+1.55.0" "metadata" "--manifest-path" "Cargo.toml" "--no-deps", kill_on_drop: false }`
[INFO] started tweaking git repo https://github.com/lhjok/Rust-Yew
[INFO] finished tweaking git repo https://github.com/lhjok/Rust-Yew
[INFO] tweaked toml for git repo https://github.com/lhjok/Rust-Yew written to /workspace/builds/worker-46/source/Cargo.toml
[INFO] running `Command { std: "/workspace/cargo-home/bin/cargo" "+1.55.0" "generate-lockfile" "--manifest-path" "Cargo.toml" "-Zno-index-update", kill_on_drop: false }`
[INFO] [stderr]     Blocking waiting for file lock on package cache
[INFO] running `Command { std: "/workspace/cargo-home/bin/cargo" "+1.55.0" "fetch" "--manifest-path" "Cargo.toml", kill_on_drop: false }`
[INFO] [stderr]     Blocking waiting for file lock on package cache
[INFO] [stderr]     Blocking waiting for file lock on package cache
[INFO] running `Command { std: "docker" "create" "-v" "/var/lib/crater-agent-workspace/builds/worker-46/target:/opt/rustwide/target:rw,Z" "-v" "/var/lib/crater-agent-workspace/builds/worker-46/source:/opt/rustwide/workdir:ro,Z" "-v" "/var/lib/crater-agent-workspace/cargo-home:/opt/rustwide/cargo-home:ro,Z" "-v" "/var/lib/crater-agent-workspace/rustup-home:/opt/rustwide/rustup-home:ro,Z" "-e" "SOURCE_DIR=/opt/rustwide/workdir" "-e" "CARGO_TARGET_DIR=/opt/rustwide/target" "-e" "CARGO_HOME=/opt/rustwide/cargo-home" "-e" "RUSTUP_HOME=/opt/rustwide/rustup-home" "-w" "/opt/rustwide/workdir" "-m" "1610612736" "--user" "0:0" "--network" "none" "ghcr.io/rust-lang/crates-build-env/linux@sha256:a89201d6b5b9fd45c15d5952ece0a0129e7e80cb26ec023fd59cf09bc26f1604" "/opt/rustwide/cargo-home/bin/cargo" "+1.55.0" "metadata" "--no-deps" "--format-version=1", kill_on_drop: false }`
[INFO] [stdout] f87a40da968615e95d56c674027822896238e2941043d323045c3739336f5b70
[INFO] running `Command { std: "docker" "start" "-a" "f87a40da968615e95d56c674027822896238e2941043d323045c3739336f5b70", kill_on_drop: false }`
[INFO] running `Command { std: "docker" "inspect" "f87a40da968615e95d56c674027822896238e2941043d323045c3739336f5b70", kill_on_drop: false }`
[INFO] running `Command { std: "docker" "rm" "-f" "f87a40da968615e95d56c674027822896238e2941043d323045c3739336f5b70", kill_on_drop: false }`
[INFO] [stdout] f87a40da968615e95d56c674027822896238e2941043d323045c3739336f5b70
[INFO] running `Command { std: "docker" "create" "-v" "/var/lib/crater-agent-workspace/builds/worker-46/target:/opt/rustwide/target:rw,Z" "-v" "/var/lib/crater-agent-workspace/builds/worker-46/source:/opt/rustwide/workdir:ro,Z" "-v" "/var/lib/crater-agent-workspace/cargo-home:/opt/rustwide/cargo-home:ro,Z" "-v" "/var/lib/crater-agent-workspace/rustup-home:/opt/rustwide/rustup-home:ro,Z" "-e" "SOURCE_DIR=/opt/rustwide/workdir" "-e" "CARGO_TARGET_DIR=/opt/rustwide/target" "-e" "CARGO_INCREMENTAL=0" "-e" "RUST_BACKTRACE=full" "-e" "RUSTFLAGS=--cap-lints=warn" "-e" "CARGO_HOME=/opt/rustwide/cargo-home" "-e" "RUSTUP_HOME=/opt/rustwide/rustup-home" "-w" "/opt/rustwide/workdir" "-m" "1610612736" "--user" "0:0" "--network" "none" "ghcr.io/rust-lang/crates-build-env/linux@sha256:a89201d6b5b9fd45c15d5952ece0a0129e7e80cb26ec023fd59cf09bc26f1604" "/opt/rustwide/cargo-home/bin/cargo" "+1.55.0" "check" "--frozen" "--all" "--all-targets" "--message-format=json", kill_on_drop: false }`
[INFO] [stdout] 302145c60feef528770f65d9d35a55dc99c6a3d3724829d323b0440da4f696df
[INFO] running `Command { std: "docker" "start" "-a" "302145c60feef528770f65d9d35a55dc99c6a3d3724829d323b0440da4f696df", kill_on_drop: false }`
[INFO] [stderr]     Blocking waiting for file lock on package cache
[INFO] [stderr]    Compiling proc-macro2 v1.0.30
[INFO] [stderr]    Compiling syn v1.0.80
[INFO] [stderr]    Compiling log v0.4.14
[INFO] [stderr]    Compiling wasm-bindgen-shared v0.2.78
[INFO] [stderr]    Compiling bumpalo v3.7.1
[INFO] [stderr]    Compiling wasm-bindgen v0.2.78
[INFO] [stderr]    Compiling serde_derive v1.0.130
[INFO] [stderr]    Compiling serde v1.0.130
[INFO] [stderr]    Compiling libc v0.2.104
[INFO] [stderr]    Compiling memchr v2.4.1
[INFO] [stderr]    Compiling serde_json v1.0.68
[INFO] [stderr]     Checking itoa v0.4.8
[INFO] [stderr]    Compiling lexical-core v0.7.6
[INFO] [stderr]     Checking slab v0.4.5
[INFO] [stderr]    Compiling futures-core v0.3.17
[INFO] [stderr]    Compiling boolinator v2.4.0
[INFO] [stderr]    Compiling futures-channel v0.3.17
[INFO] [stderr]    Compiling anyhow v1.0.44
[INFO] [stderr]    Compiling futures-task v0.3.17
[INFO] [stderr]     Checking futures-sink v0.3.17
[INFO] [stderr]     Checking bytes v1.1.0
[INFO] [stderr]     Checking futures-io v0.3.17
[INFO] [stderr]     Checking ppv-lite86 v0.2.14
[INFO] [stderr]     Checking cfg-match v0.2.1
[INFO] [stderr]    Compiling semver-parser v0.7.0
[INFO] [stderr]     Checking anymap v0.12.1
[INFO] [stderr]    Compiling arrayvec v0.5.2
[INFO] [stderr]    Compiling bitflags v1.3.2
[INFO] [stderr]    Compiling static_assertions v1.1.0
[INFO] [stderr]    Compiling yew v0.17.4
[INFO] [stderr]    Compiling yew v0.18.0
[INFO] [stderr]    Compiling stdweb-internal-runtime v0.1.5
[INFO] [stderr]    Compiling sha1 v0.6.0
[INFO] [stderr]    Compiling base-x v0.2.8
[INFO] [stderr]    Compiling wee_alloc v0.4.5
[INFO] [stderr]    Compiling css-in-rust v0.5.0
[INFO] [stderr]     Checking discard v1.0.4
[INFO] [stderr]     Checking memory_units v0.4.0
[INFO] [stderr]    Compiling futures-macro v0.3.17
[INFO] [stderr]    Compiling nom v5.1.2
[INFO] [stderr]    Compiling futures-util v0.3.17
[INFO] [stderr]    Compiling semver v0.9.0
[INFO] [stderr]     Checking http v0.2.5
[INFO] [stderr]    Compiling rustc_version v0.2.3
[INFO] [stderr]    Compiling quote v1.0.10
[INFO] [stderr]     Checking getrandom v0.1.16
[INFO] [stderr]     Checking getrandom v0.2.3
[INFO] [stderr]    Compiling stdweb v0.4.20
[INFO] [stderr]     Checking rand_core v0.5.1
[INFO] [stderr]    Compiling wasm-bindgen-test-macro v0.3.28
[INFO] [stderr]     Checking rand_core v0.6.3
[INFO] [stderr]     Checking rand_chacha v0.2.2
[INFO] [stderr]     Checking rand_pcg v0.2.1
[INFO] [stderr]     Checking rand_chacha v0.3.1
[INFO] [stderr]     Checking rand v0.7.3
[INFO] [stderr]     Checking rand v0.8.4
[INFO] [stderr]    Compiling yew-router-route-parser v0.14.0
[INFO] [stderr]    Compiling wasm-bindgen-backend v0.2.78
[INFO] [stderr]    Compiling wasm-bindgen-macro-support v0.2.78
[INFO] [stderr]    Compiling thiserror-impl v1.0.30
[INFO] [stderr]    Compiling yew-macro v0.18.0
[INFO] [stderr]    Compiling yew-macro v0.17.0
[INFO] [stderr]    Compiling yew-router-macro v0.14.0
[INFO] [stderr]    Compiling wasm-bindgen-macro v0.2.78
[INFO] [stderr]     Checking thiserror v1.0.30
[INFO] [stderr]     Checking js-sys v0.3.55
[INFO] [stderr]     Checking console_error_panic_hook v0.1.7
[INFO] [stderr]     Checking futures-executor v0.3.17
[INFO] [stderr]     Checking futures v0.3.17
[INFO] [stderr]     Checking web-sys v0.3.55
[INFO] [stderr]     Checking wasm-bindgen-futures v0.4.28
[INFO] [stderr]     Checking wasm-bindgen-test v0.3.28
[INFO] [stderr]     Checking bincode v1.3.3
[INFO] [stderr]    Compiling stdweb-derive v0.5.3
[INFO] [stderr]    Compiling stdweb-internal-macros v0.2.9
[INFO] [stderr]     Checking gloo-events v0.1.1
[INFO] [stderr]     Checking gloo-timers v0.2.1
[INFO] [stderr]     Checking gloo-console-timer v0.1.0
[INFO] [stderr]     Checking wasm-logger v0.2.0
[INFO] [stderr]     Checking gloo-file v0.1.0
[INFO] [stderr]     Checking gloo v0.2.1
[INFO] [stderr]     Checking yew-router v0.14.0
[INFO] [stderr]     Checking yew_assets v0.1.2
[INFO] [stderr]     Checking yew_styles v0.9.4
[INFO] [stderr]     Checking web_logger v0.2.0
[INFO] [stderr]     Checking rust_yew v0.1.0 (/opt/rustwide/workdir)
[INFO] [stdout] error[E0277]: the trait bound `Button: yew::Component` is not satisfied
[INFO] [stdout]   --> src/views/pages/content/index.rs:52:9
[INFO] [stdout]    |
[INFO] [stdout] 52 | /         html! {
[INFO] [stdout] 53 | |             <div class=self.style.clone()>
[INFO] [stdout] 54 | |                 <Button
[INFO] [stdout] 55 | |                     onclick_signal=self.link.callback(|_| Msg::Increment)
[INFO] [stdout] ...  |
[INFO] [stdout] 69 | |             </div>
[INFO] [stdout] 70 | |         }
[INFO] [stdout]    | |_________^ the trait `yew::Component` is not implemented for `Button`
[INFO] [stdout]    |
[INFO] [stdout]    = note: this error originates in the macro `proc_macro_call_0` (in Nightly builds, run with -Z macro-backtrace for more info)
[INFO] [stdout] 
[INFO] [stdout] 
[INFO] [stdout] error[E0599]: the function or associated item `new` exists for struct `VChild<Button>`, but its trait bounds were not satisfied
[INFO] [stdout]   --> src/views/pages/content/index.rs:52:9
[INFO] [stdout]    |
[INFO] [stdout] 52 | /         html! {
[INFO] [stdout] 53 | |             <div class=self.style.clone()>
[INFO] [stdout] 54 | |                 <Button
[INFO] [stdout] 55 | |                     onclick_signal=self.link.callback(|_| Msg::Increment)
[INFO] [stdout] ...  |
[INFO] [stdout] 69 | |             </div>
[INFO] [stdout] 70 | |         }
[INFO] [stdout]    | |_________^ function or associated item cannot be called on `VChild<Button>` due to unsatisfied trait bounds
[INFO] [stdout]    | 
[INFO] [stdout]   ::: /opt/rustwide/cargo-home/registry/src/github.com-1ecc6299db9ec823/yew_styles-0.9.4/src/components/button.rs:69:1
[INFO] [stdout]    |
[INFO] [stdout] 69 |   pub struct Button {
[INFO] [stdout]    |   ----------------- doesn't satisfy `Button: yew::Component`
[INFO] [stdout]    |
[INFO] [stdout]    = note: the following trait bounds were not satisfied:
[INFO] [stdout]            `Button: yew::Component`
[INFO] [stdout]    = note: this error originates in the macro `proc_macro_call_0` (in Nightly builds, run with -Z macro-backtrace for more info)
[INFO] [stdout] 
[INFO] [stdout] 
[INFO] [stdout] error[E0277]: the trait bound `Button: yew::Component` is not satisfied
[INFO] [stdout]   --> src/views/login.rs:52:9
[INFO] [stdout]    |
[INFO] [stdout] 52 | /         html! {
[INFO] [stdout] 53 | |             <div class=self.style.clone()>
[INFO] [stdout] 54 | |                 <Button
[INFO] [stdout] 55 | |                     onclick_signal=self.link.callback(|_| Msg::Increment)
[INFO] [stdout] ...  |
[INFO] [stdout] 69 | |             </div>
[INFO] [stdout] 70 | |         }
[INFO] [stdout]    | |_________^ the trait `yew::Component` is not implemented for `Button`
[INFO] [stdout]    |
[INFO] [stdout]    = note: this error originates in the macro `proc_macro_call_0` (in Nightly builds, run with -Z macro-backtrace for more info)
[INFO] [stdout] 
[INFO] [stdout] 
[INFO] [stdout] error[E0277]: the trait bound `Button: yew::Component` is not satisfied
[INFO] [stdout]   --> src/views/pages/content/index.rs:52:9
[INFO] [stdout]    |
[INFO] [stdout] 52 | /         html! {
[INFO] [stdout] 53 | |             <div class=self.style.clone()>
[INFO] [stdout] 54 | |                 <Button
[INFO] [stdout] 55 | |                     onclick_signal=self.link.callback(|_| Msg::Increment)
[INFO] [stdout] ...  |
[INFO] [stdout] 69 | |             </div>
[INFO] [stdout] 70 | |         }
[INFO] [stdout]    | |_________^ the trait `yew::Component` is not implemented for `Button`
[INFO] [stdout]    |
[INFO] [stdout]    = note: this error originates in the macro `proc_macro_call_0` (in Nightly builds, run with -Z macro-backtrace for more info)
[INFO] [stdout] 
[INFO] [stdout] 
[INFO] [stdout] error[E0599]: the function or associated item `new` exists for struct `VChild<Button>`, but its trait bounds were not satisfied
[INFO] [stdout]   --> src/views/login.rs:52:9
[INFO] [stdout]    |
[INFO] [stdout] 52 | /         html! {
[INFO] [stdout] 53 | |             <div class=self.style.clone()>
[INFO] [stdout] 54 | |                 <Button
[INFO] [stdout] 55 | |                     onclick_signal=self.link.callback(|_| Msg::Increment)
[INFO] [stdout] ...  |
[INFO] [stdout] 69 | |             </div>
[INFO] [stdout] 70 | |         }
[INFO] [stdout]    | |_________^ function or associated item cannot be called on `VChild<Button>` due to unsatisfied trait bounds
[INFO] [stdout]    | 
[INFO] [stdout]   ::: /opt/rustwide/cargo-home/registry/src/github.com-1ecc6299db9ec823/yew_styles-0.9.4/src/components/button.rs:69:1
[INFO] [stdout]    |
[INFO] [stdout] 69 |   pub struct Button {
[INFO] [stdout]    |   ----------------- doesn't satisfy `Button: yew::Component`
[INFO] [stdout]    |
[INFO] [stdout]    = note: the following trait bounds were not satisfied:
[INFO] [stdout]            `Button: yew::Component`
[INFO] [stdout]    = note: this error originates in the macro `proc_macro_call_0` (in Nightly builds, run with -Z macro-backtrace for more info)
[INFO] [stdout] 
[INFO] [stdout] 
[INFO] [stdout] error[E0599]: the function or associated item `new` exists for struct `VChild<Button>`, but its trait bounds were not satisfied
[INFO] [stdout]   --> src/views/pages/content/index.rs:52:9
[INFO] [stdout]    |
[INFO] [stdout] 52 | /         html! {
[INFO] [stdout] 53 | |             <div class=self.style.clone()>
[INFO] [stdout] 54 | |                 <Button
[INFO] [stdout] 55 | |                     onclick_signal=self.link.callback(|_| Msg::Increment)
[INFO] [stdout] ...  |
[INFO] [stdout] 69 | |             </div>
[INFO] [stdout] 70 | |         }
[INFO] [stdout]    | |_________^ function or associated item cannot be called on `VChild<Button>` due to unsatisfied trait bounds
[INFO] [stdout]    | 
[INFO] [stdout]   ::: /opt/rustwide/cargo-home/registry/src/github.com-1ecc6299db9ec823/yew_styles-0.9.4/src/components/button.rs:69:1
[INFO] [stdout]    |
[INFO] [stdout] 69 |   pub struct Button {
[INFO] [stdout]    |   ----------------- doesn't satisfy `Button: yew::Component`
[INFO] [stdout]    |
[INFO] [stdout]    = note: the following trait bounds were not satisfied:
[INFO] [stdout]            `Button: yew::Component`
[INFO] [stdout]    = note: this error originates in the macro `proc_macro_call_0` (in Nightly builds, run with -Z macro-backtrace for more info)
[INFO] [stdout] 
[INFO] [stdout] 
[INFO] [stdout] error[E0277]: the trait bound `Button: yew::Component` is not satisfied
[INFO] [stdout]   --> src/views/login.rs:52:9
[INFO] [stdout]    |
[INFO] [stdout] 52 | /         html! {
[INFO] [stdout] 53 | |             <div class=self.style.clone()>
[INFO] [stdout] 54 | |                 <Button
[INFO] [stdout] 55 | |                     onclick_signal=self.link.callback(|_| Msg::Increment)
[INFO] [stdout] ...  |
[INFO] [stdout] 69 | |             </div>
[INFO] [stdout] 70 | |         }
[INFO] [stdout]    | |_________^ the trait `yew::Component` is not implemented for `Button`
[INFO] [stdout]    |
[INFO] [stdout]    = note: this error originates in the macro `proc_macro_call_0` (in Nightly builds, run with -Z macro-backtrace for more info)
[INFO] [stdout] 
[INFO] [stdout] 
[INFO] [stdout] error: aborting due to 4 previous errors
[INFO] [stdout] 
[INFO] [stdout] 
[INFO] [stderr] error: could not compile `rust_yew` due to 5 previous errors
[INFO] [stderr] warning: build failed, waiting for other jobs to finish...
[INFO] [stdout] Some errors have detailed explanations: E0277, E0599.
[INFO] [stdout] 
[INFO] [stdout] For more information about an error, try `rustc --explain E0277`.
[INFO] [stdout] 
[INFO] [stdout] error[E0599]: the function or associated item `new` exists for struct `VChild<Button>`, but its trait bounds were not satisfied
[INFO] [stdout]   --> src/views/login.rs:52:9
[INFO] [stdout]    |
[INFO] [stdout] 52 | /         html! {
[INFO] [stdout] 53 | |             <div class=self.style.clone()>
[INFO] [stdout] 54 | |                 <Button
[INFO] [stdout] 55 | |                     onclick_signal=self.link.callback(|_| Msg::Increment)
[INFO] [stdout] ...  |
[INFO] [stdout] 69 | |             </div>
[INFO] [stdout] 70 | |         }
[INFO] [stdout]    | |_________^ function or associated item cannot be called on `VChild<Button>` due to unsatisfied trait bounds
[INFO] [stdout]    | 
[INFO] [stdout]   ::: /opt/rustwide/cargo-home/registry/src/github.com-1ecc6299db9ec823/yew_styles-0.9.4/src/components/button.rs:69:1
[INFO] [stdout]    |
[INFO] [stdout] 69 |   pub struct Button {
[INFO] [stdout]    |   ----------------- doesn't satisfy `Button: yew::Component`
[INFO] [stdout]    |
[INFO] [stdout]    = note: the following trait bounds were not satisfied:
[INFO] [stdout]            `Button: yew::Component`
[INFO] [stdout]    = note: this error originates in the macro `proc_macro_call_0` (in Nightly builds, run with -Z macro-backtrace for more info)
[INFO] [stdout] 
[INFO] [stdout] 
[INFO] [stdout] error: aborting due to 4 previous errors
[INFO] [stdout] 
[INFO] [stdout] 
[INFO] [stdout] Some errors have detailed explanations: E0277, E0599.
[INFO] [stdout] 
[INFO] [stdout] For more information about an error, try `rustc --explain E0277`.
[INFO] [stdout] 
[INFO] [stderr] error: build failed
[INFO] running `Command { std: "docker" "inspect" "302145c60feef528770f65d9d35a55dc99c6a3d3724829d323b0440da4f696df", kill_on_drop: false }`
[INFO] running `Command { std: "docker" "rm" "-f" "302145c60feef528770f65d9d35a55dc99c6a3d3724829d323b0440da4f696df", kill_on_drop: false }`
[INFO] [stdout] 302145c60feef528770f65d9d35a55dc99c6a3d3724829d323b0440da4f696df
