[INFO] cloning repository https://github.com/lfordyce/instructions
[INFO] running `Command { std: "git" "-c" "credential.helper=" "-c" "credential.helper=/workspace/cargo-home/bin/git-credential-null" "clone" "--bare" "https://github.com/lfordyce/instructions" "/workspace/cache/git-repos/https%3A%2F%2Fgithub.com%2Flfordyce%2Finstructions", kill_on_drop: false }`
[INFO] [stderr] Cloning into bare repository '/workspace/cache/git-repos/https%3A%2F%2Fgithub.com%2Flfordyce%2Finstructions'...
[INFO] running `Command { std: "git" "rev-parse" "HEAD", kill_on_drop: false }`
[INFO] [stdout] 7309c8836820224fc80efde077102f87ce276074
[INFO] checking lfordyce/instructions against beta-2021-10-15 for beta-1.56-3
[INFO] running `Command { std: "git" "clone" "/workspace/cache/git-repos/https%3A%2F%2Fgithub.com%2Flfordyce%2Finstructions" "/workspace/builds/worker-22/source", kill_on_drop: false }`
[INFO] [stderr] Cloning into '/workspace/builds/worker-22/source'...
[INFO] [stderr] done.
[INFO] validating manifest of git repo https://github.com/lfordyce/instructions on toolchain beta-2021-10-15
[INFO] running `Command { std: "/workspace/cargo-home/bin/cargo" "+beta-2021-10-15" "metadata" "--manifest-path" "Cargo.toml" "--no-deps", kill_on_drop: false }`
[INFO] started tweaking git repo https://github.com/lfordyce/instructions
[INFO] finished tweaking git repo https://github.com/lfordyce/instructions
[INFO] tweaked toml for git repo https://github.com/lfordyce/instructions written to /workspace/builds/worker-22/source/Cargo.toml
[INFO] crate git repo https://github.com/lfordyce/instructions already has a lockfile, it will not be regenerated
[INFO] running `Command { std: "/workspace/cargo-home/bin/cargo" "+beta-2021-10-15" "fetch" "--manifest-path" "Cargo.toml", kill_on_drop: false }`
[INFO] [stderr]     Blocking waiting for file lock on package cache
[INFO] [stderr]     Blocking waiting for file lock on package cache
[INFO] running `Command { std: "docker" "create" "-v" "/var/lib/crater-agent-workspace/builds/worker-22/target:/opt/rustwide/target:rw,Z" "-v" "/var/lib/crater-agent-workspace/builds/worker-22/source:/opt/rustwide/workdir:ro,Z" "-v" "/var/lib/crater-agent-workspace/cargo-home:/opt/rustwide/cargo-home:ro,Z" "-v" "/var/lib/crater-agent-workspace/rustup-home:/opt/rustwide/rustup-home:ro,Z" "-e" "SOURCE_DIR=/opt/rustwide/workdir" "-e" "CARGO_TARGET_DIR=/opt/rustwide/target" "-e" "CARGO_HOME=/opt/rustwide/cargo-home" "-e" "RUSTUP_HOME=/opt/rustwide/rustup-home" "-w" "/opt/rustwide/workdir" "-m" "1610612736" "--user" "0:0" "--network" "none" "ghcr.io/rust-lang/crates-build-env/linux@sha256:a89201d6b5b9fd45c15d5952ece0a0129e7e80cb26ec023fd59cf09bc26f1604" "/opt/rustwide/cargo-home/bin/cargo" "+beta-2021-10-15" "metadata" "--no-deps" "--format-version=1", kill_on_drop: false }`
[INFO] [stdout] 7241e21385298d96fe44777580962954da6090a96f056eecd2a7273892297296
[INFO] running `Command { std: "docker" "start" "-a" "7241e21385298d96fe44777580962954da6090a96f056eecd2a7273892297296", kill_on_drop: false }`
[INFO] running `Command { std: "docker" "inspect" "7241e21385298d96fe44777580962954da6090a96f056eecd2a7273892297296", kill_on_drop: false }`
[INFO] running `Command { std: "docker" "rm" "-f" "7241e21385298d96fe44777580962954da6090a96f056eecd2a7273892297296", kill_on_drop: false }`
[INFO] [stdout] 7241e21385298d96fe44777580962954da6090a96f056eecd2a7273892297296
[INFO] running `Command { std: "docker" "create" "-v" "/var/lib/crater-agent-workspace/builds/worker-22/target:/opt/rustwide/target:rw,Z" "-v" "/var/lib/crater-agent-workspace/builds/worker-22/source:/opt/rustwide/workdir:ro,Z" "-v" "/var/lib/crater-agent-workspace/cargo-home:/opt/rustwide/cargo-home:ro,Z" "-v" "/var/lib/crater-agent-workspace/rustup-home:/opt/rustwide/rustup-home:ro,Z" "-e" "SOURCE_DIR=/opt/rustwide/workdir" "-e" "CARGO_TARGET_DIR=/opt/rustwide/target" "-e" "CARGO_INCREMENTAL=0" "-e" "RUST_BACKTRACE=full" "-e" "RUSTFLAGS=--cap-lints=warn" "-e" "CARGO_HOME=/opt/rustwide/cargo-home" "-e" "RUSTUP_HOME=/opt/rustwide/rustup-home" "-w" "/opt/rustwide/workdir" "-m" "1610612736" "--user" "0:0" "--network" "none" "ghcr.io/rust-lang/crates-build-env/linux@sha256:a89201d6b5b9fd45c15d5952ece0a0129e7e80cb26ec023fd59cf09bc26f1604" "/opt/rustwide/cargo-home/bin/cargo" "+beta-2021-10-15" "check" "--frozen" "--all" "--all-targets" "--message-format=json", kill_on_drop: false }`
[INFO] [stdout] 1b7e39ab8f8b81e5c2a926f894fca61b974440ea85b1a30a77c581dfa87b5423
[INFO] running `Command { std: "docker" "start" "-a" "1b7e39ab8f8b81e5c2a926f894fca61b974440ea85b1a30a77c581dfa87b5423", kill_on_drop: false }`
[INFO] [stderr]    Compiling autocfg v1.0.1
[INFO] [stderr]    Compiling proc-macro2 v1.0.27
[INFO] [stderr]    Compiling unicode-xid v0.2.2
[INFO] [stderr]    Compiling syn v1.0.72
[INFO] [stderr]    Compiling libc v0.2.94
[INFO] [stderr]    Compiling proc-macro-hack v0.5.19
[INFO] [stderr]    Compiling memchr v2.4.0
[INFO] [stderr]    Compiling futures-core v0.3.15
[INFO] [stderr]    Compiling futures-task v0.3.15
[INFO] [stderr]    Compiling futures-channel v0.3.15
[INFO] [stderr]    Compiling proc-macro-nested v0.1.7
[INFO] [stderr]     Checking futures-sink v0.3.15
[INFO] [stderr]     Checking pin-project-lite v0.2.6
[INFO] [stderr]    Compiling serde_derive v1.0.129
[INFO] [stderr]    Compiling log v0.4.14
[INFO] [stderr]     Checking futures-io v0.3.15
[INFO] [stderr]     Checking scopeguard v1.1.0
[INFO] [stderr]    Compiling serde v1.0.129
[INFO] [stderr]     Checking slab v0.4.3
[INFO] [stderr]     Checking smallvec v1.6.1
[INFO] [stderr]    Compiling async-trait v0.1.50
[INFO] [stderr]    Compiling serde_json v1.0.66
[INFO] [stderr]     Checking once_cell v1.7.2
[INFO] [stderr]     Checking bytes v1.0.1
[INFO] [stderr]    Compiling convert_case v0.4.0
[INFO] [stderr]     Checking itoa v0.4.8
[INFO] [stderr]     Checking instant v0.1.9
[INFO] [stderr]    Compiling num-traits v0.2.14
[INFO] [stderr]    Compiling num-integer v0.1.44
[INFO] [stderr]    Compiling futures-macro v0.3.15
[INFO] [stderr]    Compiling futures-util v0.3.15
[INFO] [stderr]    Compiling num-bigint v0.4.0
[INFO] [stderr]    Compiling num-rational v0.4.0
[INFO] [stderr]    Compiling num-iter v0.1.42
[INFO] [stderr]    Compiling tokio v1.6.0
[INFO] [stderr]     Checking lock_api v0.4.4
[INFO] [stderr]    Compiling quote v1.0.9
[INFO] [stderr]     Checking getrandom v0.2.3
[INFO] [stderr]     Checking parking_lot_core v0.8.3
[INFO] [stderr]     Checking mio v0.7.11
[INFO] [stderr]     Checking num_cpus v1.13.0
[INFO] [stderr]     Checking signal-hook-registry v1.3.0
[INFO] [stderr]     Checking parking_lot v0.11.1
[INFO] [stderr]     Checking rand_core v0.6.3
[INFO] [stderr]     Checking rand_chacha v0.3.1
[INFO] [stderr]     Checking rand v0.8.4
[INFO] [stderr]     Checking num-complex v0.4.0
[INFO] [stderr]     Checking num v0.4.0
[INFO] [stderr]    Compiling tokio-macros v1.2.0
[INFO] [stderr]    Compiling thiserror-impl v1.0.26
[INFO] [stderr]    Compiling derive_more v0.99.16
[INFO] [stderr]     Checking thiserror v1.0.26
[INFO] [stderr]     Checking futures-executor v0.3.15
[INFO] [stderr]     Checking futures v0.3.15
[INFO] [stderr]     Checking instructions v0.1.0 (/opt/rustwide/workdir)
[INFO] [stdout] error[E0433]: failed to resolve: use of undeclared crate or module `tonic`
[INFO] [stdout]    --> src/hrtb_generic.rs:201:64
[INFO] [stdout]     |
[INFO] [stdout] 201 | async fn connection_fn(conn: &mut Endpoint) -> Result<Channel, tonic::transport::Error> {
[INFO] [stdout]     |                                                                ^^^^^ use of undeclared crate or module `tonic`
[INFO] [stdout] 
[INFO] [stdout] 
[INFO] [stdout] error[E0412]: cannot find type `Endpoint` in this scope
[INFO] [stdout]    --> src/hrtb_generic.rs:201:35
[INFO] [stdout]     |
[INFO] [stdout] 201 | async fn connection_fn(conn: &mut Endpoint) -> Result<Channel, tonic::transport::Error> {
[INFO] [stdout]     |                                   ^^^^^^^^ not found in this scope
[INFO] [stdout]     |
[INFO] [stdout] help: consider importing this trait
[INFO] [stdout]     |
[INFO] [stdout] 1   | use crate::abstractions::Endpoint;
[INFO] [stdout]     |
[INFO] [stdout] 
[INFO] [stdout] 
[INFO] [stdout] error[E0412]: cannot find type `Channel` in this scope
[INFO] [stdout]    --> src/hrtb_generic.rs:201:55
[INFO] [stdout]     |
[INFO] [stdout] 201 | async fn connection_fn(conn: &mut Endpoint) -> Result<Channel, tonic::transport::Error> {
[INFO] [stdout]     |                       -                               ^^^^^^^ not found in this scope
[INFO] [stdout]     |                       |
[INFO] [stdout]     |                       help: you might be missing a type parameter: `<Channel>`
[INFO] [stdout] 
[INFO] [stdout] 
[INFO] [stdout] warning: unused import: `crate::BoolTrait`
[INFO] [stdout]  --> src/patterns.rs:1:5
[INFO] [stdout]   |
[INFO] [stdout] 1 | use crate::BoolTrait;
[INFO] [stdout]   |     ^^^^^^^^^^^^^^^^
[INFO] [stdout]   |
[INFO] [stdout]   = note: `#[warn(unused_imports)]` on by default
[INFO] [stdout] 
[INFO] [stdout] 
[INFO] [stdout] warning: unused import: `std::fs::File`
[INFO] [stdout]  --> src/ray_tracing.rs:4:5
[INFO] [stdout]   |
[INFO] [stdout] 4 | use std::fs::File;
[INFO] [stdout]   |     ^^^^^^^^^^^^^
[INFO] [stdout] 
[INFO] [stdout] 
[INFO] [stdout] warning: unused import: `std::io::Write`
[INFO] [stdout]  --> src/ray_tracing.rs:5:5
[INFO] [stdout]   |
[INFO] [stdout] 5 | use std::io::Write;
[INFO] [stdout]   |     ^^^^^^^^^^^^^^
[INFO] [stdout] 
[INFO] [stdout] 
[INFO] [stdout] error[E0433]: failed to resolve: use of undeclared crate or module `tonic`
[INFO] [stdout]    --> src/hrtb_generic.rs:201:64
[INFO] [stdout]     |
[INFO] [stdout] 201 | async fn connection_fn(conn: &mut Endpoint) -> Result<Channel, tonic::transport::Error> {
[INFO] [stdout]     |                                                                ^^^^^ use of undeclared crate or module `tonic`
[INFO] [stdout] 
[INFO] [stdout] 
[INFO] [stdout] error[E0412]: cannot find type `Endpoint` in this scope
[INFO] [stdout]    --> src/hrtb_generic.rs:201:35
[INFO] [stdout]     |
[INFO] [stdout] 201 | async fn connection_fn(conn: &mut Endpoint) -> Result<Channel, tonic::transport::Error> {
[INFO] [stdout]     |                                   ^^^^^^^^ not found in this scope
[INFO] [stdout]     |
[INFO] [stdout] help: consider importing this trait
[INFO] [stdout]     |
[INFO] [stdout] 1   | use crate::abstractions::Endpoint;
[INFO] [stdout]     |
[INFO] [stdout] 
[INFO] [stdout] 
[INFO] [stdout] error[E0412]: cannot find type `Channel` in this scope
[INFO] [stdout]    --> src/hrtb_generic.rs:201:55
[INFO] [stdout]     |
[INFO] [stdout] 201 | async fn connection_fn(conn: &mut Endpoint) -> Result<Channel, tonic::transport::Error> {
[INFO] [stdout]     |                       -                               ^^^^^^^ not found in this scope
[INFO] [stdout]     |                       |
[INFO] [stdout]     |                       help: you might be missing a type parameter: `<Channel>`
[INFO] [stdout] 
[INFO] [stdout] 
[INFO] [stdout] warning: unused import: `crate::BoolTrait`
[INFO] [stdout]  --> src/patterns.rs:1:5
[INFO] [stdout]   |
[INFO] [stdout] 1 | use crate::BoolTrait;
[INFO] [stdout]   |     ^^^^^^^^^^^^^^^^
[INFO] [stdout]   |
[INFO] [stdout]   = note: `#[warn(unused_imports)]` on by default
[INFO] [stdout] 
[INFO] [stdout] 
[INFO] [stdout] warning: unused import: `std::fs::File`
[INFO] [stdout]  --> src/ray_tracing.rs:4:5
[INFO] [stdout]   |
[INFO] [stdout] 4 | use std::fs::File;
[INFO] [stdout]   |     ^^^^^^^^^^^^^
[INFO] [stdout] 
[INFO] [stdout] 
[INFO] [stdout] warning: unused import: `std::io::Write`
[INFO] [stdout]  --> src/ray_tracing.rs:5:5
[INFO] [stdout]   |
[INFO] [stdout] 5 | use std::io::Write;
[INFO] [stdout]   |     ^^^^^^^^^^^^^^
[INFO] [stdout] 
[INFO] [stdout] 
[INFO] [stdout] error: aborting due to 3 previous errors; 3 warnings emitted
[INFO] [stdout] 
[INFO] [stdout] 
[INFO] [stdout] Some errors have detailed explanations: E0412, E0433.
[INFO] [stdout] 
[INFO] [stdout] For more information about an error, try `rustc --explain E0412`.
[INFO] [stdout] 
[INFO] [stderr] error: could not compile `instructions` due to 4 previous errors; 3 warnings emitted
[INFO] [stderr] warning: build failed, waiting for other jobs to finish...
[INFO] [stdout] error: aborting due to 3 previous errors; 3 warnings emitted
[INFO] [stdout] 
[INFO] [stdout] 
[INFO] [stdout] Some errors have detailed explanations: E0412, E0433.
[INFO] [stdout] 
[INFO] [stdout] For more information about an error, try `rustc --explain E0412`.
[INFO] [stdout] 
[INFO] [stderr] error: build failed
[INFO] running `Command { std: "docker" "inspect" "1b7e39ab8f8b81e5c2a926f894fca61b974440ea85b1a30a77c581dfa87b5423", kill_on_drop: false }`
[INFO] running `Command { std: "docker" "rm" "-f" "1b7e39ab8f8b81e5c2a926f894fca61b974440ea85b1a30a77c581dfa87b5423", kill_on_drop: false }`
[INFO] [stdout] 1b7e39ab8f8b81e5c2a926f894fca61b974440ea85b1a30a77c581dfa87b5423
