[INFO] cloning repository https://github.com/lessless/cqrs_rs
[INFO] running `Command { std: "git" "-c" "credential.helper=" "-c" "credential.helper=/workspace/cargo-home/bin/git-credential-null" "clone" "--bare" "https://github.com/lessless/cqrs_rs" "/workspace/cache/git-repos/https%3A%2F%2Fgithub.com%2Flessless%2Fcqrs_rs", kill_on_drop: false }`
[INFO] [stderr] Cloning into bare repository '/workspace/cache/git-repos/https%3A%2F%2Fgithub.com%2Flessless%2Fcqrs_rs'...
[INFO] running `Command { std: "git" "rev-parse" "HEAD", kill_on_drop: false }`
[INFO] [stdout] abd453d97747098f696d48058ece769dc4e3f3f2
[INFO] checking lessless/cqrs_rs against beta-2021-10-15 for beta-1.56-3
[INFO] running `Command { std: "git" "clone" "/workspace/cache/git-repos/https%3A%2F%2Fgithub.com%2Flessless%2Fcqrs_rs" "/workspace/builds/worker-99/source", kill_on_drop: false }`
[INFO] [stderr] Cloning into '/workspace/builds/worker-99/source'...
[INFO] [stderr] done.
[INFO] validating manifest of git repo https://github.com/lessless/cqrs_rs on toolchain beta-2021-10-15
[INFO] running `Command { std: "/workspace/cargo-home/bin/cargo" "+beta-2021-10-15" "metadata" "--manifest-path" "Cargo.toml" "--no-deps", kill_on_drop: false }`
[INFO] started tweaking git repo https://github.com/lessless/cqrs_rs
[INFO] finished tweaking git repo https://github.com/lessless/cqrs_rs
[INFO] tweaked toml for git repo https://github.com/lessless/cqrs_rs written to /workspace/builds/worker-99/source/Cargo.toml
[INFO] crate git repo https://github.com/lessless/cqrs_rs already has a lockfile, it will not be regenerated
[INFO] running `Command { std: "/workspace/cargo-home/bin/cargo" "+beta-2021-10-15" "fetch" "--manifest-path" "Cargo.toml", kill_on_drop: false }`
[INFO] [stderr]     Blocking waiting for file lock on package cache
[INFO] [stderr]     Blocking waiting for file lock on package cache
[INFO] running `Command { std: "docker" "create" "-v" "/var/lib/crater-agent-workspace/builds/worker-99/target:/opt/rustwide/target:rw,Z" "-v" "/var/lib/crater-agent-workspace/builds/worker-99/source:/opt/rustwide/workdir:ro,Z" "-v" "/var/lib/crater-agent-workspace/cargo-home:/opt/rustwide/cargo-home:ro,Z" "-v" "/var/lib/crater-agent-workspace/rustup-home:/opt/rustwide/rustup-home:ro,Z" "-e" "SOURCE_DIR=/opt/rustwide/workdir" "-e" "CARGO_TARGET_DIR=/opt/rustwide/target" "-e" "CARGO_HOME=/opt/rustwide/cargo-home" "-e" "RUSTUP_HOME=/opt/rustwide/rustup-home" "-w" "/opt/rustwide/workdir" "-m" "1610612736" "--user" "0:0" "--network" "none" "ghcr.io/rust-lang/crates-build-env/linux@sha256:a89201d6b5b9fd45c15d5952ece0a0129e7e80cb26ec023fd59cf09bc26f1604" "/opt/rustwide/cargo-home/bin/cargo" "+beta-2021-10-15" "metadata" "--no-deps" "--format-version=1", kill_on_drop: false }`
[INFO] [stdout] e124add070d52e1e15a2c9470e71442295ec8e6ea873884c77f990b8dde42719
[INFO] running `Command { std: "docker" "start" "-a" "e124add070d52e1e15a2c9470e71442295ec8e6ea873884c77f990b8dde42719", kill_on_drop: false }`
[INFO] running `Command { std: "docker" "inspect" "e124add070d52e1e15a2c9470e71442295ec8e6ea873884c77f990b8dde42719", kill_on_drop: false }`
[INFO] running `Command { std: "docker" "rm" "-f" "e124add070d52e1e15a2c9470e71442295ec8e6ea873884c77f990b8dde42719", kill_on_drop: false }`
[INFO] [stdout] e124add070d52e1e15a2c9470e71442295ec8e6ea873884c77f990b8dde42719
[INFO] running `Command { std: "docker" "create" "-v" "/var/lib/crater-agent-workspace/builds/worker-99/target:/opt/rustwide/target:rw,Z" "-v" "/var/lib/crater-agent-workspace/builds/worker-99/source:/opt/rustwide/workdir:ro,Z" "-v" "/var/lib/crater-agent-workspace/cargo-home:/opt/rustwide/cargo-home:ro,Z" "-v" "/var/lib/crater-agent-workspace/rustup-home:/opt/rustwide/rustup-home:ro,Z" "-e" "SOURCE_DIR=/opt/rustwide/workdir" "-e" "CARGO_TARGET_DIR=/opt/rustwide/target" "-e" "CARGO_INCREMENTAL=0" "-e" "RUST_BACKTRACE=full" "-e" "RUSTFLAGS=--cap-lints=warn" "-e" "CARGO_HOME=/opt/rustwide/cargo-home" "-e" "RUSTUP_HOME=/opt/rustwide/rustup-home" "-w" "/opt/rustwide/workdir" "-m" "1610612736" "--user" "0:0" "--network" "none" "ghcr.io/rust-lang/crates-build-env/linux@sha256:a89201d6b5b9fd45c15d5952ece0a0129e7e80cb26ec023fd59cf09bc26f1604" "/opt/rustwide/cargo-home/bin/cargo" "+beta-2021-10-15" "check" "--frozen" "--all" "--all-targets" "--message-format=json", kill_on_drop: false }`
[INFO] [stdout] ad8d43c429aea48d911f217424f4499881ac13b6bd7b72b3e5c6826d30dea09a
[INFO] running `Command { std: "docker" "start" "-a" "ad8d43c429aea48d911f217424f4499881ac13b6bd7b72b3e5c6826d30dea09a", kill_on_drop: false }`
[INFO] [stderr]     Blocking waiting for file lock on package cache
[INFO] [stderr]    Compiling libc v0.2.51
[INFO] [stderr]    Compiling autocfg v0.1.2
[INFO] [stderr]     Checking cfg-if v0.1.7
[INFO] [stderr]     Checking rand_core v0.4.0
[INFO] [stderr]    Compiling proc-macro2 v0.4.27
[INFO] [stderr]     Checking smallvec v0.6.9
[INFO] [stderr]    Compiling semver-parser v0.7.0
[INFO] [stderr]     Checking futures v0.1.26
[INFO] [stderr]    Compiling syn v0.15.32
[INFO] [stderr]     Checking lazy_static v1.3.0
[INFO] [stderr]    Compiling byteorder v1.3.1
[INFO] [stderr]     Checking stable_deref_trait v1.1.1
[INFO] [stderr]     Checking scopeguard v0.3.3
[INFO] [stderr]     Checking lazycell v1.2.1
[INFO] [stderr]    Compiling cc v1.0.35
[INFO] [stderr]    Compiling failure_derive v0.1.5
[INFO] [stderr]     Checking rustc-demangle v0.1.14
[INFO] [stderr]     Checking percent-encoding v1.0.1
[INFO] [stderr]     Checking quick-error v1.2.2
[INFO] [stderr]     Checking linked-hash-map v0.5.2
[INFO] [stderr]     Checking bitflags v1.0.4
[INFO] [stderr]     Checking hashbrown v0.2.2
[INFO] [stderr]     Checking unicode-bidi v0.3.4
[INFO] [stderr]     Checking owning_ref v0.4.0
[INFO] [stderr]     Checking log v0.4.6
[INFO] [stderr]     Checking unicode-normalization v0.1.8
[INFO] [stderr]     Checking rand_core v0.3.1
[INFO] [stderr]     Checking rand_jitter v0.1.3
[INFO] [stderr]    Compiling semver v0.9.0
[INFO] [stderr]     Checking crossbeam-utils v0.6.5
[INFO] [stderr]     Checking lock_api v0.1.5
[INFO] [stderr]     Checking lru-cache v0.1.2
[INFO] [stderr]     Checking rand_hc v0.1.0
[INFO] [stderr]     Checking rand_xorshift v0.1.1
[INFO] [stderr]     Checking rand_isaac v0.1.1
[INFO] [stderr]    Compiling rand_chacha v0.1.1
[INFO] [stderr]    Compiling rand_pcg v0.1.2
[INFO] [stderr]    Compiling rand v0.6.5
[INFO] [stderr]    Compiling backtrace v0.3.15
[INFO] [stderr]    Compiling rustc_version v0.2.3
[INFO] [stderr]     Checking crossbeam-channel v0.3.8
[INFO] [stderr]     Checking tokio-executor v0.1.7
[INFO] [stderr]     Checking tokio-sync v0.1.4
[INFO] [stderr]    Compiling backtrace-sys v0.1.28
[INFO] [stderr]    Compiling quote v0.6.12
[INFO] [stderr]     Checking tokio-timer v0.2.10
[INFO] [stderr]     Checking tokio-current-thread v0.1.6
[INFO] [stderr]     Checking idna v0.1.5
[INFO] [stderr]     Checking iovec v0.1.2
[INFO] [stderr]     Checking rand_os v0.1.3
[INFO] [stderr]     Checking num_cpus v1.10.0
[INFO] [stderr]     Checking net2 v0.2.33
[INFO] [stderr]     Checking socket2 v0.3.8
[INFO] [stderr]     Checking hostname v0.1.5
[INFO] [stderr]    Compiling parking_lot_core v0.4.0
[INFO] [stderr]     Checking resolv-conf v0.6.2
[INFO] [stderr]     Checking bytes v0.4.12
[INFO] [stderr]     Checking threadpool v1.7.1
[INFO] [stderr]     Checking mio v0.6.16
[INFO] [stderr]     Checking url v1.7.2
[INFO] [stderr]     Checking tokio-io v0.1.12
[INFO] [stderr]     Checking tokio-codec v0.1.1
[INFO] [stderr]     Checking parking_lot v0.7.1
[INFO] [stderr]     Checking tokio-reactor v0.1.9
[INFO] [stderr]    Compiling synstructure v0.10.1
[INFO] [stderr]     Checking tokio-tcp v0.1.3
[INFO] [stderr]     Checking tokio-udp v0.1.3
[INFO] [stderr]    Compiling derive_more v0.14.0
[INFO] [stderr]    Compiling enum-as-inner v0.2.1
[INFO] [stderr]    Compiling actix_derive v0.4.0
[INFO] [stderr]     Checking failure v0.1.5
[INFO] [stderr]     Checking trust-dns-proto v0.7.3
[INFO] [stderr]     Checking actix-threadpool v0.1.0
[INFO] [stderr]     Checking actix-rt v0.2.2
[INFO] [stderr]     Checking trust-dns-resolver v0.11.0
[INFO] [stderr]     Checking actix v0.8.1
[INFO] [stderr]     Checking cqrs_es v0.1.0 (/opt/rustwide/workdir)
[INFO] [stdout] error[E0432]: unresolved import `actix_rt`
[INFO] [stdout]  --> src/event_store.rs:2:5
[INFO] [stdout]   |
[INFO] [stdout] 2 | use actix_rt::spawn;
[INFO] [stdout]   |     ^^^^^^^^ use of undeclared crate or module `actix_rt`
[INFO] [stdout] 
[INFO] [stdout] 
[INFO] [stdout] error[E0432]: unresolved import `futures`
[INFO] [stdout]  --> src/event_store.rs:3:5
[INFO] [stdout]   |
[INFO] [stdout] 3 | use futures::Future;
[INFO] [stdout]   |     ^^^^^^^ use of undeclared crate or module `futures`
[INFO] [stdout] 
[INFO] [stdout] 
[INFO] [stdout] error[E0433]: failed to resolve: use of undeclared crate or module `event_store`
[INFO] [stdout]   --> src/write_side.rs:22:21
[INFO] [stdout]    |
[INFO] [stdout] 22 |     print!("{:?} ", event_store::find(create.counter_id))
[INFO] [stdout]    |                     ^^^^^^^^^^^ use of undeclared crate or module `event_store`
[INFO] [stdout] 
[INFO] [stdout] 
[INFO] [stdout] error[E0432]: unresolved import `actix_rt`
[INFO] [stdout]  --> src/event_store.rs:2:5
[INFO] [stdout]   |
[INFO] [stdout] 2 | use actix_rt::spawn;
[INFO] [stdout]   |     ^^^^^^^^ use of undeclared crate or module `actix_rt`
[INFO] [stdout] 
[INFO] [stdout] 
[INFO] [stdout] error[E0432]: unresolved import `futures`
[INFO] [stdout]  --> src/event_store.rs:3:5
[INFO] [stdout]   |
[INFO] [stdout] 3 | use futures::Future;
[INFO] [stdout]   |     ^^^^^^^ use of undeclared crate or module `futures`
[INFO] [stdout] 
[INFO] [stdout] 
[INFO] [stdout] error[E0433]: failed to resolve: use of undeclared crate or module `event_store`
[INFO] [stdout]   --> src/write_side.rs:22:21
[INFO] [stdout]    |
[INFO] [stdout] 22 |     print!("{:?} ", event_store::find(create.counter_id))
[INFO] [stdout]    |                     ^^^^^^^^^^^ use of undeclared crate or module `event_store`
[INFO] [stdout] 
[INFO] [stdout] 
[INFO] [stdout] error[E0609]: no field `count` on type `&mut MyActor`
[INFO] [stdout]   --> src/event_store.rs:27:14
[INFO] [stdout]    |
[INFO] [stdout] 27 |         self.count + 1;
[INFO] [stdout]    |              ^^^^^ unknown field
[INFO] [stdout]    |
[INFO] [stdout]    = note: available fields are: `counter`
[INFO] [stdout] 
[INFO] [stdout] 
[INFO] [stdout] error[E0609]: no field `count` on type `&mut MyActor`
[INFO] [stdout]   --> src/event_store.rs:28:14
[INFO] [stdout]    |
[INFO] [stdout] 28 |         self.count
[INFO] [stdout]    |              ^^^^^ unknown field
[INFO] [stdout]    |
[INFO] [stdout]    = note: available fields are: `counter`
[INFO] [stdout] 
[INFO] [stdout] 
[INFO] [stdout] error: aborting due to 5 previous errors
[INFO] [stdout] 
[INFO] [stdout] 
[INFO] [stdout] Some errors have detailed explanations: E0432, E0433, E0609.
[INFO] [stdout] 
[INFO] [stdout] For more information about an error, try `rustc --explain E0432`.
[INFO] [stdout] 
[INFO] [stderr] error: could not compile `cqrs_es` due to 6 previous errors
[INFO] [stderr] warning: build failed, waiting for other jobs to finish...
[INFO] [stdout] error[E0609]: no field `count` on type `&mut MyActor`
[INFO] [stdout]   --> src/event_store.rs:27:14
[INFO] [stdout]    |
[INFO] [stdout] 27 |         self.count + 1;
[INFO] [stdout]    |              ^^^^^ unknown field
[INFO] [stdout]    |
[INFO] [stdout]    = note: available fields are: `counter`
[INFO] [stdout] 
[INFO] [stdout] 
[INFO] [stdout] error[E0609]: no field `count` on type `&mut MyActor`
[INFO] [stdout]   --> src/event_store.rs:28:14
[INFO] [stdout]    |
[INFO] [stdout] 28 |         self.count
[INFO] [stdout]    |              ^^^^^ unknown field
[INFO] [stdout]    |
[INFO] [stdout]    = note: available fields are: `counter`
[INFO] [stdout] 
[INFO] [stdout] 
[INFO] [stdout] error: aborting due to 5 previous errors
[INFO] [stdout] 
[INFO] [stdout] 
[INFO] [stdout] Some errors have detailed explanations: E0432, E0433, E0609.
[INFO] [stdout] 
[INFO] [stdout] For more information about an error, try `rustc --explain E0432`.
[INFO] [stdout] 
[INFO] [stderr] error: build failed
[INFO] running `Command { std: "docker" "inspect" "ad8d43c429aea48d911f217424f4499881ac13b6bd7b72b3e5c6826d30dea09a", kill_on_drop: false }`
[INFO] running `Command { std: "docker" "rm" "-f" "ad8d43c429aea48d911f217424f4499881ac13b6bd7b72b3e5c6826d30dea09a", kill_on_drop: false }`
[INFO] [stdout] ad8d43c429aea48d911f217424f4499881ac13b6bd7b72b3e5c6826d30dea09a
