[INFO] cloning repository https://github.com/leshow/rust-filter-map-reduce-bench
[INFO] running `Command { std: "git" "-c" "credential.helper=" "-c" "credential.helper=/workspace/cargo-home/bin/git-credential-null" "clone" "--bare" "https://github.com/leshow/rust-filter-map-reduce-bench" "/workspace/cache/git-repos/https%3A%2F%2Fgithub.com%2Fleshow%2Frust-filter-map-reduce-bench", kill_on_drop: false }`
[INFO] [stderr] Cloning into bare repository '/workspace/cache/git-repos/https%3A%2F%2Fgithub.com%2Fleshow%2Frust-filter-map-reduce-bench'...
[INFO] running `Command { std: "git" "rev-parse" "HEAD", kill_on_drop: false }`
[INFO] [stdout] be964def3658f3365e1f356643269ac6bb5f3734
[INFO] checking leshow/rust-filter-map-reduce-bench against beta-2021-10-15 for beta-1.56-3
[INFO] running `Command { std: "git" "clone" "/workspace/cache/git-repos/https%3A%2F%2Fgithub.com%2Fleshow%2Frust-filter-map-reduce-bench" "/workspace/builds/worker-111/source", kill_on_drop: false }`
[INFO] [stderr] Cloning into '/workspace/builds/worker-111/source'...
[INFO] [stderr] done.
[INFO] validating manifest of git repo https://github.com/leshow/rust-filter-map-reduce-bench on toolchain beta-2021-10-15
[INFO] running `Command { std: "/workspace/cargo-home/bin/cargo" "+beta-2021-10-15" "metadata" "--manifest-path" "Cargo.toml" "--no-deps", kill_on_drop: false }`
[INFO] started tweaking git repo https://github.com/leshow/rust-filter-map-reduce-bench
[INFO] finished tweaking git repo https://github.com/leshow/rust-filter-map-reduce-bench
[INFO] tweaked toml for git repo https://github.com/leshow/rust-filter-map-reduce-bench written to /workspace/builds/worker-111/source/Cargo.toml
[INFO] crate git repo https://github.com/leshow/rust-filter-map-reduce-bench already has a lockfile, it will not be regenerated
[INFO] running `Command { std: "/workspace/cargo-home/bin/cargo" "+beta-2021-10-15" "fetch" "--manifest-path" "Cargo.toml", kill_on_drop: false }`
[INFO] [stderr]     Blocking waiting for file lock on package cache
[INFO] [stderr]     Blocking waiting for file lock on package cache
[INFO] running `Command { std: "docker" "create" "-v" "/var/lib/crater-agent-workspace/builds/worker-111/target:/opt/rustwide/target:rw,Z" "-v" "/var/lib/crater-agent-workspace/builds/worker-111/source:/opt/rustwide/workdir:ro,Z" "-v" "/var/lib/crater-agent-workspace/cargo-home:/opt/rustwide/cargo-home:ro,Z" "-v" "/var/lib/crater-agent-workspace/rustup-home:/opt/rustwide/rustup-home:ro,Z" "-e" "SOURCE_DIR=/opt/rustwide/workdir" "-e" "CARGO_TARGET_DIR=/opt/rustwide/target" "-e" "CARGO_HOME=/opt/rustwide/cargo-home" "-e" "RUSTUP_HOME=/opt/rustwide/rustup-home" "-w" "/opt/rustwide/workdir" "-m" "1610612736" "--user" "0:0" "--network" "none" "ghcr.io/rust-lang/crates-build-env/linux@sha256:a89201d6b5b9fd45c15d5952ece0a0129e7e80cb26ec023fd59cf09bc26f1604" "/opt/rustwide/cargo-home/bin/cargo" "+beta-2021-10-15" "metadata" "--no-deps" "--format-version=1", kill_on_drop: false }`
[INFO] [stdout] 88b47e7980c486a043fcac97dc6eb5d0da2ef11dae2ca1d7a57e6fffc38ae1e3
[INFO] running `Command { std: "docker" "start" "-a" "88b47e7980c486a043fcac97dc6eb5d0da2ef11dae2ca1d7a57e6fffc38ae1e3", kill_on_drop: false }`
[INFO] running `Command { std: "docker" "inspect" "88b47e7980c486a043fcac97dc6eb5d0da2ef11dae2ca1d7a57e6fffc38ae1e3", kill_on_drop: false }`
[INFO] running `Command { std: "docker" "rm" "-f" "88b47e7980c486a043fcac97dc6eb5d0da2ef11dae2ca1d7a57e6fffc38ae1e3", kill_on_drop: false }`
[INFO] [stdout] 88b47e7980c486a043fcac97dc6eb5d0da2ef11dae2ca1d7a57e6fffc38ae1e3
[INFO] running `Command { std: "docker" "create" "-v" "/var/lib/crater-agent-workspace/builds/worker-111/target:/opt/rustwide/target:rw,Z" "-v" "/var/lib/crater-agent-workspace/builds/worker-111/source:/opt/rustwide/workdir:ro,Z" "-v" "/var/lib/crater-agent-workspace/cargo-home:/opt/rustwide/cargo-home:ro,Z" "-v" "/var/lib/crater-agent-workspace/rustup-home:/opt/rustwide/rustup-home:ro,Z" "-e" "SOURCE_DIR=/opt/rustwide/workdir" "-e" "CARGO_TARGET_DIR=/opt/rustwide/target" "-e" "CARGO_INCREMENTAL=0" "-e" "RUST_BACKTRACE=full" "-e" "RUSTFLAGS=--cap-lints=warn" "-e" "CARGO_HOME=/opt/rustwide/cargo-home" "-e" "RUSTUP_HOME=/opt/rustwide/rustup-home" "-w" "/opt/rustwide/workdir" "-m" "1610612736" "--user" "0:0" "--network" "none" "ghcr.io/rust-lang/crates-build-env/linux@sha256:a89201d6b5b9fd45c15d5952ece0a0129e7e80cb26ec023fd59cf09bc26f1604" "/opt/rustwide/cargo-home/bin/cargo" "+beta-2021-10-15" "check" "--frozen" "--all" "--all-targets" "--message-format=json", kill_on_drop: false }`
[INFO] [stdout] 23b4b13d14a2f4ad6a9770da7a361bd329b3f24918980ad563961fab1066a156
[INFO] running `Command { std: "docker" "start" "-a" "23b4b13d14a2f4ad6a9770da7a361bd329b3f24918980ad563961fab1066a156", kill_on_drop: false }`
[INFO] [stderr]     Blocking waiting for file lock on package cache
[INFO] [stderr]     Checking fold-test v0.0.1 (/opt/rustwide/workdir)
[INFO] [stdout] error[E0554]: `#![feature]` may not be used on the beta release channel
[INFO] [stdout]  --> src/main.rs:1:1
[INFO] [stdout]   |
[INFO] [stdout] 1 | #![feature(test)]
[INFO] [stdout]   | ^^^^^^^^^^^^^^^^^
[INFO] [stdout] 
[INFO] [stdout] 
[INFO] [stdout] warning: unnecessary parentheses around `for` iterator expression
[INFO] [stdout]   --> src/main.rs:23:14
[INFO] [stdout]    |
[INFO] [stdout] 23 |     for x in (0..iterations) {
[INFO] [stdout]    |              ^^^^^^^^^^^^^^^ help: remove these parentheses
[INFO] [stdout]    |
[INFO] [stdout]    = note: `#[warn(unused_parens)]` on by default
[INFO] [stdout] 
[INFO] [stdout] 
[INFO] [stderr] error: could not compile `fold-test` due to 2 previous errors; 1 warning emitted
[INFO] [stdout] error: aborting due to previous error; 1 warning emitted
[INFO] [stdout] 
[INFO] [stdout] 
[INFO] [stderr] warning: build failed, waiting for other jobs to finish...
[INFO] [stdout] For more information about this error, try `rustc --explain E0554`.
[INFO] [stdout] 
[INFO] [stdout] error[E0554]: `#![feature]` may not be used on the beta release channel
[INFO] [stdout]  --> src/main.rs:1:1
[INFO] [stdout]   |
[INFO] [stdout] 1 | #![feature(test)]
[INFO] [stdout]   | ^^^^^^^^^^^^^^^^^
[INFO] [stdout] 
[INFO] [stdout] 
[INFO] [stdout] warning: unnecessary parentheses around `for` iterator expression
[INFO] [stdout]   --> src/main.rs:23:14
[INFO] [stdout]    |
[INFO] [stdout] 23 |     for x in (0..iterations) {
[INFO] [stdout]    |              ^^^^^^^^^^^^^^^ help: remove these parentheses
[INFO] [stdout]    |
[INFO] [stdout]    = note: `#[warn(unused_parens)]` on by default
[INFO] [stdout] 
[INFO] [stdout] 
[INFO] [stdout] error[E0601]: `main` function not found in crate `fold_test`
[INFO] [stdout]   --> src/main.rs:1:1
[INFO] [stdout]    |
[INFO] [stdout] 1  | / #![feature(test)]
[INFO] [stdout] 2  | |
[INFO] [stdout] 3  | | extern crate test;
[INFO] [stdout] 4  | |
[INFO] [stdout] ...  |
[INFO] [stdout] 47 | |     }
[INFO] [stdout] 48 | | }
[INFO] [stdout]    | |_^ consider adding a `main` function to `src/main.rs`
[INFO] [stdout] 
[INFO] [stdout] 
[INFO] [stdout] error: aborting due to 2 previous errors; 1 warning emitted
[INFO] [stdout] 
[INFO] [stdout] 
[INFO] [stdout] Some errors have detailed explanations: E0554, E0601.
[INFO] [stdout] 
[INFO] [stdout] For more information about an error, try `rustc --explain E0554`.
[INFO] [stdout] 
[INFO] [stderr] error: build failed
[INFO] running `Command { std: "docker" "inspect" "23b4b13d14a2f4ad6a9770da7a361bd329b3f24918980ad563961fab1066a156", kill_on_drop: false }`
[INFO] running `Command { std: "docker" "rm" "-f" "23b4b13d14a2f4ad6a9770da7a361bd329b3f24918980ad563961fab1066a156", kill_on_drop: false }`
[INFO] [stdout] 23b4b13d14a2f4ad6a9770da7a361bd329b3f24918980ad563961fab1066a156
