[INFO] cloning repository https://github.com/leodasvacas/futures-benchmark
[INFO] running `Command { std: "git" "-c" "credential.helper=" "-c" "credential.helper=/workspace/cargo-home/bin/git-credential-null" "clone" "--bare" "https://github.com/leodasvacas/futures-benchmark" "/workspace/cache/git-repos/https%3A%2F%2Fgithub.com%2Fleodasvacas%2Ffutures-benchmark", kill_on_drop: false }`
[INFO] [stderr] Cloning into bare repository '/workspace/cache/git-repos/https%3A%2F%2Fgithub.com%2Fleodasvacas%2Ffutures-benchmark'...
[INFO] running `Command { std: "git" "rev-parse" "HEAD", kill_on_drop: false }`
[INFO] [stdout] 2a8283a443817a9854b4cace21eaf5a774070a40
[INFO] checking leodasvacas/futures-benchmark against beta-2021-10-15 for beta-1.56-3
[INFO] running `Command { std: "git" "clone" "/workspace/cache/git-repos/https%3A%2F%2Fgithub.com%2Fleodasvacas%2Ffutures-benchmark" "/workspace/builds/worker-8/source", kill_on_drop: false }`
[INFO] [stderr] Cloning into '/workspace/builds/worker-8/source'...
[INFO] [stderr] done.
[INFO] validating manifest of git repo https://github.com/leodasvacas/futures-benchmark on toolchain beta-2021-10-15
[INFO] running `Command { std: "/workspace/cargo-home/bin/cargo" "+beta-2021-10-15" "metadata" "--manifest-path" "Cargo.toml" "--no-deps", kill_on_drop: false }`
[INFO] started tweaking git repo https://github.com/leodasvacas/futures-benchmark
[INFO] finished tweaking git repo https://github.com/leodasvacas/futures-benchmark
[INFO] tweaked toml for git repo https://github.com/leodasvacas/futures-benchmark written to /workspace/builds/worker-8/source/Cargo.toml
[INFO] crate git repo https://github.com/leodasvacas/futures-benchmark already has a lockfile, it will not be regenerated
[INFO] running `Command { std: "/workspace/cargo-home/bin/cargo" "+beta-2021-10-15" "fetch" "--manifest-path" "Cargo.toml", kill_on_drop: false }`
[INFO] [stderr]     Blocking waiting for file lock on package cache
[INFO] [stderr]     Updating git repository `https://github.com/leodasvacas/futures-rs`
[INFO] running `Command { std: "docker" "create" "-v" "/var/lib/crater-agent-workspace/builds/worker-8/target:/opt/rustwide/target:rw,Z" "-v" "/var/lib/crater-agent-workspace/builds/worker-8/source:/opt/rustwide/workdir:ro,Z" "-v" "/var/lib/crater-agent-workspace/cargo-home:/opt/rustwide/cargo-home:ro,Z" "-v" "/var/lib/crater-agent-workspace/rustup-home:/opt/rustwide/rustup-home:ro,Z" "-e" "SOURCE_DIR=/opt/rustwide/workdir" "-e" "CARGO_TARGET_DIR=/opt/rustwide/target" "-e" "CARGO_HOME=/opt/rustwide/cargo-home" "-e" "RUSTUP_HOME=/opt/rustwide/rustup-home" "-w" "/opt/rustwide/workdir" "-m" "1610612736" "--user" "0:0" "--network" "none" "ghcr.io/rust-lang/crates-build-env/linux@sha256:a89201d6b5b9fd45c15d5952ece0a0129e7e80cb26ec023fd59cf09bc26f1604" "/opt/rustwide/cargo-home/bin/cargo" "+beta-2021-10-15" "metadata" "--no-deps" "--format-version=1", kill_on_drop: false }`
[INFO] [stdout] a46526a873e9eedb8844d8e42731351133f78bef31ada5028f0c3df751af82a8
[INFO] running `Command { std: "docker" "start" "-a" "a46526a873e9eedb8844d8e42731351133f78bef31ada5028f0c3df751af82a8", kill_on_drop: false }`
[INFO] running `Command { std: "docker" "inspect" "a46526a873e9eedb8844d8e42731351133f78bef31ada5028f0c3df751af82a8", kill_on_drop: false }`
[INFO] running `Command { std: "docker" "rm" "-f" "a46526a873e9eedb8844d8e42731351133f78bef31ada5028f0c3df751af82a8", kill_on_drop: false }`
[INFO] [stdout] a46526a873e9eedb8844d8e42731351133f78bef31ada5028f0c3df751af82a8
[INFO] running `Command { std: "docker" "create" "-v" "/var/lib/crater-agent-workspace/builds/worker-8/target:/opt/rustwide/target:rw,Z" "-v" "/var/lib/crater-agent-workspace/builds/worker-8/source:/opt/rustwide/workdir:ro,Z" "-v" "/var/lib/crater-agent-workspace/cargo-home:/opt/rustwide/cargo-home:ro,Z" "-v" "/var/lib/crater-agent-workspace/rustup-home:/opt/rustwide/rustup-home:ro,Z" "-e" "SOURCE_DIR=/opt/rustwide/workdir" "-e" "CARGO_TARGET_DIR=/opt/rustwide/target" "-e" "CARGO_INCREMENTAL=0" "-e" "RUST_BACKTRACE=full" "-e" "RUSTFLAGS=--cap-lints=warn" "-e" "CARGO_HOME=/opt/rustwide/cargo-home" "-e" "RUSTUP_HOME=/opt/rustwide/rustup-home" "-w" "/opt/rustwide/workdir" "-m" "1610612736" "--user" "0:0" "--network" "none" "ghcr.io/rust-lang/crates-build-env/linux@sha256:a89201d6b5b9fd45c15d5952ece0a0129e7e80cb26ec023fd59cf09bc26f1604" "/opt/rustwide/cargo-home/bin/cargo" "+beta-2021-10-15" "check" "--frozen" "--all" "--all-targets" "--message-format=json", kill_on_drop: false }`
[INFO] [stdout] e1ba49182c2cf24deb3647d85233ac530fa0b3c8b5dd6c6f50bcd77cd0634cf9
[INFO] running `Command { std: "docker" "start" "-a" "e1ba49182c2cf24deb3647d85233ac530fa0b3c8b5dd6c6f50bcd77cd0634cf9", kill_on_drop: false }`
[INFO] [stderr]     Blocking waiting for file lock on package cache
[INFO] [stderr]     Checking futures v0.1.13 (https://github.com/leodasvacas/futures-rs?branch=task-rewrite-benchmark#7eeee658)
[INFO] [stderr]     Checking future-seg-fault v0.1.0 (/opt/rustwide/workdir)
[INFO] [stdout] error[E0554]: `#![feature]` may not be used on the beta release channel
[INFO] [stdout]  --> src/main.rs:1:1
[INFO] [stdout]   |
[INFO] [stdout] 1 | #![feature(test)]
[INFO] [stdout]   | ^^^^^^^^^^^^^^^^^
[INFO] [stdout] 
[INFO] [stdout] 
[INFO] [stdout] error: aborting due to previous error
[INFO] [stdout] 
[INFO] [stdout] 
[INFO] [stdout] For more information about this error, try `rustc --explain E0554`.
[INFO] [stdout] 
[INFO] [stderr] error: could not compile `future-seg-fault` due to 2 previous errors
[INFO] [stderr] warning: build failed, waiting for other jobs to finish...
[INFO] [stdout] error[E0554]: `#![feature]` may not be used on the beta release channel
[INFO] [stdout]  --> src/main.rs:1:1
[INFO] [stdout]   |
[INFO] [stdout] 1 | #![feature(test)]
[INFO] [stdout]   | ^^^^^^^^^^^^^^^^^
[INFO] [stdout] 
[INFO] [stdout] 
[INFO] [stdout] warning: unused import: `futures::executor`
[INFO] [stdout]  --> src/main.rs:7:5
[INFO] [stdout]   |
[INFO] [stdout] 7 | use futures::executor;
[INFO] [stdout]   |     ^^^^^^^^^^^^^^^^^
[INFO] [stdout]   |
[INFO] [stdout]   = note: `#[warn(unused_imports)]` on by default
[INFO] [stdout] 
[INFO] [stdout] 
[INFO] [stdout] warning: unused import: `test::Bencher`
[INFO] [stdout]  --> src/main.rs:8:5
[INFO] [stdout]   |
[INFO] [stdout] 8 | use test::Bencher;
[INFO] [stdout]   |     ^^^^^^^^^^^^^
[INFO] [stdout] 
[INFO] [stdout] 
[INFO] [stdout] error[E0601]: `main` function not found in crate `future_seg_fault`
[INFO] [stdout]   --> src/main.rs:1:1
[INFO] [stdout]    |
[INFO] [stdout] 1  | / #![feature(test)]
[INFO] [stdout] 2  | |
[INFO] [stdout] 3  | | extern crate futures;
[INFO] [stdout] 4  | | extern crate test;
[INFO] [stdout] ...  |
[INFO] [stdout] 30 | |     b.iter(|| { task.wait_future_old() });
[INFO] [stdout] 31 | | }
[INFO] [stdout]    | |_^ consider adding a `main` function to `src/main.rs`
[INFO] [stdout] 
[INFO] [stdout] 
[INFO] [stdout] error: aborting due to 2 previous errors; 2 warnings emitted
[INFO] [stdout] 
[INFO] [stdout] 
[INFO] [stdout] Some errors have detailed explanations: E0554, E0601.
[INFO] [stdout] 
[INFO] [stdout] For more information about an error, try `rustc --explain E0554`.
[INFO] [stdout] 
[INFO] [stderr] error: build failed
[INFO] running `Command { std: "docker" "inspect" "e1ba49182c2cf24deb3647d85233ac530fa0b3c8b5dd6c6f50bcd77cd0634cf9", kill_on_drop: false }`
[INFO] running `Command { std: "docker" "rm" "-f" "e1ba49182c2cf24deb3647d85233ac530fa0b3c8b5dd6c6f50bcd77cd0634cf9", kill_on_drop: false }`
[INFO] [stdout] e1ba49182c2cf24deb3647d85233ac530fa0b3c8b5dd6c6f50bcd77cd0634cf9
