[INFO] cloning repository https://github.com/leobelen/antares_test
[INFO] running `Command { std: "git" "-c" "credential.helper=" "-c" "credential.helper=/workspace/cargo-home/bin/git-credential-null" "clone" "--bare" "https://github.com/leobelen/antares_test" "/workspace/cache/git-repos/https%3A%2F%2Fgithub.com%2Fleobelen%2Fantares_test", kill_on_drop: false }`
[INFO] [stderr] Cloning into bare repository '/workspace/cache/git-repos/https%3A%2F%2Fgithub.com%2Fleobelen%2Fantares_test'...
[INFO] running `Command { std: "git" "rev-parse" "HEAD", kill_on_drop: false }`
[INFO] [stdout] 4f2f66f47620c1c509761ed464509de579ab5624
[INFO] checking leobelen/antares_test against beta-2021-10-15 for beta-1.56-3
[INFO] running `Command { std: "git" "clone" "/workspace/cache/git-repos/https%3A%2F%2Fgithub.com%2Fleobelen%2Fantares_test" "/workspace/builds/worker-80/source", kill_on_drop: false }`
[INFO] [stderr] Cloning into '/workspace/builds/worker-80/source'...
[INFO] [stderr] done.
[INFO] validating manifest of git repo https://github.com/leobelen/antares_test on toolchain beta-2021-10-15
[INFO] running `Command { std: "/workspace/cargo-home/bin/cargo" "+beta-2021-10-15" "metadata" "--manifest-path" "Cargo.toml" "--no-deps", kill_on_drop: false }`
[INFO] started tweaking git repo https://github.com/leobelen/antares_test
[INFO] finished tweaking git repo https://github.com/leobelen/antares_test
[INFO] tweaked toml for git repo https://github.com/leobelen/antares_test written to /workspace/builds/worker-80/source/Cargo.toml
[INFO] crate git repo https://github.com/leobelen/antares_test already has a lockfile, it will not be regenerated
[INFO] running `Command { std: "/workspace/cargo-home/bin/cargo" "+beta-2021-10-15" "fetch" "--manifest-path" "Cargo.toml", kill_on_drop: false }`
[INFO] [stderr]     Blocking waiting for file lock on package cache
[INFO] [stderr]     Blocking waiting for file lock on package cache
[INFO] running `Command { std: "docker" "create" "-v" "/var/lib/crater-agent-workspace/builds/worker-80/target:/opt/rustwide/target:rw,Z" "-v" "/var/lib/crater-agent-workspace/builds/worker-80/source:/opt/rustwide/workdir:ro,Z" "-v" "/var/lib/crater-agent-workspace/cargo-home:/opt/rustwide/cargo-home:ro,Z" "-v" "/var/lib/crater-agent-workspace/rustup-home:/opt/rustwide/rustup-home:ro,Z" "-e" "SOURCE_DIR=/opt/rustwide/workdir" "-e" "CARGO_TARGET_DIR=/opt/rustwide/target" "-e" "CARGO_HOME=/opt/rustwide/cargo-home" "-e" "RUSTUP_HOME=/opt/rustwide/rustup-home" "-w" "/opt/rustwide/workdir" "-m" "1610612736" "--user" "0:0" "--network" "none" "ghcr.io/rust-lang/crates-build-env/linux@sha256:a89201d6b5b9fd45c15d5952ece0a0129e7e80cb26ec023fd59cf09bc26f1604" "/opt/rustwide/cargo-home/bin/cargo" "+beta-2021-10-15" "metadata" "--no-deps" "--format-version=1", kill_on_drop: false }`
[INFO] [stdout] d916b644285304138bb28acb9c0bea362c2efb55c1854625dc30db409129ec52
[INFO] running `Command { std: "docker" "start" "-a" "d916b644285304138bb28acb9c0bea362c2efb55c1854625dc30db409129ec52", kill_on_drop: false }`
[INFO] running `Command { std: "docker" "inspect" "d916b644285304138bb28acb9c0bea362c2efb55c1854625dc30db409129ec52", kill_on_drop: false }`
[INFO] running `Command { std: "docker" "rm" "-f" "d916b644285304138bb28acb9c0bea362c2efb55c1854625dc30db409129ec52", kill_on_drop: false }`
[INFO] [stdout] d916b644285304138bb28acb9c0bea362c2efb55c1854625dc30db409129ec52
[INFO] running `Command { std: "docker" "create" "-v" "/var/lib/crater-agent-workspace/builds/worker-80/target:/opt/rustwide/target:rw,Z" "-v" "/var/lib/crater-agent-workspace/builds/worker-80/source:/opt/rustwide/workdir:ro,Z" "-v" "/var/lib/crater-agent-workspace/cargo-home:/opt/rustwide/cargo-home:ro,Z" "-v" "/var/lib/crater-agent-workspace/rustup-home:/opt/rustwide/rustup-home:ro,Z" "-e" "SOURCE_DIR=/opt/rustwide/workdir" "-e" "CARGO_TARGET_DIR=/opt/rustwide/target" "-e" "CARGO_INCREMENTAL=0" "-e" "RUST_BACKTRACE=full" "-e" "RUSTFLAGS=--cap-lints=warn" "-e" "CARGO_HOME=/opt/rustwide/cargo-home" "-e" "RUSTUP_HOME=/opt/rustwide/rustup-home" "-w" "/opt/rustwide/workdir" "-m" "1610612736" "--user" "0:0" "--network" "none" "ghcr.io/rust-lang/crates-build-env/linux@sha256:a89201d6b5b9fd45c15d5952ece0a0129e7e80cb26ec023fd59cf09bc26f1604" "/opt/rustwide/cargo-home/bin/cargo" "+beta-2021-10-15" "check" "--frozen" "--all" "--all-targets" "--message-format=json", kill_on_drop: false }`
[INFO] [stdout] cd10d83fb23c03f1f839dc268429c1d21644e1dc3ec7b94f0ae4c2de161f3c33
[INFO] running `Command { std: "docker" "start" "-a" "cd10d83fb23c03f1f839dc268429c1d21644e1dc3ec7b94f0ae4c2de161f3c33", kill_on_drop: false }`
[INFO] [stderr]     Blocking waiting for file lock on package cache
[INFO] [stderr]    Compiling libc v0.2.101
[INFO] [stderr]    Compiling proc-macro2 v1.0.29
[INFO] [stderr]    Compiling syn v1.0.75
[INFO] [stderr]    Compiling parking_lot_core v0.8.5
[INFO] [stderr]    Compiling memchr v2.4.1
[INFO] [stderr]    Compiling serde v1.0.130
[INFO] [stderr]    Compiling cc v1.0.70
[INFO] [stderr]    Compiling pq-sys v0.4.6
[INFO] [stderr]     Checking gimli v0.25.0
[INFO] [stderr]    Compiling serde_json v1.0.67
[INFO] [stderr]     Checking rustc-demangle v0.1.21
[INFO] [stderr]    Compiling anyhow v1.0.43
[INFO] [stderr]     Checking itoa v0.4.8
[INFO] [stderr]     Checking uuid v0.8.2
[INFO] [stderr]     Checking bitflags v1.3.2
[INFO] [stderr]     Checking once_cell v1.8.0
[INFO] [stderr]    Compiling num-traits v0.2.14
[INFO] [stderr]    Compiling num-integer v0.1.44
[INFO] [stderr]    Compiling num-bigint v0.2.6
[INFO] [stderr]     Checking instant v0.1.10
[INFO] [stderr]     Checking lock_api v0.4.5
[INFO] [stderr]    Compiling backtrace v0.3.61
[INFO] [stderr]     Checking object v0.26.2
[INFO] [stderr]    Compiling quote v1.0.9
[INFO] [stderr]     Checking time v0.1.44
[INFO] [stderr]     Checking parking_lot v0.11.2
[INFO] [stderr]     Checking scheduled-thread-pool v0.2.5
[INFO] [stderr]     Checking chrono v0.4.19
[INFO] [stderr]     Checking r2d2 v0.8.9
[INFO] [stderr]     Checking addr2line v0.16.0
[INFO] [stderr]     Checking bigdecimal v0.1.2
[INFO] [stderr]    Compiling diesel_derives v1.4.1
[INFO] [stderr]    Compiling thiserror-impl v1.0.28
[INFO] [stderr]     Checking thiserror v1.0.28
[INFO] [stderr]     Checking diesel v1.4.7
[INFO] [stderr]     Checking antares-testbed v0.1.0 (/opt/rustwide/workdir)
[INFO] [stdout] error[E0252]: the name `BaseUpdateRepositoryTrait` is defined multiple times
[INFO] [stdout]  --> src/traits/mod.rs:2:60
[INFO] [stdout]   |
[INFO] [stdout] 2 | pub use base_repository_trait::{BaseUpdateRepositoryTrait, BaseUpdateRepositoryTrait};
[INFO] [stdout]   |                                 -------------------------  ^^^^^^^^^^^^^^^^^^^^^^^^^ `BaseUpdateRepositoryTrait` reimported here
[INFO] [stdout]   |                                 |
[INFO] [stdout]   |                                 previous import of the trait `BaseUpdateRepositoryTrait` here
[INFO] [stdout]   |
[INFO] [stdout]   = note: `BaseUpdateRepositoryTrait` must be defined only once in the type namespace of this module
[INFO] [stdout] 
[INFO] [stdout] 
[INFO] [stdout] error[E0252]: the name `BaseUpdateRepositoryTrait` is defined multiple times
[INFO] [stdout]  --> src/traits/mod.rs:2:60
[INFO] [stdout]   |
[INFO] [stdout] 2 | pub use base_repository_trait::{BaseUpdateRepositoryTrait, BaseUpdateRepositoryTrait};
[INFO] [stdout]   |                                 -------------------------  ^^^^^^^^^^^^^^^^^^^^^^^^^ `BaseUpdateRepositoryTrait` reimported here
[INFO] [stdout]   |                                 |
[INFO] [stdout]   |                                 previous import of the trait `BaseUpdateRepositoryTrait` here
[INFO] [stdout]   |
[INFO] [stdout]   = note: `BaseUpdateRepositoryTrait` must be defined only once in the type namespace of this module
[INFO] [stdout] 
[INFO] [stdout] 
[INFO] [stdout] warning: unused import: `crate::schema::core_log::dsl::*`
[INFO] [stdout]  --> src/models/log_model.rs:1:5
[INFO] [stdout]   |
[INFO] [stdout] 1 | use crate::schema::core_log::dsl::*;
[INFO] [stdout]   |     ^^^^^^^^^^^^^^^^^^^^^^^^^^^^^^^
[INFO] [stdout]   |
[INFO] [stdout]   = note: `#[warn(unused_imports)]` on by default
[INFO] [stdout] 
[INFO] [stdout] 
[INFO] [stdout] warning: unused imports: `Identifiable`, `Insertable`
[INFO] [stdout]  --> src/models/log_model.rs:3:28
[INFO] [stdout]   |
[INFO] [stdout] 3 | use diesel::{Associations, Identifiable, Insertable, Queryable};
[INFO] [stdout]   |                            ^^^^^^^^^^^^  ^^^^^^^^^^
[INFO] [stdout] 
[INFO] [stdout] 
[INFO] [stdout] warning: unused import: `UpdateStatement`
[INFO] [stdout]  --> src/traits/base_repository_trait.rs:7:30
[INFO] [stdout]   |
[INFO] [stdout] 7 |     UndecoratedInsertRecord, UpdateStatement,
[INFO] [stdout]   |                              ^^^^^^^^^^^^^^^
[INFO] [stdout] 
[INFO] [stdout] 
[INFO] [stdout] warning: unused import: `crate::schema::core_log::dsl::*`
[INFO] [stdout]  --> src/models/log_model.rs:1:5
[INFO] [stdout]   |
[INFO] [stdout] 1 | use crate::schema::core_log::dsl::*;
[INFO] [stdout]   |     ^^^^^^^^^^^^^^^^^^^^^^^^^^^^^^^
[INFO] [stdout]   |
[INFO] [stdout]   = note: `#[warn(unused_imports)]` on by default
[INFO] [stdout] 
[INFO] [stdout] 
[INFO] [stdout] warning: unused imports: `Identifiable`, `Insertable`
[INFO] [stdout]  --> src/models/log_model.rs:3:28
[INFO] [stdout]   |
[INFO] [stdout] 3 | use diesel::{Associations, Identifiable, Insertable, Queryable};
[INFO] [stdout]   |                            ^^^^^^^^^^^^  ^^^^^^^^^^
[INFO] [stdout] 
[INFO] [stdout] 
[INFO] [stdout] warning: unused import: `UpdateStatement`
[INFO] [stdout]  --> src/traits/base_repository_trait.rs:7:30
[INFO] [stdout]   |
[INFO] [stdout] 7 |     UndecoratedInsertRecord, UpdateStatement,
[INFO] [stdout]   |                              ^^^^^^^^^^^^^^^
[INFO] [stdout] 
[INFO] [stdout] 
[INFO] [stdout] error[E0271]: type mismatch resolving `<<TABLE as diesel::Table>::PrimaryKey as diesel::Column>::Table == TABLE`
[INFO] [stdout]    --> src/traits/base_repository_trait.rs:119:14
[INFO] [stdout]     |
[INFO] [stdout] 96  | pub trait BaseUpdateRepositoryTrait<TABLE, MODEL>
[INFO] [stdout]     |                                     ----- this type parameter
[INFO] [stdout] ...
[INFO] [stdout] 119 |             .on_conflict(TABLE::table().primary_key())
[INFO] [stdout]     |              ^^^^^^^^^^^ expected associated type, found type parameter `TABLE`
[INFO] [stdout]     |
[INFO] [stdout]     = note: expected associated type `<<TABLE as diesel::Table>::PrimaryKey as diesel::Column>::Table`
[INFO] [stdout]                 found type parameter `TABLE`
[INFO] [stdout]     = note: you might be missing a type parameter or trait bound
[INFO] [stdout] 
[INFO] [stdout] 
[INFO] [stdout] error[E0271]: type mismatch resolving `<&MODEL as AsChangeset>::Target == TABLE`
[INFO] [stdout]    --> src/traits/base_repository_trait.rs:121:14
[INFO] [stdout]     |
[INFO] [stdout] 96  | pub trait BaseUpdateRepositoryTrait<TABLE, MODEL>
[INFO] [stdout]     |                                     ----- this type parameter
[INFO] [stdout] ...
[INFO] [stdout] 121 |             .set(object)
[INFO] [stdout]     |              ^^^ expected associated type, found type parameter `TABLE`
[INFO] [stdout]     |
[INFO] [stdout]     = note: expected associated type `<&MODEL as AsChangeset>::Target`
[INFO] [stdout]                 found type parameter `TABLE`
[INFO] [stdout]     = note: you might be missing a type parameter or trait bound
[INFO] [stdout] 
[INFO] [stdout] 
[INFO] [stdout] error[E0271]: type mismatch resolving `<<TABLE as diesel::Table>::PrimaryKey as diesel::Column>::Table == TABLE`
[INFO] [stdout]    --> src/traits/base_repository_trait.rs:119:14
[INFO] [stdout]     |
[INFO] [stdout] 96  | pub trait BaseUpdateRepositoryTrait<TABLE, MODEL>
[INFO] [stdout]     |                                     ----- this type parameter
[INFO] [stdout] ...
[INFO] [stdout] 119 |             .on_conflict(TABLE::table().primary_key())
[INFO] [stdout]     |              ^^^^^^^^^^^ expected associated type, found type parameter `TABLE`
[INFO] [stdout]     |
[INFO] [stdout]     = note: expected associated type `<<TABLE as diesel::Table>::PrimaryKey as diesel::Column>::Table`
[INFO] [stdout]                 found type parameter `TABLE`
[INFO] [stdout]     = note: you might be missing a type parameter or trait bound
[INFO] [stdout] 
[INFO] [stdout] 
[INFO] [stdout] error[E0271]: type mismatch resolving `<&MODEL as AsChangeset>::Target == TABLE`
[INFO] [stdout]    --> src/traits/base_repository_trait.rs:121:14
[INFO] [stdout]     |
[INFO] [stdout] 96  | pub trait BaseUpdateRepositoryTrait<TABLE, MODEL>
[INFO] [stdout]     |                                     ----- this type parameter
[INFO] [stdout] ...
[INFO] [stdout] 121 |             .set(object)
[INFO] [stdout]     |              ^^^ expected associated type, found type parameter `TABLE`
[INFO] [stdout]     |
[INFO] [stdout]     = note: expected associated type `<&MODEL as AsChangeset>::Target`
[INFO] [stdout]                 found type parameter `TABLE`
[INFO] [stdout]     = note: you might be missing a type parameter or trait bound
[INFO] [stdout] 
[INFO] [stdout] 
[INFO] [stdout] error[E0275]: overflow evaluating the requirement `diesel::expression::operators::Eq<_, &_>: diesel::Insertable<_>`
[INFO] [stdout]   |
[INFO] [stdout]   = help: consider adding a `#![recursion_limit="256"]` attribute to your crate (`antares_testbed`)
[INFO] [stdout]   = note: required because of the requirements on the impl of `diesel::Insertable<_>` for `&diesel::expression::operators::Eq<_, _>`
[INFO] [stdout]   = note: 126 redundant requirements hidden
[INFO] [stdout]   = note: required because of the requirements on the impl of `diesel::Insertable<_>` for `&(((((((((((((((((((((((((((((((((((((((((((((((((((((((((((((((diesel::expression::operators::Eq<_, _>, _, _, _, _), _, _, _, _), _, _, _, _), _, _, _, _), _, _, _, _), _, _, _, _), _, _, _, _), _, _, _, _), _, _, _, _), _, _, _, _), _, _, _, _), _, _, _, _), _, _, _, _), _, _, _, _), _, _, _, _), _, _, _, _), _, _, _, _), _, _, _, _), _, _, _, _), _, _, _, _), _, _, _, _), _, _, _, _), _, _, _, _), _, _, _, _), _, _, _, _), _, _, _, _), _, _, _, _), _, _, _, _), _, _, _, _), _, _, _, _), _, _, _, _), _, _, _, _), _, _, _, _), _, _, _, _), _, _, _, _), _, _, _, _), _, _, _, _), _, _, _, _), _, _, _, _), _, _, _, _), _, _, _, _), _, _, _, _), _, _, _, _), _, _, _, _), _, _, _, _), _, _, _, _), _, _, _, _), _, _, _, _), _, _, _, _), _, _, _, _), _, _, _, _), _, _, _, _), _, _, _, _), _, _, _, _), _, _, _, _), _, _, _, _), _, _, _, _), _, _, _, _), _, _, _, _), _, _, _, _), _, _, _, _), _, _, _, _), _, _, _, _)`
[INFO] [stdout] 
[INFO] [stdout] 
[INFO] [stdout] error: aborting due to 4 previous errors; 3 warnings emitted
[INFO] [stdout] 
[INFO] [stdout] 
[INFO] [stdout] Some errors have detailed explanations: E0252, E0271, E0275.
[INFO] [stdout] 
[INFO] [stdout] For more information about an error, try `rustc --explain E0252`.
[INFO] [stdout] 
[INFO] [stderr] error: could not compile `antares-testbed` due to 5 previous errors; 3 warnings emitted
[INFO] [stderr] warning: build failed, waiting for other jobs to finish...
[INFO] [stdout] error[E0275]: overflow evaluating the requirement `diesel::expression::operators::Eq<_, &_>: diesel::Insertable<_>`
[INFO] [stdout]   |
[INFO] [stdout]   = help: consider adding a `#![recursion_limit="256"]` attribute to your crate (`antares_testbed`)
[INFO] [stdout]   = note: required because of the requirements on the impl of `diesel::Insertable<_>` for `&diesel::expression::operators::Eq<_, _>`
[INFO] [stdout]   = note: 126 redundant requirements hidden
[INFO] [stdout]   = note: required because of the requirements on the impl of `diesel::Insertable<_>` for `&(((((((((((((((((((((((((((((((((((((((((((((((((((((((((((((((diesel::expression::operators::Eq<_, _>, _, _, _, _), _, _, _, _), _, _, _, _), _, _, _, _), _, _, _, _), _, _, _, _), _, _, _, _), _, _, _, _), _, _, _, _), _, _, _, _), _, _, _, _), _, _, _, _), _, _, _, _), _, _, _, _), _, _, _, _), _, _, _, _), _, _, _, _), _, _, _, _), _, _, _, _), _, _, _, _), _, _, _, _), _, _, _, _), _, _, _, _), _, _, _, _), _, _, _, _), _, _, _, _), _, _, _, _), _, _, _, _), _, _, _, _), _, _, _, _), _, _, _, _), _, _, _, _), _, _, _, _), _, _, _, _), _, _, _, _), _, _, _, _), _, _, _, _), _, _, _, _), _, _, _, _), _, _, _, _), _, _, _, _), _, _, _, _), _, _, _, _), _, _, _, _), _, _, _, _), _, _, _, _), _, _, _, _), _, _, _, _), _, _, _, _), _, _, _, _), _, _, _, _), _, _, _, _), _, _, _, _), _, _, _, _), _, _, _, _), _, _, _, _), _, _, _, _), _, _, _, _), _, _, _, _), _, _, _, _), _, _, _, _), _, _, _, _), _, _, _, _)`
[INFO] [stdout] 
[INFO] [stdout] 
[INFO] [stdout] error: aborting due to 4 previous errors; 3 warnings emitted
[INFO] [stdout] 
[INFO] [stdout] 
[INFO] [stdout] Some errors have detailed explanations: E0252, E0271, E0275.
[INFO] [stdout] 
[INFO] [stdout] For more information about an error, try `rustc --explain E0252`.
[INFO] [stdout] 
[INFO] [stderr] error: build failed
[INFO] running `Command { std: "docker" "inspect" "cd10d83fb23c03f1f839dc268429c1d21644e1dc3ec7b94f0ae4c2de161f3c33", kill_on_drop: false }`
[INFO] running `Command { std: "docker" "rm" "-f" "cd10d83fb23c03f1f839dc268429c1d21644e1dc3ec7b94f0ae4c2de161f3c33", kill_on_drop: false }`
[INFO] [stdout] cd10d83fb23c03f1f839dc268429c1d21644e1dc3ec7b94f0ae4c2de161f3c33
