[INFO] cloning repository https://github.com/leo-lb/hyper-async-std
[INFO] running `Command { std: "git" "-c" "credential.helper=" "-c" "credential.helper=/workspace/cargo-home/bin/git-credential-null" "clone" "--bare" "https://github.com/leo-lb/hyper-async-std" "/workspace/cache/git-repos/https%3A%2F%2Fgithub.com%2Fleo-lb%2Fhyper-async-std", kill_on_drop: false }`
[INFO] [stderr] Cloning into bare repository '/workspace/cache/git-repos/https%3A%2F%2Fgithub.com%2Fleo-lb%2Fhyper-async-std'...
[INFO] running `Command { std: "git" "rev-parse" "HEAD", kill_on_drop: false }`
[INFO] [stdout] d135cbb13f402d3112a67a91eff359e60c0fbd4b
[INFO] checking leo-lb/hyper-async-std against 1.55.0 for beta-1.56-3
[INFO] running `Command { std: "git" "clone" "/workspace/cache/git-repos/https%3A%2F%2Fgithub.com%2Fleo-lb%2Fhyper-async-std" "/workspace/builds/worker-79/source", kill_on_drop: false }`
[INFO] [stderr] Cloning into '/workspace/builds/worker-79/source'...
[INFO] [stderr] done.
[INFO] validating manifest of git repo https://github.com/leo-lb/hyper-async-std on toolchain 1.55.0
[INFO] running `Command { std: "/workspace/cargo-home/bin/cargo" "+1.55.0" "metadata" "--manifest-path" "Cargo.toml" "--no-deps", kill_on_drop: false }`
[INFO] started tweaking git repo https://github.com/leo-lb/hyper-async-std
[INFO] finished tweaking git repo https://github.com/leo-lb/hyper-async-std
[INFO] tweaked toml for git repo https://github.com/leo-lb/hyper-async-std written to /workspace/builds/worker-79/source/Cargo.toml
[INFO] crate git repo https://github.com/leo-lb/hyper-async-std already has a lockfile, it will not be regenerated
[INFO] running `Command { std: "/workspace/cargo-home/bin/cargo" "+1.55.0" "fetch" "--manifest-path" "Cargo.toml", kill_on_drop: false }`
[INFO] [stderr]     Blocking waiting for file lock on package cache
[INFO] [stderr]     Blocking waiting for file lock on package cache
[INFO] running `Command { std: "docker" "create" "-v" "/var/lib/crater-agent-workspace/builds/worker-79/target:/opt/rustwide/target:rw,Z" "-v" "/var/lib/crater-agent-workspace/builds/worker-79/source:/opt/rustwide/workdir:ro,Z" "-v" "/var/lib/crater-agent-workspace/cargo-home:/opt/rustwide/cargo-home:ro,Z" "-v" "/var/lib/crater-agent-workspace/rustup-home:/opt/rustwide/rustup-home:ro,Z" "-e" "SOURCE_DIR=/opt/rustwide/workdir" "-e" "CARGO_TARGET_DIR=/opt/rustwide/target" "-e" "CARGO_HOME=/opt/rustwide/cargo-home" "-e" "RUSTUP_HOME=/opt/rustwide/rustup-home" "-w" "/opt/rustwide/workdir" "-m" "1610612736" "--user" "0:0" "--network" "none" "ghcr.io/rust-lang/crates-build-env/linux@sha256:a89201d6b5b9fd45c15d5952ece0a0129e7e80cb26ec023fd59cf09bc26f1604" "/opt/rustwide/cargo-home/bin/cargo" "+1.55.0" "metadata" "--no-deps" "--format-version=1", kill_on_drop: false }`
[INFO] [stdout] 8c36133234ee42f684bea30a451ba22dc30f0437df4a2e62121e54a0f8237cb7
[INFO] running `Command { std: "docker" "start" "-a" "8c36133234ee42f684bea30a451ba22dc30f0437df4a2e62121e54a0f8237cb7", kill_on_drop: false }`
[INFO] running `Command { std: "docker" "inspect" "8c36133234ee42f684bea30a451ba22dc30f0437df4a2e62121e54a0f8237cb7", kill_on_drop: false }`
[INFO] running `Command { std: "docker" "rm" "-f" "8c36133234ee42f684bea30a451ba22dc30f0437df4a2e62121e54a0f8237cb7", kill_on_drop: false }`
[INFO] [stdout] 8c36133234ee42f684bea30a451ba22dc30f0437df4a2e62121e54a0f8237cb7
[INFO] running `Command { std: "docker" "create" "-v" "/var/lib/crater-agent-workspace/builds/worker-79/target:/opt/rustwide/target:rw,Z" "-v" "/var/lib/crater-agent-workspace/builds/worker-79/source:/opt/rustwide/workdir:ro,Z" "-v" "/var/lib/crater-agent-workspace/cargo-home:/opt/rustwide/cargo-home:ro,Z" "-v" "/var/lib/crater-agent-workspace/rustup-home:/opt/rustwide/rustup-home:ro,Z" "-e" "SOURCE_DIR=/opt/rustwide/workdir" "-e" "CARGO_TARGET_DIR=/opt/rustwide/target" "-e" "CARGO_INCREMENTAL=0" "-e" "RUST_BACKTRACE=full" "-e" "RUSTFLAGS=--cap-lints=warn" "-e" "CARGO_HOME=/opt/rustwide/cargo-home" "-e" "RUSTUP_HOME=/opt/rustwide/rustup-home" "-w" "/opt/rustwide/workdir" "-m" "1610612736" "--user" "0:0" "--network" "none" "ghcr.io/rust-lang/crates-build-env/linux@sha256:a89201d6b5b9fd45c15d5952ece0a0129e7e80cb26ec023fd59cf09bc26f1604" "/opt/rustwide/cargo-home/bin/cargo" "+1.55.0" "check" "--frozen" "--all" "--all-targets" "--message-format=json", kill_on_drop: false }`
[INFO] [stdout] 4dabeac4308959872c95f70408964683c54b7fa193ddd3ff37c15c1697e63d32
[INFO] running `Command { std: "docker" "start" "-a" "4dabeac4308959872c95f70408964683c54b7fa193ddd3ff37c15c1697e63d32", kill_on_drop: false }`
[INFO] [stderr]     Blocking waiting for file lock on package cache
[INFO] [stderr]    Compiling libc v0.2.66
[INFO] [stderr]    Compiling proc-macro2 v1.0.7
[INFO] [stderr]    Compiling syn v1.0.13
[INFO] [stderr]     Checking futures v0.1.29
[INFO] [stderr]     Checking fnv v1.0.6
[INFO] [stderr]    Compiling memchr v2.3.0
[INFO] [stderr]     Checking futures-core v0.3.1
[INFO] [stderr]     Checking scopeguard v1.0.0
[INFO] [stderr]     Checking bytes v0.5.3
[INFO] [stderr]     Checking pin-project-lite v0.1.2
[INFO] [stderr]    Compiling byteorder v1.3.2
[INFO] [stderr]    Compiling proc-macro-nested v0.1.3
[INFO] [stderr]     Checking futures-io v0.3.1
[INFO] [stderr]     Checking futures-sink v0.3.1
[INFO] [stderr]     Checking futures-task v0.3.1
[INFO] [stderr]     Checking itoa v0.4.4
[INFO] [stderr]    Compiling httparse v1.3.4
[INFO] [stderr]     Checking try-lock v0.2.2
[INFO] [stderr]     Checking once_cell v1.2.0
[INFO] [stderr]     Checking tower-service v0.3.0
[INFO] [stderr]    Compiling crossbeam-utils v0.7.0
[INFO] [stderr]     Checking crossbeam-utils v0.6.6
[INFO] [stderr]    Compiling indexmap v1.3.0
[INFO] [stderr]    Compiling crossbeam-epoch v0.8.0
[INFO] [stderr]    Compiling memoffset v0.5.3
[INFO] [stderr]    Compiling parking_lot_core v0.6.2
[INFO] [stderr]    Compiling parking_lot v0.9.0
[INFO] [stderr]     Checking smallvec v0.6.13
[INFO] [stderr]     Checking lock_api v0.3.3
[INFO] [stderr]     Checking tokio-sync v0.1.7
[INFO] [stderr]     Checking http v0.2.0
[INFO] [stderr]     Checking futures-channel v0.3.1
[INFO] [stderr]     Checking tokio-executor v0.1.9
[INFO] [stderr]     Checking want v0.3.0
[INFO] [stderr]    Compiling quote v1.0.2
[INFO] [stderr]     Checking tokio-timer v0.2.12
[INFO] [stderr]     Checking tokio-current-thread v0.1.6
[INFO] [stderr]     Checking iovec v0.1.4
[INFO] [stderr]     Checking net2 v0.2.33
[INFO] [stderr]     Checking num_cpus v1.11.1
[INFO] [stderr]     Checking async-task v1.2.1
[INFO] [stderr]     Checking time v0.1.42
[INFO] [stderr]     Checking crossbeam-channel v0.4.0
[INFO] [stderr]     Checking http-body v0.3.1
[INFO] [stderr]     Checking bytes v0.4.12
[INFO] [stderr]     Checking crossbeam-deque v0.7.2
[INFO] [stderr]     Checking mio v0.6.21
[INFO] [stderr]     Checking tokio-io v0.1.12
[INFO] [stderr]     Checking tokio v0.2.9
[INFO] [stderr]     Checking tokio-reactor v0.1.11
[INFO] [stderr]     Checking mio-uds v0.6.7
[INFO] [stderr]     Checking tokio-util v0.2.0
[INFO] [stderr]    Compiling proc-macro-hack v0.5.11
[INFO] [stderr]    Compiling pin-project-internal v0.4.6
[INFO] [stderr]    Compiling async-attributes v1.1.1
[INFO] [stderr]     Checking async-std v1.4.0
[INFO] [stderr]    Compiling futures-macro v0.3.1
[INFO] [stderr]     Checking pin-project v0.4.6
[INFO] [stderr]     Checking futures-util v0.3.1
[INFO] [stderr]     Checking h2 v0.2.1
[INFO] [stderr]     Checking tokio-compat v0.1.2 (https://github.com/leo-lb/tokio-compat.git#2d8033c8)
[INFO] [stderr]     Checking hyper v0.13.1
[INFO] [stderr]     Checking hyper-async-std v0.1.0 (/opt/rustwide/workdir)
[INFO] [stdout] error[E0554]: `#![feature]` may not be used on the stable release channel
[INFO] [stdout]  --> src/main.rs:1:1
[INFO] [stdout]   |
[INFO] [stdout] 1 | #![feature(type_alias_impl_trait)]
[INFO] [stdout]   | ^^^^^^^^^^^^^^^^^^^^^^^^^^^^^^^^^^
[INFO] [stdout] 
[INFO] [stdout] 
[INFO] [stdout] error[E0658]: `impl Trait` in type aliases is unstable
[INFO] [stdout]   --> src/main.rs:93:19
[INFO] [stdout]    |
[INFO] [stdout] 93 |     type Future = impl Future<Output = Result<Self::Response, Self::Error>>;
[INFO] [stdout]    |                   ^^^^^^^^^^^^^^^^^^^^^^^^^^^^^^^^^^^^^^^^^^^^^^^^^^^^^^^^^
[INFO] [stdout]    |
[INFO] [stdout]    = note: see issue #63063 <https://github.com/rust-lang/rust/issues/63063> for more information
[INFO] [stdout] 
[INFO] [stdout] 
[INFO] [stdout] error[E0554]: `#![feature]` may not be used on the stable release channel
[INFO] [stdout]  --> src/main.rs:1:1
[INFO] [stdout]   |
[INFO] [stdout] 1 | #![feature(type_alias_impl_trait)]
[INFO] [stdout]   | ^^^^^^^^^^^^^^^^^^^^^^^^^^^^^^^^^^
[INFO] [stdout] 
[INFO] [stdout] 
[INFO] [stdout] error[E0658]: `impl Trait` in type aliases is unstable
[INFO] [stdout]   --> src/main.rs:93:19
[INFO] [stdout]    |
[INFO] [stdout] 93 |     type Future = impl Future<Output = Result<Self::Response, Self::Error>>;
[INFO] [stdout]    |                   ^^^^^^^^^^^^^^^^^^^^^^^^^^^^^^^^^^^^^^^^^^^^^^^^^^^^^^^^^
[INFO] [stdout]    |
[INFO] [stdout]    = note: see issue #63063 <https://github.com/rust-lang/rust/issues/63063> for more information
[INFO] [stdout] 
[INFO] [stdout] 
[INFO] [stdout] warning: the feature `type_alias_impl_trait` is incomplete and may not be safe to use and/or cause compiler crashes
[INFO] [stdout]  --> src/main.rs:1:12
[INFO] [stdout]   |
[INFO] [stdout] 1 | #![feature(type_alias_impl_trait)]
[INFO] [stdout]   |            ^^^^^^^^^^^^^^^^^^^^^
[INFO] [stdout]   |
[INFO] [stdout]   = note: `#[warn(incomplete_features)]` on by default
[INFO] [stdout]   = note: see issue #63063 <https://github.com/rust-lang/rust/issues/63063> for more information
[INFO] [stdout] 
[INFO] [stdout] 
[INFO] [stdout] warning: the feature `type_alias_impl_trait` is incomplete and may not be safe to use and/or cause compiler crashes
[INFO] [stdout]  --> src/main.rs:1:12
[INFO] [stdout]   |
[INFO] [stdout] 1 | #![feature(type_alias_impl_trait)]
[INFO] [stdout]   |            ^^^^^^^^^^^^^^^^^^^^^
[INFO] [stdout]   |
[INFO] [stdout]   = note: `#[warn(incomplete_features)]` on by default
[INFO] [stdout]   = note: see issue #63063 <https://github.com/rust-lang/rust/issues/63063> for more information
[INFO] [stdout] 
[INFO] [stdout] 
[INFO] [stdout] error: aborting due to 2 previous errors; 1 warning emitted
[INFO] [stdout] 
[INFO] [stdout] 
[INFO] [stdout] Some errors have detailed explanations: E0554, E0658.
[INFO] [stdout] 
[INFO] [stdout] For more information about an error, try `rustc --explain E0554`.
[INFO] [stdout] 
[INFO] [stderr] error: could not compile `hyper-async-std` due to 3 previous errors; 1 warning emitted
[INFO] [stderr] warning: build failed, waiting for other jobs to finish...
[INFO] [stdout] error: aborting due to 2 previous errors; 1 warning emitted
[INFO] [stdout] 
[INFO] [stdout] 
[INFO] [stdout] Some errors have detailed explanations: E0554, E0658.
[INFO] [stdout] 
[INFO] [stdout] For more information about an error, try `rustc --explain E0554`.
[INFO] [stdout] 
[INFO] [stderr] error: build failed
[INFO] running `Command { std: "docker" "inspect" "4dabeac4308959872c95f70408964683c54b7fa193ddd3ff37c15c1697e63d32", kill_on_drop: false }`
[INFO] running `Command { std: "docker" "rm" "-f" "4dabeac4308959872c95f70408964683c54b7fa193ddd3ff37c15c1697e63d32", kill_on_drop: false }`
[INFO] [stdout] 4dabeac4308959872c95f70408964683c54b7fa193ddd3ff37c15c1697e63d32
