[INFO] cloning repository https://github.com/leanndroguedes/rust-ransomware
[INFO] running `Command { std: "git" "-c" "credential.helper=" "-c" "credential.helper=/workspace/cargo-home/bin/git-credential-null" "clone" "--bare" "https://github.com/leanndroguedes/rust-ransomware" "/workspace/cache/git-repos/https%3A%2F%2Fgithub.com%2Fleanndroguedes%2Frust-ransomware", kill_on_drop: false }`
[INFO] [stderr] Cloning into bare repository '/workspace/cache/git-repos/https%3A%2F%2Fgithub.com%2Fleanndroguedes%2Frust-ransomware'...
[INFO] running `Command { std: "git" "rev-parse" "HEAD", kill_on_drop: false }`
[INFO] [stdout] 98570dac5684a9e3de2b6660c9c115191a36ec68
[INFO] checking leanndroguedes/rust-ransomware against 1.55.0 for beta-1.56-3
[INFO] running `Command { std: "git" "clone" "/workspace/cache/git-repos/https%3A%2F%2Fgithub.com%2Fleanndroguedes%2Frust-ransomware" "/workspace/builds/worker-101/source", kill_on_drop: false }`
[INFO] [stderr] Cloning into '/workspace/builds/worker-101/source'...
[INFO] [stderr] done.
[INFO] validating manifest of git repo https://github.com/leanndroguedes/rust-ransomware on toolchain 1.55.0
[INFO] running `Command { std: "/workspace/cargo-home/bin/cargo" "+1.55.0" "metadata" "--manifest-path" "Cargo.toml" "--no-deps", kill_on_drop: false }`
[INFO] removed /workspace/builds/worker-101/source/.cargo/config.toml
[INFO] started tweaking git repo https://github.com/leanndroguedes/rust-ransomware
[INFO] finished tweaking git repo https://github.com/leanndroguedes/rust-ransomware
[INFO] tweaked toml for git repo https://github.com/leanndroguedes/rust-ransomware written to /workspace/builds/worker-101/source/Cargo.toml
[INFO] crate git repo https://github.com/leanndroguedes/rust-ransomware already has a lockfile, it will not be regenerated
[INFO] running `Command { std: "/workspace/cargo-home/bin/cargo" "+1.55.0" "fetch" "--manifest-path" "Cargo.toml", kill_on_drop: false }`
[INFO] running `Command { std: "docker" "create" "-v" "/var/lib/crater-agent-workspace/builds/worker-101/target:/opt/rustwide/target:rw,Z" "-v" "/var/lib/crater-agent-workspace/builds/worker-101/source:/opt/rustwide/workdir:ro,Z" "-v" "/var/lib/crater-agent-workspace/cargo-home:/opt/rustwide/cargo-home:ro,Z" "-v" "/var/lib/crater-agent-workspace/rustup-home:/opt/rustwide/rustup-home:ro,Z" "-e" "SOURCE_DIR=/opt/rustwide/workdir" "-e" "CARGO_TARGET_DIR=/opt/rustwide/target" "-e" "CARGO_HOME=/opt/rustwide/cargo-home" "-e" "RUSTUP_HOME=/opt/rustwide/rustup-home" "-w" "/opt/rustwide/workdir" "-m" "1610612736" "--user" "0:0" "--network" "none" "ghcr.io/rust-lang/crates-build-env/linux@sha256:a89201d6b5b9fd45c15d5952ece0a0129e7e80cb26ec023fd59cf09bc26f1604" "/opt/rustwide/cargo-home/bin/cargo" "+1.55.0" "metadata" "--no-deps" "--format-version=1", kill_on_drop: false }`
[INFO] [stdout] 387dad012d1a2127196d8abdd99a332c962da2d686dd185bc3cfd4000031b3d8
[INFO] running `Command { std: "docker" "start" "-a" "387dad012d1a2127196d8abdd99a332c962da2d686dd185bc3cfd4000031b3d8", kill_on_drop: false }`
[INFO] running `Command { std: "docker" "inspect" "387dad012d1a2127196d8abdd99a332c962da2d686dd185bc3cfd4000031b3d8", kill_on_drop: false }`
[INFO] running `Command { std: "docker" "rm" "-f" "387dad012d1a2127196d8abdd99a332c962da2d686dd185bc3cfd4000031b3d8", kill_on_drop: false }`
[INFO] [stdout] 387dad012d1a2127196d8abdd99a332c962da2d686dd185bc3cfd4000031b3d8
[INFO] running `Command { std: "docker" "create" "-v" "/var/lib/crater-agent-workspace/builds/worker-101/target:/opt/rustwide/target:rw,Z" "-v" "/var/lib/crater-agent-workspace/builds/worker-101/source:/opt/rustwide/workdir:ro,Z" "-v" "/var/lib/crater-agent-workspace/cargo-home:/opt/rustwide/cargo-home:ro,Z" "-v" "/var/lib/crater-agent-workspace/rustup-home:/opt/rustwide/rustup-home:ro,Z" "-e" "SOURCE_DIR=/opt/rustwide/workdir" "-e" "CARGO_TARGET_DIR=/opt/rustwide/target" "-e" "CARGO_INCREMENTAL=0" "-e" "RUST_BACKTRACE=full" "-e" "RUSTFLAGS=--cap-lints=warn" "-e" "CARGO_HOME=/opt/rustwide/cargo-home" "-e" "RUSTUP_HOME=/opt/rustwide/rustup-home" "-w" "/opt/rustwide/workdir" "-m" "1610612736" "--user" "0:0" "--network" "none" "ghcr.io/rust-lang/crates-build-env/linux@sha256:a89201d6b5b9fd45c15d5952ece0a0129e7e80cb26ec023fd59cf09bc26f1604" "/opt/rustwide/cargo-home/bin/cargo" "+1.55.0" "check" "--frozen" "--all" "--all-targets" "--message-format=json", kill_on_drop: false }`
[INFO] [stdout] b84389021a1c172d053e584adc06f5f2329e7c73043b2e5b5640f032df99932b
[INFO] running `Command { std: "docker" "start" "-a" "b84389021a1c172d053e584adc06f5f2329e7c73043b2e5b5640f032df99932b", kill_on_drop: false }`
[INFO] [stderr]     Checking rust-ransomware v0.1.0 (/opt/rustwide/workdir)
[INFO] [stdout] error[E0433]: failed to resolve: use of undeclared crate or module `winreg`
[INFO] [stdout]  --> src/lib.rs:3:5
[INFO] [stdout]   |
[INFO] [stdout] 3 | use winreg::enums::*;
[INFO] [stdout]   |     ^^^^^^ use of undeclared crate or module `winreg`
[INFO] [stdout] 
[INFO] [stdout] 
[INFO] [stdout] error[E0432]: unresolved import `winreg`
[INFO] [stdout]  --> src/lib.rs:4:5
[INFO] [stdout]   |
[INFO] [stdout] 4 | use winreg::RegKey;
[INFO] [stdout]   |     ^^^^^^ use of undeclared crate or module `winreg`
[INFO] [stdout] 
[INFO] [stdout] 
[INFO] [stdout] error[E0433]: failed to resolve: use of undeclared crate or module `winreg`
[INFO] [stdout]  --> src/lib.rs:3:5
[INFO] [stdout]   |
[INFO] [stdout] 3 | use winreg::enums::*;
[INFO] [stdout]   |     ^^^^^^ use of undeclared crate or module `winreg`
[INFO] [stdout] 
[INFO] [stdout] 
[INFO] [stdout] error[E0432]: unresolved import `winreg`
[INFO] [stdout]  --> src/lib.rs:4:5
[INFO] [stdout]   |
[INFO] [stdout] 4 | use winreg::RegKey;
[INFO] [stdout]   |     ^^^^^^ use of undeclared crate or module `winreg`
[INFO] [stdout] 
[INFO] [stdout] 
[INFO] [stdout] error[E0425]: cannot find value `HKEY_LOCAL_MACHINE` in this scope
[INFO] [stdout]  --> src/lib.rs:7:31
[INFO] [stdout]   |
[INFO] [stdout] 7 |     let hklm = RegKey::predef(HKEY_LOCAL_MACHINE);
[INFO] [stdout]   |                               ^^^^^^^^^^^^^^^^^^ not found in this scope
[INFO] [stdout] 
[INFO] [stdout] 
[INFO] [stdout] error[E0425]: cannot find value `HKEY_LOCAL_MACHINE` in this scope
[INFO] [stdout]  --> src/lib.rs:7:31
[INFO] [stdout]   |
[INFO] [stdout] 7 |     let hklm = RegKey::predef(HKEY_LOCAL_MACHINE);
[INFO] [stdout]   |                               ^^^^^^^^^^^^^^^^^^ not found in this scope
[INFO] [stdout] 
[INFO] [stdout] 
[INFO] [stdout] error: aborting due to 3 previous errors
[INFO] [stdout] 
[INFO] [stdout] 
[INFO] [stdout] Some errors have detailed explanations: E0425, E0432, E0433.
[INFO] [stdout] 
[INFO] [stdout] For more information about an error, try `rustc --explain E0425`.
[INFO] [stdout] 
[INFO] [stdout] error: aborting due to 3 previous errors
[INFO] [stdout] 
[INFO] [stdout] 
[INFO] [stdout] Some errors have detailed explanations: E0425, E0432, E0433.
[INFO] [stdout] 
[INFO] [stdout] For more information about an error, try `rustc --explain E0425`.
[INFO] [stdout] 
[INFO] [stderr] error: could not compile `rust-ransomware` due to 4 previous errors
[INFO] [stderr] warning: build failed, waiting for other jobs to finish...
[INFO] [stderr] error: build failed
[INFO] running `Command { std: "docker" "inspect" "b84389021a1c172d053e584adc06f5f2329e7c73043b2e5b5640f032df99932b", kill_on_drop: false }`
[INFO] running `Command { std: "docker" "rm" "-f" "b84389021a1c172d053e584adc06f5f2329e7c73043b2e5b5640f032df99932b", kill_on_drop: false }`
[INFO] [stdout] b84389021a1c172d053e584adc06f5f2329e7c73043b2e5b5640f032df99932b
