[INFO] cloning repository https://github.com/leElvyn/tas-lang
[INFO] running `Command { std: "git" "-c" "credential.helper=" "-c" "credential.helper=/workspace/cargo-home/bin/git-credential-null" "clone" "--bare" "https://github.com/leElvyn/tas-lang" "/workspace/cache/git-repos/https%3A%2F%2Fgithub.com%2FleElvyn%2Ftas-lang", kill_on_drop: false }`
[INFO] [stderr] Cloning into bare repository '/workspace/cache/git-repos/https%3A%2F%2Fgithub.com%2FleElvyn%2Ftas-lang'...
[INFO] running `Command { std: "git" "rev-parse" "HEAD", kill_on_drop: false }`
[INFO] [stdout] 9cc66065e1b96311e633b360faa8785468124dbe
[INFO] checking leElvyn/tas-lang against beta-2021-10-15 for beta-1.56-3
[INFO] running `Command { std: "git" "clone" "/workspace/cache/git-repos/https%3A%2F%2Fgithub.com%2FleElvyn%2Ftas-lang" "/workspace/builds/worker-54/source", kill_on_drop: false }`
[INFO] [stderr] Cloning into '/workspace/builds/worker-54/source'...
[INFO] [stderr] done.
[INFO] validating manifest of git repo https://github.com/leElvyn/tas-lang on toolchain beta-2021-10-15
[INFO] running `Command { std: "/workspace/cargo-home/bin/cargo" "+beta-2021-10-15" "metadata" "--manifest-path" "Cargo.toml" "--no-deps", kill_on_drop: false }`
[INFO] removed /workspace/builds/worker-54/source/rust-toolchain
[INFO] started tweaking git repo https://github.com/leElvyn/tas-lang
[INFO] finished tweaking git repo https://github.com/leElvyn/tas-lang
[INFO] tweaked toml for git repo https://github.com/leElvyn/tas-lang written to /workspace/builds/worker-54/source/Cargo.toml
[INFO] crate git repo https://github.com/leElvyn/tas-lang already has a lockfile, it will not be regenerated
[INFO] running `Command { std: "/workspace/cargo-home/bin/cargo" "+beta-2021-10-15" "fetch" "--manifest-path" "Cargo.toml", kill_on_drop: false }`
[INFO] [stderr] warning: unused manifest key: package.optimization
[INFO] [stderr]     Blocking waiting for file lock on package cache
[INFO] [stderr]     Blocking waiting for file lock on package cache
[INFO] running `Command { std: "docker" "create" "-v" "/var/lib/crater-agent-workspace/builds/worker-54/target:/opt/rustwide/target:rw,Z" "-v" "/var/lib/crater-agent-workspace/builds/worker-54/source:/opt/rustwide/workdir:ro,Z" "-v" "/var/lib/crater-agent-workspace/cargo-home:/opt/rustwide/cargo-home:ro,Z" "-v" "/var/lib/crater-agent-workspace/rustup-home:/opt/rustwide/rustup-home:ro,Z" "-e" "SOURCE_DIR=/opt/rustwide/workdir" "-e" "CARGO_TARGET_DIR=/opt/rustwide/target" "-e" "CARGO_HOME=/opt/rustwide/cargo-home" "-e" "RUSTUP_HOME=/opt/rustwide/rustup-home" "-w" "/opt/rustwide/workdir" "-m" "1610612736" "--user" "0:0" "--network" "none" "ghcr.io/rust-lang/crates-build-env/linux@sha256:a89201d6b5b9fd45c15d5952ece0a0129e7e80cb26ec023fd59cf09bc26f1604" "/opt/rustwide/cargo-home/bin/cargo" "+beta-2021-10-15" "metadata" "--no-deps" "--format-version=1", kill_on_drop: false }`
[INFO] [stdout] d3307f3d4489eef14cdfe680a8dbffedb39390f29a2027c3246a560056d2d3fa
[INFO] running `Command { std: "docker" "start" "-a" "d3307f3d4489eef14cdfe680a8dbffedb39390f29a2027c3246a560056d2d3fa", kill_on_drop: false }`
[INFO] running `Command { std: "docker" "inspect" "d3307f3d4489eef14cdfe680a8dbffedb39390f29a2027c3246a560056d2d3fa", kill_on_drop: false }`
[INFO] running `Command { std: "docker" "rm" "-f" "d3307f3d4489eef14cdfe680a8dbffedb39390f29a2027c3246a560056d2d3fa", kill_on_drop: false }`
[INFO] [stdout] d3307f3d4489eef14cdfe680a8dbffedb39390f29a2027c3246a560056d2d3fa
[INFO] running `Command { std: "docker" "create" "-v" "/var/lib/crater-agent-workspace/builds/worker-54/target:/opt/rustwide/target:rw,Z" "-v" "/var/lib/crater-agent-workspace/builds/worker-54/source:/opt/rustwide/workdir:ro,Z" "-v" "/var/lib/crater-agent-workspace/cargo-home:/opt/rustwide/cargo-home:ro,Z" "-v" "/var/lib/crater-agent-workspace/rustup-home:/opt/rustwide/rustup-home:ro,Z" "-e" "SOURCE_DIR=/opt/rustwide/workdir" "-e" "CARGO_TARGET_DIR=/opt/rustwide/target" "-e" "CARGO_INCREMENTAL=0" "-e" "RUST_BACKTRACE=full" "-e" "RUSTFLAGS=--cap-lints=warn" "-e" "CARGO_HOME=/opt/rustwide/cargo-home" "-e" "RUSTUP_HOME=/opt/rustwide/rustup-home" "-w" "/opt/rustwide/workdir" "-m" "1610612736" "--user" "0:0" "--network" "none" "ghcr.io/rust-lang/crates-build-env/linux@sha256:a89201d6b5b9fd45c15d5952ece0a0129e7e80cb26ec023fd59cf09bc26f1604" "/opt/rustwide/cargo-home/bin/cargo" "+beta-2021-10-15" "check" "--frozen" "--all" "--all-targets" "--message-format=json", kill_on_drop: false }`
[INFO] [stdout] d8d5d336fddd3fde87607152923cc328ff6edec89c403d1d93aef29a415c90d5
[INFO] running `Command { std: "docker" "start" "-a" "d8d5d336fddd3fde87607152923cc328ff6edec89c403d1d93aef29a415c90d5", kill_on_drop: false }`
[INFO] [stderr] warning: unused manifest key: package.optimization
[INFO] [stderr]     Blocking waiting for file lock on package cache
[INFO] [stderr]    Compiling proc-macro2 v1.0.29
[INFO] [stderr]    Compiling syn v1.0.76
[INFO] [stderr]    Compiling ucd-trie v0.1.3
[INFO] [stderr]    Compiling maplit v1.0.2
[INFO] [stderr]     Checking pest v2.1.3
[INFO] [stderr]    Compiling quote v1.0.9
[INFO] [stderr]    Compiling pest_meta v2.1.3
[INFO] [stderr]    Compiling pest_generator v2.1.3
[INFO] [stderr]    Compiling pest_derive v2.1.0
[INFO] [stderr]     Checking tas-lang v0.1.0 (/opt/rustwide/workdir)
[INFO] [stdout] warning: unused import: `pest::RuleType`
[INFO] [stdout]  --> src/main.rs:7:5
[INFO] [stdout]   |
[INFO] [stdout] 7 | use pest::RuleType;
[INFO] [stdout]   |     ^^^^^^^^^^^^^^
[INFO] [stdout]   |
[INFO] [stdout]   = note: `#[warn(unused_imports)]` on by default
[INFO] [stdout] 
[INFO] [stdout] 
[INFO] [stdout] warning: unused import: `pest::RuleType`
[INFO] [stdout]  --> src/main.rs:7:5
[INFO] [stdout]   |
[INFO] [stdout] 7 | use pest::RuleType;
[INFO] [stdout]   |     ^^^^^^^^^^^^^^
[INFO] [stdout]   |
[INFO] [stdout]   = note: `#[warn(unused_imports)]` on by default
[INFO] [stdout] 
[INFO] [stdout] 
[INFO] [stdout] error[E0004]: non-exhaustive patterns: `EOI`, `WHITESPACE`, `input` and 18 more not covered
[INFO] [stdout]   --> src/main.rs:51:23
[INFO] [stdout]    |
[INFO] [stdout] 12 | #[derive(Parser)]
[INFO] [stdout]    |          ------ `Rule` defined here
[INFO] [stdout] ...
[INFO] [stdout] 51 |                 match block_type {
[INFO] [stdout]    |                       ^^^^^^^^^^ patterns `EOI`, `WHITESPACE`, `input` and 18 more not covered
[INFO] [stdout]    |
[INFO] [stdout]    = help: ensure that all possible cases are being handled, possibly by adding wildcards or more match arms
[INFO] [stdout]    = note: the matched value is of type `Rule`
[INFO] [stdout] 
[INFO] [stdout] 
[INFO] [stdout] warning: unused variable: `loop_declaration`
[INFO] [stdout]   --> src/main.rs:23:17
[INFO] [stdout]    |
[INFO] [stdout] 23 | fn process_loop(loop_declaration: Pair<Rule>, block_body: Pair<Rule>) -> String {
[INFO] [stdout]    |                 ^^^^^^^^^^^^^^^^ help: if this is intentional, prefix it with an underscore: `_loop_declaration`
[INFO] [stdout]    |
[INFO] [stdout]    = note: `#[warn(unused_variables)]` on by default
[INFO] [stdout] 
[INFO] [stdout] 
[INFO] [stdout] warning: unused variable: `block_body`
[INFO] [stdout]   --> src/main.rs:23:47
[INFO] [stdout]    |
[INFO] [stdout] 23 | fn process_loop(loop_declaration: Pair<Rule>, block_body: Pair<Rule>) -> String {
[INFO] [stdout]    |                                               ^^^^^^^^^^ help: if this is intentional, prefix it with an underscore: `_block_body`
[INFO] [stdout] 
[INFO] [stdout] 
[INFO] [stdout] warning: unused variable: `block_result`
[INFO] [stdout]    --> src/main.rs:119:21
[INFO] [stdout]     |
[INFO] [stdout] 119 |                 let block_result = process_block(line);
[INFO] [stdout]     |                     ^^^^^^^^^^^^ help: if this is intentional, prefix it with an underscore: `_block_result`
[INFO] [stdout] 
[INFO] [stdout] 
[INFO] [stdout] warning: variable does not need to be mutable
[INFO] [stdout]   --> src/main.rs:24:9
[INFO] [stdout]    |
[INFO] [stdout] 24 |     let mut result = String::new();
[INFO] [stdout]    |         ----^^^^^^
[INFO] [stdout]    |         |
[INFO] [stdout]    |         help: remove this `mut`
[INFO] [stdout]    |
[INFO] [stdout]    = note: `#[warn(unused_mut)]` on by default
[INFO] [stdout] 
[INFO] [stdout] 
[INFO] [stdout] error[E0382]: use of moved value: `block_part`
[INFO] [stdout]    --> src/main.rs:42:49
[INFO] [stdout]     |
[INFO] [stdout] 32  |     for block_part in block.into_inner() {
[INFO] [stdout]     |         ---------- move occurs because `block_part` has type `Pair<'_, Rule>`, which does not implement the `Copy` trait
[INFO] [stdout] ...
[INFO] [stdout] 37  |                 for block_declaration_type in block_part.into_inner() {
[INFO] [stdout]     |                                                          ------------ `block_part` moved due to this method call
[INFO] [stdout] ...
[INFO] [stdout] 42  |                             block_declaration = block_part;
[INFO] [stdout]     |                                                 ^^^^^^^^^^ value moved here, in previous iteration of loop
[INFO] [stdout]     |
[INFO] [stdout] note: this function takes ownership of the receiver `self`, which moves `block_part`
[INFO] [stdout]    --> /opt/rustwide/cargo-home/registry/src/github.com-1ecc6299db9ec823/pest-2.1.3/src/iterators/pair.rs:198:23
[INFO] [stdout]     |
[INFO] [stdout] 198 |     pub fn into_inner(self) -> Pairs<'i, R> {
[INFO] [stdout]     |                       ^^^^
[INFO] [stdout] 
[INFO] [stdout] 
[INFO] [stdout] error[E0381]: use of possibly-uninitialized variable: `block_type`
[INFO] [stdout]   --> src/main.rs:51:23
[INFO] [stdout]    |
[INFO] [stdout] 51 |                 match block_type {
[INFO] [stdout]    |                       ^^^^^^^^^^ use of possibly-uninitialized `block_type`
[INFO] [stdout] 
[INFO] [stdout] 
[INFO] [stdout] error[E0382]: use of moved value: `block_declaration`
[INFO] [stdout]   --> src/main.rs:53:38
[INFO] [stdout]    |
[INFO] [stdout] 31 |     let mut block_declaration: Pair<Rule>;
[INFO] [stdout]    |         --------------------- move occurs because `block_declaration` has type `Pair<'_, Rule>`, which does not implement the `Copy` trait
[INFO] [stdout] ...
[INFO] [stdout] 42 |                             block_declaration = block_part;
[INFO] [stdout]    |                             ----------------- this reinitialization might get skipped
[INFO] [stdout] ...
[INFO] [stdout] 53 |                         process_loop(block_declaration, block_part);
[INFO] [stdout]    |                                      ^^^^^^^^^^^^^^^^^ value moved here, in previous iteration of loop
[INFO] [stdout] 
[INFO] [stdout] 
[INFO] [stdout] error: aborting due to 4 previous errors; 5 warnings emitted
[INFO] [stdout] 
[INFO] [stdout] 
[INFO] [stdout] Some errors have detailed explanations: E0004, E0381, E0382.
[INFO] [stdout] 
[INFO] [stdout] For more information about an error, try `rustc --explain E0004`.
[INFO] [stdout] 
[INFO] [stderr] error: could not compile `tas-lang` due to 5 previous errors; 5 warnings emitted
[INFO] [stderr] warning: build failed, waiting for other jobs to finish...
[INFO] [stdout] error[E0004]: non-exhaustive patterns: `EOI`, `WHITESPACE`, `input` and 18 more not covered
[INFO] [stdout]   --> src/main.rs:51:23
[INFO] [stdout]    |
[INFO] [stdout] 12 | #[derive(Parser)]
[INFO] [stdout]    |          ------ `Rule` defined here
[INFO] [stdout] ...
[INFO] [stdout] 51 |                 match block_type {
[INFO] [stdout]    |                       ^^^^^^^^^^ patterns `EOI`, `WHITESPACE`, `input` and 18 more not covered
[INFO] [stdout]    |
[INFO] [stdout]    = help: ensure that all possible cases are being handled, possibly by adding wildcards or more match arms
[INFO] [stdout]    = note: the matched value is of type `Rule`
[INFO] [stdout] 
[INFO] [stdout] 
[INFO] [stdout] warning: unused variable: `loop_declaration`
[INFO] [stdout]   --> src/main.rs:23:17
[INFO] [stdout]    |
[INFO] [stdout] 23 | fn process_loop(loop_declaration: Pair<Rule>, block_body: Pair<Rule>) -> String {
[INFO] [stdout]    |                 ^^^^^^^^^^^^^^^^ help: if this is intentional, prefix it with an underscore: `_loop_declaration`
[INFO] [stdout]    |
[INFO] [stdout]    = note: `#[warn(unused_variables)]` on by default
[INFO] [stdout] 
[INFO] [stdout] 
[INFO] [stdout] warning: unused variable: `block_body`
[INFO] [stdout]   --> src/main.rs:23:47
[INFO] [stdout]    |
[INFO] [stdout] 23 | fn process_loop(loop_declaration: Pair<Rule>, block_body: Pair<Rule>) -> String {
[INFO] [stdout]    |                                               ^^^^^^^^^^ help: if this is intentional, prefix it with an underscore: `_block_body`
[INFO] [stdout] 
[INFO] [stdout] 
[INFO] [stdout] warning: unused variable: `block_result`
[INFO] [stdout]    --> src/main.rs:119:21
[INFO] [stdout]     |
[INFO] [stdout] 119 |                 let block_result = process_block(line);
[INFO] [stdout]     |                     ^^^^^^^^^^^^ help: if this is intentional, prefix it with an underscore: `_block_result`
[INFO] [stdout] 
[INFO] [stdout] 
[INFO] [stdout] warning: variable does not need to be mutable
[INFO] [stdout]   --> src/main.rs:24:9
[INFO] [stdout]    |
[INFO] [stdout] 24 |     let mut result = String::new();
[INFO] [stdout]    |         ----^^^^^^
[INFO] [stdout]    |         |
[INFO] [stdout]    |         help: remove this `mut`
[INFO] [stdout]    |
[INFO] [stdout]    = note: `#[warn(unused_mut)]` on by default
[INFO] [stdout] 
[INFO] [stdout] 
[INFO] [stdout] error[E0382]: use of moved value: `block_part`
[INFO] [stdout]    --> src/main.rs:42:49
[INFO] [stdout]     |
[INFO] [stdout] 32  |     for block_part in block.into_inner() {
[INFO] [stdout]     |         ---------- move occurs because `block_part` has type `Pair<'_, Rule>`, which does not implement the `Copy` trait
[INFO] [stdout] ...
[INFO] [stdout] 37  |                 for block_declaration_type in block_part.into_inner() {
[INFO] [stdout]     |                                                          ------------ `block_part` moved due to this method call
[INFO] [stdout] ...
[INFO] [stdout] 42  |                             block_declaration = block_part;
[INFO] [stdout]     |                                                 ^^^^^^^^^^ value moved here, in previous iteration of loop
[INFO] [stdout]     |
[INFO] [stdout] note: this function takes ownership of the receiver `self`, which moves `block_part`
[INFO] [stdout]    --> /opt/rustwide/cargo-home/registry/src/github.com-1ecc6299db9ec823/pest-2.1.3/src/iterators/pair.rs:198:23
[INFO] [stdout]     |
[INFO] [stdout] 198 |     pub fn into_inner(self) -> Pairs<'i, R> {
[INFO] [stdout]     |                       ^^^^
[INFO] [stdout] 
[INFO] [stdout] 
[INFO] [stdout] error[E0381]: use of possibly-uninitialized variable: `block_type`
[INFO] [stdout]   --> src/main.rs:51:23
[INFO] [stdout]    |
[INFO] [stdout] 51 |                 match block_type {
[INFO] [stdout]    |                       ^^^^^^^^^^ use of possibly-uninitialized `block_type`
[INFO] [stdout] 
[INFO] [stdout] 
[INFO] [stdout] error[E0382]: use of moved value: `block_declaration`
[INFO] [stdout]   --> src/main.rs:53:38
[INFO] [stdout]    |
[INFO] [stdout] 31 |     let mut block_declaration: Pair<Rule>;
[INFO] [stdout]    |         --------------------- move occurs because `block_declaration` has type `Pair<'_, Rule>`, which does not implement the `Copy` trait
[INFO] [stdout] ...
[INFO] [stdout] 42 |                             block_declaration = block_part;
[INFO] [stdout]    |                             ----------------- this reinitialization might get skipped
[INFO] [stdout] ...
[INFO] [stdout] 53 |                         process_loop(block_declaration, block_part);
[INFO] [stdout]    |                                      ^^^^^^^^^^^^^^^^^ value moved here, in previous iteration of loop
[INFO] [stdout] 
[INFO] [stdout] 
[INFO] [stdout] error: aborting due to 4 previous errors; 5 warnings emitted
[INFO] [stdout] 
[INFO] [stdout] 
[INFO] [stdout] Some errors have detailed explanations: E0004, E0381, E0382.
[INFO] [stdout] 
[INFO] [stdout] For more information about an error, try `rustc --explain E0004`.
[INFO] [stdout] 
[INFO] [stderr] error: build failed
[INFO] running `Command { std: "docker" "inspect" "d8d5d336fddd3fde87607152923cc328ff6edec89c403d1d93aef29a415c90d5", kill_on_drop: false }`
[INFO] running `Command { std: "docker" "rm" "-f" "d8d5d336fddd3fde87607152923cc328ff6edec89c403d1d93aef29a415c90d5", kill_on_drop: false }`
[INFO] [stdout] d8d5d336fddd3fde87607152923cc328ff6edec89c403d1d93aef29a415c90d5
