[INFO] cloning repository https://github.com/ldev-r3-t4/analytics
[INFO] running `Command { std: "git" "-c" "credential.helper=" "-c" "credential.helper=/workspace/cargo-home/bin/git-credential-null" "clone" "--bare" "https://github.com/ldev-r3-t4/analytics" "/workspace/cache/git-repos/https%3A%2F%2Fgithub.com%2Fldev-r3-t4%2Fanalytics", kill_on_drop: false }`
[INFO] [stderr] Cloning into bare repository '/workspace/cache/git-repos/https%3A%2F%2Fgithub.com%2Fldev-r3-t4%2Fanalytics'...
[INFO] running `Command { std: "git" "rev-parse" "HEAD", kill_on_drop: false }`
[INFO] [stdout] 7914b6b9f4312cb82c5f7bcfa2fc2c3f3e7a8ec9
[INFO] checking ldev-r3-t4/analytics against 1.55.0 for beta-1.56-3
[INFO] running `Command { std: "git" "clone" "/workspace/cache/git-repos/https%3A%2F%2Fgithub.com%2Fldev-r3-t4%2Fanalytics" "/workspace/builds/worker-88/source", kill_on_drop: false }`
[INFO] [stderr] Cloning into '/workspace/builds/worker-88/source'...
[INFO] [stderr] done.
[INFO] validating manifest of git repo https://github.com/ldev-r3-t4/analytics on toolchain 1.55.0
[INFO] running `Command { std: "/workspace/cargo-home/bin/cargo" "+1.55.0" "metadata" "--manifest-path" "Cargo.toml" "--no-deps", kill_on_drop: false }`
[INFO] started tweaking git repo https://github.com/ldev-r3-t4/analytics
[INFO] finished tweaking git repo https://github.com/ldev-r3-t4/analytics
[INFO] tweaked toml for git repo https://github.com/ldev-r3-t4/analytics written to /workspace/builds/worker-88/source/Cargo.toml
[INFO] crate git repo https://github.com/ldev-r3-t4/analytics already has a lockfile, it will not be regenerated
[INFO] running `Command { std: "/workspace/cargo-home/bin/cargo" "+1.55.0" "fetch" "--manifest-path" "Cargo.toml", kill_on_drop: false }`
[INFO] [stderr]     Blocking waiting for file lock on package cache
[INFO] [stderr]  Downloading crates ...
[INFO] [stderr]   Downloaded rocket_contrib v0.2.6
[INFO] running `Command { std: "docker" "create" "-v" "/var/lib/crater-agent-workspace/builds/worker-88/target:/opt/rustwide/target:rw,Z" "-v" "/var/lib/crater-agent-workspace/builds/worker-88/source:/opt/rustwide/workdir:ro,Z" "-v" "/var/lib/crater-agent-workspace/cargo-home:/opt/rustwide/cargo-home:ro,Z" "-v" "/var/lib/crater-agent-workspace/rustup-home:/opt/rustwide/rustup-home:ro,Z" "-e" "SOURCE_DIR=/opt/rustwide/workdir" "-e" "CARGO_TARGET_DIR=/opt/rustwide/target" "-e" "CARGO_HOME=/opt/rustwide/cargo-home" "-e" "RUSTUP_HOME=/opt/rustwide/rustup-home" "-w" "/opt/rustwide/workdir" "-m" "1610612736" "--user" "0:0" "--network" "none" "ghcr.io/rust-lang/crates-build-env/linux@sha256:a89201d6b5b9fd45c15d5952ece0a0129e7e80cb26ec023fd59cf09bc26f1604" "/opt/rustwide/cargo-home/bin/cargo" "+1.55.0" "metadata" "--no-deps" "--format-version=1", kill_on_drop: false }`
[INFO] [stdout] 67079339b36aeaa086991e6805b8ecd22b3f767552cb76e86c91cae97cdc195f
[INFO] running `Command { std: "docker" "start" "-a" "67079339b36aeaa086991e6805b8ecd22b3f767552cb76e86c91cae97cdc195f", kill_on_drop: false }`
[INFO] running `Command { std: "docker" "inspect" "67079339b36aeaa086991e6805b8ecd22b3f767552cb76e86c91cae97cdc195f", kill_on_drop: false }`
[INFO] running `Command { std: "docker" "rm" "-f" "67079339b36aeaa086991e6805b8ecd22b3f767552cb76e86c91cae97cdc195f", kill_on_drop: false }`
[INFO] [stdout] 67079339b36aeaa086991e6805b8ecd22b3f767552cb76e86c91cae97cdc195f
[INFO] running `Command { std: "docker" "create" "-v" "/var/lib/crater-agent-workspace/builds/worker-88/target:/opt/rustwide/target:rw,Z" "-v" "/var/lib/crater-agent-workspace/builds/worker-88/source:/opt/rustwide/workdir:ro,Z" "-v" "/var/lib/crater-agent-workspace/cargo-home:/opt/rustwide/cargo-home:ro,Z" "-v" "/var/lib/crater-agent-workspace/rustup-home:/opt/rustwide/rustup-home:ro,Z" "-e" "SOURCE_DIR=/opt/rustwide/workdir" "-e" "CARGO_TARGET_DIR=/opt/rustwide/target" "-e" "CARGO_INCREMENTAL=0" "-e" "RUST_BACKTRACE=full" "-e" "RUSTFLAGS=--cap-lints=warn" "-e" "CARGO_HOME=/opt/rustwide/cargo-home" "-e" "RUSTUP_HOME=/opt/rustwide/rustup-home" "-w" "/opt/rustwide/workdir" "-m" "1610612736" "--user" "0:0" "--network" "none" "ghcr.io/rust-lang/crates-build-env/linux@sha256:a89201d6b5b9fd45c15d5952ece0a0129e7e80cb26ec023fd59cf09bc26f1604" "/opt/rustwide/cargo-home/bin/cargo" "+1.55.0" "check" "--frozen" "--all" "--all-targets" "--message-format=json", kill_on_drop: false }`
[INFO] [stdout] 2c49eb08d6e9209d73e1f4b58174e2bfdc5f17aea5814dc700e220fb097d65fe
[INFO] running `Command { std: "docker" "start" "-a" "2c49eb08d6e9209d73e1f4b58174e2bfdc5f17aea5814dc700e220fb097d65fe", kill_on_drop: false }`
[INFO] [stderr]     Blocking waiting for file lock on package cache
[INFO] [stderr]    Compiling semver v0.1.20
[INFO] [stderr]     Checking libc v0.2.22
[INFO] [stderr]     Checking matches v0.1.4
[INFO] [stderr]     Checking unicode-normalization v0.1.4
[INFO] [stderr]    Compiling gcc v0.3.45
[INFO] [stderr]     Checking num-traits v0.1.37
[INFO] [stderr]    Compiling version_check v0.1.0
[INFO] [stderr]    Compiling pkg-config v0.3.9
[INFO] [stderr]    Compiling ansi_term v0.9.0
[INFO] [stderr]     Checking serde v0.9.15
[INFO] [stderr]     Checking log v0.3.7
[INFO] [stderr]    Compiling openssl v0.9.11
[INFO] [stderr]     Checking httparse v1.2.2
[INFO] [stderr]     Checking foreign-types v0.2.0
[INFO] [stderr]     Checking lazy_static v0.2.8
[INFO] [stderr]     Checking bitflags v0.8.2
[INFO] [stderr]     Checking dtoa v0.4.1
[INFO] [stderr]     Checking itoa v0.3.1
[INFO] [stderr]    Compiling rustc-serialize v0.3.24
[INFO] [stderr]     Checking term v0.4.5
[INFO] [stderr]     Checking state v0.2.1
[INFO] [stderr]     Checking toml v0.2.1
[INFO] [stderr]     Checking antidote v1.0.0
[INFO] [stderr]     Checking libflate v0.1.5
[INFO] [stderr]    Compiling serde_codegen_internals v0.14.2
[INFO] [stderr]     Checking unicode-bidi v0.2.5
[INFO] [stdout] error[E0557]: feature has been removed
[INFO] [stdout]  --> /opt/rustwide/cargo-home/registry/src/github.com-1ecc6299db9ec823/state-0.2.1/src/lib.rs:1:12
[INFO] [stdout]   |
[INFO] [stdout] 1 | #![feature(const_fn)]
[INFO] [stdout]   |            ^^^^^^^^ feature has been removed
[INFO] [stdout]   |
[INFO] [stdout]   = note: split into finer-grained feature gates
[INFO] [stdout] 
[INFO] [stdout] 
[INFO] [stdout] error[E0554]: `#![feature]` may not be used on the stable release channel
[INFO] [stdout]  --> /opt/rustwide/cargo-home/registry/src/github.com-1ecc6299db9ec823/state-0.2.1/src/lib.rs:1:1
[INFO] [stdout]   |
[INFO] [stdout] 1 | #![feature(const_fn)]
[INFO] [stdout]   | ^^^^^^^^^^^^^^^^^^^^^
[INFO] [stdout] 
[INFO] [stdout] 
[INFO] [stdout] error[E0214]: parenthesized type parameters may only be used with a `Fn` trait
[INFO] [stdout]    --> /opt/rustwide/cargo-home/registry/src/github.com-1ecc6299db9ec823/libflate-0.1.5/src/gzip.rs:452:66
[INFO] [stdout]     |
[INFO] [stdout] 452 |         try!(writer.write_u16::<LittleEndian>(self.data.len() as u16()));
[INFO] [stdout]     |                                                                  ^^^^^ only `Fn` traits may use parentheses
[INFO] [stdout] 
[INFO] [stdout] 
[INFO] [stdout] error: aborting due to 2 previous errors
[INFO] [stdout] 
[INFO] [stdout] 
[INFO] [stdout] Some errors have detailed explanations: E0554, E0557.
[INFO] [stdout] 
[INFO] [stdout] For more information about an error, try `rustc --explain E0554`.
[INFO] [stdout] 
[INFO] [stderr] error: could not compile `state` due to 3 previous errors
[INFO] [stderr] warning: build failed, waiting for other jobs to finish...
[INFO] [stdout] error: aborting due to previous error
[INFO] [stdout] 
[INFO] [stdout] 
[INFO] [stdout] For more information about this error, try `rustc --explain E0214`.
[INFO] [stdout] 
[INFO] [stdout] error[E0557]: feature has been removed
[INFO] [stdout]  --> /opt/rustwide/cargo-home/registry/src/github.com-1ecc6299db9ec823/state-0.2.1/src/lib.rs:1:12
[INFO] [stdout]   |
[INFO] [stdout] 1 | #![feature(const_fn)]
[INFO] [stdout]   |            ^^^^^^^^ feature has been removed
[INFO] [stdout]   |
[INFO] [stdout]   = note: split into finer-grained feature gates
[INFO] [stdout] 
[INFO] [stdout] 
[INFO] [stdout] error[E0554]: `#![feature]` may not be used on the stable release channel
[INFO] [stdout]  --> /opt/rustwide/cargo-home/registry/src/github.com-1ecc6299db9ec823/state-0.2.1/src/lib.rs:1:1
[INFO] [stdout]   |
[INFO] [stdout] 1 | #![feature(const_fn)]
[INFO] [stdout]   | ^^^^^^^^^^^^^^^^^^^^^
[INFO] [stdout] 
[INFO] [stdout] 
[INFO] [stdout] error: aborting due to 2 previous errors
[INFO] [stdout] 
[INFO] [stdout] 
[INFO] [stdout] Some errors have detailed explanations: E0554, E0557.
[INFO] [stdout] 
[INFO] [stdout] For more information about an error, try `rustc --explain E0554`.
[INFO] [stdout] 
[INFO] [stderr] error: build failed
[INFO] running `Command { std: "docker" "inspect" "2c49eb08d6e9209d73e1f4b58174e2bfdc5f17aea5814dc700e220fb097d65fe", kill_on_drop: false }`
[INFO] running `Command { std: "docker" "rm" "-f" "2c49eb08d6e9209d73e1f4b58174e2bfdc5f17aea5814dc700e220fb097d65fe", kill_on_drop: false }`
[INFO] [stdout] 2c49eb08d6e9209d73e1f4b58174e2bfdc5f17aea5814dc700e220fb097d65fe
