[INFO] cloning repository https://github.com/ld000/linux-command-rust
[INFO] running `Command { std: "git" "-c" "credential.helper=" "-c" "credential.helper=/workspace/cargo-home/bin/git-credential-null" "clone" "--bare" "https://github.com/ld000/linux-command-rust" "/workspace/cache/git-repos/https%3A%2F%2Fgithub.com%2Fld000%2Flinux-command-rust", kill_on_drop: false }`
[INFO] [stderr] Cloning into bare repository '/workspace/cache/git-repos/https%3A%2F%2Fgithub.com%2Fld000%2Flinux-command-rust'...
[INFO] running `Command { std: "git" "rev-parse" "HEAD", kill_on_drop: false }`
[INFO] [stdout] 4ca333403198ba1dcba06fd9338f8814890f9e5e
[INFO] checking ld000/linux-command-rust against beta-2021-10-15 for beta-1.56-3
[INFO] running `Command { std: "git" "clone" "/workspace/cache/git-repos/https%3A%2F%2Fgithub.com%2Fld000%2Flinux-command-rust" "/workspace/builds/worker-0/source", kill_on_drop: false }`
[INFO] [stderr] Cloning into '/workspace/builds/worker-0/source'...
[INFO] [stderr] done.
[INFO] validating manifest of git repo https://github.com/ld000/linux-command-rust on toolchain beta-2021-10-15
[INFO] running `Command { std: "/workspace/cargo-home/bin/cargo" "+beta-2021-10-15" "metadata" "--manifest-path" "Cargo.toml" "--no-deps", kill_on_drop: false }`
[INFO] started tweaking git repo https://github.com/ld000/linux-command-rust
[INFO] finished tweaking git repo https://github.com/ld000/linux-command-rust
[INFO] tweaked toml for git repo https://github.com/ld000/linux-command-rust written to /workspace/builds/worker-0/source/Cargo.toml
[INFO] crate git repo https://github.com/ld000/linux-command-rust already has a lockfile, it will not be regenerated
[INFO] running `Command { std: "/workspace/cargo-home/bin/cargo" "+beta-2021-10-15" "fetch" "--manifest-path" "Cargo.toml", kill_on_drop: false }`
[INFO] [stderr]     Blocking waiting for file lock on package cache
[INFO] running `Command { std: "docker" "create" "-v" "/var/lib/crater-agent-workspace/builds/worker-0/target:/opt/rustwide/target:rw,Z" "-v" "/var/lib/crater-agent-workspace/builds/worker-0/source:/opt/rustwide/workdir:ro,Z" "-v" "/var/lib/crater-agent-workspace/cargo-home:/opt/rustwide/cargo-home:ro,Z" "-v" "/var/lib/crater-agent-workspace/rustup-home:/opt/rustwide/rustup-home:ro,Z" "-e" "SOURCE_DIR=/opt/rustwide/workdir" "-e" "CARGO_TARGET_DIR=/opt/rustwide/target" "-e" "CARGO_HOME=/opt/rustwide/cargo-home" "-e" "RUSTUP_HOME=/opt/rustwide/rustup-home" "-w" "/opt/rustwide/workdir" "-m" "1610612736" "--user" "0:0" "--network" "none" "ghcr.io/rust-lang/crates-build-env/linux@sha256:a89201d6b5b9fd45c15d5952ece0a0129e7e80cb26ec023fd59cf09bc26f1604" "/opt/rustwide/cargo-home/bin/cargo" "+beta-2021-10-15" "metadata" "--no-deps" "--format-version=1", kill_on_drop: false }`
[INFO] [stdout] d965676e907ea2ea83ea48a55d238aa5ef727b33d9421fb34c0780f305566f34
[INFO] running `Command { std: "docker" "start" "-a" "d965676e907ea2ea83ea48a55d238aa5ef727b33d9421fb34c0780f305566f34", kill_on_drop: false }`
[INFO] running `Command { std: "docker" "inspect" "d965676e907ea2ea83ea48a55d238aa5ef727b33d9421fb34c0780f305566f34", kill_on_drop: false }`
[INFO] running `Command { std: "docker" "rm" "-f" "d965676e907ea2ea83ea48a55d238aa5ef727b33d9421fb34c0780f305566f34", kill_on_drop: false }`
[INFO] [stdout] d965676e907ea2ea83ea48a55d238aa5ef727b33d9421fb34c0780f305566f34
[INFO] running `Command { std: "docker" "create" "-v" "/var/lib/crater-agent-workspace/builds/worker-0/target:/opt/rustwide/target:rw,Z" "-v" "/var/lib/crater-agent-workspace/builds/worker-0/source:/opt/rustwide/workdir:ro,Z" "-v" "/var/lib/crater-agent-workspace/cargo-home:/opt/rustwide/cargo-home:ro,Z" "-v" "/var/lib/crater-agent-workspace/rustup-home:/opt/rustwide/rustup-home:ro,Z" "-e" "SOURCE_DIR=/opt/rustwide/workdir" "-e" "CARGO_TARGET_DIR=/opt/rustwide/target" "-e" "CARGO_INCREMENTAL=0" "-e" "RUST_BACKTRACE=full" "-e" "RUSTFLAGS=--cap-lints=warn" "-e" "CARGO_HOME=/opt/rustwide/cargo-home" "-e" "RUSTUP_HOME=/opt/rustwide/rustup-home" "-w" "/opt/rustwide/workdir" "-m" "1610612736" "--user" "0:0" "--network" "none" "ghcr.io/rust-lang/crates-build-env/linux@sha256:a89201d6b5b9fd45c15d5952ece0a0129e7e80cb26ec023fd59cf09bc26f1604" "/opt/rustwide/cargo-home/bin/cargo" "+beta-2021-10-15" "check" "--frozen" "--all" "--all-targets" "--message-format=json", kill_on_drop: false }`
[INFO] [stdout] 50e05b84f438d5f701025fec9abdaa7af5b779a4742cc10391777ff485cc0197
[INFO] running `Command { std: "docker" "start" "-a" "50e05b84f438d5f701025fec9abdaa7af5b779a4742cc10391777ff485cc0197", kill_on_drop: false }`
[INFO] [stderr]     Blocking waiting for file lock on package cache
[INFO] [stderr]    Compiling proc-macro2 v1.0.28
[INFO] [stderr]    Compiling libc v0.2.98
[INFO] [stderr]    Compiling syn v1.0.74
[INFO] [stderr]    Compiling quote v1.0.9
[INFO] [stderr]     Checking atty v0.2.14
[INFO] [stderr]     Checking users v0.11.0
[INFO] [stderr]     Checking clap v2.33.3
[INFO] [stderr]     Checking colored v2.0.0
[INFO] [stderr]    Compiling proc-macro-error-attr v1.0.4
[INFO] [stderr]    Compiling proc-macro-error v1.0.4
[INFO] [stderr]    Compiling structopt-derive v0.4.15
[INFO] [stderr]     Checking structopt v0.3.22
[INFO] [stderr]     Checking linux-command-rust v0.1.0 (/opt/rustwide/workdir)
[INFO] [stdout] error[E0433]: failed to resolve: could not find `macos` in `os`
[INFO] [stdout]  --> src/bin/ls.rs:5:14
[INFO] [stdout]   |
[INFO] [stdout] 5 | use std::os::macos::fs::MetadataExt;
[INFO] [stdout]   |              ^^^^^ could not find `macos` in `os`
[INFO] [stdout] 
[INFO] [stdout] 
[INFO] [stdout] error[E0433]: failed to resolve: could not find `macos` in `os`
[INFO] [stdout]  --> src/bin/ls.rs:5:14
[INFO] [stdout]   |
[INFO] [stdout] 5 | use std::os::macos::fs::MetadataExt;
[INFO] [stdout]   |              ^^^^^ could not find `macos` in `os`
[INFO] [stdout] 
[INFO] [stdout] 
[INFO] [stdout] error[E0599]: no method named `st_mode` found for struct `Metadata` in the current scope
[INFO] [stdout]    --> src/bin/ls.rs:159:30
[INFO] [stdout]     |
[INFO] [stdout] 159 |         let mode = &metadata.st_mode();
[INFO] [stdout]     |                              ^^^^^^^ method not found in `Metadata`
[INFO] [stdout]     |
[INFO] [stdout]     = help: items from traits can only be used if the trait is in scope
[INFO] [stdout] help: the following trait is implemented but not in scope; perhaps add a `use` for it:
[INFO] [stdout]     |
[INFO] [stdout] 1   | use std::os::linux::fs::MetadataExt;
[INFO] [stdout]     |
[INFO] [stdout] 
[INFO] [stdout] 
[INFO] [stdout] error[E0599]: no method named `st_nlink` found for struct `Metadata` in the current scope
[INFO] [stdout]    --> src/bin/ls.rs:193:23
[INFO] [stdout]     |
[INFO] [stdout] 193 |         self.metadata.st_nlink()
[INFO] [stdout]     |                       ^^^^^^^^ method not found in `Metadata`
[INFO] [stdout]     |
[INFO] [stdout]     = help: items from traits can only be used if the trait is in scope
[INFO] [stdout] help: the following trait is implemented but not in scope; perhaps add a `use` for it:
[INFO] [stdout]     |
[INFO] [stdout] 1   | use std::os::linux::fs::MetadataExt;
[INFO] [stdout]     |
[INFO] [stdout] 
[INFO] [stdout] 
[INFO] [stdout] error[E0599]: no method named `st_uid` found for struct `Metadata` in the current scope
[INFO] [stdout]    --> src/bin/ls.rs:198:23
[INFO] [stdout]     |
[INFO] [stdout] 198 |         self.metadata.st_uid()
[INFO] [stdout]     |                       ^^^^^^ method not found in `Metadata`
[INFO] [stdout]     |
[INFO] [stdout]     = help: items from traits can only be used if the trait is in scope
[INFO] [stdout] help: the following trait is implemented but not in scope; perhaps add a `use` for it:
[INFO] [stdout]     |
[INFO] [stdout] 1   | use std::os::linux::fs::MetadataExt;
[INFO] [stdout]     |
[INFO] [stdout] 
[INFO] [stdout] 
[INFO] [stdout] error[E0599]: no method named `st_gid` found for struct `Metadata` in the current scope
[INFO] [stdout]    --> src/bin/ls.rs:203:23
[INFO] [stdout]     |
[INFO] [stdout] 203 |         self.metadata.st_gid()
[INFO] [stdout]     |                       ^^^^^^ method not found in `Metadata`
[INFO] [stdout]     |
[INFO] [stdout]     = help: items from traits can only be used if the trait is in scope
[INFO] [stdout] help: the following trait is implemented but not in scope; perhaps add a `use` for it:
[INFO] [stdout]     |
[INFO] [stdout] 1   | use std::os::linux::fs::MetadataExt;
[INFO] [stdout]     |
[INFO] [stdout] 
[INFO] [stdout] 
[INFO] [stdout] error: aborting due to 5 previous errors
[INFO] [stdout] 
[INFO] [stdout] 
[INFO] [stdout] Some errors have detailed explanations: E0433, E0599.
[INFO] [stdout] 
[INFO] [stdout] For more information about an error, try `rustc --explain E0433`.
[INFO] [stdout] 
[INFO] [stdout] error[E0599]: no method named `st_mode` found for struct `Metadata` in the current scope
[INFO] [stdout]    --> src/bin/ls.rs:159:30
[INFO] [stdout]     |
[INFO] [stdout] 159 |         let mode = &metadata.st_mode();
[INFO] [stdout]     |                              ^^^^^^^ method not found in `Metadata`
[INFO] [stdout]     |
[INFO] [stdout]     = help: items from traits can only be used if the trait is in scope
[INFO] [stdout] help: the following trait is implemented but not in scope; perhaps add a `use` for it:
[INFO] [stdout]     |
[INFO] [stdout] 1   | use std::os::linux::fs::MetadataExt;
[INFO] [stdout]     |
[INFO] [stdout] 
[INFO] [stdout] 
[INFO] [stderr] error: could not compile `linux-command-rust` due to 6 previous errors
[INFO] [stderr] warning: build failed, waiting for other jobs to finish...
[INFO] [stdout] error[E0599]: no method named `st_nlink` found for struct `Metadata` in the current scope
[INFO] [stdout]    --> src/bin/ls.rs:193:23
[INFO] [stdout]     |
[INFO] [stdout] 193 |         self.metadata.st_nlink()
[INFO] [stdout]     |                       ^^^^^^^^ method not found in `Metadata`
[INFO] [stdout]     |
[INFO] [stdout]     = help: items from traits can only be used if the trait is in scope
[INFO] [stdout] help: the following trait is implemented but not in scope; perhaps add a `use` for it:
[INFO] [stdout]     |
[INFO] [stdout] 1   | use std::os::linux::fs::MetadataExt;
[INFO] [stdout]     |
[INFO] [stdout] 
[INFO] [stdout] 
[INFO] [stdout] error[E0599]: no method named `st_uid` found for struct `Metadata` in the current scope
[INFO] [stdout]    --> src/bin/ls.rs:198:23
[INFO] [stdout]     |
[INFO] [stdout] 198 |         self.metadata.st_uid()
[INFO] [stdout]     |                       ^^^^^^ method not found in `Metadata`
[INFO] [stdout]     |
[INFO] [stdout]     = help: items from traits can only be used if the trait is in scope
[INFO] [stdout] help: the following trait is implemented but not in scope; perhaps add a `use` for it:
[INFO] [stdout]     |
[INFO] [stdout] 1   | use std::os::linux::fs::MetadataExt;
[INFO] [stdout]     |
[INFO] [stdout] 
[INFO] [stdout] 
[INFO] [stdout] error[E0599]: no method named `st_gid` found for struct `Metadata` in the current scope
[INFO] [stdout]    --> src/bin/ls.rs:203:23
[INFO] [stdout]     |
[INFO] [stdout] 203 |         self.metadata.st_gid()
[INFO] [stdout]     |                       ^^^^^^ method not found in `Metadata`
[INFO] [stdout]     |
[INFO] [stdout]     = help: items from traits can only be used if the trait is in scope
[INFO] [stdout] help: the following trait is implemented but not in scope; perhaps add a `use` for it:
[INFO] [stdout]     |
[INFO] [stdout] 1   | use std::os::linux::fs::MetadataExt;
[INFO] [stdout]     |
[INFO] [stdout] 
[INFO] [stdout] 
[INFO] [stdout] error: aborting due to 5 previous errors
[INFO] [stdout] 
[INFO] [stdout] 
[INFO] [stdout] Some errors have detailed explanations: E0433, E0599.
[INFO] [stdout] 
[INFO] [stdout] For more information about an error, try `rustc --explain E0433`.
[INFO] [stdout] 
[INFO] [stderr] error: build failed
[INFO] running `Command { std: "docker" "inspect" "50e05b84f438d5f701025fec9abdaa7af5b779a4742cc10391777ff485cc0197", kill_on_drop: false }`
[INFO] running `Command { std: "docker" "rm" "-f" "50e05b84f438d5f701025fec9abdaa7af5b779a4742cc10391777ff485cc0197", kill_on_drop: false }`
[INFO] [stdout] 50e05b84f438d5f701025fec9abdaa7af5b779a4742cc10391777ff485cc0197
