[INFO] cloning repository https://github.com/kyleheadley/inc-game
[INFO] running `Command { std: "git" "-c" "credential.helper=" "-c" "credential.helper=/workspace/cargo-home/bin/git-credential-null" "clone" "--bare" "https://github.com/kyleheadley/inc-game" "/workspace/cache/git-repos/https%3A%2F%2Fgithub.com%2Fkyleheadley%2Finc-game", kill_on_drop: false }`
[INFO] [stderr] Cloning into bare repository '/workspace/cache/git-repos/https%3A%2F%2Fgithub.com%2Fkyleheadley%2Finc-game'...
[INFO] running `Command { std: "git" "rev-parse" "HEAD", kill_on_drop: false }`
[INFO] [stdout] 4c1cff45d4740e5e09c82f394a2d7c29ca8b2454
[INFO] checking kyleheadley/inc-game against 1.55.0 for beta-1.56-3
[INFO] running `Command { std: "git" "clone" "/workspace/cache/git-repos/https%3A%2F%2Fgithub.com%2Fkyleheadley%2Finc-game" "/workspace/builds/worker-10/source", kill_on_drop: false }`
[INFO] [stderr] Cloning into '/workspace/builds/worker-10/source'...
[INFO] [stderr] done.
[INFO] validating manifest of git repo https://github.com/kyleheadley/inc-game on toolchain 1.55.0
[INFO] running `Command { std: "/workspace/cargo-home/bin/cargo" "+1.55.0" "metadata" "--manifest-path" "Cargo.toml" "--no-deps", kill_on_drop: false }`
[INFO] started tweaking git repo https://github.com/kyleheadley/inc-game
[INFO] finished tweaking git repo https://github.com/kyleheadley/inc-game
[INFO] tweaked toml for git repo https://github.com/kyleheadley/inc-game written to /workspace/builds/worker-10/source/Cargo.toml
[INFO] crate git repo https://github.com/kyleheadley/inc-game already has a lockfile, it will not be regenerated
[INFO] running `Command { std: "/workspace/cargo-home/bin/cargo" "+1.55.0" "fetch" "--manifest-path" "Cargo.toml", kill_on_drop: false }`
[INFO] running `Command { std: "docker" "create" "-v" "/var/lib/crater-agent-workspace/builds/worker-10/target:/opt/rustwide/target:rw,Z" "-v" "/var/lib/crater-agent-workspace/builds/worker-10/source:/opt/rustwide/workdir:ro,Z" "-v" "/var/lib/crater-agent-workspace/cargo-home:/opt/rustwide/cargo-home:ro,Z" "-v" "/var/lib/crater-agent-workspace/rustup-home:/opt/rustwide/rustup-home:ro,Z" "-e" "SOURCE_DIR=/opt/rustwide/workdir" "-e" "CARGO_TARGET_DIR=/opt/rustwide/target" "-e" "CARGO_HOME=/opt/rustwide/cargo-home" "-e" "RUSTUP_HOME=/opt/rustwide/rustup-home" "-w" "/opt/rustwide/workdir" "-m" "1610612736" "--user" "0:0" "--network" "none" "ghcr.io/rust-lang/crates-build-env/linux@sha256:a89201d6b5b9fd45c15d5952ece0a0129e7e80cb26ec023fd59cf09bc26f1604" "/opt/rustwide/cargo-home/bin/cargo" "+1.55.0" "metadata" "--no-deps" "--format-version=1", kill_on_drop: false }`
[INFO] [stdout] f43ef99dfa2c06acfc393263a928f996092fe15c7d67a9685eecf8aa240e62e3
[INFO] [stderr] WARNING: Your kernel does not support swap limit capabilities or the cgroup is not mounted. Memory limited without swap.
[INFO] running `Command { std: "docker" "start" "-a" "f43ef99dfa2c06acfc393263a928f996092fe15c7d67a9685eecf8aa240e62e3", kill_on_drop: false }`
[INFO] running `Command { std: "docker" "inspect" "f43ef99dfa2c06acfc393263a928f996092fe15c7d67a9685eecf8aa240e62e3", kill_on_drop: false }`
[INFO] running `Command { std: "docker" "rm" "-f" "f43ef99dfa2c06acfc393263a928f996092fe15c7d67a9685eecf8aa240e62e3", kill_on_drop: false }`
[INFO] [stdout] f43ef99dfa2c06acfc393263a928f996092fe15c7d67a9685eecf8aa240e62e3
[INFO] running `Command { std: "docker" "create" "-v" "/var/lib/crater-agent-workspace/builds/worker-10/target:/opt/rustwide/target:rw,Z" "-v" "/var/lib/crater-agent-workspace/builds/worker-10/source:/opt/rustwide/workdir:ro,Z" "-v" "/var/lib/crater-agent-workspace/cargo-home:/opt/rustwide/cargo-home:ro,Z" "-v" "/var/lib/crater-agent-workspace/rustup-home:/opt/rustwide/rustup-home:ro,Z" "-e" "SOURCE_DIR=/opt/rustwide/workdir" "-e" "CARGO_TARGET_DIR=/opt/rustwide/target" "-e" "CARGO_INCREMENTAL=0" "-e" "RUST_BACKTRACE=full" "-e" "RUSTFLAGS=--cap-lints=warn" "-e" "CARGO_HOME=/opt/rustwide/cargo-home" "-e" "RUSTUP_HOME=/opt/rustwide/rustup-home" "-w" "/opt/rustwide/workdir" "-m" "1610612736" "--user" "0:0" "--network" "none" "ghcr.io/rust-lang/crates-build-env/linux@sha256:a89201d6b5b9fd45c15d5952ece0a0129e7e80cb26ec023fd59cf09bc26f1604" "/opt/rustwide/cargo-home/bin/cargo" "+1.55.0" "check" "--frozen" "--all" "--all-targets" "--message-format=json", kill_on_drop: false }`
[INFO] [stdout] a023fe503e65a0050dc6835f7eb32b7d177b2f6e7d8d44b7737fa3599f02d46f
[INFO] [stderr] WARNING: Your kernel does not support swap limit capabilities or the cgroup is not mounted. Memory limited without swap.
[INFO] running `Command { std: "docker" "start" "-a" "a023fe503e65a0050dc6835f7eb32b7d177b2f6e7d8d44b7737fa3599f02d46f", kill_on_drop: false }`
[INFO] [stderr]     Checking libc v0.2.23
[INFO] [stderr]    Compiling dtoa v0.4.1
[INFO] [stderr]    Compiling num-traits v0.1.39
[INFO] [stderr]    Compiling itoa v0.3.1
[INFO] [stderr]    Compiling gcc v0.3.50
[INFO] [stderr]     Checking odds v0.2.25
[INFO] [stderr]     Checking fixedbitset v0.1.6
[INFO] [stderr]     Checking cfg-if v0.1.1
[INFO] [stderr]     Checking rustc-demangle v0.1.4
[INFO] [stderr]     Checking linked-hash-map v0.0.10
[INFO] [stderr]     Checking smallvec v0.1.8
[INFO] [stderr]    Compiling xml-rs v0.3.6
[INFO] [stderr]    Compiling x11-dl v2.14.0
[INFO] [stderr]     Checking num-integer v0.1.34
[INFO] [stderr]     Checking num-complex v0.1.38
[INFO] [stderr]    Compiling tempfile v2.1.5
[INFO] [stderr]    Compiling dbghelp-sys v0.2.0
[INFO] [stderr]     Checking pistoncore-input v0.18.0
[INFO] [stderr]    Compiling backtrace v0.2.3
[INFO] [stderr]     Checking petgraph v0.2.9
[INFO] [stderr]     Checking num-iter v0.1.33
[INFO] [stderr]    Compiling rand v0.3.15
[INFO] [stderr]     Checking nodrop v0.1.9
[INFO] [stderr]     Checking fs2 v0.2.5
[INFO] [stderr]     Checking shared_library v0.1.5
[INFO] [stdout] error[E0034]: multiple applicable items in scope
[INFO] [stdout]    --> /opt/rustwide/cargo-home/registry/src/github.com-1ecc6299db9ec823/petgraph-0.2.9/src/graph.rs:421:21
[INFO] [stdout]     |
[INFO] [stdout] 421 |         assert!(Ix::max().index() == !0 || NodeIndex::end() != node_idx);
[INFO] [stdout]     |                     ^^^ multiple `max` found
[INFO] [stdout]     |
[INFO] [stdout] note: candidate #1 is defined in the trait `IndexType`
[INFO] [stdout]    --> /opt/rustwide/cargo-home/registry/src/github.com-1ecc6299db9ec823/petgraph-0.2.9/src/graph.rs:31:5
[INFO] [stdout]     |
[INFO] [stdout] 31  |     fn max() -> Self;
[INFO] [stdout]     |     ^^^^^^^^^^^^^^^^^
[INFO] [stdout] note: candidate #2 is defined in the trait `Ord`
[INFO] [stdout] help: disambiguate the associated function for candidate #1
[INFO] [stdout]     |
[INFO] [stdout] 421 |         assert!(IndexType::max().index() == !0 || NodeIndex::end() != node_idx);
[INFO] [stdout]     |                 ^^^^^^^^^^^^^^
[INFO] [stdout] help: disambiguate the associated function for candidate #2
[INFO] [stdout]     |
[INFO] [stdout] 421 |         assert!(Ord::max().index() == !0 || NodeIndex::end() != node_idx);
[INFO] [stdout]     |                 ^^^^^^^^
[INFO] [stdout] 
[INFO] [stdout] 
[INFO] [stderr]    Compiling serde_json v0.9.10
[INFO] [stderr]     Checking arrayvec v0.3.23
[INFO] [stderr]     Checking memmap v0.4.0
[INFO] [stdout] error[E0308]: mismatched types
[INFO] [stdout]    --> /opt/rustwide/cargo-home/registry/src/github.com-1ecc6299db9ec823/petgraph-0.2.9/src/graph.rs:421:38
[INFO] [stdout]     |
[INFO] [stdout] 374 | impl<N, E, Ty, Ix> Graph<N, E, Ty, Ix>
[INFO] [stdout]     |                -- this type parameter
[INFO] [stdout] ...
[INFO] [stdout] 421 |         assert!(Ix::max().index() == !0 || NodeIndex::end() != node_idx);
[INFO] [stdout]     |                                      ^^ expected type parameter `Ix`, found integer
[INFO] [stdout]     |
[INFO] [stdout]     = note: expected type parameter `Ix`
[INFO] [stdout]                          found type `{integer}`
[INFO] [stdout] 
[INFO] [stdout] 
[INFO] [stdout] error[E0034]: multiple applicable items in scope
[INFO] [stdout]    --> /opt/rustwide/cargo-home/registry/src/github.com-1ecc6299db9ec823/petgraph-0.2.9/src/graph.rs:458:21
[INFO] [stdout]     |
[INFO] [stdout] 458 |         assert!(Ix::max().index() == !0 || EdgeIndex::end() != edge_idx);
[INFO] [stdout]     |                     ^^^ multiple `max` found
[INFO] [stdout]     |
[INFO] [stdout] note: candidate #1 is defined in the trait `IndexType`
[INFO] [stdout]    --> /opt/rustwide/cargo-home/registry/src/github.com-1ecc6299db9ec823/petgraph-0.2.9/src/graph.rs:31:5
[INFO] [stdout]     |
[INFO] [stdout] 31  |     fn max() -> Self;
[INFO] [stdout]     |     ^^^^^^^^^^^^^^^^^
[INFO] [stdout] note: candidate #2 is defined in the trait `Ord`
[INFO] [stdout] help: disambiguate the associated function for candidate #1
[INFO] [stdout]     |
[INFO] [stdout] 458 |         assert!(IndexType::max().index() == !0 || EdgeIndex::end() != edge_idx);
[INFO] [stdout]     |                 ^^^^^^^^^^^^^^
[INFO] [stdout] help: disambiguate the associated function for candidate #2
[INFO] [stdout]     |
[INFO] [stdout] 458 |         assert!(Ord::max().index() == !0 || EdgeIndex::end() != edge_idx);
[INFO] [stdout]     |                 ^^^^^^^^
[INFO] [stdout] 
[INFO] [stdout] 
[INFO] [stdout] error[E0308]: mismatched types
[INFO] [stdout]    --> /opt/rustwide/cargo-home/registry/src/github.com-1ecc6299db9ec823/petgraph-0.2.9/src/graph.rs:458:38
[INFO] [stdout]     |
[INFO] [stdout] 374 | impl<N, E, Ty, Ix> Graph<N, E, Ty, Ix>
[INFO] [stdout]     |                -- this type parameter
[INFO] [stdout] ...
[INFO] [stdout] 458 |         assert!(Ix::max().index() == !0 || EdgeIndex::end() != edge_idx);
[INFO] [stdout]     |                                      ^^ expected type parameter `Ix`, found integer
[INFO] [stdout]     |
[INFO] [stdout]     = note: expected type parameter `Ix`
[INFO] [stdout]                          found type `{integer}`
[INFO] [stdout] 
[INFO] [stdout] 
[INFO] [stderr]     Checking osmesa-sys v0.1.2
[INFO] [stderr]    Compiling backtrace-sys v0.1.11
[INFO] [stdout] error: aborting due to 4 previous errors
[INFO] [stdout] 
[INFO] [stdout] 
[INFO] [stdout] Some errors have detailed explanations: E0034, E0308.
[INFO] [stdout] 
[INFO] [stdout] For more information about an error, try `rustc --explain E0034`.
[INFO] [stdout] 
[INFO] [stderr] error: could not compile `petgraph` due to 5 previous errors
[INFO] [stderr] warning: build failed, waiting for other jobs to finish...
[INFO] [stderr] error: build failed
[INFO] running `Command { std: "docker" "inspect" "a023fe503e65a0050dc6835f7eb32b7d177b2f6e7d8d44b7737fa3599f02d46f", kill_on_drop: false }`
[INFO] running `Command { std: "docker" "rm" "-f" "a023fe503e65a0050dc6835f7eb32b7d177b2f6e7d8d44b7737fa3599f02d46f", kill_on_drop: false }`
[INFO] [stdout] a023fe503e65a0050dc6835f7eb32b7d177b2f6e7d8d44b7737fa3599f02d46f
