[INFO] cloning repository https://github.com/kyle-kroll/demoneering
[INFO] running `Command { std: "git" "-c" "credential.helper=" "-c" "credential.helper=/workspace/cargo-home/bin/git-credential-null" "clone" "--bare" "https://github.com/kyle-kroll/demoneering" "/workspace/cache/git-repos/https%3A%2F%2Fgithub.com%2Fkyle-kroll%2Fdemoneering", kill_on_drop: false }`
[INFO] [stderr] Cloning into bare repository '/workspace/cache/git-repos/https%3A%2F%2Fgithub.com%2Fkyle-kroll%2Fdemoneering'...
[INFO] running `Command { std: "git" "rev-parse" "HEAD", kill_on_drop: false }`
[INFO] [stdout] 4eff44c9be2b06b4f4c03fa6d2dd181de2516958
[INFO] checking kyle-kroll/demoneering against 1.55.0 for beta-1.56-3
[INFO] running `Command { std: "git" "clone" "/workspace/cache/git-repos/https%3A%2F%2Fgithub.com%2Fkyle-kroll%2Fdemoneering" "/workspace/builds/worker-10/source", kill_on_drop: false }`
[INFO] [stderr] Cloning into '/workspace/builds/worker-10/source'...
[INFO] [stderr] done.
[INFO] validating manifest of git repo https://github.com/kyle-kroll/demoneering on toolchain 1.55.0
[INFO] running `Command { std: "/workspace/cargo-home/bin/cargo" "+1.55.0" "metadata" "--manifest-path" "Cargo.toml" "--no-deps", kill_on_drop: false }`
[INFO] started tweaking git repo https://github.com/kyle-kroll/demoneering
[INFO] finished tweaking git repo https://github.com/kyle-kroll/demoneering
[INFO] tweaked toml for git repo https://github.com/kyle-kroll/demoneering written to /workspace/builds/worker-10/source/Cargo.toml
[INFO] crate git repo https://github.com/kyle-kroll/demoneering already has a lockfile, it will not be regenerated
[INFO] running `Command { std: "/workspace/cargo-home/bin/cargo" "+1.55.0" "fetch" "--manifest-path" "Cargo.toml", kill_on_drop: false }`
[INFO] [stderr]     Blocking waiting for file lock on package cache
[INFO] [stderr]     Blocking waiting for file lock on package cache
[INFO] running `Command { std: "docker" "create" "-v" "/var/lib/crater-agent-workspace/builds/worker-10/target:/opt/rustwide/target:rw,Z" "-v" "/var/lib/crater-agent-workspace/builds/worker-10/source:/opt/rustwide/workdir:ro,Z" "-v" "/var/lib/crater-agent-workspace/cargo-home:/opt/rustwide/cargo-home:ro,Z" "-v" "/var/lib/crater-agent-workspace/rustup-home:/opt/rustwide/rustup-home:ro,Z" "-e" "SOURCE_DIR=/opt/rustwide/workdir" "-e" "CARGO_TARGET_DIR=/opt/rustwide/target" "-e" "CARGO_HOME=/opt/rustwide/cargo-home" "-e" "RUSTUP_HOME=/opt/rustwide/rustup-home" "-w" "/opt/rustwide/workdir" "-m" "1610612736" "--user" "0:0" "--network" "none" "ghcr.io/rust-lang/crates-build-env/linux@sha256:a89201d6b5b9fd45c15d5952ece0a0129e7e80cb26ec023fd59cf09bc26f1604" "/opt/rustwide/cargo-home/bin/cargo" "+1.55.0" "metadata" "--no-deps" "--format-version=1", kill_on_drop: false }`
[INFO] [stdout] a360747dcd2d0bc8b548a345e22e51c770addf85b6712854367a40096c10aa20
[INFO] [stderr] WARNING: Your kernel does not support swap limit capabilities or the cgroup is not mounted. Memory limited without swap.
[INFO] running `Command { std: "docker" "start" "-a" "a360747dcd2d0bc8b548a345e22e51c770addf85b6712854367a40096c10aa20", kill_on_drop: false }`
[INFO] running `Command { std: "docker" "inspect" "a360747dcd2d0bc8b548a345e22e51c770addf85b6712854367a40096c10aa20", kill_on_drop: false }`
[INFO] running `Command { std: "docker" "rm" "-f" "a360747dcd2d0bc8b548a345e22e51c770addf85b6712854367a40096c10aa20", kill_on_drop: false }`
[INFO] [stdout] a360747dcd2d0bc8b548a345e22e51c770addf85b6712854367a40096c10aa20
[INFO] running `Command { std: "docker" "create" "-v" "/var/lib/crater-agent-workspace/builds/worker-10/target:/opt/rustwide/target:rw,Z" "-v" "/var/lib/crater-agent-workspace/builds/worker-10/source:/opt/rustwide/workdir:ro,Z" "-v" "/var/lib/crater-agent-workspace/cargo-home:/opt/rustwide/cargo-home:ro,Z" "-v" "/var/lib/crater-agent-workspace/rustup-home:/opt/rustwide/rustup-home:ro,Z" "-e" "SOURCE_DIR=/opt/rustwide/workdir" "-e" "CARGO_TARGET_DIR=/opt/rustwide/target" "-e" "CARGO_INCREMENTAL=0" "-e" "RUST_BACKTRACE=full" "-e" "RUSTFLAGS=--cap-lints=warn" "-e" "CARGO_HOME=/opt/rustwide/cargo-home" "-e" "RUSTUP_HOME=/opt/rustwide/rustup-home" "-w" "/opt/rustwide/workdir" "-m" "1610612736" "--user" "0:0" "--network" "none" "ghcr.io/rust-lang/crates-build-env/linux@sha256:a89201d6b5b9fd45c15d5952ece0a0129e7e80cb26ec023fd59cf09bc26f1604" "/opt/rustwide/cargo-home/bin/cargo" "+1.55.0" "check" "--frozen" "--all" "--all-targets" "--message-format=json", kill_on_drop: false }`
[INFO] [stdout] 4e1dce420e84e4477f794f7fde56736f4bbf722de308f0b351310ba1ea36cc3b
[INFO] [stderr] WARNING: Your kernel does not support swap limit capabilities or the cgroup is not mounted. Memory limited without swap.
[INFO] running `Command { std: "docker" "start" "-a" "4e1dce420e84e4477f794f7fde56736f4bbf722de308f0b351310ba1ea36cc3b", kill_on_drop: false }`
[INFO] [stderr]    Compiling libc v0.2.98
[INFO] [stderr]    Compiling syn v1.0.73
[INFO] [stderr]     Checking bytemuck v1.7.0
[INFO] [stderr]    Compiling erased-serde v0.3.16
[INFO] [stderr]     Checking glow v0.10.0
[INFO] [stderr]    Compiling paste v1.0.5
[INFO] [stderr]    Compiling wayland-sys v0.28.6
[INFO] [stderr]     Checking instant v0.1.10
[INFO] [stderr]    Compiling nom v6.2.1
[INFO] [stderr]     Checking lewton v0.10.2
[INFO] [stderr]    Compiling gl_generator v0.14.0
[INFO] [stderr]    Compiling wayland-scanner v0.28.6
[INFO] [stderr]     Checking andrew v0.3.1
[INFO] [stderr]     Checking crossbeam-epoch v0.9.5
[INFO] [stderr]     Checking safe_arch v0.5.2
[INFO] [stderr]     Checking image v0.23.14
[INFO] [stderr]     Checking crossbeam-deque v0.8.0
[INFO] [stderr]     Checking wide v0.6.5
[INFO] [stderr]    Compiling glutin_glx_sys v0.1.7
[INFO] [stderr]    Compiling glutin_egl_sys v0.1.5
[INFO] [stderr]    Compiling wayland-client v0.28.6
[INFO] [stderr]    Compiling wayland-protocols v0.28.6
[INFO] [stderr]     Checking nix v0.20.0
[INFO] [stderr]     Checking parking_lot_core v0.8.3
[INFO] [stderr]     Checking getrandom v0.2.3
[INFO] [stderr]     Checking iovec v0.1.4
[INFO] [stderr]     Checking nix v0.18.0
[INFO] [stderr]     Checking net2 v0.2.37
[INFO] [stderr]     Checking x11-dl v2.18.5
[INFO] [stderr]     Checking memmap2 v0.1.0
[INFO] [stderr]     Checking raw-window-handle v0.3.3
[INFO] [stderr]     Checking shared_library v0.1.9
[INFO] [stderr]     Checking alsa-sys v0.3.1
[INFO] [stderr]     Checking num_cpus v1.13.0
[INFO] [stderr]     Checking slice-deque v0.3.0
[INFO] [stderr]     Checking flate2 v1.0.20
[INFO] [stderr]     Checking ultraviolet v0.8.1
[INFO] [stderr]    Compiling jobserver v0.1.22
[INFO] [stderr]     Checking osmesa-sys v0.1.2
[INFO] [stderr]     Checking xcursor v0.3.3
[INFO] [stderr]     Checking rand_core v0.6.3
[INFO] [stderr]     Checking rayon-core v1.9.1
[INFO] [stderr]     Checking mio v0.6.23
[INFO] [stderr]     Checking parking_lot v0.11.1
[INFO] [stderr]    Compiling cc v1.0.69
[INFO] [stderr]     Checking rand_chacha v0.3.1
[INFO] [stderr]     Checking rand_xorshift v0.3.0
[INFO] [stderr]     Checking bracket-color v0.8.2
[INFO] [stderr]     Checking object-pool v0.5.4
[INFO] [stderr]     Checking rand v0.8.4
[INFO] [stderr]     Checking rayon v1.5.1
[INFO] [stderr]     Checking mio-extras v2.0.6
[INFO] [stderr]     Checking bracket-geometry v0.8.3
[INFO] [stderr]    Compiling minimp3-sys v0.3.2
[INFO] [stderr]     Checking bracket-algorithm-traits v0.8.2
[INFO] [stderr]     Checking bracket-random v0.8.2
[INFO] [stderr]     Checking bracket-pathfinding v0.8.4
[INFO] [stderr]     Checking bracket-noise v0.8.2
[INFO] [stderr]     Checking wayland-commons v0.28.6
[INFO] [stderr]     Checking alsa v0.5.0
[INFO] [stderr]     Checking calloop v0.6.5
[INFO] [stderr]    Compiling thiserror-impl v1.0.26
[INFO] [stderr]    Compiling serde_derive v1.0.126
[INFO] [stderr]    Compiling derivative v2.2.0
[INFO] [stderr]     Checking wayland-cursor v0.28.6
[INFO] [stderr]     Checking wayland-egl v0.28.6
[INFO] [stderr]     Checking thiserror v1.0.26
[INFO] [stderr]     Checking cpal v0.13.3
[INFO] [stderr]     Checking minimp3 v0.5.1
[INFO] [stderr]    Compiling legion_codegen v0.3.0
[INFO] [stderr]     Checking rodio v0.14.0
[INFO] [stderr]     Checking serde v1.0.126
[INFO] [stderr]     Checking uuid v0.8.2
[INFO] [stderr]     Checking legion v0.3.1
[INFO] [stderr]     Checking smithay-client-toolkit v0.12.3
[INFO] [stderr]     Checking winit v0.24.0
[INFO] [stderr]     Checking glutin v0.26.0
[INFO] [stderr]     Checking bracket-terminal v0.8.5
[INFO] [stderr]     Checking bracket-lib v0.8.1
[INFO] [stderr]     Checking demoneering v0.1.0 (/opt/rustwide/workdir)
[INFO] [stdout] error[E0412]: cannot find type `CommandBuffer` in this scope
[INFO] [stdout]   --> src/systems/movement.rs:11:20
[INFO] [stdout]    |
[INFO] [stdout] 11 |     commands: &mut CommandBuffer
[INFO] [stdout]    |                    ^^^^^^^^^^^^^ not found in this scope
[INFO] [stdout]    |
[INFO] [stdout] help: consider importing one of these items
[INFO] [stdout]    |
[INFO] [stdout] 1  | use crate::prelude::systems::CommandBuffer;
[INFO] [stdout]    |
[INFO] [stdout] 1  | use legion::systems::CommandBuffer;
[INFO] [stdout]    |
[INFO] [stdout] 
[INFO] [stdout] 
[INFO] [stdout] error[E0412]: cannot find type `CommandBuffer` in this scope
[INFO] [stdout]   --> src/systems/movement.rs:11:20
[INFO] [stdout]    |
[INFO] [stdout] 11 |     commands: &mut CommandBuffer
[INFO] [stdout]    |                    ^^^^^^^^^^^^^ not found in this scope
[INFO] [stdout]    |
[INFO] [stdout] help: consider importing one of these items
[INFO] [stdout]    |
[INFO] [stdout] 1  | use crate::prelude::systems::CommandBuffer;
[INFO] [stdout]    |
[INFO] [stdout] 1  | use legion::systems::CommandBuffer;
[INFO] [stdout]    |
[INFO] [stdout] 
[INFO] [stdout] 
[INFO] [stdout] error[E0507]: cannot move out of `cmd`, a captured variable in an `FnMut` closure
[INFO] [stdout]  --> src/systems/movement.rs:3:1
[INFO] [stdout]   |
[INFO] [stdout] 3 | #[system(for_each)]// (1)
[INFO] [stdout]   | ^^^^^^^^^^^^^^^^^^^
[INFO] [stdout]   | |
[INFO] [stdout]   | captured outer variable
[INFO] [stdout]   | move occurs because `cmd` has type `&mut CommandBuffer`, which does not implement the `Copy` trait
[INFO] [stdout]   |
[INFO] [stdout]   = note: this error originates in the attribute macro `system` (in Nightly builds, run with -Z macro-backtrace for more info)
[INFO] [stdout] 
[INFO] [stdout] 
[INFO] [stdout] error[E0507]: cannot move out of `cmd`, a captured variable in an `FnMut` closure
[INFO] [stdout]  --> src/systems/movement.rs:3:1
[INFO] [stdout]   |
[INFO] [stdout] 3 | #[system(for_each)]// (1)
[INFO] [stdout]   | ^^^^^^^^^^^^^^^^^^^
[INFO] [stdout]   | |
[INFO] [stdout]   | captured outer variable
[INFO] [stdout]   | move occurs because `cmd` has type `&mut CommandBuffer`, which does not implement the `Copy` trait
[INFO] [stdout]   |
[INFO] [stdout]   = note: this error originates in the attribute macro `system` (in Nightly builds, run with -Z macro-backtrace for more info)
[INFO] [stdout] 
[INFO] [stdout] 
[INFO] [stdout] error: aborting due to 2 previous errors
[INFO] [stdout] 
[INFO] [stdout] 
[INFO] [stdout] error: aborting due to 2 previous errors
[INFO] [stdout] 
[INFO] [stdout] 
[INFO] [stdout] Some errors have detailed explanations: E0412, E0507.
[INFO] [stdout] 
[INFO] [stdout] For more information about an error, try `rustc --explain E0412`.
[INFO] [stdout] 
[INFO] [stdout] Some errors have detailed explanations: E0412, E0507.
[INFO] [stdout] 
[INFO] [stdout] For more information about an error, try `rustc --explain E0412`.
[INFO] [stdout] 
[INFO] [stderr] error: could not compile `demoneering` due to 3 previous errors
[INFO] [stderr] warning: build failed, waiting for other jobs to finish...
[INFO] [stderr] error: build failed
[INFO] running `Command { std: "docker" "inspect" "4e1dce420e84e4477f794f7fde56736f4bbf722de308f0b351310ba1ea36cc3b", kill_on_drop: false }`
[INFO] running `Command { std: "docker" "rm" "-f" "4e1dce420e84e4477f794f7fde56736f4bbf722de308f0b351310ba1ea36cc3b", kill_on_drop: false }`
[INFO] [stdout] 4e1dce420e84e4477f794f7fde56736f4bbf722de308f0b351310ba1ea36cc3b
