[INFO] cloning repository https://github.com/kurisuke/eloratings
[INFO] running `Command { std: "git" "-c" "credential.helper=" "-c" "credential.helper=/workspace/cargo-home/bin/git-credential-null" "clone" "--bare" "https://github.com/kurisuke/eloratings" "/workspace/cache/git-repos/https%3A%2F%2Fgithub.com%2Fkurisuke%2Feloratings", kill_on_drop: false }`
[INFO] [stderr] Cloning into bare repository '/workspace/cache/git-repos/https%3A%2F%2Fgithub.com%2Fkurisuke%2Feloratings'...
[INFO] running `Command { std: "git" "rev-parse" "HEAD", kill_on_drop: false }`
[INFO] [stdout] a3265e7635fa63ebce4445895176ab310d5297a7
[INFO] checking kurisuke/eloratings against beta-2021-10-15 for beta-1.56-3
[INFO] running `Command { std: "git" "clone" "/workspace/cache/git-repos/https%3A%2F%2Fgithub.com%2Fkurisuke%2Feloratings" "/workspace/builds/worker-12/source", kill_on_drop: false }`
[INFO] [stderr] Cloning into '/workspace/builds/worker-12/source'...
[INFO] [stderr] done.
[INFO] validating manifest of git repo https://github.com/kurisuke/eloratings on toolchain beta-2021-10-15
[INFO] running `Command { std: "/workspace/cargo-home/bin/cargo" "+beta-2021-10-15" "metadata" "--manifest-path" "Cargo.toml" "--no-deps", kill_on_drop: false }`
[INFO] started tweaking git repo https://github.com/kurisuke/eloratings
[INFO] finished tweaking git repo https://github.com/kurisuke/eloratings
[INFO] tweaked toml for git repo https://github.com/kurisuke/eloratings written to /workspace/builds/worker-12/source/Cargo.toml
[INFO] crate git repo https://github.com/kurisuke/eloratings already has a lockfile, it will not be regenerated
[INFO] running `Command { std: "/workspace/cargo-home/bin/cargo" "+beta-2021-10-15" "fetch" "--manifest-path" "Cargo.toml", kill_on_drop: false }`
[INFO] running `Command { std: "docker" "create" "-v" "/var/lib/crater-agent-workspace/builds/worker-12/target:/opt/rustwide/target:rw,Z" "-v" "/var/lib/crater-agent-workspace/builds/worker-12/source:/opt/rustwide/workdir:ro,Z" "-v" "/var/lib/crater-agent-workspace/cargo-home:/opt/rustwide/cargo-home:ro,Z" "-v" "/var/lib/crater-agent-workspace/rustup-home:/opt/rustwide/rustup-home:ro,Z" "-e" "SOURCE_DIR=/opt/rustwide/workdir" "-e" "CARGO_TARGET_DIR=/opt/rustwide/target" "-e" "CARGO_HOME=/opt/rustwide/cargo-home" "-e" "RUSTUP_HOME=/opt/rustwide/rustup-home" "-w" "/opt/rustwide/workdir" "-m" "1610612736" "--user" "0:0" "--network" "none" "ghcr.io/rust-lang/crates-build-env/linux@sha256:a89201d6b5b9fd45c15d5952ece0a0129e7e80cb26ec023fd59cf09bc26f1604" "/opt/rustwide/cargo-home/bin/cargo" "+beta-2021-10-15" "metadata" "--no-deps" "--format-version=1", kill_on_drop: false }`
[INFO] [stdout] e8ba3ea82be77cbb1ca6c101b3d9611c5b2f63c3f9ffc8ba357dbb6059352666
[INFO] [stderr] WARNING: Your kernel does not support swap limit capabilities or the cgroup is not mounted. Memory limited without swap.
[INFO] running `Command { std: "docker" "start" "-a" "e8ba3ea82be77cbb1ca6c101b3d9611c5b2f63c3f9ffc8ba357dbb6059352666", kill_on_drop: false }`
[INFO] running `Command { std: "docker" "inspect" "e8ba3ea82be77cbb1ca6c101b3d9611c5b2f63c3f9ffc8ba357dbb6059352666", kill_on_drop: false }`
[INFO] running `Command { std: "docker" "rm" "-f" "e8ba3ea82be77cbb1ca6c101b3d9611c5b2f63c3f9ffc8ba357dbb6059352666", kill_on_drop: false }`
[INFO] [stdout] e8ba3ea82be77cbb1ca6c101b3d9611c5b2f63c3f9ffc8ba357dbb6059352666
[INFO] running `Command { std: "docker" "create" "-v" "/var/lib/crater-agent-workspace/builds/worker-12/target:/opt/rustwide/target:rw,Z" "-v" "/var/lib/crater-agent-workspace/builds/worker-12/source:/opt/rustwide/workdir:ro,Z" "-v" "/var/lib/crater-agent-workspace/cargo-home:/opt/rustwide/cargo-home:ro,Z" "-v" "/var/lib/crater-agent-workspace/rustup-home:/opt/rustwide/rustup-home:ro,Z" "-e" "SOURCE_DIR=/opt/rustwide/workdir" "-e" "CARGO_TARGET_DIR=/opt/rustwide/target" "-e" "CARGO_INCREMENTAL=0" "-e" "RUST_BACKTRACE=full" "-e" "RUSTFLAGS=--cap-lints=warn" "-e" "CARGO_HOME=/opt/rustwide/cargo-home" "-e" "RUSTUP_HOME=/opt/rustwide/rustup-home" "-w" "/opt/rustwide/workdir" "-m" "1610612736" "--user" "0:0" "--network" "none" "ghcr.io/rust-lang/crates-build-env/linux@sha256:a89201d6b5b9fd45c15d5952ece0a0129e7e80cb26ec023fd59cf09bc26f1604" "/opt/rustwide/cargo-home/bin/cargo" "+beta-2021-10-15" "check" "--frozen" "--all" "--all-targets" "--message-format=json", kill_on_drop: false }`
[INFO] [stdout] 855f1b7daff175cee52c02635943b2f0633f729f1b14158132f6fb0049744a7b
[INFO] [stderr] WARNING: Your kernel does not support swap limit capabilities or the cgroup is not mounted. Memory limited without swap.
[INFO] running `Command { std: "docker" "start" "-a" "855f1b7daff175cee52c02635943b2f0633f729f1b14158132f6fb0049744a7b", kill_on_drop: false }`
[INFO] [stderr]    Compiling syn v1.0.73
[INFO] [stderr]    Compiling once_cell v1.8.0
[INFO] [stderr]    Compiling serde v1.0.126
[INFO] [stderr]    Compiling crossbeam-utils v0.8.5
[INFO] [stderr]    Compiling untrusted v0.7.1
[INFO] [stderr]    Compiling futures-sink v0.3.15
[INFO] [stderr]    Compiling bytes v1.0.1
[INFO] [stderr]    Compiling crossbeam-queue v0.3.2
[INFO] [stderr]    Compiling whoami v1.1.2
[INFO] [stderr]    Compiling futures-io v0.3.15
[INFO] [stderr]    Compiling slab v0.4.3
[INFO] [stderr]    Compiling unicode_categories v0.1.1
[INFO] [stderr]    Compiling itoa v0.4.7
[INFO] [stderr]    Compiling serde_json v1.0.64
[INFO] [stderr]    Compiling hex v0.4.3
[INFO] [stderr]    Compiling cpufeatures v0.1.5
[INFO] [stderr]    Compiling byteorder v1.4.3
[INFO] [stderr]    Compiling ring v0.16.20
[INFO] [stderr]    Compiling tokio v1.7.1
[INFO] [stderr]    Compiling futures-util v0.3.15
[INFO] [stderr]    Compiling instant v0.1.9
[INFO] [stderr]    Compiling tinyvec v1.2.0
[INFO] [stderr]    Compiling libsqlite3-sys v0.22.2
[INFO] [stderr]    Compiling unicode-bidi v0.3.5
[INFO] [stderr]    Compiling lock_api v0.4.4
[INFO] [stderr]    Compiling form_urlencoded v1.0.1
[INFO] [stderr]    Compiling futures-core v0.3.15
[INFO] [stderr]    Compiling futures-task v0.3.15
[INFO] [stderr]    Compiling typenum v1.13.0
[INFO] [stderr]     Checking num_cpus v1.13.0
[INFO] [stderr]     Checking getrandom v0.2.3
[INFO] [stderr]     Checking parking_lot_core v0.8.3
[INFO] [stderr]    Compiling mio v0.7.13
[INFO] [stderr]    Compiling lexical-core v0.7.6
[INFO] [stderr]     Checking stringprep v0.1.2
[INFO] [stderr]    Compiling futures-channel v0.3.15
[INFO] [stderr]     Checking ahash v0.7.4
[INFO] [stderr]     Checking atoi v0.4.0
[INFO] [stderr]     Checking nom v6.1.2
[INFO] [stderr]     Checking parking_lot v0.11.1
[INFO] [stderr]     Checking chrono v0.4.19
[INFO] [stderr]     Checking crossbeam-channel v0.5.1
[INFO] [stderr]     Checking hashbrown v0.11.2
[INFO] [stderr]    Compiling generic-array v0.14.4
[INFO] [stderr]    Compiling unicode-normalization v0.1.19
[INFO] [stderr]    Compiling digest v0.9.0
[INFO] [stderr]    Compiling block-buffer v0.9.0
[INFO] [stderr]     Checking indexmap v1.7.0
[INFO] [stderr]     Checking hashlink v0.7.0
[INFO] [stderr]    Compiling sha2 v0.9.5
[INFO] [stderr]    Compiling idna v0.2.3
[INFO] [stderr]     Checking sqlformat v0.1.6
[INFO] [stderr]    Compiling url v2.2.2
[INFO] [stderr]     Checking webpki v0.21.4
[INFO] [stderr]     Checking sct v0.6.1
[INFO] [stderr]     Checking rustls v0.19.1
[INFO] [stderr]     Checking webpki-roots v0.21.1
[INFO] [stderr]    Compiling tokio-macros v1.2.0
[INFO] [stderr]    Compiling futures-macro v0.3.15
[INFO] [stderr]    Compiling serde_derive v1.0.126
[INFO] [stderr]    Compiling thiserror-impl v1.0.25
[INFO] [stderr]    Compiling thiserror v1.0.25
[INFO] [stderr]     Checking futures-executor v0.3.15
[INFO] [stderr]     Checking futures v0.3.15
[INFO] [stderr]     Checking tokio-util v0.6.7
[INFO] [stderr]     Checking tokio-rustls v0.22.0
[INFO] [stderr]     Checking tokio-stream v0.1.6
[INFO] [stderr]     Checking sqlx-rt v0.5.5
[INFO] [stderr]     Checking h2 v0.3.3
[INFO] [stderr]     Checking either v1.6.1
[INFO] [stderr]     Checking serde_urlencoded v0.7.0
[INFO] [stderr]     Checking hyper v0.14.9
[INFO] [stderr]     Checking sqlx-core v0.5.5
[INFO] [stderr]     Checking reqwest v0.11.4
[INFO] [stderr]    Compiling sqlx-macros v0.5.5
[INFO] [stderr]     Checking sqlx v0.5.5
[INFO] [stderr]     Checking eloratings v0.1.0 (/opt/rustwide/workdir)
[INFO] [stdout] error: error returned from database: unable to open database file
[INFO] [stdout]   --> src/db.rs:21:18
[INFO] [stdout]    |
[INFO] [stdout] 21 |           let id = sqlx::query!(
[INFO] [stdout]    |  __________________^
[INFO] [stdout] 22 | |             r#"
[INFO] [stdout] 23 | | REPLACE INTO teams ( team_id, team_name, successor_id )
[INFO] [stdout] 24 | | VALUES ( ?1, ?2, ?3 )
[INFO] [stdout] ...  |
[INFO] [stdout] 28 | |             team.successor_id
[INFO] [stdout] 29 | |         )
[INFO] [stdout]    | |_________^
[INFO] [stdout]    |
[INFO] [stdout]    = note: this error originates in the macro `$crate::sqlx_macros::expand_query` (in Nightly builds, run with -Z macro-backtrace for more info)
[INFO] [stdout] 
[INFO] [stdout] 
[INFO] [stdout] error: error returned from database: unable to open database file
[INFO] [stdout]   --> src/db.rs:45:18
[INFO] [stdout]    |
[INFO] [stdout] 45 |           let id = sqlx::query!(
[INFO] [stdout]    |  __________________^
[INFO] [stdout] 46 | |             r#"
[INFO] [stdout] 47 | | REPLACE INTO match_history ( team_id, date, team_home, team_away, goals_home, goals_away, tournament, location, elo )
[INFO] [stdout] 48 | | VALUES ( ?1, ?2, ?3, ?4, ?5, ?6, ?7, ?8, ?9 )
[INFO] [stdout] ...  |
[INFO] [stdout] 58 | |             mh.elo
[INFO] [stdout] 59 | |         )
[INFO] [stdout]    | |_________^
[INFO] [stdout]    |
[INFO] [stdout]    = note: this error originates in the macro `$crate::sqlx_macros::expand_query` (in Nightly builds, run with -Z macro-backtrace for more info)
[INFO] [stdout] 
[INFO] [stdout] 
[INFO] [stdout] error: error returned from database: unable to open database file
[INFO] [stdout]   --> src/db.rs:21:18
[INFO] [stdout]    |
[INFO] [stdout] 21 |           let id = sqlx::query!(
[INFO] [stdout]    |  __________________^
[INFO] [stdout] 22 | |             r#"
[INFO] [stdout] 23 | | REPLACE INTO teams ( team_id, team_name, successor_id )
[INFO] [stdout] 24 | | VALUES ( ?1, ?2, ?3 )
[INFO] [stdout] ...  |
[INFO] [stdout] 28 | |             team.successor_id
[INFO] [stdout] 29 | |         )
[INFO] [stdout]    | |_________^
[INFO] [stdout]    |
[INFO] [stdout]    = note: this error originates in the macro `$crate::sqlx_macros::expand_query` (in Nightly builds, run with -Z macro-backtrace for more info)
[INFO] [stdout] 
[INFO] [stdout] 
[INFO] [stdout] error: error returned from database: unable to open database file
[INFO] [stdout]   --> src/db.rs:45:18
[INFO] [stdout]    |
[INFO] [stdout] 45 |           let id = sqlx::query!(
[INFO] [stdout]    |  __________________^
[INFO] [stdout] 46 | |             r#"
[INFO] [stdout] 47 | | REPLACE INTO match_history ( team_id, date, team_home, team_away, goals_home, goals_away, tournament, location, elo )
[INFO] [stdout] 48 | | VALUES ( ?1, ?2, ?3, ?4, ?5, ?6, ?7, ?8, ?9 )
[INFO] [stdout] ...  |
[INFO] [stdout] 58 | |             mh.elo
[INFO] [stdout] 59 | |         )
[INFO] [stdout]    | |_________^
[INFO] [stdout]    |
[INFO] [stdout]    = note: this error originates in the macro `$crate::sqlx_macros::expand_query` (in Nightly builds, run with -Z macro-backtrace for more info)
[INFO] [stdout] 
[INFO] [stdout] 
[INFO] [stdout] error: aborting due to 2 previous errors
[INFO] [stdout] 
[INFO] [stdout] 
[INFO] [stderr] error: could not compile `eloratings` due to 3 previous errors
[INFO] [stderr] warning: build failed, waiting for other jobs to finish...
[INFO] [stdout] error: aborting due to 2 previous errors
[INFO] [stdout] 
[INFO] [stdout] 
[INFO] [stderr] error: build failed
[INFO] running `Command { std: "docker" "inspect" "855f1b7daff175cee52c02635943b2f0633f729f1b14158132f6fb0049744a7b", kill_on_drop: false }`
[INFO] running `Command { std: "docker" "rm" "-f" "855f1b7daff175cee52c02635943b2f0633f729f1b14158132f6fb0049744a7b", kill_on_drop: false }`
[INFO] [stdout] 855f1b7daff175cee52c02635943b2f0633f729f1b14158132f6fb0049744a7b
