[INFO] cloning repository https://github.com/krrose124/Assembly-Super-Sketchy
[INFO] running `Command { std: "git" "-c" "credential.helper=" "-c" "credential.helper=/workspace/cargo-home/bin/git-credential-null" "clone" "--bare" "https://github.com/krrose124/Assembly-Super-Sketchy" "/workspace/cache/git-repos/https%3A%2F%2Fgithub.com%2Fkrrose124%2FAssembly-Super-Sketchy", kill_on_drop: false }`
[INFO] [stderr] Cloning into bare repository '/workspace/cache/git-repos/https%3A%2F%2Fgithub.com%2Fkrrose124%2FAssembly-Super-Sketchy'...
[INFO] running `Command { std: "git" "rev-parse" "HEAD", kill_on_drop: false }`
[INFO] [stdout] 2f255d78d178b7a41569c76191ea9b68093da455
[INFO] checking krrose124/Assembly-Super-Sketchy against beta-2021-10-15 for beta-1.56-3
[INFO] running `Command { std: "git" "clone" "/workspace/cache/git-repos/https%3A%2F%2Fgithub.com%2Fkrrose124%2FAssembly-Super-Sketchy" "/workspace/builds/worker-2/source", kill_on_drop: false }`
[INFO] [stderr] Cloning into '/workspace/builds/worker-2/source'...
[INFO] [stderr] done.
[INFO] validating manifest of git repo https://github.com/krrose124/Assembly-Super-Sketchy on toolchain beta-2021-10-15
[INFO] running `Command { std: "/workspace/cargo-home/bin/cargo" "+beta-2021-10-15" "metadata" "--manifest-path" "Cargo.toml" "--no-deps", kill_on_drop: false }`
[INFO] started tweaking git repo https://github.com/krrose124/Assembly-Super-Sketchy
[INFO] finished tweaking git repo https://github.com/krrose124/Assembly-Super-Sketchy
[INFO] tweaked toml for git repo https://github.com/krrose124/Assembly-Super-Sketchy written to /workspace/builds/worker-2/source/Cargo.toml
[INFO] crate git repo https://github.com/krrose124/Assembly-Super-Sketchy already has a lockfile, it will not be regenerated
[INFO] running `Command { std: "/workspace/cargo-home/bin/cargo" "+beta-2021-10-15" "fetch" "--manifest-path" "Cargo.toml", kill_on_drop: false }`
[INFO] running `Command { std: "docker" "create" "-v" "/var/lib/crater-agent-workspace/builds/worker-2/target:/opt/rustwide/target:rw,Z" "-v" "/var/lib/crater-agent-workspace/builds/worker-2/source:/opt/rustwide/workdir:ro,Z" "-v" "/var/lib/crater-agent-workspace/cargo-home:/opt/rustwide/cargo-home:ro,Z" "-v" "/var/lib/crater-agent-workspace/rustup-home:/opt/rustwide/rustup-home:ro,Z" "-e" "SOURCE_DIR=/opt/rustwide/workdir" "-e" "CARGO_TARGET_DIR=/opt/rustwide/target" "-e" "CARGO_HOME=/opt/rustwide/cargo-home" "-e" "RUSTUP_HOME=/opt/rustwide/rustup-home" "-w" "/opt/rustwide/workdir" "-m" "1610612736" "--user" "0:0" "--network" "none" "ghcr.io/rust-lang/crates-build-env/linux@sha256:a89201d6b5b9fd45c15d5952ece0a0129e7e80cb26ec023fd59cf09bc26f1604" "/opt/rustwide/cargo-home/bin/cargo" "+beta-2021-10-15" "metadata" "--no-deps" "--format-version=1", kill_on_drop: false }`
[INFO] [stdout] 13828f9d07d60040e472a4c498435d147dbf2c5e22afadebee815fe019b53643
[INFO] [stderr] WARNING: Your kernel does not support swap limit capabilities or the cgroup is not mounted. Memory limited without swap.
[INFO] running `Command { std: "docker" "start" "-a" "13828f9d07d60040e472a4c498435d147dbf2c5e22afadebee815fe019b53643", kill_on_drop: false }`
[INFO] running `Command { std: "docker" "inspect" "13828f9d07d60040e472a4c498435d147dbf2c5e22afadebee815fe019b53643", kill_on_drop: false }`
[INFO] running `Command { std: "docker" "rm" "-f" "13828f9d07d60040e472a4c498435d147dbf2c5e22afadebee815fe019b53643", kill_on_drop: false }`
[INFO] [stdout] 13828f9d07d60040e472a4c498435d147dbf2c5e22afadebee815fe019b53643
[INFO] running `Command { std: "docker" "create" "-v" "/var/lib/crater-agent-workspace/builds/worker-2/target:/opt/rustwide/target:rw,Z" "-v" "/var/lib/crater-agent-workspace/builds/worker-2/source:/opt/rustwide/workdir:ro,Z" "-v" "/var/lib/crater-agent-workspace/cargo-home:/opt/rustwide/cargo-home:ro,Z" "-v" "/var/lib/crater-agent-workspace/rustup-home:/opt/rustwide/rustup-home:ro,Z" "-e" "SOURCE_DIR=/opt/rustwide/workdir" "-e" "CARGO_TARGET_DIR=/opt/rustwide/target" "-e" "CARGO_INCREMENTAL=0" "-e" "RUST_BACKTRACE=full" "-e" "RUSTFLAGS=--cap-lints=warn" "-e" "CARGO_HOME=/opt/rustwide/cargo-home" "-e" "RUSTUP_HOME=/opt/rustwide/rustup-home" "-w" "/opt/rustwide/workdir" "-m" "1610612736" "--user" "0:0" "--network" "none" "ghcr.io/rust-lang/crates-build-env/linux@sha256:a89201d6b5b9fd45c15d5952ece0a0129e7e80cb26ec023fd59cf09bc26f1604" "/opt/rustwide/cargo-home/bin/cargo" "+beta-2021-10-15" "check" "--frozen" "--all" "--all-targets" "--message-format=json", kill_on_drop: false }`
[INFO] [stdout] edc7e7fc2607a5f6561680d57cc5d6159843a7f38692ee1fffd6ef372bac61d3
[INFO] [stderr] WARNING: Your kernel does not support swap limit capabilities or the cgroup is not mounted. Memory limited without swap.
[INFO] running `Command { std: "docker" "start" "-a" "edc7e7fc2607a5f6561680d57cc5d6159843a7f38692ee1fffd6ef372bac61d3", kill_on_drop: false }`
[INFO] [stderr]     Checking regex v1.5.4
[INFO] [stderr]     Checking il v0.1.0 (/opt/rustwide/workdir)
[INFO] [stdout] warning: unused import: `regex::Regex`
[INFO] [stdout]  --> src/lexer.rs:5:5
[INFO] [stdout]   |
[INFO] [stdout] 5 | use regex::Regex;
[INFO] [stdout]   |     ^^^^^^^^^^^^
[INFO] [stdout]   |
[INFO] [stdout]   = note: `#[warn(unused_imports)]` on by default
[INFO] [stdout] 
[INFO] [stdout] 
[INFO] [stdout] warning: unused import: `regex::Regex`
[INFO] [stdout]  --> src/lexer.rs:5:5
[INFO] [stdout]   |
[INFO] [stdout] 5 | use regex::Regex;
[INFO] [stdout]   |     ^^^^^^^^^^^^
[INFO] [stdout]   |
[INFO] [stdout]   = note: `#[warn(unused_imports)]` on by default
[INFO] [stdout] 
[INFO] [stdout] 
[INFO] [stdout] error[E0599]: no variant or associated item named `Hex` found for enum `Tokens` in the current scope
[INFO] [stdout]   --> src/lexer.rs:51:21
[INFO] [stdout]    |
[INFO] [stdout] 10 | pub enum Tokens {
[INFO] [stdout]    | --------------- variant or associated item `Hex` not found here
[INFO] [stdout] ...
[INFO] [stdout] 51 |             Tokens::Hex => write!(f, "Custom Hex"),
[INFO] [stdout]    |                     ^^^ variant or associated item not found in `Tokens`
[INFO] [stdout] 
[INFO] [stdout] 
[INFO] [stdout] error[E0599]: no variant or associated item named `Comma` found for enum `Tokens` in the current scope
[INFO] [stdout]   --> src/lexer.rs:62:21
[INFO] [stdout]    |
[INFO] [stdout] 10 | pub enum Tokens {
[INFO] [stdout]    | --------------- variant or associated item `Comma` not found here
[INFO] [stdout] ...
[INFO] [stdout] 62 |             Tokens::Comma => write!(f, ","),
[INFO] [stdout]    |                     ^^^^^ variant or associated item not found in `Tokens`
[INFO] [stdout] 
[INFO] [stdout] 
[INFO] [stdout] error: aborting due to 2 previous errors; 1 warning emitted
[INFO] [stdout] 
[INFO] [stdout] 
[INFO] [stdout] For more information about this error, try `rustc --explain E0599`.
[INFO] [stdout] 
[INFO] [stderr] error: could not compile `il` due to 3 previous errors; 1 warning emitted
[INFO] [stderr] warning: build failed, waiting for other jobs to finish...
[INFO] [stdout] error[E0599]: no variant or associated item named `Hex` found for enum `Tokens` in the current scope
[INFO] [stdout]   --> src/lexer.rs:51:21
[INFO] [stdout]    |
[INFO] [stdout] 10 | pub enum Tokens {
[INFO] [stdout]    | --------------- variant or associated item `Hex` not found here
[INFO] [stdout] ...
[INFO] [stdout] 51 |             Tokens::Hex => write!(f, "Custom Hex"),
[INFO] [stdout]    |                     ^^^ variant or associated item not found in `Tokens`
[INFO] [stdout] 
[INFO] [stdout] 
[INFO] [stdout] error[E0599]: no variant or associated item named `Comma` found for enum `Tokens` in the current scope
[INFO] [stdout]   --> src/lexer.rs:62:21
[INFO] [stdout]    |
[INFO] [stdout] 10 | pub enum Tokens {
[INFO] [stdout]    | --------------- variant or associated item `Comma` not found here
[INFO] [stdout] ...
[INFO] [stdout] 62 |             Tokens::Comma => write!(f, ","),
[INFO] [stdout]    |                     ^^^^^ variant or associated item not found in `Tokens`
[INFO] [stdout] 
[INFO] [stdout] 
[INFO] [stdout] error: aborting due to 2 previous errors; 1 warning emitted
[INFO] [stdout] 
[INFO] [stdout] 
[INFO] [stdout] For more information about this error, try `rustc --explain E0599`.
[INFO] [stdout] 
[INFO] [stderr] error: build failed
[INFO] running `Command { std: "docker" "inspect" "edc7e7fc2607a5f6561680d57cc5d6159843a7f38692ee1fffd6ef372bac61d3", kill_on_drop: false }`
[INFO] running `Command { std: "docker" "rm" "-f" "edc7e7fc2607a5f6561680d57cc5d6159843a7f38692ee1fffd6ef372bac61d3", kill_on_drop: false }`
[INFO] [stdout] edc7e7fc2607a5f6561680d57cc5d6159843a7f38692ee1fffd6ef372bac61d3
