[INFO] cloning repository https://github.com/krissemicolon/atlas
[INFO] running `Command { std: "git" "-c" "credential.helper=" "-c" "credential.helper=/workspace/cargo-home/bin/git-credential-null" "clone" "--bare" "https://github.com/krissemicolon/atlas" "/workspace/cache/git-repos/https%3A%2F%2Fgithub.com%2Fkrissemicolon%2Fatlas", kill_on_drop: false }`
[INFO] [stderr] Cloning into bare repository '/workspace/cache/git-repos/https%3A%2F%2Fgithub.com%2Fkrissemicolon%2Fatlas'...
[INFO] running `Command { std: "git" "rev-parse" "HEAD", kill_on_drop: false }`
[INFO] [stdout] bf7dc667ad92d92f1c0145772c12d62374d86243
[INFO] checking krissemicolon/atlas against 1.55.0 for beta-1.56-3
[INFO] running `Command { std: "git" "clone" "/workspace/cache/git-repos/https%3A%2F%2Fgithub.com%2Fkrissemicolon%2Fatlas" "/workspace/builds/worker-0/source", kill_on_drop: false }`
[INFO] [stderr] Cloning into '/workspace/builds/worker-0/source'...
[INFO] [stderr] done.
[INFO] validating manifest of git repo https://github.com/krissemicolon/atlas on toolchain 1.55.0
[INFO] running `Command { std: "/workspace/cargo-home/bin/cargo" "+1.55.0" "metadata" "--manifest-path" "Cargo.toml" "--no-deps", kill_on_drop: false }`
[INFO] started tweaking git repo https://github.com/krissemicolon/atlas
[INFO] finished tweaking git repo https://github.com/krissemicolon/atlas
[INFO] tweaked toml for git repo https://github.com/krissemicolon/atlas written to /workspace/builds/worker-0/source/Cargo.toml
[INFO] running `Command { std: "/workspace/cargo-home/bin/cargo" "+1.55.0" "generate-lockfile" "--manifest-path" "Cargo.toml" "-Zno-index-update", kill_on_drop: false }`
[INFO] running `Command { std: "/workspace/cargo-home/bin/cargo" "+1.55.0" "fetch" "--manifest-path" "Cargo.toml", kill_on_drop: false }`
[INFO] running `Command { std: "docker" "create" "-v" "/var/lib/crater-agent-workspace/builds/worker-0/target:/opt/rustwide/target:rw,Z" "-v" "/var/lib/crater-agent-workspace/builds/worker-0/source:/opt/rustwide/workdir:ro,Z" "-v" "/var/lib/crater-agent-workspace/cargo-home:/opt/rustwide/cargo-home:ro,Z" "-v" "/var/lib/crater-agent-workspace/rustup-home:/opt/rustwide/rustup-home:ro,Z" "-e" "SOURCE_DIR=/opt/rustwide/workdir" "-e" "CARGO_TARGET_DIR=/opt/rustwide/target" "-e" "CARGO_HOME=/opt/rustwide/cargo-home" "-e" "RUSTUP_HOME=/opt/rustwide/rustup-home" "-w" "/opt/rustwide/workdir" "-m" "1610612736" "--user" "0:0" "--network" "none" "ghcr.io/rust-lang/crates-build-env/linux@sha256:a89201d6b5b9fd45c15d5952ece0a0129e7e80cb26ec023fd59cf09bc26f1604" "/opt/rustwide/cargo-home/bin/cargo" "+1.55.0" "metadata" "--no-deps" "--format-version=1", kill_on_drop: false }`
[INFO] [stdout] a412accea7490cd88bbc78b3f11eb7c0f599899ba85915994c35aa19d48e1b78
[INFO] [stderr] WARNING: Your kernel does not support swap limit capabilities or the cgroup is not mounted. Memory limited without swap.
[INFO] running `Command { std: "docker" "start" "-a" "a412accea7490cd88bbc78b3f11eb7c0f599899ba85915994c35aa19d48e1b78", kill_on_drop: false }`
[INFO] running `Command { std: "docker" "inspect" "a412accea7490cd88bbc78b3f11eb7c0f599899ba85915994c35aa19d48e1b78", kill_on_drop: false }`
[INFO] running `Command { std: "docker" "rm" "-f" "a412accea7490cd88bbc78b3f11eb7c0f599899ba85915994c35aa19d48e1b78", kill_on_drop: false }`
[INFO] [stdout] a412accea7490cd88bbc78b3f11eb7c0f599899ba85915994c35aa19d48e1b78
[INFO] running `Command { std: "docker" "create" "-v" "/var/lib/crater-agent-workspace/builds/worker-0/target:/opt/rustwide/target:rw,Z" "-v" "/var/lib/crater-agent-workspace/builds/worker-0/source:/opt/rustwide/workdir:ro,Z" "-v" "/var/lib/crater-agent-workspace/cargo-home:/opt/rustwide/cargo-home:ro,Z" "-v" "/var/lib/crater-agent-workspace/rustup-home:/opt/rustwide/rustup-home:ro,Z" "-e" "SOURCE_DIR=/opt/rustwide/workdir" "-e" "CARGO_TARGET_DIR=/opt/rustwide/target" "-e" "CARGO_INCREMENTAL=0" "-e" "RUST_BACKTRACE=full" "-e" "RUSTFLAGS=--cap-lints=warn" "-e" "CARGO_HOME=/opt/rustwide/cargo-home" "-e" "RUSTUP_HOME=/opt/rustwide/rustup-home" "-w" "/opt/rustwide/workdir" "-m" "1610612736" "--user" "0:0" "--network" "none" "ghcr.io/rust-lang/crates-build-env/linux@sha256:a89201d6b5b9fd45c15d5952ece0a0129e7e80cb26ec023fd59cf09bc26f1604" "/opt/rustwide/cargo-home/bin/cargo" "+1.55.0" "check" "--frozen" "--all" "--all-targets" "--message-format=json", kill_on_drop: false }`
[INFO] [stdout] ad81c51b33c4210936a99c83a6f5b6248d33b0ba25264bde366edbfbfb521f63
[INFO] [stderr] WARNING: Your kernel does not support swap limit capabilities or the cgroup is not mounted. Memory limited without swap.
[INFO] running `Command { std: "docker" "start" "-a" "ad81c51b33c4210936a99c83a6f5b6248d33b0ba25264bde366edbfbfb521f63", kill_on_drop: false }`
[INFO] [stderr]    Compiling libc v0.2.104
[INFO] [stderr]    Compiling proc-macro2 v1.0.30
[INFO] [stderr]    Compiling syn v1.0.80
[INFO] [stderr]    Compiling term v0.4.6
[INFO] [stderr]    Compiling bitflags v0.5.0
[INFO] [stderr]     Checking futures-io v0.3.17
[INFO] [stderr]     Checking pnet_base v0.26.0
[INFO] [stderr]    Compiling serde v1.0.130
[INFO] [stderr]     Checking slab v0.4.5
[INFO] [stderr]    Compiling pnet v0.26.0
[INFO] [stderr]     Checking ppv-lite86 v0.2.14
[INFO] [stderr]     Checking numtoa v0.1.0
[INFO] [stderr]    Compiling syntex_pos v0.42.0
[INFO] [stderr]    Compiling memchr v2.4.1
[INFO] [stderr]     Checking async-channel v1.6.1
[INFO] [stderr]     Checking futures-lite v1.12.0
[INFO] [stderr]     Checking pnet_macros_support v0.26.0
[INFO] [stderr]    Compiling aho-corasick v0.7.18
[INFO] [stderr]    Compiling quote v1.0.10
[INFO] [stderr]     Checking pnet_sys v0.26.0
[INFO] [stderr]     Checking getrandom v0.1.16
[INFO] [stderr]     Checking socket2 v0.4.2
[INFO] [stderr]     Checking num_cpus v1.13.0
[INFO] [stderr]     Checking termion v1.5.6
[INFO] [stderr]     Checking blocking v1.0.2
[INFO] [stderr]     Checking async-executor v1.4.1
[INFO] [stderr]     Checking rand_core v0.5.1
[INFO] [stderr]    Compiling regex v1.5.4
[INFO] [stderr]     Checking rand_chacha v0.2.2
[INFO] [stderr]     Checking tui v0.14.0
[INFO] [stderr]     Checking rand v0.7.3
[INFO] [stderr]     Checking ipnetwork v0.16.0
[INFO] [stderr]     Checking pnet_datalink v0.26.0
[INFO] [stderr]    Compiling ctor v0.1.21
[INFO] [stderr]    Compiling value-bag v1.0.0-alpha.7
[INFO] [stderr]    Compiling log v0.4.14
[INFO] [stderr]     Checking polling v2.1.0
[INFO] [stderr]     Checking kv-log-macro v1.0.7
[INFO] [stderr]    Compiling log v0.3.9
[INFO] [stderr]    Compiling syntex_errors v0.42.0
[INFO] [stderr]     Checking async-io v1.6.0
[INFO] [stderr]    Compiling syntex_syntax v0.42.0
[INFO] [stderr]     Checking async-global-executor v2.0.2
[INFO] [stderr]     Checking async-std v1.10.0
[INFO] [stderr]    Compiling syntex v0.42.2
[INFO] [stderr]    Compiling pnet_macros v0.26.0
[INFO] [stderr]    Compiling pnet_packet v0.26.0
[INFO] [stderr]     Checking pnet_transport v0.26.0
[INFO] [stderr]     Checking libtraceroute v0.1.0
[INFO] [stderr]     Checking atlas v0.1.0 (/opt/rustwide/workdir)
[INFO] [stdout] error[E0583]: file not found for module `util`
[INFO] [stdout]  --> src/main.rs:3:1
[INFO] [stdout]   |
[INFO] [stdout] 3 | mod util;
[INFO] [stdout]   | ^^^^^^^^^
[INFO] [stdout]   |
[INFO] [stdout]   = help: to create the module `util`, create file "src/util.rs" or "src/util/mod.rs"
[INFO] [stdout] 
[INFO] [stdout] 
[INFO] [stdout] error[E0432]: unresolved import `crate::util::event`
[INFO] [stdout]  --> src/main.rs:5:18
[INFO] [stdout]   |
[INFO] [stdout] 5 | use crate::util::event::{Event, Events};
[INFO] [stdout]   |                  ^^^^^ could not find `event` in `util`
[INFO] [stdout] 
[INFO] [stdout] 
[INFO] [stdout] error: aborting due to 2 previous errors
[INFO] [stdout] 
[INFO] [stdout] 
[INFO] [stdout] Some errors have detailed explanations: E0432, E0583.
[INFO] [stdout] 
[INFO] [stdout] For more information about an error, try `rustc --explain E0432`.
[INFO] [stdout] 
[INFO] [stderr] error: could not compile `atlas` due to 3 previous errors
[INFO] [stderr] warning: build failed, waiting for other jobs to finish...
[INFO] [stdout] error[E0583]: file not found for module `util`
[INFO] [stdout]  --> src/main.rs:3:1
[INFO] [stdout]   |
[INFO] [stdout] 3 | mod util;
[INFO] [stdout]   | ^^^^^^^^^
[INFO] [stdout]   |
[INFO] [stdout]   = help: to create the module `util`, create file "src/util.rs" or "src/util/mod.rs"
[INFO] [stdout] 
[INFO] [stdout] 
[INFO] [stdout] error[E0432]: unresolved import `crate::util::event`
[INFO] [stdout]  --> src/main.rs:5:18
[INFO] [stdout]   |
[INFO] [stdout] 5 | use crate::util::event::{Event, Events};
[INFO] [stdout]   |                  ^^^^^ could not find `event` in `util`
[INFO] [stdout] 
[INFO] [stdout] 
[INFO] [stdout] error: aborting due to 2 previous errors
[INFO] [stdout] 
[INFO] [stdout] 
[INFO] [stdout] Some errors have detailed explanations: E0432, E0583.
[INFO] [stdout] 
[INFO] [stdout] For more information about an error, try `rustc --explain E0432`.
[INFO] [stdout] 
[INFO] [stderr] error: build failed
[INFO] running `Command { std: "docker" "inspect" "ad81c51b33c4210936a99c83a6f5b6248d33b0ba25264bde366edbfbfb521f63", kill_on_drop: false }`
[INFO] running `Command { std: "docker" "rm" "-f" "ad81c51b33c4210936a99c83a6f5b6248d33b0ba25264bde366edbfbfb521f63", kill_on_drop: false }`
[INFO] [stdout] ad81c51b33c4210936a99c83a6f5b6248d33b0ba25264bde366edbfbfb521f63
