[INFO] cloning repository https://github.com/kori/dorian
[INFO] running `Command { std: "git" "-c" "credential.helper=" "-c" "credential.helper=/workspace/cargo-home/bin/git-credential-null" "clone" "--bare" "https://github.com/kori/dorian" "/workspace/cache/git-repos/https%3A%2F%2Fgithub.com%2Fkori%2Fdorian", kill_on_drop: false }`
[INFO] [stderr] Cloning into bare repository '/workspace/cache/git-repos/https%3A%2F%2Fgithub.com%2Fkori%2Fdorian'...
[INFO] running `Command { std: "git" "rev-parse" "HEAD", kill_on_drop: false }`
[INFO] [stdout] c0e49862cd90369eeaf7bf97e90224db183ae691
[INFO] checking kori/dorian against 1.55.0 for beta-1.56-3
[INFO] running `Command { std: "git" "clone" "/workspace/cache/git-repos/https%3A%2F%2Fgithub.com%2Fkori%2Fdorian" "/workspace/builds/worker-4/source", kill_on_drop: false }`
[INFO] [stderr] Cloning into '/workspace/builds/worker-4/source'...
[INFO] [stderr] done.
[INFO] validating manifest of git repo https://github.com/kori/dorian on toolchain 1.55.0
[INFO] running `Command { std: "/workspace/cargo-home/bin/cargo" "+1.55.0" "metadata" "--manifest-path" "Cargo.toml" "--no-deps", kill_on_drop: false }`
[INFO] started tweaking git repo https://github.com/kori/dorian
[INFO] finished tweaking git repo https://github.com/kori/dorian
[INFO] tweaked toml for git repo https://github.com/kori/dorian written to /workspace/builds/worker-4/source/Cargo.toml
[INFO] crate git repo https://github.com/kori/dorian already has a lockfile, it will not be regenerated
[INFO] running `Command { std: "/workspace/cargo-home/bin/cargo" "+1.55.0" "fetch" "--manifest-path" "Cargo.toml", kill_on_drop: false }`
[INFO] [stderr]     Blocking waiting for file lock on package cache
[INFO] [stderr]  Downloading crates ...
[INFO] [stderr]   Downloaded sqlx-rt v0.1.1
[INFO] [stderr]   Downloaded nb-connect v1.0.0
[INFO] [stderr]   Downloaded async-global-executor v1.1.1
[INFO] [stderr]   Downloaded async-task v4.0.1
[INFO] [stderr]   Downloaded async-std v1.6.4
[INFO] [stderr]   Downloaded sqlx-core v0.4.0-beta.1
[INFO] [stderr]   Downloaded blocking v1.0.0
[INFO] [stderr]   Downloaded polling v1.1.0
[INFO] [stderr]   Downloaded async-io v1.1.2
[INFO] [stderr]   Downloaded sqlx v0.4.0-beta.1
[INFO] [stderr]   Downloaded futures-lite v1.7.0
[INFO] [stderr]   Downloaded sqlx-macros v0.4.0-beta.1
[INFO] running `Command { std: "docker" "create" "-v" "/var/lib/crater-agent-workspace/builds/worker-4/target:/opt/rustwide/target:rw,Z" "-v" "/var/lib/crater-agent-workspace/builds/worker-4/source:/opt/rustwide/workdir:ro,Z" "-v" "/var/lib/crater-agent-workspace/cargo-home:/opt/rustwide/cargo-home:ro,Z" "-v" "/var/lib/crater-agent-workspace/rustup-home:/opt/rustwide/rustup-home:ro,Z" "-e" "SOURCE_DIR=/opt/rustwide/workdir" "-e" "CARGO_TARGET_DIR=/opt/rustwide/target" "-e" "CARGO_HOME=/opt/rustwide/cargo-home" "-e" "RUSTUP_HOME=/opt/rustwide/rustup-home" "-w" "/opt/rustwide/workdir" "-m" "1610612736" "--user" "0:0" "--network" "none" "ghcr.io/rust-lang/crates-build-env/linux@sha256:a89201d6b5b9fd45c15d5952ece0a0129e7e80cb26ec023fd59cf09bc26f1604" "/opt/rustwide/cargo-home/bin/cargo" "+1.55.0" "metadata" "--no-deps" "--format-version=1", kill_on_drop: false }`
[INFO] [stdout] 0d25d5f3566d34462ea8364624c57afe06f5551bbf52624bbd700cc8dc451ff7
[INFO] [stderr] WARNING: Your kernel does not support swap limit capabilities or the cgroup is not mounted. Memory limited without swap.
[INFO] running `Command { std: "docker" "start" "-a" "0d25d5f3566d34462ea8364624c57afe06f5551bbf52624bbd700cc8dc451ff7", kill_on_drop: false }`
[INFO] running `Command { std: "docker" "inspect" "0d25d5f3566d34462ea8364624c57afe06f5551bbf52624bbd700cc8dc451ff7", kill_on_drop: false }`
[INFO] running `Command { std: "docker" "rm" "-f" "0d25d5f3566d34462ea8364624c57afe06f5551bbf52624bbd700cc8dc451ff7", kill_on_drop: false }`
[INFO] [stdout] 0d25d5f3566d34462ea8364624c57afe06f5551bbf52624bbd700cc8dc451ff7
[INFO] running `Command { std: "docker" "create" "-v" "/var/lib/crater-agent-workspace/builds/worker-4/target:/opt/rustwide/target:rw,Z" "-v" "/var/lib/crater-agent-workspace/builds/worker-4/source:/opt/rustwide/workdir:ro,Z" "-v" "/var/lib/crater-agent-workspace/cargo-home:/opt/rustwide/cargo-home:ro,Z" "-v" "/var/lib/crater-agent-workspace/rustup-home:/opt/rustwide/rustup-home:ro,Z" "-e" "SOURCE_DIR=/opt/rustwide/workdir" "-e" "CARGO_TARGET_DIR=/opt/rustwide/target" "-e" "CARGO_INCREMENTAL=0" "-e" "RUST_BACKTRACE=full" "-e" "RUSTFLAGS=--cap-lints=warn" "-e" "CARGO_HOME=/opt/rustwide/cargo-home" "-e" "RUSTUP_HOME=/opt/rustwide/rustup-home" "-w" "/opt/rustwide/workdir" "-m" "1610612736" "--user" "0:0" "--network" "none" "ghcr.io/rust-lang/crates-build-env/linux@sha256:a89201d6b5b9fd45c15d5952ece0a0129e7e80cb26ec023fd59cf09bc26f1604" "/opt/rustwide/cargo-home/bin/cargo" "+1.55.0" "check" "--frozen" "--all" "--all-targets" "--message-format=json", kill_on_drop: false }`
[INFO] [stdout] 7fbdaa6c4e6b36ebaf7d4273b33ec975f57be600d2a4b13d821b5367f9f04b53
[INFO] [stderr] WARNING: Your kernel does not support swap limit capabilities or the cgroup is not mounted. Memory limited without swap.
[INFO] running `Command { std: "docker" "start" "-a" "7fbdaa6c4e6b36ebaf7d4273b33ec975f57be600d2a4b13d821b5367f9f04b53", kill_on_drop: false }`
[INFO] [stderr]    Compiling syn v1.0.41
[INFO] [stderr]    Compiling futures-core v0.3.5
[INFO] [stderr]    Compiling futures-io v0.3.5
[INFO] [stderr]    Compiling once_cell v1.4.1
[INFO] [stderr]    Compiling cache-padded v1.1.1
[INFO] [stderr]    Compiling waker-fn v1.1.0
[INFO] [stderr]    Compiling pin-project-lite v0.1.7
[INFO] [stderr]    Compiling fastrand v1.3.5
[INFO] [stderr]    Compiling parking v2.0.0
[INFO] [stderr]    Compiling event-listener v2.5.1
[INFO] [stderr]    Compiling tinyvec v0.3.4
[INFO] [stderr]    Compiling vec-arena v1.0.0
[INFO] [stderr]    Compiling foreign-types-shared v0.1.1
[INFO] [stderr]    Compiling async-task v4.0.1
[INFO] [stderr]    Compiling futures-sink v0.3.5
[INFO] [stderr]    Compiling atomic-waker v1.0.0
[INFO] [stderr]    Compiling async-task v3.0.0
[INFO] [stderr]    Compiling openssl-probe v0.1.2
[INFO] [stderr]    Compiling smallvec v1.4.2
[INFO] [stderr]    Compiling subtle v2.3.0
[INFO] [stderr]    Compiling linked-hash-map v0.5.3
[INFO] [stderr]    Compiling hex v0.4.2
[INFO] [stderr]     Checking ucd-util v0.1.8
[INFO] [stderr]    Compiling base64 v0.12.3
[INFO] [stderr]    Compiling regex v0.2.11
[INFO] [stderr]    Compiling whoami v0.9.0
[INFO] [stderr]    Compiling eyre v0.6.0
[INFO] [stderr]     Checking utf8-ranges v1.0.4
[INFO] [stderr]     Checking indenter v0.3.0
[INFO] [stderr]    Compiling openssl-sys v0.9.58
[INFO] [stderr]    Compiling hashbrown v0.8.2
[INFO] [stderr]    Compiling instant v0.1.7
[INFO] [stderr]     Checking async-mutex v1.3.0
[INFO] [stderr]    Compiling foreign-types v0.3.2
[INFO] [stderr]    Compiling concurrent-queue v1.2.2
[INFO] [stderr]    Compiling byteorder v1.3.4
[INFO] [stderr]    Compiling futures-task v0.3.5
[INFO] [stderr]    Compiling futures-channel v0.3.5
[INFO] [stderr]    Compiling lock_api v0.4.1
[INFO] [stderr]    Compiling unicode-normalization v0.1.13
[INFO] [stderr]     Checking regex-syntax v0.5.6
[INFO] [stderr]    Compiling libc v0.2.77
[INFO] [stderr]    Compiling proc-macro-nested v0.1.6
[INFO] [stderr]     Checking async-channel v1.4.2
[INFO] [stderr]     Checking stringprep v0.1.2
[INFO] [stderr]    Compiling lru-cache v0.1.2
[INFO] [stderr]     Checking nb-connect v1.0.0
[INFO] [stderr]     Checking num_cpus v1.13.0
[INFO] [stderr]     Checking getrandom v0.1.15
[INFO] [stderr]    Compiling futures-lite v1.7.0
[INFO] [stderr]     Checking aho-corasick v0.6.10
[INFO] [stderr]    Compiling kv-log-macro v1.0.7
[INFO] [stderr]     Checking polling v1.1.0
[INFO] [stderr]    Compiling generic-array v0.14.4
[INFO] [stderr]    Compiling crossbeam-utils v0.7.2
[INFO] [stderr]    Compiling num-traits v0.2.12
[INFO] [stderr]    Compiling crc v1.8.1
[INFO] [stderr]     Checking crypto-mac v0.8.0
[INFO] [stderr]     Checking rand_core v0.5.1
[INFO] [stderr]     Checking atoi v0.3.2
[INFO] [stderr]    Compiling sqlformat v0.1.1
[INFO] [stderr]     Checking md-5 v0.9.1
[INFO] [stderr]     Checking sha-1 v0.9.1
[INFO] [stderr]    Compiling parking_lot_core v0.8.0
[INFO] [stderr]     Checking hmac v0.8.1
[INFO] [stderr]    Compiling crossbeam-channel v0.4.4
[INFO] [stderr]    Compiling crossbeam-queue v0.2.3
[INFO] [stderr]    Compiling digest v0.9.0
[INFO] [stderr]    Compiling block-buffer v0.9.0
[INFO] [stderr]     Checking rand_chacha v0.2.2
[INFO] [stderr]    Compiling idna v0.2.0
[INFO] [stderr]    Compiling async-executor v1.3.0
[INFO] [stderr]    Compiling blocking v1.0.0
[INFO] [stderr]    Compiling openssl v0.10.30
[INFO] [stderr]    Compiling native-tls v0.2.4
[INFO] [stderr]    Compiling async-io v1.1.2
[INFO] [stderr]    Compiling sha2 v0.9.1
[INFO] [stderr]    Compiling parking_lot v0.11.0
[INFO] [stderr]     Checking rand v0.7.3
[INFO] [stderr]     Checking async-global-executor v1.1.1
[INFO] [stderr]    Compiling url v2.1.1
[INFO] [stderr]     Checking dotenv v0.9.0
[INFO] [stderr]    Compiling thiserror-impl v1.0.20
[INFO] [stderr]    Compiling pin-project-internal v0.4.23
[INFO] [stderr]    Compiling async-attributes v1.1.1
[INFO] [stderr]    Compiling futures-macro v0.3.5
[INFO] [stderr]    Compiling serde_derive v1.0.116
[INFO] [stderr]    Compiling tokio-macros v0.2.5
[INFO] [stderr]    Compiling thiserror v1.0.20
[INFO] [stderr]    Compiling async-std v1.6.4
[INFO] [stderr]     Checking tokio v0.2.22
[INFO] [stderr]    Compiling pin-project v0.4.23
[INFO] [stderr]    Compiling futures-util v0.3.5
[INFO] [stderr]     Checking serde v1.0.116
[INFO] [stderr]    Compiling futures-executor v0.3.5
[INFO] [stderr]     Checking async-native-tls v0.3.3
[INFO] [stderr]    Compiling futures v0.3.5
[INFO] [stderr]     Checking sqlx-rt v0.1.1
[INFO] [stderr]     Checking sqlx-core v0.4.0-beta.1
[INFO] [stderr]     Checking serde_json v1.0.57
[INFO] [stderr]    Compiling sqlx-macros v0.4.0-beta.1
[INFO] [stderr]     Checking sqlx v0.4.0-beta.1
[INFO] [stderr]     Checking dorian v0.1.0 (/opt/rustwide/workdir)
[INFO] [stdout] error: error communicating with the server: Cannot assign requested address (os error 99)
[INFO] [stdout]   --> src/backend.rs:49:19
[INFO] [stdout]    |
[INFO] [stdout] 49 |     let entries = sqlx::query_as!(db::Entry, "SELECT * FROM entries")
[INFO] [stdout]    |                   ^^^^^^^^^^^^^^^^^^^^^^^^^^^^^^^^^^^^^^^^^^^^^^^^^^^
[INFO] [stdout]    |
[INFO] [stdout]    = note: this error originates in the macro `$crate::sqlx_macros::expand_query` (in Nightly builds, run with -Z macro-backtrace for more info)
[INFO] [stdout] 
[INFO] [stdout] 
[INFO] [stdout] error: error communicating with the server: Cannot assign requested address (os error 99)
[INFO] [stdout]   --> src/backend.rs:58:16
[INFO] [stdout]    |
[INFO] [stdout] 58 |       let tags = sqlx::query_as!(
[INFO] [stdout]    |  ________________^
[INFO] [stdout] 59 | |         db::Tag,
[INFO] [stdout] 60 | |         "SELECT tags.id, tags.name FROM tags
[INFO] [stdout] 61 | |             INNER JOIN tagmap  ON tagmap.tag_id = tags.id
[INFO] [stdout] ...  |
[INFO] [stdout] 64 | |         eid
[INFO] [stdout] 65 | |     )
[INFO] [stdout]    | |_____^
[INFO] [stdout]    |
[INFO] [stdout]    = note: this error originates in the macro `$crate::sqlx_macros::expand_query` (in Nightly builds, run with -Z macro-backtrace for more info)
[INFO] [stdout] 
[INFO] [stdout] 
[INFO] [stdout] error: error communicating with the server: Cannot assign requested address (os error 99)
[INFO] [stdout]   --> src/backend.rs:75:14
[INFO] [stdout]    |
[INFO] [stdout] 75 |       let ra = sqlx::query!(
[INFO] [stdout]    |  ______________^
[INFO] [stdout] 76 | |         "
[INFO] [stdout] 77 | |         INSERT INTO tags (name)
[INFO] [stdout] 78 | |         SELECT * FROM UNNEST($1::text[])
[INFO] [stdout] 79 | |         ",
[INFO] [stdout] 80 | |         &ts.as_slice(),
[INFO] [stdout] 81 | |     )
[INFO] [stdout]    | |_____^
[INFO] [stdout]    |
[INFO] [stdout]    = note: this error originates in the macro `$crate::sqlx_macros::expand_query` (in Nightly builds, run with -Z macro-backtrace for more info)
[INFO] [stdout] 
[INFO] [stdout] 
[INFO] [stdout] error: error communicating with the server: Cannot assign requested address (os error 99)
[INFO] [stdout]   --> src/backend.rs:91:14
[INFO] [stdout]    |
[INFO] [stdout] 91 |       let ra = sqlx::query!(
[INFO] [stdout]    |  ______________^
[INFO] [stdout] 92 | |         "
[INFO] [stdout] 93 | |         INSERT INTO entries (uploader)
[INFO] [stdout] 94 | |         SELECT * FROM UNNEST($1::text[])
[INFO] [stdout] 95 | |         ",
[INFO] [stdout] 96 | |         &es.as_slice(),
[INFO] [stdout] 97 | |     )
[INFO] [stdout]    | |_____^
[INFO] [stdout]    |
[INFO] [stdout]    = note: this error originates in the macro `$crate::sqlx_macros::expand_query` (in Nightly builds, run with -Z macro-backtrace for more info)
[INFO] [stdout] 
[INFO] [stdout] 
[INFO] [stdout] error: error communicating with the server: Cannot assign requested address (os error 99)
[INFO] [stdout]    --> src/backend.rs:109:14
[INFO] [stdout]     |
[INFO] [stdout] 109 |       let ra = sqlx::query!(
[INFO] [stdout]     |  ______________^
[INFO] [stdout] 110 | |         "
[INFO] [stdout] 111 | |         INSERT INTO tagmap (entry_id, tag_id)
[INFO] [stdout] 112 | |         (SELECT $1, * FROM UNNEST($2::integer[]));
[INFO] [stdout] ...   |
[INFO] [stdout] 115 | |         tag_ids.as_slice(),
[INFO] [stdout] 116 | |     )
[INFO] [stdout]     | |_____^
[INFO] [stdout]     |
[INFO] [stdout]     = note: this error originates in the macro `$crate::sqlx_macros::expand_query` (in Nightly builds, run with -Z macro-backtrace for more info)
[INFO] [stdout] 
[INFO] [stdout] 
[INFO] [stdout] warning: unused import: `sqlx::Done`
[INFO] [stdout]  --> src/backend.rs:8:5
[INFO] [stdout]   |
[INFO] [stdout] 8 | use sqlx::Done;
[INFO] [stdout]   |     ^^^^^^^^^^
[INFO] [stdout]   |
[INFO] [stdout]   = note: `#[warn(unused_imports)]` on by default
[INFO] [stdout] 
[INFO] [stdout] 
[INFO] [stdout] error: aborting due to 5 previous errors; 1 warning emitted
[INFO] [stdout] 
[INFO] [stdout] 
[INFO] [stderr] error: could not compile `dorian` due to 6 previous errors; 1 warning emitted
[INFO] [stderr] warning: build failed, waiting for other jobs to finish...
[INFO] [stdout] error: error communicating with the server: Cannot assign requested address (os error 99)
[INFO] [stdout]   --> src/backend.rs:49:19
[INFO] [stdout]    |
[INFO] [stdout] 49 |     let entries = sqlx::query_as!(db::Entry, "SELECT * FROM entries")
[INFO] [stdout]    |                   ^^^^^^^^^^^^^^^^^^^^^^^^^^^^^^^^^^^^^^^^^^^^^^^^^^^
[INFO] [stdout]    |
[INFO] [stdout]    = note: this error originates in the macro `$crate::sqlx_macros::expand_query` (in Nightly builds, run with -Z macro-backtrace for more info)
[INFO] [stdout] 
[INFO] [stdout] 
[INFO] [stdout] error: error communicating with the server: Cannot assign requested address (os error 99)
[INFO] [stdout]   --> src/backend.rs:58:16
[INFO] [stdout]    |
[INFO] [stdout] 58 |       let tags = sqlx::query_as!(
[INFO] [stdout]    |  ________________^
[INFO] [stdout] 59 | |         db::Tag,
[INFO] [stdout] 60 | |         "SELECT tags.id, tags.name FROM tags
[INFO] [stdout] 61 | |             INNER JOIN tagmap  ON tagmap.tag_id = tags.id
[INFO] [stdout] ...  |
[INFO] [stdout] 64 | |         eid
[INFO] [stdout] 65 | |     )
[INFO] [stdout]    | |_____^
[INFO] [stdout]    |
[INFO] [stdout]    = note: this error originates in the macro `$crate::sqlx_macros::expand_query` (in Nightly builds, run with -Z macro-backtrace for more info)
[INFO] [stdout] 
[INFO] [stdout] 
[INFO] [stdout] error: error communicating with the server: Cannot assign requested address (os error 99)
[INFO] [stdout]   --> src/backend.rs:75:14
[INFO] [stdout]    |
[INFO] [stdout] 75 |       let ra = sqlx::query!(
[INFO] [stdout]    |  ______________^
[INFO] [stdout] 76 | |         "
[INFO] [stdout] 77 | |         INSERT INTO tags (name)
[INFO] [stdout] 78 | |         SELECT * FROM UNNEST($1::text[])
[INFO] [stdout] 79 | |         ",
[INFO] [stdout] 80 | |         &ts.as_slice(),
[INFO] [stdout] 81 | |     )
[INFO] [stdout]    | |_____^
[INFO] [stdout]    |
[INFO] [stdout]    = note: this error originates in the macro `$crate::sqlx_macros::expand_query` (in Nightly builds, run with -Z macro-backtrace for more info)
[INFO] [stdout] 
[INFO] [stdout] 
[INFO] [stdout] error: error communicating with the server: Cannot assign requested address (os error 99)
[INFO] [stdout]   --> src/backend.rs:91:14
[INFO] [stdout]    |
[INFO] [stdout] 91 |       let ra = sqlx::query!(
[INFO] [stdout]    |  ______________^
[INFO] [stdout] 92 | |         "
[INFO] [stdout] 93 | |         INSERT INTO entries (uploader)
[INFO] [stdout] 94 | |         SELECT * FROM UNNEST($1::text[])
[INFO] [stdout] 95 | |         ",
[INFO] [stdout] 96 | |         &es.as_slice(),
[INFO] [stdout] 97 | |     )
[INFO] [stdout]    | |_____^
[INFO] [stdout]    |
[INFO] [stdout]    = note: this error originates in the macro `$crate::sqlx_macros::expand_query` (in Nightly builds, run with -Z macro-backtrace for more info)
[INFO] [stdout] 
[INFO] [stdout] 
[INFO] [stdout] error: error communicating with the server: Cannot assign requested address (os error 99)
[INFO] [stdout]    --> src/backend.rs:109:14
[INFO] [stdout]     |
[INFO] [stdout] 109 |       let ra = sqlx::query!(
[INFO] [stdout]     |  ______________^
[INFO] [stdout] 110 | |         "
[INFO] [stdout] 111 | |         INSERT INTO tagmap (entry_id, tag_id)
[INFO] [stdout] 112 | |         (SELECT $1, * FROM UNNEST($2::integer[]));
[INFO] [stdout] ...   |
[INFO] [stdout] 115 | |         tag_ids.as_slice(),
[INFO] [stdout] 116 | |     )
[INFO] [stdout]     | |_____^
[INFO] [stdout]     |
[INFO] [stdout]     = note: this error originates in the macro `$crate::sqlx_macros::expand_query` (in Nightly builds, run with -Z macro-backtrace for more info)
[INFO] [stdout] 
[INFO] [stdout] 
[INFO] [stdout] warning: unused import: `sqlx::Done`
[INFO] [stdout]  --> src/backend.rs:8:5
[INFO] [stdout]   |
[INFO] [stdout] 8 | use sqlx::Done;
[INFO] [stdout]   |     ^^^^^^^^^^
[INFO] [stdout]   |
[INFO] [stdout]   = note: `#[warn(unused_imports)]` on by default
[INFO] [stdout] 
[INFO] [stdout] 
[INFO] [stdout] error: aborting due to 5 previous errors; 1 warning emitted
[INFO] [stdout] 
[INFO] [stdout] 
[INFO] [stderr] error: build failed
[INFO] running `Command { std: "docker" "inspect" "7fbdaa6c4e6b36ebaf7d4273b33ec975f57be600d2a4b13d821b5367f9f04b53", kill_on_drop: false }`
[INFO] running `Command { std: "docker" "rm" "-f" "7fbdaa6c4e6b36ebaf7d4273b33ec975f57be600d2a4b13d821b5367f9f04b53", kill_on_drop: false }`
[INFO] [stdout] 7fbdaa6c4e6b36ebaf7d4273b33ec975f57be600d2a4b13d821b5367f9f04b53
