[INFO] cloning repository https://github.com/komalklr/r1cs_gadgets2
[INFO] running `Command { std: "git" "-c" "credential.helper=" "-c" "credential.helper=/workspace/cargo-home/bin/git-credential-null" "clone" "--bare" "https://github.com/komalklr/r1cs_gadgets2" "/workspace/cache/git-repos/https%3A%2F%2Fgithub.com%2Fkomalklr%2Fr1cs_gadgets2", kill_on_drop: false }`
[INFO] [stderr] Cloning into bare repository '/workspace/cache/git-repos/https%3A%2F%2Fgithub.com%2Fkomalklr%2Fr1cs_gadgets2'...
[INFO] running `Command { std: "git" "rev-parse" "HEAD", kill_on_drop: false }`
[INFO] [stdout] b6fe40e41f8592484ba5d7ad87991187e8ff956f
[INFO] checking komalklr/r1cs_gadgets2 against 1.55.0 for beta-1.56-3
[INFO] running `Command { std: "git" "clone" "/workspace/cache/git-repos/https%3A%2F%2Fgithub.com%2Fkomalklr%2Fr1cs_gadgets2" "/workspace/builds/worker-10/source", kill_on_drop: false }`
[INFO] [stderr] Cloning into '/workspace/builds/worker-10/source'...
[INFO] [stderr] done.
[INFO] [stderr] Updating files:  71% (323/452)
Updating files:  72% (326/452)
Updating files:  73% (330/452)
Updating files:  74% (335/452)
Updating files:  75% (339/452)
Updating files:  76% (344/452)
Updating files:  77% (349/452)
Updating files:  78% (353/452)
Updating files:  79% (358/452)
Updating files:  80% (362/452)
Updating files:  81% (367/452)
Updating files:  82% (371/452)
Updating files:  83% (376/452)
Updating files:  84% (380/452)
Updating files:  85% (385/452)
Updating files:  86% (389/452)
Updating files:  87% (394/452)
Updating files:  88% (398/452)
Updating files:  89% (403/452)
Updating files:  90% (407/452)
Updating files:  91% (412/452)
Updating files:  91% (413/452)
Updating files:  92% (416/452)
Updating files:  93% (421/452)
Updating files:  94% (425/452)
Updating files:  95% (430/452)
Updating files:  96% (434/452)
Updating files:  97% (439/452)
Updating files:  98% (443/452)
Updating files:  99% (448/452)
Updating files: 100% (452/452)
Updating files: 100% (452/452), done.
[INFO] validating manifest of git repo https://github.com/komalklr/r1cs_gadgets2 on toolchain 1.55.0
[INFO] running `Command { std: "/workspace/cargo-home/bin/cargo" "+1.55.0" "metadata" "--manifest-path" "Cargo.toml" "--no-deps", kill_on_drop: false }`
[INFO] started tweaking git repo https://github.com/komalklr/r1cs_gadgets2
[INFO] finished tweaking git repo https://github.com/komalklr/r1cs_gadgets2
[INFO] tweaked toml for git repo https://github.com/komalklr/r1cs_gadgets2 written to /workspace/builds/worker-10/source/Cargo.toml
[INFO] crate git repo https://github.com/komalklr/r1cs_gadgets2 already has a lockfile, it will not be regenerated
[INFO] running `Command { std: "/workspace/cargo-home/bin/cargo" "+1.55.0" "fetch" "--manifest-path" "Cargo.toml", kill_on_drop: false }`
[INFO] running `Command { std: "docker" "create" "-v" "/var/lib/crater-agent-workspace/builds/worker-10/target:/opt/rustwide/target:rw,Z" "-v" "/var/lib/crater-agent-workspace/builds/worker-10/source:/opt/rustwide/workdir:ro,Z" "-v" "/var/lib/crater-agent-workspace/cargo-home:/opt/rustwide/cargo-home:ro,Z" "-v" "/var/lib/crater-agent-workspace/rustup-home:/opt/rustwide/rustup-home:ro,Z" "-e" "SOURCE_DIR=/opt/rustwide/workdir" "-e" "CARGO_TARGET_DIR=/opt/rustwide/target" "-e" "CARGO_HOME=/opt/rustwide/cargo-home" "-e" "RUSTUP_HOME=/opt/rustwide/rustup-home" "-w" "/opt/rustwide/workdir" "-m" "1610612736" "--user" "0:0" "--network" "none" "ghcr.io/rust-lang/crates-build-env/linux@sha256:a89201d6b5b9fd45c15d5952ece0a0129e7e80cb26ec023fd59cf09bc26f1604" "/opt/rustwide/cargo-home/bin/cargo" "+1.55.0" "metadata" "--no-deps" "--format-version=1", kill_on_drop: false }`
[INFO] [stdout] 3acc765d1a6b877493cb9441c7048f70c9b211fb3a2a57c2fac6055f59d37f10
[INFO] [stderr] WARNING: Your kernel does not support swap limit capabilities or the cgroup is not mounted. Memory limited without swap.
[INFO] running `Command { std: "docker" "start" "-a" "3acc765d1a6b877493cb9441c7048f70c9b211fb3a2a57c2fac6055f59d37f10", kill_on_drop: false }`
[INFO] running `Command { std: "docker" "inspect" "3acc765d1a6b877493cb9441c7048f70c9b211fb3a2a57c2fac6055f59d37f10", kill_on_drop: false }`
[INFO] running `Command { std: "docker" "rm" "-f" "3acc765d1a6b877493cb9441c7048f70c9b211fb3a2a57c2fac6055f59d37f10", kill_on_drop: false }`
[INFO] [stdout] 3acc765d1a6b877493cb9441c7048f70c9b211fb3a2a57c2fac6055f59d37f10
[INFO] running `Command { std: "docker" "create" "-v" "/var/lib/crater-agent-workspace/builds/worker-10/target:/opt/rustwide/target:rw,Z" "-v" "/var/lib/crater-agent-workspace/builds/worker-10/source:/opt/rustwide/workdir:ro,Z" "-v" "/var/lib/crater-agent-workspace/cargo-home:/opt/rustwide/cargo-home:ro,Z" "-v" "/var/lib/crater-agent-workspace/rustup-home:/opt/rustwide/rustup-home:ro,Z" "-e" "SOURCE_DIR=/opt/rustwide/workdir" "-e" "CARGO_TARGET_DIR=/opt/rustwide/target" "-e" "CARGO_INCREMENTAL=0" "-e" "RUST_BACKTRACE=full" "-e" "RUSTFLAGS=--cap-lints=warn" "-e" "CARGO_HOME=/opt/rustwide/cargo-home" "-e" "RUSTUP_HOME=/opt/rustwide/rustup-home" "-w" "/opt/rustwide/workdir" "-m" "1610612736" "--user" "0:0" "--network" "none" "ghcr.io/rust-lang/crates-build-env/linux@sha256:a89201d6b5b9fd45c15d5952ece0a0129e7e80cb26ec023fd59cf09bc26f1604" "/opt/rustwide/cargo-home/bin/cargo" "+1.55.0" "check" "--frozen" "--all" "--all-targets" "--message-format=json", kill_on_drop: false }`
[INFO] [stdout] 59b3c52af4f69132112cb58b5fb3b92eb4b4bbb8d44771809ad2edc2b7fd1804
[INFO] [stderr] WARNING: Your kernel does not support swap limit capabilities or the cgroup is not mounted. Memory limited without swap.
[INFO] running `Command { std: "docker" "start" "-a" "59b3c52af4f69132112cb58b5fb3b92eb4b4bbb8d44771809ad2edc2b7fd1804", kill_on_drop: false }`
[INFO] [stderr]    Compiling syn v1.0.20
[INFO] [stderr]    Compiling serde v1.0.110
[INFO] [stderr]    Compiling packed_simd v0.3.3
[INFO] [stderr]     Checking subtle v2.2.2
[INFO] [stderr]    Compiling clear_on_drop v0.2.3
[INFO] [stderr]     Checking getrandom v0.1.14
[INFO] [stderr]     Checking regex-automata v0.1.9
[INFO] [stderr]     Checking csv-core v0.1.10
[INFO] [stderr]     Checking digest v0.8.1
[INFO] [stdout] error[E0557]: feature has been removed
[INFO] [stdout]   --> /opt/rustwide/cargo-home/registry/src/github.com-1ecc6299db9ec823/subtle-2.2.2/src/lib.rs:13:42
[INFO] [stdout]    |
[INFO] [stdout] 13 | #![cfg_attr(feature = "nightly", feature(external_doc))]
[INFO] [stdout]    |                                          ^^^^^^^^^^^^ feature has been removed
[INFO] [stdout]    |
[INFO] [stdout]    = note: use #[doc = include_str!("filename")] instead, which handles macro invocations
[INFO] [stdout] 
[INFO] [stdout] 
[INFO] [stdout] error: the legacy LLVM-style asm! syntax is no longer supported
[INFO] [stdout]    --> /opt/rustwide/cargo-home/registry/src/github.com-1ecc6299db9ec823/subtle-2.2.2/src/lib.rs:150:14
[INFO] [stdout]     |
[INFO] [stdout] 150 |     unsafe { asm!("" : "=r"(input) : "0"(input) ) }
[INFO] [stdout]     |              ----^^^^^^^^^^^^^^^^^^^^^^^^^^^^^^^^
[INFO] [stdout]     |              |
[INFO] [stdout]     |              help: replace with: `llvm_asm!`
[INFO] [stdout]     |
[INFO] [stdout]     = note: consider migrating to the new asm! syntax specified in RFC 2873
[INFO] [stdout]     = note: alternatively, switch to llvm_asm! to keep your code working as it is
[INFO] [stdout] 
[INFO] [stdout] 
[INFO] [stdout] error[E0554]: `#![feature]` may not be used on the stable release channel
[INFO] [stdout]   --> /opt/rustwide/cargo-home/registry/src/github.com-1ecc6299db9ec823/subtle-2.2.2/src/lib.rs:12:34
[INFO] [stdout]    |
[INFO] [stdout] 12 | #![cfg_attr(feature = "nightly", feature(asm))]
[INFO] [stdout]    |                                  ^^^^^^^^^^^^
[INFO] [stdout] 
[INFO] [stdout] 
[INFO] [stdout] error[E0554]: `#![feature]` may not be used on the stable release channel
[INFO] [stdout]   --> /opt/rustwide/cargo-home/registry/src/github.com-1ecc6299db9ec823/subtle-2.2.2/src/lib.rs:13:34
[INFO] [stdout]    |
[INFO] [stdout] 13 | #![cfg_attr(feature = "nightly", feature(external_doc))]
[INFO] [stdout]    |                                  ^^^^^^^^^^^^^^^^^^^^^
[INFO] [stdout] 
[INFO] [stdout] 
[INFO] [stderr]     Checking sha3 v0.8.2
[INFO] [stdout] error: aborting due to 4 previous errors
[INFO] [stdout] 
[INFO] [stdout] 
[INFO] [stdout] Some errors have detailed explanations: E0554, E0557.
[INFO] [stdout] 
[INFO] [stdout] For more information about an error, try `rustc --explain E0554`.
[INFO] [stdout] 
[INFO] [stderr] error: could not compile `subtle` due to 5 previous errors
[INFO] [stderr] warning: build failed, waiting for other jobs to finish...
[INFO] [stderr] error: build failed
[INFO] running `Command { std: "docker" "inspect" "59b3c52af4f69132112cb58b5fb3b92eb4b4bbb8d44771809ad2edc2b7fd1804", kill_on_drop: false }`
[INFO] running `Command { std: "docker" "rm" "-f" "59b3c52af4f69132112cb58b5fb3b92eb4b4bbb8d44771809ad2edc2b7fd1804", kill_on_drop: false }`
[INFO] [stdout] 59b3c52af4f69132112cb58b5fb3b92eb4b4bbb8d44771809ad2edc2b7fd1804
