[INFO] cloning repository https://github.com/kohsheen1234/Liqz
[INFO] running `Command { std: "git" "-c" "credential.helper=" "-c" "credential.helper=/workspace/cargo-home/bin/git-credential-null" "clone" "--bare" "https://github.com/kohsheen1234/Liqz" "/workspace/cache/git-repos/https%3A%2F%2Fgithub.com%2Fkohsheen1234%2FLiqz", kill_on_drop: false }`
[INFO] [stderr] Cloning into bare repository '/workspace/cache/git-repos/https%3A%2F%2Fgithub.com%2Fkohsheen1234%2FLiqz'...
[INFO] running `Command { std: "git" "rev-parse" "HEAD", kill_on_drop: false }`
[INFO] [stdout] ca67487f7b5b557fb5a5b5c6ab4a93dce40f3347
[INFO] checking kohsheen1234/Liqz against 1.55.0 for beta-1.56-3
[INFO] running `Command { std: "git" "clone" "/workspace/cache/git-repos/https%3A%2F%2Fgithub.com%2Fkohsheen1234%2FLiqz" "/workspace/builds/worker-4/source", kill_on_drop: false }`
[INFO] [stderr] Cloning into '/workspace/builds/worker-4/source'...
[INFO] [stderr] done.
[INFO] validating manifest of git repo https://github.com/kohsheen1234/Liqz on toolchain 1.55.0
[INFO] running `Command { std: "/workspace/cargo-home/bin/cargo" "+1.55.0" "metadata" "--manifest-path" "Cargo.toml" "--no-deps", kill_on_drop: false }`
[INFO] started tweaking git repo https://github.com/kohsheen1234/Liqz
[INFO] finished tweaking git repo https://github.com/kohsheen1234/Liqz
[INFO] tweaked toml for git repo https://github.com/kohsheen1234/Liqz written to /workspace/builds/worker-4/source/Cargo.toml
[INFO] crate git repo https://github.com/kohsheen1234/Liqz already has a lockfile, it will not be regenerated
[INFO] running `Command { std: "/workspace/cargo-home/bin/cargo" "+1.55.0" "fetch" "--manifest-path" "Cargo.toml", kill_on_drop: false }`
[INFO] [stderr]     Blocking waiting for file lock on package cache
[INFO] running `Command { std: "docker" "create" "-v" "/var/lib/crater-agent-workspace/builds/worker-4/target:/opt/rustwide/target:rw,Z" "-v" "/var/lib/crater-agent-workspace/builds/worker-4/source:/opt/rustwide/workdir:ro,Z" "-v" "/var/lib/crater-agent-workspace/cargo-home:/opt/rustwide/cargo-home:ro,Z" "-v" "/var/lib/crater-agent-workspace/rustup-home:/opt/rustwide/rustup-home:ro,Z" "-e" "SOURCE_DIR=/opt/rustwide/workdir" "-e" "CARGO_TARGET_DIR=/opt/rustwide/target" "-e" "CARGO_HOME=/opt/rustwide/cargo-home" "-e" "RUSTUP_HOME=/opt/rustwide/rustup-home" "-w" "/opt/rustwide/workdir" "-m" "1610612736" "--user" "0:0" "--network" "none" "ghcr.io/rust-lang/crates-build-env/linux@sha256:a89201d6b5b9fd45c15d5952ece0a0129e7e80cb26ec023fd59cf09bc26f1604" "/opt/rustwide/cargo-home/bin/cargo" "+1.55.0" "metadata" "--no-deps" "--format-version=1", kill_on_drop: false }`
[INFO] [stdout] 0d4f2ef90eb686972334426fbca4806e424b2afb8de91e4f4eb7b29ef2db5139
[INFO] [stderr] WARNING: Your kernel does not support swap limit capabilities or the cgroup is not mounted. Memory limited without swap.
[INFO] running `Command { std: "docker" "start" "-a" "0d4f2ef90eb686972334426fbca4806e424b2afb8de91e4f4eb7b29ef2db5139", kill_on_drop: false }`
[INFO] running `Command { std: "docker" "inspect" "0d4f2ef90eb686972334426fbca4806e424b2afb8de91e4f4eb7b29ef2db5139", kill_on_drop: false }`
[INFO] running `Command { std: "docker" "rm" "-f" "0d4f2ef90eb686972334426fbca4806e424b2afb8de91e4f4eb7b29ef2db5139", kill_on_drop: false }`
[INFO] [stdout] 0d4f2ef90eb686972334426fbca4806e424b2afb8de91e4f4eb7b29ef2db5139
[INFO] running `Command { std: "docker" "create" "-v" "/var/lib/crater-agent-workspace/builds/worker-4/target:/opt/rustwide/target:rw,Z" "-v" "/var/lib/crater-agent-workspace/builds/worker-4/source:/opt/rustwide/workdir:ro,Z" "-v" "/var/lib/crater-agent-workspace/cargo-home:/opt/rustwide/cargo-home:ro,Z" "-v" "/var/lib/crater-agent-workspace/rustup-home:/opt/rustwide/rustup-home:ro,Z" "-e" "SOURCE_DIR=/opt/rustwide/workdir" "-e" "CARGO_TARGET_DIR=/opt/rustwide/target" "-e" "CARGO_INCREMENTAL=0" "-e" "RUST_BACKTRACE=full" "-e" "RUSTFLAGS=--cap-lints=warn" "-e" "CARGO_HOME=/opt/rustwide/cargo-home" "-e" "RUSTUP_HOME=/opt/rustwide/rustup-home" "-w" "/opt/rustwide/workdir" "-m" "1610612736" "--user" "0:0" "--network" "none" "ghcr.io/rust-lang/crates-build-env/linux@sha256:a89201d6b5b9fd45c15d5952ece0a0129e7e80cb26ec023fd59cf09bc26f1604" "/opt/rustwide/cargo-home/bin/cargo" "+1.55.0" "check" "--frozen" "--all" "--all-targets" "--message-format=json", kill_on_drop: false }`
[INFO] [stdout] 25b7e0b48c3464df616d4f58e8af37e36c4b83f0b9be7d6fea68f6302300b6b2
[INFO] [stderr] WARNING: Your kernel does not support swap limit capabilities or the cgroup is not mounted. Memory limited without swap.
[INFO] running `Command { std: "docker" "start" "-a" "25b7e0b48c3464df616d4f58e8af37e36c4b83f0b9be7d6fea68f6302300b6b2", kill_on_drop: false }`
[INFO] [stderr]    Compiling libc v0.2.95
[INFO] [stderr]    Compiling syn v1.0.72
[INFO] [stderr]    Compiling serde v1.0.126
[INFO] [stderr]     Checking subtle v2.4.0
[INFO] [stderr]    Compiling bs58 v0.3.1
[INFO] [stderr]     Checking block-padding v0.2.1
[INFO] [stderr]     Checking futures v0.1.31
[INFO] [stderr]    Compiling feature-probe v0.1.1
[INFO] [stderr]    Compiling proc-macro2 v0.4.30
[INFO] [stderr]     Checking unicode-xid v0.2.2
[INFO] [stderr]     Checking signature v1.3.0
[INFO] [stderr]    Compiling syn v0.15.44
[INFO] [stderr]    Compiling winapi v0.3.9
[INFO] [stderr]     Checking assert_matches v1.5.0
[INFO] [stderr]    Compiling zstd-safe v2.0.6+zstd.1.4.7
[INFO] [stderr]     Checking base32 v0.4.0
[INFO] [stderr]     Checking alloc-traits v0.1.1
[INFO] [stderr]     Checking aliasable v0.1.3
[INFO] [stderr]     Checking safe-transmute v0.11.2
[INFO] [stderr]     Checking symlink v0.1.0
[INFO] [stderr]    Compiling generic-array v0.14.4
[INFO] [stderr]    Compiling tokio v1.6.1
[INFO] [stderr]    Compiling proc-macro2-diagnostics v0.9.1
[INFO] [stderr]     Checking itertools v0.9.0
[INFO] [stderr]     Checking hashbrown v0.9.1
[INFO] [stderr]     Checking qstring v0.7.2
[INFO] [stderr]     Checking proc-macro2 v1.0.27
[INFO] [stderr]     Checking tracing-core v0.1.18
[INFO] [stderr]     Checking uriparse v0.6.3
[INFO] [stderr]     Checking without-alloc v0.2.1
[INFO] [stderr]     Checking unicode-normalization v0.1.19
[INFO] [stderr]    Compiling bv v0.11.1
[INFO] [stderr]    Compiling anyhow v1.0.40
[INFO] [stderr]     Checking crossbeam-utils v0.8.5
[INFO] [stderr]     Checking dir-diff v0.3.2
[INFO] [stderr]     Checking semver-parser v0.10.2
[INFO] [stderr]     Checking object v0.25.2
[INFO] [stderr]    Compiling solana-frozen-abi-macro v1.7.8
[INFO] [stderr]    Compiling solana-frozen-abi v1.7.8
[INFO] [stderr]    Compiling solana-program v1.7.8
[INFO] [stderr]    Compiling solana-sdk v1.7.8
[INFO] [stderr]    Compiling solana-vote-program v1.7.8
[INFO] [stderr]    Compiling solana-stake-program v1.7.8
[INFO] [stderr]    Compiling solana-version v1.7.8
[INFO] [stderr]    Compiling solana-runtime v1.7.8
[INFO] [stderr]     Checking crossbeam-utils v0.7.2
[INFO] [stderr]     Checking smallvec v0.6.14
[INFO] [stderr]     Checking digest v0.8.1
[INFO] [stderr]     Checking block-buffer v0.7.3
[INFO] [stderr]     Checking quote v1.0.9
[INFO] [stderr]     Checking tracing v0.1.26
[INFO] [stderr]     Checking indexmap v1.6.2
[INFO] [stderr]     Checking crossbeam-channel v0.5.1
[INFO] [stderr]     Checking num-integer v0.1.44
[INFO] [stderr]     Checking crossbeam-epoch v0.9.5
[INFO] [stderr]     Checking semver v0.11.0
[INFO] [stderr]     Checking Inflector v0.11.4
[INFO] [stderr]     Checking crossbeam-epoch v0.8.2
[INFO] [stderr]     Checking crossbeam-queue v0.2.3
[INFO] [stderr]     Checking crossbeam-channel v0.4.4
[INFO] [stderr]     Checking sha-1 v0.8.2
[INFO] [stderr]     Checking tokio-executor v0.1.10
[INFO] [stderr]     Checking tokio-sync v0.1.8
[INFO] [stderr]     Checking idna v0.2.3
[INFO] [stderr]     Checking crossbeam-deque v0.8.0
[INFO] [stderr]     Checking quote v0.6.13
[INFO] [stderr]     Checking crossbeam-deque v0.7.3
[INFO] [stderr]     Checking tokio-current-thread v0.1.7
[INFO] [stderr]     Checking tokio-timer v0.2.13
[INFO] [stderr]     Checking url v2.2.2
[INFO] [stderr]     Checking parking_lot_core v0.8.3
[INFO] [stderr]     Checking num_cpus v1.13.0
[INFO] [stderr]     Checking getrandom v0.1.16
[INFO] [stderr]     Checking atty v0.2.14
[INFO] [stderr]     Checking iovec v0.1.4
[INFO] [stderr]     Checking memmap2 v0.1.0
[INFO] [stderr]     Checking signal-hook-registry v1.4.0
[INFO] [stderr]     Checking mio v0.7.11
[INFO] [stderr]     Checking net2 v0.2.37
[INFO] [stderr]     Checking parking_lot_core v0.6.2
[INFO] [stderr]     Checking getrandom v0.2.3
[INFO] [stderr]     Checking socket2 v0.4.0
[INFO] [stderr]     Checking jobserver v0.1.22
[INFO] [stderr]     Checking time v0.1.43
[INFO] [stderr]     Checking terminal_size v0.1.17
[INFO] [stderr]     Checking gethostname v0.2.1
[INFO] [stderr]     Checking termios v0.3.3
[INFO] [stderr]     Checking parking_lot_core v0.7.2
[INFO] [stderr]     Checking xattr v0.2.2
[INFO] [stderr]     Checking filetime v0.2.14
[INFO] [stderr]     Checking dirs-sys-next v0.1.2
[INFO] [stderr]     Checking rpassword v4.0.5
[INFO] [stderr]     Checking flate2 v1.0.20
[INFO] [stderr]     Checking socket2 v0.3.19
[INFO] [stderr]     Checking nix v0.19.1
[INFO] [stderr]     Checking env_logger v0.8.3
[INFO] [stderr]     Checking clap v2.33.3
[INFO] [stderr]     Checking env_logger v0.9.0
[INFO] [stderr]     Checking rand_core v0.5.1
[INFO] [stderr]     Checking bytes v0.4.12
[INFO] [stderr]     Checking tokio-threadpool v0.1.18
[INFO] [stderr]     Checking rayon-core v1.9.1
[INFO] [stderr]     Checking solana-rayon-threadlimit v1.7.8
[INFO] [stderr]     Checking parking_lot v0.9.0
[INFO] [stderr]     Checking parking_lot v0.11.1
[INFO] [stderr]     Checking mio v0.6.23
[INFO] [stderr]     Checking console v0.11.3
[INFO] [stderr]     Checking console v0.14.1
[INFO] [stderr]     Checking rand_core v0.6.2
[INFO] [stderr]     Checking cc v1.0.68
[INFO] [stderr]     Checking dirs-next v2.0.0
[INFO] [stderr]     Checking tar v0.4.35
[INFO] [stderr]     Checking parking_lot v0.10.2
[INFO] [stderr]     Checking tokio-io v0.1.13
[INFO] [stderr]     Checking rand_chacha v0.2.2
[INFO] [stderr]     Checking solana-logger v1.7.8
[INFO] [stderr]     Checking once_cell v1.7.2
[INFO] [stderr]     Checking rand_chacha v0.3.0
[INFO] [stderr]     Checking rayon v1.5.1
[INFO] [stderr]     Checking indicatif v0.15.0
[INFO] [stderr]     Checking rand v0.7.3
[INFO] [stderr]     Checking mio-uds v0.6.8
[INFO] [stderr]     Checking rand v0.8.3
[INFO] [stderr]     Checking tokio-reactor v0.1.12
[INFO] [stderr]     Checking tokio-codec v0.1.2
[INFO] [stderr]     Checking tokio-fs v0.1.7
[INFO] [stderr]     Checking tokio-udp v0.1.6
[INFO] [stderr]     Checking tokio-tcp v0.1.4
[INFO] [stderr]     Checking tokio-uds v0.2.7
[INFO] [stderr]    Compiling ring v0.16.20
[INFO] [stderr]    Compiling blake3 v0.3.8
[INFO] [stderr]    Compiling backtrace v0.3.60
[INFO] [stderr]    Compiling zstd-sys v1.4.18+zstd.1.4.7
[INFO] [stderr]    Compiling openssl-sys v0.9.63
[INFO] [stderr]    Compiling hidapi v1.2.6
[INFO] [stderr]    Compiling bzip2-sys v0.1.10+1.0.8
[INFO] [stderr]     Checking tokio v0.1.22
[INFO] [stderr]     Checking tempfile v3.2.0
[INFO] [stderr]    Compiling synstructure v0.12.4
[INFO] [stderr]    Compiling borsh-schema-derive-internal v0.9.1
[INFO] [stderr]    Compiling borsh-derive-internal v0.9.1
[INFO] [stderr]    Compiling proc-macro-error v1.0.4
[INFO] [stderr]     Checking dialoguer v0.6.2
[INFO] [stderr]    Compiling openssl v0.10.34
[INFO] [stderr]    Compiling native-tls v0.2.7
[INFO] [stderr]     Checking bzip2 v0.3.3
[INFO] [stderr]     Checking dashmap v4.0.2
[INFO] [stderr]    Compiling serde_derive v1.0.126
[INFO] [stderr]    Compiling thiserror-impl v1.0.25
[INFO] [stderr]    Compiling zeroize_derive v1.1.0
[INFO] [stderr]    Compiling futures-macro v0.3.15
[INFO] [stderr]    Compiling num-derive v0.3.3
[INFO] [stderr]    Compiling solana-sdk-macro v1.7.8
[INFO] [stderr]    Compiling tokio-macros v1.2.0
[INFO] [stderr]    Compiling failure_derive v0.1.8
[INFO] [stderr]    Compiling derivative v2.2.0
[INFO] [stderr]    Compiling enumflags2_derive v0.6.4
[INFO] [stderr]    Compiling ouroboros_macro v0.10.1
[INFO] [stderr]    Compiling fehler-macros v1.0.0
[INFO] [stderr]    Compiling structopt-derive v0.4.14
[INFO] [stderr]    Compiling derive_more v0.99.14
[INFO] [stderr]     Checking webpki v0.21.4
[INFO] [stderr]     Checking sct v0.6.1
[INFO] [stderr]     Checking zeroize v1.3.0
[INFO] [stderr]     Checking futures-util v0.3.15
[INFO] [stderr]     Checking thiserror v1.0.25
[INFO] [stderr]     Checking rustls v0.19.1
[INFO] [stderr]     Checking webpki-roots v0.21.1
[INFO] [stderr]     Checking curve25519-dalek v2.1.2
[INFO] [stderr]     Checking tungstenite v0.10.1
[INFO] [stderr]     Checking enumflags2 v0.6.4
[INFO] [stderr]     Checking structopt v0.3.21
[INFO] [stderr]     Checking fehler v1.0.0
[INFO] [stderr]     Checking futures-executor v0.3.15
[INFO] [stderr]     Checking futures v0.3.15
[INFO] [stderr]     Checking ouroboros v0.10.1
[INFO] [stderr]     Checking tokio-util v0.6.7
[INFO] [stderr]     Checking tokio-rustls v0.22.0
[INFO] [stderr]     Checking h2 v0.3.3
[INFO] [stderr]     Checking serde_bytes v0.11.5
[INFO] [stderr]     Checking bincode v1.3.3
[INFO] [stderr]     Checking ed25519 v1.1.1
[INFO] [stderr]     Checking serde_json v1.0.64
[INFO] [stderr]     Checking serde_urlencoded v0.7.0
[INFO] [stderr]     Checking chrono v0.4.19
[INFO] [stderr]     Checking serde_yaml v0.8.17
[INFO] [stderr]    Compiling toml v0.5.8
[INFO] [stderr]     Checking failure v0.1.8
[INFO] [stderr]     Checking solana-cli-config v1.7.8
[INFO] [stderr]     Checking digest v0.9.0
[INFO] [stderr]     Checking block-buffer v0.9.0
[INFO] [stderr]     Checking crypto-mac v0.8.0
[INFO] [stderr]     Checking crypto-mac v0.9.1
[INFO] [stderr]     Checking crypto-mac v0.10.0
[INFO] [stderr]     Checking libsecp256k1-core v0.2.2
[INFO] [stderr]     Checking curve25519-dalek v3.1.0
[INFO] [stderr]     Checking derivation-path v0.1.3
[INFO] [stderr]     Checking hmac v0.8.1
[INFO] [stderr]     Checking pbkdf2 v0.4.0
[INFO] [stderr]     Checking hmac v0.10.1
[INFO] [stderr]     Checking pbkdf2 v0.6.0
[INFO] [stderr]     Checking hmac v0.9.0
[INFO] [stderr]     Checking sha2 v0.9.5
[INFO] [stderr]     Checking sha3 v0.9.1
[INFO] [stderr]     Checking jsonrpc-core v17.1.0
[INFO] [stderr]     Checking hmac-drbg v0.3.0
[INFO] [stderr]    Compiling proc-macro-crate v0.1.5
[INFO] [stderr]     Checking tiny-bip39 v0.8.0
[INFO] [stderr]     Checking hyper v0.14.9
[INFO] [stderr]     Checking ed25519-dalek v1.0.1
[INFO] [stderr]    Compiling borsh-derive v0.9.1
[INFO] [stderr]    Compiling num_enum_derive v0.5.1
[INFO] [stderr]     Checking ed25519-dalek-bip32 v0.1.1
[INFO] [stderr]    Compiling anchor-syn v0.11.1
[INFO] [stderr]    Compiling libsecp256k1-gen-ecmult v0.2.1
[INFO] [stderr]    Compiling libsecp256k1-gen-genmult v0.2.1
[INFO] [stderr]    Compiling libsecp256k1 v0.5.0
[INFO] [stderr]     Checking borsh v0.9.1
[INFO] [stderr]     Checking hyper-rustls v0.22.1
[INFO] [stderr]     Checking num_enum v0.5.1
[INFO] [stderr]     Checking reqwest v0.11.3
[INFO] [stderr]     Checking solana-crate-features v1.7.8
[INFO] [stderr]    Compiling anchor-attribute-interface v0.11.1
[INFO] [stderr]    Compiling anchor-attribute-access-control v0.11.1
[INFO] [stderr]    Compiling anchor-attribute-state v0.11.1
[INFO] [stderr]    Compiling anchor-attribute-program v0.11.1
[INFO] [stderr]    Compiling anchor-derive-accounts v0.11.1
[INFO] [stderr]    Compiling anchor-attribute-account v0.11.1
[INFO] [stderr]    Compiling anchor-attribute-event v0.11.1
[INFO] [stderr]    Compiling anchor-attribute-error v0.11.1
[INFO] [stderr]     Checking zstd v0.5.4+zstd.1.4.7
[INFO] [stderr]     Checking spl-token v3.2.0
[INFO] [stderr]     Checking spl-memo v3.0.1
[INFO] [stderr]     Checking anchor-lang v0.11.1
[INFO] [stderr]     Checking spl-associated-token-account v1.0.3
[INFO] [stderr]     Checking serum_dex v0.3.1
[INFO] [stderr]     Checking solana-metrics v1.7.8
[INFO] [stderr]     Checking solana-config-program v1.7.8
[INFO] [stderr]     Checking solana-remote-wallet v1.7.8
[INFO] [stderr]     Checking solana-secp256k1-program v1.7.8
[INFO] [stderr]     Checking solana-measure v1.7.8
[INFO] [stderr]     Checking solana-clap-utils v1.7.8
[INFO] [stderr]     Checking anchor-spl v0.11.1
[INFO] [stderr]     Checking solana-faucet v1.7.8
[INFO] [stderr]     Checking solana-net-utils v1.7.8
[INFO] [stderr]     Checking solana-account-decoder v1.7.8
[INFO] [stderr]     Checking liqz v0.1.0 (/opt/rustwide/workdir/programs/liqz)
[INFO] [stdout] warning: type `liqzError` should have an upper camel case name
[INFO] [stdout]     --> programs/liqz/src/lib.rs:1005:10
[INFO] [stdout]      |
[INFO] [stdout] 1005 | pub enum liqzError {
[INFO] [stdout]      |          ^^^^^^^^^ help: convert the identifier to upper camel case: `LiqzError`
[INFO] [stdout]      |
[INFO] [stdout]      = note: `#[warn(non_camel_case_types)]` on by default
[INFO] [stdout] 
[INFO] [stdout] 
[INFO] [stdout] warning: type `liqzError` should have an upper camel case name
[INFO] [stdout]     --> programs/liqz/src/lib.rs:1005:10
[INFO] [stdout]      |
[INFO] [stdout] 1005 | pub enum liqzError {
[INFO] [stdout]      |          ^^^^^^^^^ help: convert the identifier to upper camel case: `LiqzError`
[INFO] [stdout]      |
[INFO] [stdout]      = note: `#[warn(non_camel_case_types)]` on by default
[INFO] [stdout] 
[INFO] [stdout] 
[INFO] [stdout] warning: 1 warning emitted
[INFO] [stdout] 
[INFO] [stdout] 
[INFO] [stdout] warning: 1 warning emitted
[INFO] [stdout] 
[INFO] [stdout] 
[INFO] [stderr]     Checking solana-transaction-status v1.7.8
[INFO] [stderr]     Checking solana-client v1.7.8
[INFO] [stderr]     Checking anchor-client v0.11.1
[INFO] [stderr]     Checking cli v0.1.0 (/opt/rustwide/workdir/cli)
[INFO] [stdout] error[E0277]: the trait bound `OsRng: rand_core::CryptoRng` is not satisfied
[INFO] [stdout]   --> cli/src/bin/pool-data.rs:27:63
[INFO] [stdout]    |
[INFO] [stdout] 27 |     let client = Client::new(get_cluster(), Keypair::generate(&mut OsRng));
[INFO] [stdout]    |                                                               ^^^^^^^^^^ the trait `rand_core::CryptoRng` is not implemented for `OsRng`
[INFO] [stdout]    | 
[INFO] [stdout]   ::: /opt/rustwide/cargo-home/registry/src/github.com-1ecc6299db9ec823/solana-sdk-1.7.8/src/signer/keypair.rs:30:12
[INFO] [stdout]    |
[INFO] [stdout] 30 |         R: CryptoRng + RngCore,
[INFO] [stdout]    |            --------- required by this bound in `solana_sdk::signature::Keypair::generate`
[INFO] [stdout] 
[INFO] [stdout] 
[INFO] [stdout] error[E0277]: the trait bound `OsRng: rand_core::CryptoRng` is not satisfied
[INFO] [stdout]   --> cli/src/bin/deposit-data.rs:44:63
[INFO] [stdout]    |
[INFO] [stdout] 44 |     let client = Client::new(get_cluster(), Keypair::generate(&mut OsRng));
[INFO] [stdout]    |                                                               ^^^^^^^^^^ the trait `rand_core::CryptoRng` is not implemented for `OsRng`
[INFO] [stdout]    | 
[INFO] [stdout]   ::: /opt/rustwide/cargo-home/registry/src/github.com-1ecc6299db9ec823/solana-sdk-1.7.8/src/signer/keypair.rs:30:12
[INFO] [stdout]    |
[INFO] [stdout] 30 |         R: CryptoRng + RngCore,
[INFO] [stdout]    |            --------- required by this bound in `solana_sdk::signature::Keypair::generate`
[INFO] [stdout] 
[INFO] [stdout] 
[INFO] [stdout] error[E0277]: the trait bound `OsRng: rand_core::CryptoRng` is not satisfied
[INFO] [stdout]   --> cli/src/bin/pool-data.rs:27:63
[INFO] [stdout]    |
[INFO] [stdout] 27 |     let client = Client::new(get_cluster(), Keypair::generate(&mut OsRng));
[INFO] [stdout]    |                                                               ^^^^^^^^^^ the trait `rand_core::CryptoRng` is not implemented for `OsRng`
[INFO] [stdout]    | 
[INFO] [stdout]   ::: /opt/rustwide/cargo-home/registry/src/github.com-1ecc6299db9ec823/solana-sdk-1.7.8/src/signer/keypair.rs:30:12
[INFO] [stdout]    |
[INFO] [stdout] 30 |         R: CryptoRng + RngCore,
[INFO] [stdout]    |            --------- required by this bound in `solana_sdk::signature::Keypair::generate`
[INFO] [stdout] 
[INFO] [stdout] 
[INFO] [stdout] error[E0277]: the trait bound `OsRng: rand_core::RngCore` is not satisfied
[INFO] [stdout]   --> cli/src/bin/deposit-data.rs:44:63
[INFO] [stdout]    |
[INFO] [stdout] 44 |     let client = Client::new(get_cluster(), Keypair::generate(&mut OsRng));
[INFO] [stdout]    |                                                               ^^^^^^^^^^ the trait `rand_core::RngCore` is not implemented for `OsRng`
[INFO] [stdout]    | 
[INFO] [stdout]   ::: /opt/rustwide/cargo-home/registry/src/github.com-1ecc6299db9ec823/solana-sdk-1.7.8/src/signer/keypair.rs:30:24
[INFO] [stdout]    |
[INFO] [stdout] 30 |         R: CryptoRng + RngCore,
[INFO] [stdout]    |                        ------- required by this bound in `solana_sdk::signature::Keypair::generate`
[INFO] [stdout] 
[INFO] [stdout] 
[INFO] [stdout] error[E0277]: the trait bound `OsRng: rand_core::RngCore` is not satisfied
[INFO] [stdout]   --> cli/src/bin/pool-data.rs:27:63
[INFO] [stdout]    |
[INFO] [stdout] 27 |     let client = Client::new(get_cluster(), Keypair::generate(&mut OsRng));
[INFO] [stdout]    |                                                               ^^^^^^^^^^ the trait `rand_core::RngCore` is not implemented for `OsRng`
[INFO] [stdout]    | 
[INFO] [stdout]   ::: /opt/rustwide/cargo-home/registry/src/github.com-1ecc6299db9ec823/solana-sdk-1.7.8/src/signer/keypair.rs:30:24
[INFO] [stdout]    |
[INFO] [stdout] 30 |         R: CryptoRng + RngCore,
[INFO] [stdout]    |                        ------- required by this bound in `solana_sdk::signature::Keypair::generate`
[INFO] [stdout] 
[INFO] [stdout] 
[INFO] [stdout] error[E0277]: the trait bound `OsRng: rand_core::RngCore` is not satisfied
[INFO] [stdout]   --> cli/src/bin/pool-data.rs:27:63
[INFO] [stdout]    |
[INFO] [stdout] 27 |     let client = Client::new(get_cluster(), Keypair::generate(&mut OsRng));
[INFO] [stdout]    |                                                               ^^^^^^^^^^ the trait `rand_core::RngCore` is not implemented for `OsRng`
[INFO] [stdout]    | 
[INFO] [stdout]   ::: /opt/rustwide/cargo-home/registry/src/github.com-1ecc6299db9ec823/solana-sdk-1.7.8/src/signer/keypair.rs:30:24
[INFO] [stdout]    |
[INFO] [stdout] 30 |         R: CryptoRng + RngCore,
[INFO] [stdout]    |                        ------- required by this bound in `solana_sdk::signature::Keypair::generate`
[INFO] [stdout] 
[INFO] [stdout] 
[INFO] [stdout] error: aborting due to 2 previous errors
[INFO] [stdout] 
[INFO] [stdout] 
[INFO] [stdout] For more information about this error, try `rustc --explain E0277`.
[INFO] [stdout] 
[INFO] [stdout] error: aborting due to 2 previous errors
[INFO] [stdout] 
[INFO] [stdout] 
[INFO] [stdout] For more information about this error, try `rustc --explain E0277`.
[INFO] [stdout] 
[INFO] [stdout] error: aborting due to 2 previous errors
[INFO] [stdout] 
[INFO] [stdout] 
[INFO] [stdout] For more information about this error, try `rustc --explain E0277`.
[INFO] [stdout] 
[INFO] [stderr] error: could not compile `cli` due to 3 previous errors
[INFO] [stderr] warning: build failed, waiting for other jobs to finish...
[INFO] [stdout] error[E0277]: the trait bound `OsRng: rand_core::CryptoRng` is not satisfied
[INFO] [stdout]   --> cli/src/bin/deposit-data.rs:44:63
[INFO] [stdout]    |
[INFO] [stdout] 44 |     let client = Client::new(get_cluster(), Keypair::generate(&mut OsRng));
[INFO] [stdout]    |                                                               ^^^^^^^^^^ the trait `rand_core::CryptoRng` is not implemented for `OsRng`
[INFO] [stdout]    | 
[INFO] [stdout]   ::: /opt/rustwide/cargo-home/registry/src/github.com-1ecc6299db9ec823/solana-sdk-1.7.8/src/signer/keypair.rs:30:12
[INFO] [stdout]    |
[INFO] [stdout] 30 |         R: CryptoRng + RngCore,
[INFO] [stdout]    |            --------- required by this bound in `solana_sdk::signature::Keypair::generate`
[INFO] [stdout] 
[INFO] [stdout] 
[INFO] [stdout] error[E0277]: the trait bound `OsRng: rand_core::RngCore` is not satisfied
[INFO] [stdout]   --> cli/src/bin/deposit-data.rs:44:63
[INFO] [stdout]    |
[INFO] [stdout] 44 |     let client = Client::new(get_cluster(), Keypair::generate(&mut OsRng));
[INFO] [stdout]    |                                                               ^^^^^^^^^^ the trait `rand_core::RngCore` is not implemented for `OsRng`
[INFO] [stdout]    | 
[INFO] [stdout]   ::: /opt/rustwide/cargo-home/registry/src/github.com-1ecc6299db9ec823/solana-sdk-1.7.8/src/signer/keypair.rs:30:24
[INFO] [stdout]    |
[INFO] [stdout] 30 |         R: CryptoRng + RngCore,
[INFO] [stdout]    |                        ------- required by this bound in `solana_sdk::signature::Keypair::generate`
[INFO] [stdout] 
[INFO] [stdout] 
[INFO] [stdout] error: aborting due to 2 previous errors
[INFO] [stdout] 
[INFO] [stdout] 
[INFO] [stdout] For more information about this error, try `rustc --explain E0277`.
[INFO] [stdout] 
[INFO] [stdout] error[E0277]: the trait bound `OsRng: rand_core::CryptoRng` is not satisfied
[INFO] [stdout]   --> cli/src/bin/deposit-nft.rs:43:63
[INFO] [stdout]    |
[INFO] [stdout] 43 |     let deposit_id = solana_sdk::signature::Keypair::generate(&mut OsRng).pubkey();
[INFO] [stdout]    |                                                               ^^^^^^^^^^ the trait `rand_core::CryptoRng` is not implemented for `OsRng`
[INFO] [stdout]    | 
[INFO] [stdout]   ::: /opt/rustwide/cargo-home/registry/src/github.com-1ecc6299db9ec823/solana-sdk-1.7.8/src/signer/keypair.rs:30:12
[INFO] [stdout]    |
[INFO] [stdout] 30 |         R: CryptoRng + RngCore,
[INFO] [stdout]    |            --------- required by this bound in `solana_sdk::signature::Keypair::generate`
[INFO] [stdout] 
[INFO] [stdout] 
[INFO] [stdout] error[E0277]: the trait bound `OsRng: rand_core::RngCore` is not satisfied
[INFO] [stdout]   --> cli/src/bin/deposit-nft.rs:43:63
[INFO] [stdout]    |
[INFO] [stdout] 43 |     let deposit_id = solana_sdk::signature::Keypair::generate(&mut OsRng).pubkey();
[INFO] [stdout]    |                                                               ^^^^^^^^^^ the trait `rand_core::RngCore` is not implemented for `OsRng`
[INFO] [stdout]    | 
[INFO] [stdout]   ::: /opt/rustwide/cargo-home/registry/src/github.com-1ecc6299db9ec823/solana-sdk-1.7.8/src/signer/keypair.rs:30:24
[INFO] [stdout]    |
[INFO] [stdout] 30 |         R: CryptoRng + RngCore,
[INFO] [stdout]    |                        ------- required by this bound in `solana_sdk::signature::Keypair::generate`
[INFO] [stdout] 
[INFO] [stdout] 
[INFO] [stdout] error[E0277]: the trait bound `OsRng: rand_core::CryptoRng` is not satisfied
[INFO] [stdout]   --> cli/src/bin/deposit-nft.rs:43:63
[INFO] [stdout]    |
[INFO] [stdout] 43 |     let deposit_id = solana_sdk::signature::Keypair::generate(&mut OsRng).pubkey();
[INFO] [stdout]    |                                                               ^^^^^^^^^^ the trait `rand_core::CryptoRng` is not implemented for `OsRng`
[INFO] [stdout]    | 
[INFO] [stdout]   ::: /opt/rustwide/cargo-home/registry/src/github.com-1ecc6299db9ec823/solana-sdk-1.7.8/src/signer/keypair.rs:30:12
[INFO] [stdout]    |
[INFO] [stdout] 30 |         R: CryptoRng + RngCore,
[INFO] [stdout]    |            --------- required by this bound in `solana_sdk::signature::Keypair::generate`
[INFO] [stdout] 
[INFO] [stdout] 
[INFO] [stdout] error[E0277]: the trait bound `OsRng: rand_core::RngCore` is not satisfied
[INFO] [stdout]   --> cli/src/bin/deposit-nft.rs:43:63
[INFO] [stdout]    |
[INFO] [stdout] 43 |     let deposit_id = solana_sdk::signature::Keypair::generate(&mut OsRng).pubkey();
[INFO] [stdout]    |                                                               ^^^^^^^^^^ the trait `rand_core::RngCore` is not implemented for `OsRng`
[INFO] [stdout]    | 
[INFO] [stdout]   ::: /opt/rustwide/cargo-home/registry/src/github.com-1ecc6299db9ec823/solana-sdk-1.7.8/src/signer/keypair.rs:30:24
[INFO] [stdout]    |
[INFO] [stdout] 30 |         R: CryptoRng + RngCore,
[INFO] [stdout]    |                        ------- required by this bound in `solana_sdk::signature::Keypair::generate`
[INFO] [stdout] 
[INFO] [stdout] 
[INFO] [stdout] error: aborting due to 2 previous errors
[INFO] [stdout] 
[INFO] [stdout] 
[INFO] [stdout] For more information about this error, try `rustc --explain E0277`.
[INFO] [stdout] 
[INFO] [stdout] error: aborting due to 2 previous errors
[INFO] [stdout] 
[INFO] [stdout] 
[INFO] [stdout] For more information about this error, try `rustc --explain E0277`.
[INFO] [stdout] 
[INFO] [stderr] error: build failed
[INFO] running `Command { std: "docker" "inspect" "25b7e0b48c3464df616d4f58e8af37e36c4b83f0b9be7d6fea68f6302300b6b2", kill_on_drop: false }`
[INFO] running `Command { std: "docker" "rm" "-f" "25b7e0b48c3464df616d4f58e8af37e36c4b83f0b9be7d6fea68f6302300b6b2", kill_on_drop: false }`
[INFO] [stdout] 25b7e0b48c3464df616d4f58e8af37e36c4b83f0b9be7d6fea68f6302300b6b2
