[INFO] cloning repository https://github.com/knoby/DIY-Music-Box
[INFO] running `Command { std: "git" "-c" "credential.helper=" "-c" "credential.helper=/workspace/cargo-home/bin/git-credential-null" "clone" "--bare" "https://github.com/knoby/DIY-Music-Box" "/workspace/cache/git-repos/https%3A%2F%2Fgithub.com%2Fknoby%2FDIY-Music-Box", kill_on_drop: false }`
[INFO] [stderr] Cloning into bare repository '/workspace/cache/git-repos/https%3A%2F%2Fgithub.com%2Fknoby%2FDIY-Music-Box'...
[INFO] running `Command { std: "git" "rev-parse" "HEAD", kill_on_drop: false }`
[INFO] [stdout] d05502ddec414ef08c964f72932aaf436988ee34
[INFO] checking knoby/DIY-Music-Box against beta-2021-10-15 for beta-1.56-3
[INFO] running `Command { std: "git" "clone" "/workspace/cache/git-repos/https%3A%2F%2Fgithub.com%2Fknoby%2FDIY-Music-Box" "/workspace/builds/worker-8/source", kill_on_drop: false }`
[INFO] [stderr] Cloning into '/workspace/builds/worker-8/source'...
[INFO] [stderr] done.
[INFO] validating manifest of git repo https://github.com/knoby/DIY-Music-Box on toolchain beta-2021-10-15
[INFO] running `Command { std: "/workspace/cargo-home/bin/cargo" "+beta-2021-10-15" "metadata" "--manifest-path" "Cargo.toml" "--no-deps", kill_on_drop: false }`
[INFO] removed /workspace/builds/worker-8/source/.cargo/config
[INFO] started tweaking git repo https://github.com/knoby/DIY-Music-Box
[INFO] finished tweaking git repo https://github.com/knoby/DIY-Music-Box
[INFO] tweaked toml for git repo https://github.com/knoby/DIY-Music-Box written to /workspace/builds/worker-8/source/Cargo.toml
[INFO] crate git repo https://github.com/knoby/DIY-Music-Box already has a lockfile, it will not be regenerated
[INFO] running `Command { std: "/workspace/cargo-home/bin/cargo" "+beta-2021-10-15" "fetch" "--manifest-path" "Cargo.toml", kill_on_drop: false }`
[INFO] [stderr]     Updating git repository `https://github.com/knoby/mfrc522`
[INFO] [stderr]  Downloading crates ...
[INFO] [stderr]   Downloaded rtt-target v0.2.2
[INFO] [stderr]   Downloaded panic-rtt-target v0.1.1
[INFO] running `Command { std: "docker" "create" "-v" "/var/lib/crater-agent-workspace/builds/worker-8/target:/opt/rustwide/target:rw,Z" "-v" "/var/lib/crater-agent-workspace/builds/worker-8/source:/opt/rustwide/workdir:ro,Z" "-v" "/var/lib/crater-agent-workspace/cargo-home:/opt/rustwide/cargo-home:ro,Z" "-v" "/var/lib/crater-agent-workspace/rustup-home:/opt/rustwide/rustup-home:ro,Z" "-e" "SOURCE_DIR=/opt/rustwide/workdir" "-e" "CARGO_TARGET_DIR=/opt/rustwide/target" "-e" "CARGO_HOME=/opt/rustwide/cargo-home" "-e" "RUSTUP_HOME=/opt/rustwide/rustup-home" "-w" "/opt/rustwide/workdir" "-m" "1610612736" "--user" "0:0" "--network" "none" "ghcr.io/rust-lang/crates-build-env/linux@sha256:a89201d6b5b9fd45c15d5952ece0a0129e7e80cb26ec023fd59cf09bc26f1604" "/opt/rustwide/cargo-home/bin/cargo" "+beta-2021-10-15" "metadata" "--no-deps" "--format-version=1", kill_on_drop: false }`
[INFO] [stdout] 9a8d826e60d225fa07f62848f1fa018eb8baa46904729b8a92793b5a8562b89c
[INFO] [stderr] WARNING: Your kernel does not support swap limit capabilities or the cgroup is not mounted. Memory limited without swap.
[INFO] running `Command { std: "docker" "start" "-a" "9a8d826e60d225fa07f62848f1fa018eb8baa46904729b8a92793b5a8562b89c", kill_on_drop: false }`
[INFO] running `Command { std: "docker" "inspect" "9a8d826e60d225fa07f62848f1fa018eb8baa46904729b8a92793b5a8562b89c", kill_on_drop: false }`
[INFO] running `Command { std: "docker" "rm" "-f" "9a8d826e60d225fa07f62848f1fa018eb8baa46904729b8a92793b5a8562b89c", kill_on_drop: false }`
[INFO] [stdout] 9a8d826e60d225fa07f62848f1fa018eb8baa46904729b8a92793b5a8562b89c
[INFO] running `Command { std: "docker" "create" "-v" "/var/lib/crater-agent-workspace/builds/worker-8/target:/opt/rustwide/target:rw,Z" "-v" "/var/lib/crater-agent-workspace/builds/worker-8/source:/opt/rustwide/workdir:ro,Z" "-v" "/var/lib/crater-agent-workspace/cargo-home:/opt/rustwide/cargo-home:ro,Z" "-v" "/var/lib/crater-agent-workspace/rustup-home:/opt/rustwide/rustup-home:ro,Z" "-e" "SOURCE_DIR=/opt/rustwide/workdir" "-e" "CARGO_TARGET_DIR=/opt/rustwide/target" "-e" "CARGO_INCREMENTAL=0" "-e" "RUST_BACKTRACE=full" "-e" "RUSTFLAGS=--cap-lints=warn" "-e" "CARGO_HOME=/opt/rustwide/cargo-home" "-e" "RUSTUP_HOME=/opt/rustwide/rustup-home" "-w" "/opt/rustwide/workdir" "-m" "1610612736" "--user" "0:0" "--network" "none" "ghcr.io/rust-lang/crates-build-env/linux@sha256:a89201d6b5b9fd45c15d5952ece0a0129e7e80cb26ec023fd59cf09bc26f1604" "/opt/rustwide/cargo-home/bin/cargo" "+beta-2021-10-15" "check" "--frozen" "--all" "--all-targets" "--message-format=json", kill_on_drop: false }`
[INFO] [stderr] WARNING: Your kernel does not support swap limit capabilities or the cgroup is not mounted. Memory limited without swap.
[INFO] [stdout] 48163b5bffded53fc7fba4699f5d3192178b4c278bd21d957dc32f93c2be8d06
[INFO] running `Command { std: "docker" "start" "-a" "48163b5bffded53fc7fba4699f5d3192178b4c278bd21d957dc32f93c2be8d06", kill_on_drop: false }`
[INFO] [stderr]     Checking stable_deref_trait v1.2.0
[INFO] [stderr]    Compiling syn v1.0.45
[INFO] [stderr]    Compiling cortex-m v0.6.3
[INFO] [stderr]     Checking vcell v0.1.2
[INFO] [stderr]     Checking bitfield v0.13.2
[INFO] [stderr]    Compiling cortex-m-rt v0.6.13
[INFO] [stderr]     Checking ufmt-write v0.1.0
[INFO] [stderr]     Checking nb v1.0.0
[INFO] [stderr]    Compiling heapless v0.5.6
[INFO] [stderr]    Compiling stm32f1 v0.11.0
[INFO] [stderr]     Checking rtic-core v0.3.0
[INFO] [stderr]    Compiling cortex-m-rtic v0.5.5
[INFO] [stderr]    Compiling bare-metal v0.2.5
[INFO] [stderr]    Compiling cast v0.2.3
[INFO] [stderr]    Compiling indexmap v1.6.0
[INFO] [stderr]     Checking hash32 v0.1.1
[INFO] [stderr]     Checking nb v0.1.3
[INFO] [stderr]     Checking volatile-register v0.2.0
[INFO] [stderr]     Checking as-slice v0.1.4
[INFO] [stderr]     Checking embedded-dma v0.1.2
[INFO] [stderr]     Checking embedded-hal v0.2.4
[INFO] [stderr]     Checking mfrc522 v0.2.1 (https://github.com/knoby/mfrc522?rev=de1a26ad741e6c0b6e26869a63bd7330bd6fc962#de1a26ad)
[INFO] [stderr]     Checking aligned v0.3.4
[INFO] [stderr]     Checking rtt-target v0.2.2
[INFO] [stderr]     Checking panic-rtt-target v0.1.1
[INFO] [stderr]    Compiling rtic-syntax v0.4.0
[INFO] [stderr]    Compiling cortex-m-rt-macros v0.1.8
[INFO] [stderr]    Compiling cortex-m-rtic-macros v0.5.2
[INFO] [stderr]     Checking stm32f1xx-hal v0.7.0
[INFO] [stderr]     Checking diy-music-box v0.1.0 (/opt/rustwide/workdir)
[INFO] [stdout] error[E0432]: unresolved import `rtic::cyccnt`
[INFO] [stdout]   --> src/main.rs:16:11
[INFO] [stdout]    |
[INFO] [stdout] 16 | use rtic::cyccnt::U32Ext;
[INFO] [stdout]    |           ^^^^^^ could not find `cyccnt` in `rtic`
[INFO] [stdout] 
[INFO] [stdout] 
[INFO] [stdout] error[E0433]: failed to resolve: could not find `cyccnt` in `rtic`
[INFO] [stdout]   --> src/main.rs:34:53
[INFO] [stdout]    |
[INFO] [stdout] 34 | #[app(device=stm32f1xx_hal::device, monotonic=rtic::cyccnt::CYCCNT, peripherals=true)]
[INFO] [stdout]    |                                                     ^^^^^^ could not find `cyccnt` in `rtic`
[INFO] [stdout] 
[INFO] [stdout] 
[INFO] [stdout] error: language item required, but not found: `eh_personality`
[INFO] [stdout] 
[INFO] [stdout] 
[INFO] [stdout] error[E0432]: unresolved import `rtic::cyccnt`
[INFO] [stdout]   --> src/main.rs:16:11
[INFO] [stdout]    |
[INFO] [stdout] 16 | use rtic::cyccnt::U32Ext;
[INFO] [stdout]    |           ^^^^^^ could not find `cyccnt` in `rtic`
[INFO] [stdout] 
[INFO] [stdout] 
[INFO] [stdout] error[E0433]: failed to resolve: could not find `cyccnt` in `rtic`
[INFO] [stdout]   --> src/main.rs:34:53
[INFO] [stdout]    |
[INFO] [stdout] 34 | #[app(device=stm32f1xx_hal::device, monotonic=rtic::cyccnt::CYCCNT, peripherals=true)]
[INFO] [stdout]    |                                                     ^^^^^^ could not find `cyccnt` in `rtic`
[INFO] [stdout] 
[INFO] [stdout] 
[INFO] [stdout] error: duplicate lang item in crate `std` (which `test` depends on): `panic_impl`.
[INFO] [stdout]   |
[INFO] [stdout]   = note: the lang item is first defined in crate `panic_rtt_target` (which `diy_music_box` depends on)
[INFO] [stdout]   = note: first definition in `panic_rtt_target` loaded from /opt/rustwide/target/debug/deps/libpanic_rtt_target-cb607d79e2dace62.rmeta
[INFO] [stdout]   = note: second definition in `std` loaded from /opt/rustwide/rustup-home/toolchains/beta-2021-10-15-x86_64-unknown-linux-gnu/lib/rustlib/x86_64-unknown-linux-gnu/lib/libstd-9a950938f3668a37.rlib
[INFO] [stdout] 
[INFO] [stdout] 
[INFO] [stdout] error[E0599]: no method named `cycles` found for type `u32` in the current scope
[INFO] [stdout]    --> src/main.rs:213:52
[INFO] [stdout]     |
[INFO] [stdout] 213 |                 .btn_check(cx.start + CYCLES_10_MS.cycles(), app::Button::Up, 0)
[INFO] [stdout]     |                                                    ^^^^^^ method not found in `u32`
[INFO] [stdout] 
[INFO] [stdout] 
[INFO] [stdout] error[E0599]: no method named `cycles` found for type `u32` in the current scope
[INFO] [stdout]    --> src/main.rs:225:52
[INFO] [stdout]     |
[INFO] [stdout] 225 |                 .btn_check(cx.start + CYCLES_10_MS.cycles(), app::Button::Down, 0)
[INFO] [stdout]     |                                                    ^^^^^^ method not found in `u32`
[INFO] [stdout] 
[INFO] [stdout] 
[INFO] [stdout] error[E0599]: no method named `cycles` found for type `u32` in the current scope
[INFO] [stdout]    --> src/main.rs:237:52
[INFO] [stdout]     |
[INFO] [stdout] 237 |                 .btn_check(cx.start + CYCLES_10_MS.cycles(), app::Button::PlayPause, 0)
[INFO] [stdout]     |                                                    ^^^^^^ method not found in `u32`
[INFO] [stdout] 
[INFO] [stdout] 
[INFO] [stdout] error[E0599]: no method named `cycles` found for type `u32` in the current scope
[INFO] [stdout]    --> src/main.rs:199:63
[INFO] [stdout]     |
[INFO] [stdout] 199 |             .check_for_tag(cx.scheduled + (CYCLES_10_MS * 50).cycles())
[INFO] [stdout]     |                                                               ^^^^^^ method not found in `u32`
[INFO] [stdout] 
[INFO] [stdout] 
[INFO] [stdout] error[E0599]: no method named `cycles` found for type `u32` in the current scope
[INFO] [stdout]    --> src/main.rs:252:57
[INFO] [stdout]     |
[INFO] [stdout] 252 |                 .btn_enable(cx.scheduled + CYCLES_10_MS.cycles(), btn)
[INFO] [stdout]     |                                                         ^^^^^^ method not found in `u32`
[INFO] [stdout] 
[INFO] [stdout] 
[INFO] [stdout] error[E0599]: no method named `cycles` found for type `u32` in the current scope
[INFO] [stdout]    --> src/main.rs:263:60
[INFO] [stdout]     |
[INFO] [stdout] 263 |                     .btn_check(cx.scheduled + CYCLES_10_MS.cycles(), btn, iteration + 1)
[INFO] [stdout]     |                                                            ^^^^^^ method not found in `u32`
[INFO] [stdout] 
[INFO] [stdout] 
[INFO] [stdout] error[E0599]: no method named `cycles` found for type `u32` in the current scope
[INFO] [stdout]    --> src/main.rs:270:61
[INFO] [stdout]     |
[INFO] [stdout] 270 |                     .btn_enable(cx.scheduled + CYCLES_10_MS.cycles(), btn)
[INFO] [stdout]     |                                                             ^^^^^^ method not found in `u32`
[INFO] [stdout] 
[INFO] [stdout] 
[INFO] [stdout] error[E0599]: no method named `cycles` found for type `u32` in the current scope
[INFO] [stdout]    --> src/main.rs:294:57
[INFO] [stdout]     |
[INFO] [stdout] 294 |                 .btn_enable(cx.scheduled + CYCLES_10_MS.cycles(), btn)
[INFO] [stdout]     |                                                         ^^^^^^ method not found in `u32`
[INFO] [stdout] 
[INFO] [stdout] 
[INFO] [stdout] error[E0282]: type annotations needed
[INFO] [stdout]   --> src/main.rs:34:1
[INFO] [stdout]    |
[INFO] [stdout] 34 | #[app(device=stm32f1xx_hal::device, monotonic=rtic::cyccnt::CYCCNT, peripherals=true)]
[INFO] [stdout]    | ^^^^^^^^^^^^^^^^^^^^^^^^^^^^^^^^^^^^^^^^^^^^^^^^^^^^^^^^^^^^^^^^^^^^^^^^^^^^^^^^^^^^^^
[INFO] [stdout]    |
[INFO] [stdout]    = note: type must be known at this point
[INFO] [stdout]    = note: this error originates in the attribute macro `app` (in Nightly builds, run with -Z macro-backtrace for more info)
[INFO] [stdout] 
[INFO] [stdout] 
[INFO] [stdout] error: aborting due to 12 previous errors
[INFO] [stdout] 
[INFO] [stdout] 
[INFO] [stdout] Some errors have detailed explanations: E0282, E0432, E0433, E0599.
[INFO] [stdout] 
[INFO] [stdout] For more information about an error, try `rustc --explain E0282`.
[INFO] [stdout] 
[INFO] [stderr] error: could not compile `diy-music-box` due to 13 previous errors
[INFO] [stderr] warning: build failed, waiting for other jobs to finish...
[INFO] [stdout] error[E0599]: no method named `cycles` found for type `u32` in the current scope
[INFO] [stdout]    --> src/main.rs:213:52
[INFO] [stdout]     |
[INFO] [stdout] 213 |                 .btn_check(cx.start + CYCLES_10_MS.cycles(), app::Button::Up, 0)
[INFO] [stdout]     |                                                    ^^^^^^ method not found in `u32`
[INFO] [stdout] 
[INFO] [stdout] 
[INFO] [stdout] error[E0599]: no method named `cycles` found for type `u32` in the current scope
[INFO] [stdout]    --> src/main.rs:225:52
[INFO] [stdout]     |
[INFO] [stdout] 225 |                 .btn_check(cx.start + CYCLES_10_MS.cycles(), app::Button::Down, 0)
[INFO] [stdout]     |                                                    ^^^^^^ method not found in `u32`
[INFO] [stdout] 
[INFO] [stdout] 
[INFO] [stdout] error[E0599]: no method named `cycles` found for type `u32` in the current scope
[INFO] [stdout]    --> src/main.rs:237:52
[INFO] [stdout]     |
[INFO] [stdout] 237 |                 .btn_check(cx.start + CYCLES_10_MS.cycles(), app::Button::PlayPause, 0)
[INFO] [stdout]     |                                                    ^^^^^^ method not found in `u32`
[INFO] [stdout] 
[INFO] [stdout] 
[INFO] [stdout] error[E0599]: no method named `cycles` found for type `u32` in the current scope
[INFO] [stdout]    --> src/main.rs:199:63
[INFO] [stdout]     |
[INFO] [stdout] 199 |             .check_for_tag(cx.scheduled + (CYCLES_10_MS * 50).cycles())
[INFO] [stdout]     |                                                               ^^^^^^ method not found in `u32`
[INFO] [stdout] 
[INFO] [stdout] 
[INFO] [stdout] error[E0599]: no method named `cycles` found for type `u32` in the current scope
[INFO] [stdout]    --> src/main.rs:252:57
[INFO] [stdout]     |
[INFO] [stdout] 252 |                 .btn_enable(cx.scheduled + CYCLES_10_MS.cycles(), btn)
[INFO] [stdout]     |                                                         ^^^^^^ method not found in `u32`
[INFO] [stdout] 
[INFO] [stdout] 
[INFO] [stdout] error[E0599]: no method named `cycles` found for type `u32` in the current scope
[INFO] [stdout]    --> src/main.rs:263:60
[INFO] [stdout]     |
[INFO] [stdout] 263 |                     .btn_check(cx.scheduled + CYCLES_10_MS.cycles(), btn, iteration + 1)
[INFO] [stdout]     |                                                            ^^^^^^ method not found in `u32`
[INFO] [stdout] 
[INFO] [stdout] 
[INFO] [stdout] error[E0599]: no method named `cycles` found for type `u32` in the current scope
[INFO] [stdout]    --> src/main.rs:270:61
[INFO] [stdout]     |
[INFO] [stdout] 270 |                     .btn_enable(cx.scheduled + CYCLES_10_MS.cycles(), btn)
[INFO] [stdout]     |                                                             ^^^^^^ method not found in `u32`
[INFO] [stdout] 
[INFO] [stdout] 
[INFO] [stdout] error[E0599]: no method named `cycles` found for type `u32` in the current scope
[INFO] [stdout]    --> src/main.rs:294:57
[INFO] [stdout]     |
[INFO] [stdout] 294 |                 .btn_enable(cx.scheduled + CYCLES_10_MS.cycles(), btn)
[INFO] [stdout]     |                                                         ^^^^^^ method not found in `u32`
[INFO] [stdout] 
[INFO] [stdout] 
[INFO] [stdout] error[E0282]: type annotations needed
[INFO] [stdout]   --> src/main.rs:34:1
[INFO] [stdout]    |
[INFO] [stdout] 34 | #[app(device=stm32f1xx_hal::device, monotonic=rtic::cyccnt::CYCCNT, peripherals=true)]
[INFO] [stdout]    | ^^^^^^^^^^^^^^^^^^^^^^^^^^^^^^^^^^^^^^^^^^^^^^^^^^^^^^^^^^^^^^^^^^^^^^^^^^^^^^^^^^^^^^
[INFO] [stdout]    |
[INFO] [stdout]    = note: type must be known at this point
[INFO] [stdout]    = note: this error originates in the attribute macro `app` (in Nightly builds, run with -Z macro-backtrace for more info)
[INFO] [stdout] 
[INFO] [stdout] 
[INFO] [stdout] error: aborting due to 12 previous errors
[INFO] [stdout] 
[INFO] [stdout] 
[INFO] [stdout] Some errors have detailed explanations: E0282, E0432, E0433, E0599.
[INFO] [stdout] 
[INFO] [stdout] For more information about an error, try `rustc --explain E0282`.
[INFO] [stdout] 
[INFO] [stderr] error: build failed
[INFO] running `Command { std: "docker" "inspect" "48163b5bffded53fc7fba4699f5d3192178b4c278bd21d957dc32f93c2be8d06", kill_on_drop: false }`
[INFO] running `Command { std: "docker" "rm" "-f" "48163b5bffded53fc7fba4699f5d3192178b4c278bd21d957dc32f93c2be8d06", kill_on_drop: false }`
[INFO] [stdout] 48163b5bffded53fc7fba4699f5d3192178b4c278bd21d957dc32f93c2be8d06
