[INFO] cloning repository https://github.com/kmaork/rust-mic-test
[INFO] running `Command { std: "git" "-c" "credential.helper=" "-c" "credential.helper=/workspace/cargo-home/bin/git-credential-null" "clone" "--bare" "https://github.com/kmaork/rust-mic-test" "/workspace/cache/git-repos/https%3A%2F%2Fgithub.com%2Fkmaork%2Frust-mic-test", kill_on_drop: false }`
[INFO] [stderr] Cloning into bare repository '/workspace/cache/git-repos/https%3A%2F%2Fgithub.com%2Fkmaork%2Frust-mic-test'...
[INFO] running `Command { std: "git" "rev-parse" "HEAD", kill_on_drop: false }`
[INFO] [stdout] 69b2d0caf967442a3ff95405ed3dfc421ac93c38
[INFO] checking kmaork/rust-mic-test against beta-2021-10-15 for beta-1.56-3
[INFO] running `Command { std: "git" "clone" "/workspace/cache/git-repos/https%3A%2F%2Fgithub.com%2Fkmaork%2Frust-mic-test" "/workspace/builds/worker-7/source", kill_on_drop: false }`
[INFO] [stderr] Cloning into '/workspace/builds/worker-7/source'...
[INFO] [stderr] done.
[INFO] validating manifest of git repo https://github.com/kmaork/rust-mic-test on toolchain beta-2021-10-15
[INFO] running `Command { std: "/workspace/cargo-home/bin/cargo" "+beta-2021-10-15" "metadata" "--manifest-path" "Cargo.toml" "--no-deps", kill_on_drop: false }`
[INFO] started tweaking git repo https://github.com/kmaork/rust-mic-test
[INFO] finished tweaking git repo https://github.com/kmaork/rust-mic-test
[INFO] tweaked toml for git repo https://github.com/kmaork/rust-mic-test written to /workspace/builds/worker-7/source/Cargo.toml
[INFO] crate git repo https://github.com/kmaork/rust-mic-test already has a lockfile, it will not be regenerated
[INFO] running `Command { std: "/workspace/cargo-home/bin/cargo" "+beta-2021-10-15" "fetch" "--manifest-path" "Cargo.toml", kill_on_drop: false }`
[INFO] [stderr]     Blocking waiting for file lock on package cache
[INFO] running `Command { std: "docker" "create" "-v" "/var/lib/crater-agent-workspace/builds/worker-7/target:/opt/rustwide/target:rw,Z" "-v" "/var/lib/crater-agent-workspace/builds/worker-7/source:/opt/rustwide/workdir:ro,Z" "-v" "/var/lib/crater-agent-workspace/cargo-home:/opt/rustwide/cargo-home:ro,Z" "-v" "/var/lib/crater-agent-workspace/rustup-home:/opt/rustwide/rustup-home:ro,Z" "-e" "SOURCE_DIR=/opt/rustwide/workdir" "-e" "CARGO_TARGET_DIR=/opt/rustwide/target" "-e" "CARGO_HOME=/opt/rustwide/cargo-home" "-e" "RUSTUP_HOME=/opt/rustwide/rustup-home" "-w" "/opt/rustwide/workdir" "-m" "1610612736" "--user" "0:0" "--network" "none" "ghcr.io/rust-lang/crates-build-env/linux@sha256:a89201d6b5b9fd45c15d5952ece0a0129e7e80cb26ec023fd59cf09bc26f1604" "/opt/rustwide/cargo-home/bin/cargo" "+beta-2021-10-15" "metadata" "--no-deps" "--format-version=1", kill_on_drop: false }`
[INFO] [stdout] 283e7a4415ffdcc7d4726b1c15ba4793e494f32c23fcf9dba9782e353b667feb
[INFO] [stderr] WARNING: Your kernel does not support swap limit capabilities or the cgroup is not mounted. Memory limited without swap.
[INFO] running `Command { std: "docker" "start" "-a" "283e7a4415ffdcc7d4726b1c15ba4793e494f32c23fcf9dba9782e353b667feb", kill_on_drop: false }`
[INFO] running `Command { std: "docker" "inspect" "283e7a4415ffdcc7d4726b1c15ba4793e494f32c23fcf9dba9782e353b667feb", kill_on_drop: false }`
[INFO] running `Command { std: "docker" "rm" "-f" "283e7a4415ffdcc7d4726b1c15ba4793e494f32c23fcf9dba9782e353b667feb", kill_on_drop: false }`
[INFO] [stdout] 283e7a4415ffdcc7d4726b1c15ba4793e494f32c23fcf9dba9782e353b667feb
[INFO] running `Command { std: "docker" "create" "-v" "/var/lib/crater-agent-workspace/builds/worker-7/target:/opt/rustwide/target:rw,Z" "-v" "/var/lib/crater-agent-workspace/builds/worker-7/source:/opt/rustwide/workdir:ro,Z" "-v" "/var/lib/crater-agent-workspace/cargo-home:/opt/rustwide/cargo-home:ro,Z" "-v" "/var/lib/crater-agent-workspace/rustup-home:/opt/rustwide/rustup-home:ro,Z" "-e" "SOURCE_DIR=/opt/rustwide/workdir" "-e" "CARGO_TARGET_DIR=/opt/rustwide/target" "-e" "CARGO_INCREMENTAL=0" "-e" "RUST_BACKTRACE=full" "-e" "RUSTFLAGS=--cap-lints=warn" "-e" "CARGO_HOME=/opt/rustwide/cargo-home" "-e" "RUSTUP_HOME=/opt/rustwide/rustup-home" "-w" "/opt/rustwide/workdir" "-m" "1610612736" "--user" "0:0" "--network" "none" "ghcr.io/rust-lang/crates-build-env/linux@sha256:a89201d6b5b9fd45c15d5952ece0a0129e7e80cb26ec023fd59cf09bc26f1604" "/opt/rustwide/cargo-home/bin/cargo" "+beta-2021-10-15" "check" "--frozen" "--all" "--all-targets" "--message-format=json", kill_on_drop: false }`
[INFO] [stdout] 1eb3545cfdce85c5a5ea51eae773ee0d87939ae43977b0b54b4eae3eddde5b64
[INFO] [stderr] WARNING: Your kernel does not support swap limit capabilities or the cgroup is not mounted. Memory limited without swap.
[INFO] running `Command { std: "docker" "start" "-a" "1eb3545cfdce85c5a5ea51eae773ee0d87939ae43977b0b54b4eae3eddde5b64", kill_on_drop: false }`
[INFO] [stderr]    Compiling syn v1.0.35
[INFO] [stderr]    Compiling libloading v0.6.2
[INFO] [stderr]     Checking piston-graphics_api_version v0.2.0
[INFO] [stderr]     Checking bytemuck v1.2.0
[INFO] [stderr]     Checking piston-shaders_graphics2d v0.3.1
[INFO] [stderr]    Compiling palette v0.5.0
[INFO] [stderr]    Compiling cpal v0.12.1
[INFO] [stderr]    Compiling num-traits v0.2.12
[INFO] [stderr]    Compiling num-integer v0.1.43
[INFO] [stderr]    Compiling num-rational v0.3.0
[INFO] [stderr]    Compiling num-iter v0.1.41
[INFO] [stderr]    Compiling cmake v0.1.44
[INFO] [stderr]    Compiling libloading v0.5.2
[INFO] [stderr]    Compiling alsa-sys v0.3.0
[INFO] [stderr]     Checking shared_library v0.1.9
[INFO] [stderr]     Checking raw-window-handle v0.3.3
[INFO] [stderr]     Checking nix v0.14.1
[INFO] [stderr]     Checking nix v0.15.0
[INFO] [stderr]    Compiling gl_generator v0.13.1
[INFO] [stderr]     Checking deflate v0.8.6
[INFO] [stderr]     Checking tiff v0.5.0
[INFO] [stderr]     Checking x11-dl v2.18.5
[INFO] [stderr]     Checking dirs v2.0.2
[INFO] [stderr]     Checking gfx_core v0.9.2
[INFO] [stderr]     Checking shader_version v0.6.0
[INFO] [stderr]    Compiling gfx_gl v0.6.1
[INFO] [stderr]    Compiling gl v0.11.0
[INFO] [stderr]     Checking osmesa-sys v0.1.2
[INFO] [stderr]     Checking crossbeam-deque v0.7.3
[INFO] [stderr]     Checking parking_lot_core v0.6.2
[INFO] [stderr]     Checking png v0.16.7
[INFO] [stderr]    Compiling servo-freetype-sys v4.0.5
[INFO] [stderr]    Compiling expat-sys v2.1.6
[INFO] [stderr]     Checking rayon-core v1.7.1
[INFO] [stderr]     Checking dlib v0.4.2
[INFO] [stderr]     Checking parking_lot v0.9.0
[INFO] [stderr]     Checking wayland-sys v0.21.13
[INFO] [stderr]     Checking gfx v0.18.2
[INFO] [stderr]    Compiling servo-fontconfig-sys v4.0.9
[INFO] [stderr]     Checking rayon v1.3.1
[INFO] [stderr]     Checking freetype v0.4.1
[INFO] [stderr]    Compiling glutin_egl_sys v0.1.4
[INFO] [stderr]    Compiling glutin_glx_sys v0.1.6
[INFO] [stderr]     Checking servo-fontconfig v0.4.0
[INFO] [stderr]     Checking font-kit v0.7.1
[INFO] [stderr]     Checking approx v0.3.2
[INFO] [stderr]     Checking ordered-float v1.1.0
[INFO] [stderr]     Checking line_drawing v0.7.0
[INFO] [stderr]     Checking rusttype v0.8.3
[INFO] [stderr]     Checking chrono v0.4.13
[INFO] [stderr]     Checking rusttype v0.7.9
[INFO] [stderr]     Checking piston2d-graphics v0.36.0
[INFO] [stderr]     Checking andrew v0.2.1
[INFO] [stderr]     Checking wayland-commons v0.21.13
[INFO] [stderr]     Checking alsa v0.4.2
[INFO] [stderr]     Checking wayland-client v0.21.13
[INFO] [stderr]     Checking jpeg-decoder v0.1.20
[INFO] [stderr]     Checking wayland-protocols v0.21.13
[INFO] [stderr]     Checking image v0.23.7
[INFO] [stderr]     Checking gfx_device_gl v0.16.2
[INFO] [stderr]     Checking smithay-client-toolkit v0.4.6
[INFO] [stderr]    Compiling serde_derive v1.0.114
[INFO] [stderr]    Compiling palette_derive v0.5.0
[INFO] [stderr]    Compiling thiserror-impl v1.0.20
[INFO] [stderr]     Checking piston-gfx_texture v0.41.0
[INFO] [stderr]     Checking piston2d-gfx_graphics v0.68.0
[INFO] [stderr]     Checking winit v0.19.5
[INFO] [stderr]     Checking thiserror v1.0.20
[INFO] [stderr]     Checking glutin v0.21.2
[INFO] [stderr]     Checking pistoncore-input v0.28.1
[INFO] [stderr]     Checking pistoncore-window v0.44.0
[INFO] [stderr]     Checking pistoncore-event_loop v0.49.0
[INFO] [stderr]     Checking pistoncore-glutin_window v0.63.0
[INFO] [stderr]     Checking piston v0.49.0
[INFO] [stderr]     Checking piston_window v0.108.0
[INFO] [stderr]     Checking plotters v0.2.15
[INFO] [stderr]     Checking rust-mic-test v0.1.0 (/opt/rustwide/workdir)
[INFO] [stdout] error[E0554]: `#![feature]` may not be used on the beta release channel
[INFO] [stdout]  --> src/lib.rs:1:1
[INFO] [stdout]   |
[INFO] [stdout] 1 | #![feature(associated_type_bounds)]
[INFO] [stdout]   | ^^^^^^^^^^^^^^^^^^^^^^^^^^^^^^^^^^^
[INFO] [stdout] 
[INFO] [stdout] 
[INFO] [stderr] error: could not compile `rust-mic-test` due to 2 previous errors
[INFO] [stdout] error: aborting due to previous error
[INFO] [stdout] 
[INFO] [stdout] 
[INFO] [stderr] warning: build failed, waiting for other jobs to finish...
[INFO] [stdout] For more information about this error, try `rustc --explain E0554`.
[INFO] [stdout] 
[INFO] [stdout] error[E0554]: `#![feature]` may not be used on the beta release channel
[INFO] [stdout]  --> src/lib.rs:1:1
[INFO] [stdout]   |
[INFO] [stdout] 1 | #![feature(associated_type_bounds)]
[INFO] [stdout]   | ^^^^^^^^^^^^^^^^^^^^^^^^^^^^^^^^^^^
[INFO] [stdout] 
[INFO] [stdout] 
[INFO] [stdout] error[E0599]: no function or associated item named `new_default` found for struct `roller::Roller` in the current scope
[INFO] [stdout]   --> src/rolling/roller.rs:32:47
[INFO] [stdout]    |
[INFO] [stdout] 2  | pub struct Roller<T> {
[INFO] [stdout]    | -------------------- function or associated item `new_default` not found for this
[INFO] [stdout] ...
[INFO] [stdout] 32 |         let mut roller: Roller<i16> = Roller::new_default(3);
[INFO] [stdout]    |                                               ^^^^^^^^^^^ function or associated item not found in `roller::Roller<_>`
[INFO] [stdout] 
[INFO] [stdout] 
[INFO] [stdout] error[E0599]: no function or associated item named `new_default` found for struct `chunk_roller::ChunkRoller` in the current scope
[INFO] [stdout]   --> src/rolling/chunk_roller.rs:41:63
[INFO] [stdout]    |
[INFO] [stdout] 5  | pub struct ChunkRoller<T> {
[INFO] [stdout]    | ------------------------- function or associated item `new_default` not found for this
[INFO] [stdout] ...
[INFO] [stdout] 41 |         let mut chunk_roller: ChunkRoller<i16> = ChunkRoller::new_default(3);
[INFO] [stdout]    |                                                               ^^^^^^^^^^^ function or associated item not found in `chunk_roller::ChunkRoller<_>`
[INFO] [stdout] 
[INFO] [stdout] 
[INFO] [stdout] error: aborting due to 3 previous errors
[INFO] [stdout] 
[INFO] [stdout] 
[INFO] [stdout] Some errors have detailed explanations: E0554, E0599.
[INFO] [stdout] 
[INFO] [stdout] For more information about an error, try `rustc --explain E0554`.
[INFO] [stdout] 
[INFO] [stderr] error: build failed
[INFO] running `Command { std: "docker" "inspect" "1eb3545cfdce85c5a5ea51eae773ee0d87939ae43977b0b54b4eae3eddde5b64", kill_on_drop: false }`
[INFO] running `Command { std: "docker" "rm" "-f" "1eb3545cfdce85c5a5ea51eae773ee0d87939ae43977b0b54b4eae3eddde5b64", kill_on_drop: false }`
[INFO] [stdout] 1eb3545cfdce85c5a5ea51eae773ee0d87939ae43977b0b54b4eae3eddde5b64
