[INFO] cloning repository https://github.com/km-tr/rustlings
[INFO] running `Command { std: "git" "-c" "credential.helper=" "-c" "credential.helper=/workspace/cargo-home/bin/git-credential-null" "clone" "--bare" "https://github.com/km-tr/rustlings" "/workspace/cache/git-repos/https%3A%2F%2Fgithub.com%2Fkm-tr%2Frustlings", kill_on_drop: false }`
[INFO] [stderr] Cloning into bare repository '/workspace/cache/git-repos/https%3A%2F%2Fgithub.com%2Fkm-tr%2Frustlings'...
[INFO] running `Command { std: "git" "rev-parse" "HEAD", kill_on_drop: false }`
[INFO] [stdout] 965bd57ff9b3f6c6e9cd16f6e5f779de68ce1f5f
[INFO] checking km-tr/rustlings against 1.55.0 for beta-1.56-3
[INFO] running `Command { std: "git" "clone" "/workspace/cache/git-repos/https%3A%2F%2Fgithub.com%2Fkm-tr%2Frustlings" "/workspace/builds/worker-5/source", kill_on_drop: false }`
[INFO] [stderr] Cloning into '/workspace/builds/worker-5/source'...
[INFO] [stderr] done.
[INFO] validating manifest of git repo https://github.com/km-tr/rustlings on toolchain 1.55.0
[INFO] running `Command { std: "/workspace/cargo-home/bin/cargo" "+1.55.0" "metadata" "--manifest-path" "Cargo.toml" "--no-deps", kill_on_drop: false }`
[INFO] started tweaking git repo https://github.com/km-tr/rustlings
[INFO] finished tweaking git repo https://github.com/km-tr/rustlings
[INFO] tweaked toml for git repo https://github.com/km-tr/rustlings written to /workspace/builds/worker-5/source/Cargo.toml
[INFO] running `Command { std: "/workspace/cargo-home/bin/cargo" "+1.55.0" "generate-lockfile" "--manifest-path" "Cargo.toml" "-Zno-index-update", kill_on_drop: false }`
[INFO] running `Command { std: "/workspace/cargo-home/bin/cargo" "+1.55.0" "fetch" "--manifest-path" "Cargo.toml", kill_on_drop: false }`
[INFO] running `Command { std: "docker" "create" "-v" "/var/lib/crater-agent-workspace/builds/worker-5/target:/opt/rustwide/target:rw,Z" "-v" "/var/lib/crater-agent-workspace/builds/worker-5/source:/opt/rustwide/workdir:ro,Z" "-v" "/var/lib/crater-agent-workspace/cargo-home:/opt/rustwide/cargo-home:ro,Z" "-v" "/var/lib/crater-agent-workspace/rustup-home:/opt/rustwide/rustup-home:ro,Z" "-e" "SOURCE_DIR=/opt/rustwide/workdir" "-e" "CARGO_TARGET_DIR=/opt/rustwide/target" "-e" "CARGO_HOME=/opt/rustwide/cargo-home" "-e" "RUSTUP_HOME=/opt/rustwide/rustup-home" "-w" "/opt/rustwide/workdir" "-m" "1610612736" "--user" "0:0" "--network" "none" "ghcr.io/rust-lang/crates-build-env/linux@sha256:a89201d6b5b9fd45c15d5952ece0a0129e7e80cb26ec023fd59cf09bc26f1604" "/opt/rustwide/cargo-home/bin/cargo" "+1.55.0" "metadata" "--no-deps" "--format-version=1", kill_on_drop: false }`
[INFO] [stdout] 4c95db6e233feccbfcdb47979de8edb14c67feec6c49898780c0497694a00d60
[INFO] [stderr] WARNING: Your kernel does not support swap limit capabilities or the cgroup is not mounted. Memory limited without swap.
[INFO] running `Command { std: "docker" "start" "-a" "4c95db6e233feccbfcdb47979de8edb14c67feec6c49898780c0497694a00d60", kill_on_drop: false }`
[INFO] running `Command { std: "docker" "inspect" "4c95db6e233feccbfcdb47979de8edb14c67feec6c49898780c0497694a00d60", kill_on_drop: false }`
[INFO] running `Command { std: "docker" "rm" "-f" "4c95db6e233feccbfcdb47979de8edb14c67feec6c49898780c0497694a00d60", kill_on_drop: false }`
[INFO] [stdout] 4c95db6e233feccbfcdb47979de8edb14c67feec6c49898780c0497694a00d60
[INFO] running `Command { std: "docker" "create" "-v" "/var/lib/crater-agent-workspace/builds/worker-5/target:/opt/rustwide/target:rw,Z" "-v" "/var/lib/crater-agent-workspace/builds/worker-5/source:/opt/rustwide/workdir:ro,Z" "-v" "/var/lib/crater-agent-workspace/cargo-home:/opt/rustwide/cargo-home:ro,Z" "-v" "/var/lib/crater-agent-workspace/rustup-home:/opt/rustwide/rustup-home:ro,Z" "-e" "SOURCE_DIR=/opt/rustwide/workdir" "-e" "CARGO_TARGET_DIR=/opt/rustwide/target" "-e" "CARGO_INCREMENTAL=0" "-e" "RUST_BACKTRACE=full" "-e" "RUSTFLAGS=--cap-lints=warn" "-e" "CARGO_HOME=/opt/rustwide/cargo-home" "-e" "RUSTUP_HOME=/opt/rustwide/rustup-home" "-w" "/opt/rustwide/workdir" "-m" "1610612736" "--user" "0:0" "--network" "none" "ghcr.io/rust-lang/crates-build-env/linux@sha256:a89201d6b5b9fd45c15d5952ece0a0129e7e80cb26ec023fd59cf09bc26f1604" "/opt/rustwide/cargo-home/bin/cargo" "+1.55.0" "check" "--frozen" "--all" "--all-targets" "--message-format=json", kill_on_drop: false }`
[INFO] [stdout] 7b56528f4e32d76f6a8755447c5f1a655b1c01cbacde589ee00f7ed001925d48
[INFO] [stderr] WARNING: Your kernel does not support swap limit capabilities or the cgroup is not mounted. Memory limited without swap.
[INFO] running `Command { std: "docker" "start" "-a" "7b56528f4e32d76f6a8755447c5f1a655b1c01cbacde589ee00f7ed001925d48", kill_on_drop: false }`
[INFO] [stderr]    Compiling escargot v0.5.2
[INFO] [stderr]     Checking tests_intro v0.1.0 (/opt/rustwide/workdir/Writing Automated Tests/Tests/Intro)
[INFO] [stderr]     Checking iterator3 v0.1.0 (/opt/rustwide/workdir/Iterators and Closures/Standard Library Types/Iterator)
[INFO] [stderr]     Checking matching_result v0.1.0 (/opt/rustwide/workdir/Recoverable and Unrecoverable Errors/Error Handling/Matching Result)
[INFO] [stderr]     Checking iterators4 v0.1.0 (/opt/rustwide/workdir/Iterators and Closures/Standard Library Types/Factorial)
[INFO] [stderr]     Checking result1 v0.1.0 (/opt/rustwide/workdir/Recoverable and Unrecoverable Errors/Error Handling/Result)
[INFO] [stderr]     Checking testing_task v0.1.0 (/opt/rustwide/workdir/Writing Automated Tests/Tests/Testing Task)
[INFO] [stderr]     Checking calculate_price v0.1.0 (/opt/rustwide/workdir/Common Programming Concepts/Variables and Functions Test/Calculate Price)
[INFO] [stderr]     Checking returning_result v0.1.0 (/opt/rustwide/workdir/Recoverable and Unrecoverable Errors/Error Handling/Returning Result)
[INFO] [stderr]     Checking if_task v0.1.0 (/opt/rustwide/workdir/Common Programming Concepts/If/If Task)
[INFO] [stderr]     Checking errorsn v0.1.0 (/opt/rustwide/workdir/Recoverable and Unrecoverable Errors/Error Handling/Multiple Errors)
[INFO] [stderr]     Checking times_two_tests v0.1.0 (/opt/rustwide/workdir/Writing Automated Tests/Tests Test/Times Two Tests)
[INFO] [stderr]     Checking threads_intro v0.1.0 (/opt/rustwide/workdir/Fearless Concurrency/Threads/Intro)
[INFO] [stderr]     Checking stdlib_intro v0.1.0 (/opt/rustwide/workdir/Iterators and Closures/Standard Library Types/Intro)
[INFO] [stderr]     Checking borrow v0.1.0 (/opt/rustwide/workdir/Understanding Ownership/Move Semantics/Borrow)
[INFO] [stderr]     Checking scalar_types v0.1.0 (/opt/rustwide/workdir/Common Programming Concepts/Data Types/Scalar Types)
[INFO] [stderr]     Checking macro_test v0.1.0 (/opt/rustwide/workdir/Modules and Macros/Macros and Modules Test/Test Task)
[INFO] [stderr]     Checking return_type v0.1.0 (/opt/rustwide/workdir/Common Programming Concepts/Functions/Return Type)
[INFO] [stdout] error: expected identifier, found `?`
[INFO] [stdout]  --> Recoverable and Unrecoverable Errors/Error Handling/Multiple Errors/src/lib.rs:6:82
[INFO] [stdout]   |
[INFO] [stdout] 6 | pub fn read_and_validate(b: &mut io::BufRead) -> Result<PositiveNonzeroInteger, ???> {
[INFO] [stdout]   |                                                                                  ^ expected identifier
[INFO] [stdout] 
[INFO] [stdout] 
[INFO] [stdout] error: aborting due to previous error
[INFO] [stdout] 
[INFO] [stdout] 
[INFO] [stderr] error: could not compile `errorsn` due to 2 previous errors
[INFO] [stderr] warning: build failed, waiting for other jobs to finish...
[INFO] [stdout] error[E0308]: mismatched types
[INFO] [stdout]  --> Iterators and Closures/Standard Library Types/Factorial/src/lib.rs:1:31
[INFO] [stdout]   |
[INFO] [stdout] 1 | pub fn factorial(num: u64) -> u64 {
[INFO] [stdout]   |        ---------              ^^^ expected `u64`, found `()`
[INFO] [stdout]   |        |
[INFO] [stdout]   |        implicitly returns `()` as its body has no tail or `return` expression
[INFO] [stdout] 
[INFO] [stdout] 
[INFO] [stdout] error: aborting due to previous error
[INFO] [stdout] 
[INFO] [stdout] 
[INFO] [stdout] For more information about this error, try `rustc --explain E0308`.
[INFO] [stdout] 
[INFO] [stdout] error: expected identifier, found `?`
[INFO] [stdout]  --> Recoverable and Unrecoverable Errors/Error Handling/Multiple Errors/src/lib.rs:6:82
[INFO] [stdout]   |
[INFO] [stdout] 6 | pub fn read_and_validate(b: &mut io::BufRead) -> Result<PositiveNonzeroInteger, ???> {
[INFO] [stdout]   |                                                                                  ^ expected identifier
[INFO] [stdout] 
[INFO] [stdout] 
[INFO] [stdout] error: aborting due to previous error
[INFO] [stdout] 
[INFO] [stdout] 
[INFO] [stdout] warning: unused import: `std::cmp::Ordering`
[INFO] [stdout]  --> Common Programming Concepts/Variables and Functions Test/Calculate Price/src/lib.rs:1:5
[INFO] [stdout]   |
[INFO] [stdout] 1 | use std::cmp::Ordering;
[INFO] [stdout]   |     ^^^^^^^^^^^^^^^^^^
[INFO] [stdout]   |
[INFO] [stdout]   = note: `#[warn(unused_imports)]` on by default
[INFO] [stdout] 
[INFO] [stdout] 
[INFO] [stdout] warning: unused import: `std::error::Error`
[INFO] [stdout]  --> Recoverable and Unrecoverable Errors/Error Handling/Returning Result/src/lib.rs:1:5
[INFO] [stdout]   |
[INFO] [stdout] 1 | use std::error::Error;
[INFO] [stdout]   |     ^^^^^^^^^^^^^^^^^
[INFO] [stdout]   |
[INFO] [stdout]   = note: `#[warn(unused_imports)]` on by default
[INFO] [stdout] 
[INFO] [stdout] 
[INFO] [stdout] error[E0308]: mismatched types
[INFO] [stdout]  --> Common Programming Concepts/If/If Task/src/lib.rs:1:34
[INFO] [stdout]   |
[INFO] [stdout] 1 | pub fn bigger(a: i32, b: i32) -> i32 {
[INFO] [stdout]   |        ------                    ^^^ expected `i32`, found `()`
[INFO] [stdout]   |        |
[INFO] [stdout]   |        implicitly returns `()` as its body has no tail or `return` expression
[INFO] [stdout] 
[INFO] [stdout] 
[INFO] [stdout] error: aborting due to previous error
[INFO] [stdout] 
[INFO] [stdout] 
[INFO] [stdout] For more information about this error, try `rustc --explain E0308`.
[INFO] [stdout] 
[INFO] [stdout] warning: 1 warning emitted
[INFO] [stdout] 
[INFO] [stdout] 
[INFO] [stdout] error[E0369]: cannot multiply `Result<i32, ParseIntError>` by `{integer}`
[INFO] [stdout]  --> Recoverable and Unrecoverable Errors/Error Handling/Matching Result/src/lib.rs:8:12
[INFO] [stdout]   |
[INFO] [stdout] 8 |     Ok(qty * cost_per_item + processing_fee)
[INFO] [stdout]   |        --- ^ ------------- {integer}
[INFO] [stdout]   |        |
[INFO] [stdout]   |        Result<i32, ParseIntError>
[INFO] [stdout] 
[INFO] [stdout] 
[INFO] [stdout] warning: unused import: `std::cmp::Ordering`
[INFO] [stdout]  --> Recoverable and Unrecoverable Errors/Error Handling/Result/src/lib.rs:1:5
[INFO] [stdout]   |
[INFO] [stdout] 1 | use std::cmp::Ordering;
[INFO] [stdout]   |     ^^^^^^^^^^^^^^^^^^
[INFO] [stdout]   |
[INFO] [stdout]   = note: `#[warn(unused_imports)]` on by default
[INFO] [stdout] 
[INFO] [stdout] 
[INFO] [stdout] error: aborting due to previous error
[INFO] [stdout] 
[INFO] [stdout] 
[INFO] [stdout] For more information about this error, try `rustc --explain E0369`.
[INFO] [stdout] 
[INFO] [stdout] warning: 1 warning emitted
[INFO] [stdout] 
[INFO] [stdout] 
[INFO] [stdout] warning: associated function is never used: `can_hold`
[INFO] [stdout]  --> Writing Automated Tests/Tests/Intro/src/lib.rs:8:8
[INFO] [stdout]   |
[INFO] [stdout] 8 |     fn can_hold(&self, other: &Rectangle) -> bool {
[INFO] [stdout]   |        ^^^^^^^^
[INFO] [stdout]   |
[INFO] [stdout]   = note: `#[warn(dead_code)]` on by default
[INFO] [stdout] 
[INFO] [stdout] 
[INFO] [stdout] error[E0308]: mismatched types
[INFO] [stdout]   --> Iterators and Closures/Standard Library Types/Iterator/src/lib.rs:15:34
[INFO] [stdout]    |
[INFO] [stdout] 15 | pub fn divide(a: i32, b: i32) -> Result<i32, DivisionError> {
[INFO] [stdout]    |        ------                    ^^^^^^^^^^^^^^^^^^^^^^^^^^ expected enum `Result`, found `()`
[INFO] [stdout]    |        |
[INFO] [stdout]    |        implicitly returns `()` as its body has no tail or `return` expression
[INFO] [stdout]    |
[INFO] [stdout]    = note:   expected enum `Result<i32, DivisionError>`
[INFO] [stdout]            found unit type `()`
[INFO] [stdout] 
[INFO] [stdout] 
[INFO] [stdout] warning: 1 warning emitted
[INFO] [stdout] 
[INFO] [stdout] 
[INFO] [stdout] error: aborting due to previous error
[INFO] [stdout] 
[INFO] [stdout] 
[INFO] [stdout] For more information about this error, try `rustc --explain E0308`.
[INFO] [stdout] 
[INFO] [stdout] warning: 1 warning emitted
[INFO] [stdout] 
[INFO] [stdout] 
[INFO] [stdout] error: expected type, found `{`
[INFO] [stdout]  --> Common Programming Concepts/Functions/Return Type/src/main.rs:6:50
[INFO] [stdout]   |
[INFO] [stdout] 6 | fn sale_price(price: i32) -> /*put a type here*/ {
[INFO] [stdout]   |                                                  ^ expected type
[INFO] [stdout] 
[INFO] [stdout] 
[INFO] [stdout] error: aborting due to previous error
[INFO] [stdout] 
[INFO] [stdout] 
[INFO] [stdout] error: cannot find macro `my_macro` in this scope
[INFO] [stdout]  --> Modules and Macros/Macros and Modules Test/Test Task/src/main.rs:4:8
[INFO] [stdout]   |
[INFO] [stdout] 4 |     if my_macro!("world!") != "Hello world!" {
[INFO] [stdout]   |        ^^^^^^^^
[INFO] [stdout] 
[INFO] [stdout] 
[INFO] [stdout] error: aborting due to previous error
[INFO] [stdout] 
[INFO] [stdout] 
[INFO] [stderr] error: build failed
[INFO] running `Command { std: "docker" "inspect" "7b56528f4e32d76f6a8755447c5f1a655b1c01cbacde589ee00f7ed001925d48", kill_on_drop: false }`
[INFO] running `Command { std: "docker" "rm" "-f" "7b56528f4e32d76f6a8755447c5f1a655b1c01cbacde589ee00f7ed001925d48", kill_on_drop: false }`
[INFO] [stdout] 7b56528f4e32d76f6a8755447c5f1a655b1c01cbacde589ee00f7ed001925d48
