[INFO] cloning repository https://github.com/klugdossier/Storage-Controller
[INFO] running `Command { std: "git" "-c" "credential.helper=" "-c" "credential.helper=/workspace/cargo-home/bin/git-credential-null" "clone" "--bare" "https://github.com/klugdossier/Storage-Controller" "/workspace/cache/git-repos/https%3A%2F%2Fgithub.com%2Fklugdossier%2FStorage-Controller", kill_on_drop: false }`
[INFO] [stderr] Cloning into bare repository '/workspace/cache/git-repos/https%3A%2F%2Fgithub.com%2Fklugdossier%2FStorage-Controller'...
[INFO] running `Command { std: "git" "rev-parse" "HEAD", kill_on_drop: false }`
[INFO] [stdout] 09a47f8ff83dc9cc89b3863254ff231b0e6071eb
[INFO] checking klugdossier/Storage-Controller against 1.55.0 for beta-1.56-3
[INFO] running `Command { std: "git" "clone" "/workspace/cache/git-repos/https%3A%2F%2Fgithub.com%2Fklugdossier%2FStorage-Controller" "/workspace/builds/worker-0/source", kill_on_drop: false }`
[INFO] [stderr] Cloning into '/workspace/builds/worker-0/source'...
[INFO] [stderr] done.
[INFO] validating manifest of git repo https://github.com/klugdossier/Storage-Controller on toolchain 1.55.0
[INFO] running `Command { std: "/workspace/cargo-home/bin/cargo" "+1.55.0" "metadata" "--manifest-path" "Cargo.toml" "--no-deps", kill_on_drop: false }`
[INFO] started tweaking git repo https://github.com/klugdossier/Storage-Controller
[INFO] finished tweaking git repo https://github.com/klugdossier/Storage-Controller
[INFO] tweaked toml for git repo https://github.com/klugdossier/Storage-Controller written to /workspace/builds/worker-0/source/Cargo.toml
[INFO] crate git repo https://github.com/klugdossier/Storage-Controller already has a lockfile, it will not be regenerated
[INFO] running `Command { std: "/workspace/cargo-home/bin/cargo" "+1.55.0" "fetch" "--manifest-path" "Cargo.toml", kill_on_drop: false }`
[INFO] [stderr]     Blocking waiting for file lock on package cache
[INFO] [stderr]     Blocking waiting for file lock on package cache
[INFO] running `Command { std: "docker" "create" "-v" "/var/lib/crater-agent-workspace/builds/worker-0/target:/opt/rustwide/target:rw,Z" "-v" "/var/lib/crater-agent-workspace/builds/worker-0/source:/opt/rustwide/workdir:ro,Z" "-v" "/var/lib/crater-agent-workspace/cargo-home:/opt/rustwide/cargo-home:ro,Z" "-v" "/var/lib/crater-agent-workspace/rustup-home:/opt/rustwide/rustup-home:ro,Z" "-e" "SOURCE_DIR=/opt/rustwide/workdir" "-e" "CARGO_TARGET_DIR=/opt/rustwide/target" "-e" "CARGO_HOME=/opt/rustwide/cargo-home" "-e" "RUSTUP_HOME=/opt/rustwide/rustup-home" "-w" "/opt/rustwide/workdir" "-m" "1610612736" "--user" "0:0" "--network" "none" "ghcr.io/rust-lang/crates-build-env/linux@sha256:a89201d6b5b9fd45c15d5952ece0a0129e7e80cb26ec023fd59cf09bc26f1604" "/opt/rustwide/cargo-home/bin/cargo" "+1.55.0" "metadata" "--no-deps" "--format-version=1", kill_on_drop: false }`
[INFO] [stdout] c9bc1a171971e92ab1d2e95bf7bd04d18a8c35c511a4cc4102b3c5ff88ebe979
[INFO] [stderr] WARNING: Your kernel does not support swap limit capabilities or the cgroup is not mounted. Memory limited without swap.
[INFO] running `Command { std: "docker" "start" "-a" "c9bc1a171971e92ab1d2e95bf7bd04d18a8c35c511a4cc4102b3c5ff88ebe979", kill_on_drop: false }`
[INFO] running `Command { std: "docker" "inspect" "c9bc1a171971e92ab1d2e95bf7bd04d18a8c35c511a4cc4102b3c5ff88ebe979", kill_on_drop: false }`
[INFO] running `Command { std: "docker" "rm" "-f" "c9bc1a171971e92ab1d2e95bf7bd04d18a8c35c511a4cc4102b3c5ff88ebe979", kill_on_drop: false }`
[INFO] [stdout] c9bc1a171971e92ab1d2e95bf7bd04d18a8c35c511a4cc4102b3c5ff88ebe979
[INFO] running `Command { std: "docker" "create" "-v" "/var/lib/crater-agent-workspace/builds/worker-0/target:/opt/rustwide/target:rw,Z" "-v" "/var/lib/crater-agent-workspace/builds/worker-0/source:/opt/rustwide/workdir:ro,Z" "-v" "/var/lib/crater-agent-workspace/cargo-home:/opt/rustwide/cargo-home:ro,Z" "-v" "/var/lib/crater-agent-workspace/rustup-home:/opt/rustwide/rustup-home:ro,Z" "-e" "SOURCE_DIR=/opt/rustwide/workdir" "-e" "CARGO_TARGET_DIR=/opt/rustwide/target" "-e" "CARGO_INCREMENTAL=0" "-e" "RUST_BACKTRACE=full" "-e" "RUSTFLAGS=--cap-lints=warn" "-e" "CARGO_HOME=/opt/rustwide/cargo-home" "-e" "RUSTUP_HOME=/opt/rustwide/rustup-home" "-w" "/opt/rustwide/workdir" "-m" "1610612736" "--user" "0:0" "--network" "none" "ghcr.io/rust-lang/crates-build-env/linux@sha256:a89201d6b5b9fd45c15d5952ece0a0129e7e80cb26ec023fd59cf09bc26f1604" "/opt/rustwide/cargo-home/bin/cargo" "+1.55.0" "check" "--frozen" "--all" "--all-targets" "--message-format=json", kill_on_drop: false }`
[INFO] [stdout] a6d38096c9a1f3be405bbe81560a830bd4afdbc5cd6e77e3d9eb75226debf136
[INFO] [stderr] WARNING: Your kernel does not support swap limit capabilities or the cgroup is not mounted. Memory limited without swap.
[INFO] running `Command { std: "docker" "start" "-a" "a6d38096c9a1f3be405bbe81560a830bd4afdbc5cd6e77e3d9eb75226debf136", kill_on_drop: false }`
[INFO] [stderr]     Blocking waiting for file lock on package cache
[INFO] [stderr]    Compiling libc v0.2.80
[INFO] [stderr]    Compiling syn v1.0.34
[INFO] [stderr]    Compiling log v0.4.11
[INFO] [stderr]    Compiling serde_derive v1.0.114
[INFO] [stderr]    Compiling serde v1.0.114
[INFO] [stderr]     Checking futures-io v0.3.5
[INFO] [stderr]    Compiling pin-project-internal v0.4.22
[INFO] [stderr]     Checking futures-sink v0.3.5
[INFO] [stderr]    Compiling wasm-bindgen-shared v0.2.65
[INFO] [stderr]    Compiling wasm-bindgen v0.2.65
[INFO] [stderr]    Compiling bindgen v0.53.3
[INFO] [stderr]    Compiling rayon-core v1.7.1
[INFO] [stderr]    Compiling gmp-mpfr-sys v1.2.4
[INFO] [stderr]     Checking fastrand v1.3.5
[INFO] [stderr]     Checking event-listener v2.4.0
[INFO] [stderr]     Checking parking v1.0.5
[INFO] [stderr]     Checking send_wrapper v0.4.0
[INFO] [stderr]     Checking zeroize v1.1.0
[INFO] [stderr]     Checking subtle v2.2.3
[INFO] [stderr]    Compiling rug v1.9.0
[INFO] [stderr]     Checking async-task v3.0.0
[INFO] [stderr]     Checking futures-micro v0.3.1
[INFO] [stderr]     Checking az v1.0.0
[INFO] [stderr]     Checking vec-arena v1.0.0
[INFO] [stderr]     Checking event-listener-primitives v0.1.0
[INFO] [stderr]     Checking merkle-tree-binary v0.0.1 (https://github.com/subspace/merkle-tree-binary.rs#58cf26a5)
[INFO] [stderr]    Compiling memoffset v0.5.5
[INFO] [stderr]     Checking instant v0.1.7
[INFO] [stderr]    Compiling num-integer v0.1.43
[INFO] [stderr]    Compiling rayon v1.3.1
[INFO] [stderr]    Compiling hashbrown v0.8.2
[INFO] [stderr]    Compiling indexmap v1.6.0
[INFO] [stderr]     Checking futures-task v0.3.5
[INFO] [stderr]    Compiling clang-sys v0.29.3
[INFO] [stderr]     Checking tokio-sync v0.1.8
[INFO] [stderr]     Checking itertools v0.9.0
[INFO] [stderr]     Checking futures-channel v0.3.5
[INFO] [stderr]     Checking async-oneshot v0.3.3
[INFO] [stderr]     Checking async-channel v1.4.2
[INFO] [stderr]    Compiling quote v1.0.7
[INFO] [stderr]     Checking futures-lite v0.1.2
[INFO] [stderr]     Checking futures-lite v1.7.0
[INFO] [stderr]    Compiling nom v5.1.2
[INFO] [stderr]     Checking tokio-executor v0.1.10
[INFO] [stderr]     Checking crossbeam-channel v0.4.3
[INFO] [stderr]     Checking plotters v0.2.15
[INFO] [stderr]     Checking block-buffer v0.7.3
[INFO] [stderr]     Checking kv-log-macro v1.0.7
[INFO] [stderr]     Checking blocking v0.4.7
[INFO] [stderr]     Checking tokio-timer v0.2.13
[INFO] [stderr]     Checking tokio-current-thread v0.1.7
[INFO] [stderr]    Compiling proc-macro-error-attr v1.0.4
[INFO] [stderr]     Checking crossbeam-epoch v0.8.2
[INFO] [stderr]     Checking sha-1 v0.8.2
[INFO] [stderr]     Checking sha2 v0.8.2
[INFO] [stderr]     Checking criterion-plot v0.4.3
[INFO] [stderr]     Checking num-bigint v0.2.6
[INFO] [stderr]     Checking lru v0.6.0
[INFO] [stderr]     Checking crossbeam-deque v0.7.3
[INFO] [stderr]    Compiling jobserver v0.1.21
[INFO] [stderr]    Compiling atty v0.2.14
[INFO] [stderr]    Compiling which v3.1.1
[INFO] [stderr]     Checking num_cpus v1.13.0
[INFO] [stderr]     Checking iovec v0.1.4
[INFO] [stderr]     Checking net2 v0.2.35
[INFO] [stderr]     Checking getrandom v0.1.14
[INFO] [stderr]     Checking parking_lot_core v0.6.2
[INFO] [stderr]     Checking parking_lot_core v0.8.0
[INFO] [stderr]     Checking parking_lot_core v0.7.2
[INFO] [stderr]     Checking termios v0.3.2
[INFO] [stderr]     Checking socket2 v0.3.12
[INFO] [stderr]     Checking terminal_size v0.1.13
[INFO] [stderr]     Checking termion v1.5.5
[INFO] [stderr]     Checking time v0.1.43
[INFO] [stderr]     Checking nix v0.17.0
[INFO] [stderr]     Checking nb-connect v1.0.0
[INFO] [stderr]     Checking dirs-sys v0.3.5
[INFO] [stderr]     Checking polling v1.0.3
[INFO] [stderr]    Compiling env_logger v0.7.1
[INFO] [stderr]    Compiling clap v2.33.1
[INFO] [stderr]    Compiling cc v1.0.58
[INFO] [stderr]     Checking bytes v0.4.12
[INFO] [stderr]     Checking tokio-threadpool v0.1.18
[INFO] [stderr]     Checking mio v0.6.22
[INFO] [stderr]     Checking rand_core v0.5.1
[INFO] [stderr]     Checking parking_lot v0.9.0
[INFO] [stderr]     Checking parking_lot v0.10.2
[INFO] [stderr]     Checking parking_lot v0.11.0
[INFO] [stderr]    Compiling cexpr v0.4.0
[INFO] [stderr]     Checking console v0.11.3
[INFO] [stderr]     Checking dirs v3.0.1
[INFO] [stderr]     Checking async-io v1.1.2
[INFO] [stderr]     Checking chrono v0.4.13
[INFO] [stderr]     Checking tui v0.9.5
[INFO] [stderr]     Checking rand_chacha v0.2.2
[INFO] [stderr]     Checking curve25519-dalek v2.1.0
[INFO] [stderr]     Checking tokio-io v0.1.13
[INFO] [stderr]     Checking mio-uds v0.6.8
[INFO] [stderr]     Checking mio-extras v2.0.6
[INFO] [stderr]     Checking indicatif v0.15.0
[INFO] [stderr]     Checking rand v0.7.3
[INFO] [stderr]     Checking tokio-reactor v0.1.12
[INFO] [stderr]     Checking tokio-codec v0.1.2
[INFO] [stderr]     Checking tokio-fs v0.1.7
[INFO] [stderr]     Checking tui-logger v0.4.5 (https://github.com/gin66/tui-logger.git#5d3987bb)
[INFO] [stderr]    Compiling libloading v0.5.2
[INFO] [stderr]    Compiling clear_on_drop v0.2.4
[INFO] [stderr]    Compiling ring v0.16.15
[INFO] [stderr]     Checking parity-ws v0.10.0
[INFO] [stderr]     Checking backoff v0.2.1
[INFO] [stderr]     Checking tokio-uds v0.2.7
[INFO] [stderr]     Checking tokio-udp v0.1.6
[INFO] [stderr]     Checking tokio-tcp v0.1.4
[INFO] [stderr]     Checking tokio v0.1.22
[INFO] [stderr]     Checking ed25519-dalek v1.0.0-pre.3
[INFO] [stderr]    Compiling wasm-bindgen-backend v0.2.65
[INFO] [stderr]    Compiling proc-macro-error v1.0.4
[INFO] [stderr]    Compiling futures-macro v0.3.5
[INFO] [stderr]    Compiling snafu-derive v0.6.9
[INFO] [stderr]    Compiling derive_more v0.99.10
[INFO] [stderr]    Compiling clap_derive v3.0.0-beta.2
[INFO] [stderr]    Compiling async-attributes v1.1.1
[INFO] [stderr]    Compiling wasm-bindgen-macro-support v0.2.65
[INFO] [stderr]    Compiling wasm-bindgen-macro v0.2.65
[INFO] [stderr]     Checking clap v3.0.0-beta.2
[INFO] [stderr]     Checking snafu v0.6.9
[INFO] [stderr]     Checking pin-project v0.4.22
[INFO] [stderr]     Checking futures-util v0.3.5
[INFO] [stderr]     Checking daemonize-me v0.3.1
[INFO] [stderr]     Checking js-sys v0.3.42
[INFO] [stderr]    Compiling librocksdb-sys v6.7.4
[INFO] [stderr]     Checking web-sys v0.3.42
[INFO] [stderr]     Checking futures-executor v0.3.5
[INFO] [stderr]     Checking smol v0.1.18
[INFO] [stderr]     Checking async-signals v0.3.1
[INFO] [stderr]     Checking futures v0.3.5
[INFO] [stderr]     Checking serde_json v1.0.57
[INFO] [stderr]     Checking bstr v0.2.13
[INFO] [stderr]     Checking bincode v1.3.1
[INFO] [stderr]     Checking serde_cbor v0.11.1
[INFO] [stderr]    Compiling toml v0.5.6
[INFO] [stderr]     Checking jsonrpc-core v16.0.0 (https://github.com/paritytech/jsonrpc.git#92e3c14a)
[INFO] [stderr]     Checking tinytemplate v1.1.0
[INFO] [stderr]    Compiling proc-macro-crate v0.1.5
[INFO] [stderr]     Checking globset v0.4.5
[INFO] [stderr]     Checking csv v1.1.3
[INFO] [stderr]    Compiling jsonrpc-derive v16.0.0 (https://github.com/paritytech/jsonrpc.git#92e3c14a)
[INFO] [stderr]     Checking jsonrpc-pubsub v16.0.0 (https://github.com/paritytech/jsonrpc.git#92e3c14a)
[INFO] [stderr]     Checking jsonrpc-server-utils v16.0.0 (https://github.com/paritytech/jsonrpc.git#92e3c14a)
[INFO] [stderr]     Checking criterion v0.3.3
[INFO] [stderr]     Checking jsonrpc-client-transports v16.0.0 (https://github.com/paritytech/jsonrpc.git#92e3c14a)
[INFO] [stderr]     Checking jsonrpc-ws-server v16.0.0 (https://github.com/paritytech/jsonrpc.git#92e3c14a)
[INFO] [stderr]     Checking jsonrpc-core-client v16.0.0 (https://github.com/paritytech/jsonrpc.git#92e3c14a)
[INFO] [stderr]     Checking gloo-timers v0.2.1
[INFO] [stderr]     Checking futures-timer v3.0.2
[INFO] [stderr]     Checking async-std v1.6.2
[INFO] [stderr] error: could not compile `jsonrpc-derive`
[INFO] [stderr] 
[INFO] [stderr] Caused by:
[INFO] [stderr]   process didn't exit successfully: `rustc --crate-name jsonrpc_derive --edition=2018 /opt/rustwide/cargo-home/git/checkouts/jsonrpc-22a65938f7d26b63/92e3c14/derive/src/lib.rs --error-format=json --json=diagnostic-rendered-ansi --crate-type proc-macro --emit=dep-info,link -C prefer-dynamic -C embed-bitcode=no -C debuginfo=2 -C metadata=725f7374ae22bb3e -C extra-filename=-725f7374ae22bb3e --out-dir /opt/rustwide/target/debug/deps -L dependency=/opt/rustwide/target/debug/deps --extern proc_macro_crate=/opt/rustwide/target/debug/deps/libproc_macro_crate-fa2454f7a53dc70b.rlib --extern proc_macro2=/opt/rustwide/target/debug/deps/libproc_macro2-3f04f2ad820649d2.rlib --extern quote=/opt/rustwide/target/debug/deps/libquote-fc256f93b2f4a0d7.rlib --extern syn=/opt/rustwide/target/debug/deps/libsyn-d2b7ff29afb3d3ef.rlib --extern proc_macro --cap-lints allow --cap-lints=warn` (signal: 9, SIGKILL: kill)
[INFO] [stderr] warning: build failed, waiting for other jobs to finish...
[INFO] [stderr] The following warnings were emitted during compilation:
[INFO] [stderr] 
[INFO] [stderr] warning: c++: fatal error: Killed signal terminated program cc1plus
[INFO] [stderr] warning: compilation terminated.
[INFO] [stderr] warning: c++: fatal error: Killed signal terminated program cc1plus
[INFO] [stderr] warning: compilation terminated.
[INFO] [stderr] warning: c++: fatal error: Killed signal terminated program cc1plus
[INFO] [stderr] warning: compilation terminated.
[INFO] [stderr] warning: c++: fatal error: Killed signal terminated program cc1plus
[INFO] [stderr] warning: compilation terminated.
[INFO] [stderr] warning: c++: fatal error: Killed signal terminated program cc1plus
[INFO] [stderr] warning: compilation terminated.
[INFO] [stderr] warning: c++: fatal error: Killed signal terminated program cc1plus
[INFO] [stderr] warning: compilation terminated.
[INFO] [stderr] warning: c++: fatal error: Killed signal terminated program cc1plus
[INFO] [stderr] warning: compilation terminated.
[INFO] [stderr] warning: c++: fatal error: Killed signal terminated program cc1plus
[INFO] [stderr] warning: compilation terminated.
[INFO] [stderr] warning: c++: fatal error: Killed signal terminated program cc1plus
[INFO] [stderr] warning: compilation terminated.
[INFO] [stderr] 
[INFO] [stderr] error: build failed
[INFO] running `Command { std: "docker" "inspect" "a6d38096c9a1f3be405bbe81560a830bd4afdbc5cd6e77e3d9eb75226debf136", kill_on_drop: false }`
[INFO] running `Command { std: "docker" "rm" "-f" "a6d38096c9a1f3be405bbe81560a830bd4afdbc5cd6e77e3d9eb75226debf136", kill_on_drop: false }`
[INFO] [stdout] a6d38096c9a1f3be405bbe81560a830bd4afdbc5cd6e77e3d9eb75226debf136
