[INFO] cloning repository https://github.com/kkqqqqqq/summer21-rusty-workers
[INFO] running `Command { std: "git" "-c" "credential.helper=" "-c" "credential.helper=/workspace/cargo-home/bin/git-credential-null" "clone" "--bare" "https://github.com/kkqqqqqq/summer21-rusty-workers" "/workspace/cache/git-repos/https%3A%2F%2Fgithub.com%2Fkkqqqqqq%2Fsummer21-rusty-workers", kill_on_drop: false }`
[INFO] [stderr] Cloning into bare repository '/workspace/cache/git-repos/https%3A%2F%2Fgithub.com%2Fkkqqqqqq%2Fsummer21-rusty-workers'...
[INFO] running `Command { std: "git" "rev-parse" "HEAD", kill_on_drop: false }`
[INFO] [stdout] b662f02399b18e46c5026e16624155655b467936
[INFO] checking kkqqqqqq/summer21-rusty-workers against 1.55.0 for beta-1.56-3
[INFO] running `Command { std: "git" "clone" "/workspace/cache/git-repos/https%3A%2F%2Fgithub.com%2Fkkqqqqqq%2Fsummer21-rusty-workers" "/workspace/builds/worker-5/source", kill_on_drop: false }`
[INFO] [stderr] Cloning into '/workspace/builds/worker-5/source'...
[INFO] [stderr] done.
[INFO] validating manifest of git repo https://github.com/kkqqqqqq/summer21-rusty-workers on toolchain 1.55.0
[INFO] running `Command { std: "/workspace/cargo-home/bin/cargo" "+1.55.0" "metadata" "--manifest-path" "Cargo.toml" "--no-deps", kill_on_drop: false }`
[INFO] started tweaking git repo https://github.com/kkqqqqqq/summer21-rusty-workers
[INFO] finished tweaking git repo https://github.com/kkqqqqqq/summer21-rusty-workers
[INFO] tweaked toml for git repo https://github.com/kkqqqqqq/summer21-rusty-workers written to /workspace/builds/worker-5/source/Cargo.toml
[INFO] crate git repo https://github.com/kkqqqqqq/summer21-rusty-workers already has a lockfile, it will not be regenerated
[INFO] running `Command { std: "/workspace/cargo-home/bin/cargo" "+1.55.0" "fetch" "--manifest-path" "Cargo.toml", kill_on_drop: false }`
[INFO] [stderr]     Blocking waiting for file lock on package cache
[INFO] [stderr]     Blocking waiting for file lock on package cache
[INFO] running `Command { std: "docker" "create" "-v" "/var/lib/crater-agent-workspace/builds/worker-5/target:/opt/rustwide/target:rw,Z" "-v" "/var/lib/crater-agent-workspace/builds/worker-5/source:/opt/rustwide/workdir:ro,Z" "-v" "/var/lib/crater-agent-workspace/cargo-home:/opt/rustwide/cargo-home:ro,Z" "-v" "/var/lib/crater-agent-workspace/rustup-home:/opt/rustwide/rustup-home:ro,Z" "-e" "SOURCE_DIR=/opt/rustwide/workdir" "-e" "CARGO_TARGET_DIR=/opt/rustwide/target" "-e" "CARGO_HOME=/opt/rustwide/cargo-home" "-e" "RUSTUP_HOME=/opt/rustwide/rustup-home" "-w" "/opt/rustwide/workdir" "-m" "1610612736" "--user" "0:0" "--network" "none" "ghcr.io/rust-lang/crates-build-env/linux@sha256:a89201d6b5b9fd45c15d5952ece0a0129e7e80cb26ec023fd59cf09bc26f1604" "/opt/rustwide/cargo-home/bin/cargo" "+1.55.0" "metadata" "--no-deps" "--format-version=1", kill_on_drop: false }`
[INFO] [stdout] 956c1362620dcadf52c7eeb7b8c4e2b043043ad1deb0113ef9d309f4a18e841e
[INFO] [stderr] WARNING: Your kernel does not support swap limit capabilities or the cgroup is not mounted. Memory limited without swap.
[INFO] running `Command { std: "docker" "start" "-a" "956c1362620dcadf52c7eeb7b8c4e2b043043ad1deb0113ef9d309f4a18e841e", kill_on_drop: false }`
[INFO] running `Command { std: "docker" "inspect" "956c1362620dcadf52c7eeb7b8c4e2b043043ad1deb0113ef9d309f4a18e841e", kill_on_drop: false }`
[INFO] running `Command { std: "docker" "rm" "-f" "956c1362620dcadf52c7eeb7b8c4e2b043043ad1deb0113ef9d309f4a18e841e", kill_on_drop: false }`
[INFO] [stdout] 956c1362620dcadf52c7eeb7b8c4e2b043043ad1deb0113ef9d309f4a18e841e
[INFO] running `Command { std: "docker" "create" "-v" "/var/lib/crater-agent-workspace/builds/worker-5/target:/opt/rustwide/target:rw,Z" "-v" "/var/lib/crater-agent-workspace/builds/worker-5/source:/opt/rustwide/workdir:ro,Z" "-v" "/var/lib/crater-agent-workspace/cargo-home:/opt/rustwide/cargo-home:ro,Z" "-v" "/var/lib/crater-agent-workspace/rustup-home:/opt/rustwide/rustup-home:ro,Z" "-e" "SOURCE_DIR=/opt/rustwide/workdir" "-e" "CARGO_TARGET_DIR=/opt/rustwide/target" "-e" "CARGO_INCREMENTAL=0" "-e" "RUST_BACKTRACE=full" "-e" "RUSTFLAGS=--cap-lints=warn" "-e" "CARGO_HOME=/opt/rustwide/cargo-home" "-e" "RUSTUP_HOME=/opt/rustwide/rustup-home" "-w" "/opt/rustwide/workdir" "-m" "1610612736" "--user" "0:0" "--network" "none" "ghcr.io/rust-lang/crates-build-env/linux@sha256:a89201d6b5b9fd45c15d5952ece0a0129e7e80cb26ec023fd59cf09bc26f1604" "/opt/rustwide/cargo-home/bin/cargo" "+1.55.0" "check" "--frozen" "--all" "--all-targets" "--message-format=json", kill_on_drop: false }`
[INFO] [stdout] 6d8e385410520b7d3f5641c4c28e089c7d6b8fddfe80f72c59432c6eb79c464d
[INFO] [stderr] WARNING: Your kernel does not support swap limit capabilities or the cgroup is not mounted. Memory limited without swap.
[INFO] running `Command { std: "docker" "start" "-a" "6d8e385410520b7d3f5641c4c28e089c7d6b8fddfe80f72c59432c6eb79c464d", kill_on_drop: false }`
[INFO] [stderr]     Checking smallvec v1.6.0
[INFO] [stderr]     Checking bytes v1.0.0
[INFO] [stderr]    Compiling getrandom v0.2.0
[INFO] [stderr]    Compiling lexical-core v0.7.6
[INFO] [stderr]     Checking arrayvec v0.5.2
[INFO] [stderr]    Compiling anyhow v1.0.37
[INFO] [stderr]     Checking cpufeatures v0.1.1
[INFO] [stderr]    Compiling protobuf v2.25.1
[INFO] [stderr]     Checking lru_time_cache v0.11.3
[INFO] [stderr]     Checking plotters-backend v0.3.2
[INFO] [stderr]     Checking arc-swap v1.2.0
[INFO] [stderr]     Checking send_wrapper v0.5.0
[INFO] [stderr]    Compiling tokio v1.0.1
[INFO] [stderr]    Compiling num-bigint v0.3.1
[INFO] [stderr]    Compiling standback v0.2.17
[INFO] [stderr]    Compiling time v0.2.26
[INFO] [stderr]    Compiling proc-macro2 v1.0.29
[INFO] [stderr]    Compiling libc v0.2.94
[INFO] [stderr]    Compiling ring v0.16.19
[INFO] [stderr]     Checking lru v0.6.5
[INFO] [stderr]     Checking indexmap v1.6.1
[INFO] [stderr]     Checking signal-hook-registry v1.3.0
[INFO] [stderr]     Checking time v0.1.44
[INFO] [stderr]     Checking filetime v0.2.13
[INFO] [stderr]     Checking xattr v0.2.2
[INFO] [stderr]     Checking mio v0.7.7
[INFO] [stderr]     Checking want v0.3.0
[INFO] [stderr]     Checking parking_lot_core v0.8.2
[INFO] [stderr]     Checking openssl-sys v0.9.60
[INFO] [stderr]     Checking generic-array v0.14.4
[INFO] [stderr]     Checking num-complex v0.2.4
[INFO] [stderr]    Compiling num-integer v0.1.44
[INFO] [stderr]     Checking crossbeam-queue v0.3.1
[INFO] [stderr]     Checking clap v2.33.3
[INFO] [stderr]     Checking plotters-svg v0.3.1
[INFO] [stderr]     Checking http-body v0.4.0
[INFO] [stderr]     Checking flate2 v1.0.19
[INFO] [stderr]    Compiling cast v0.2.7
[INFO] [stderr]     Checking num-bigint v0.2.6
[INFO] [stderr]     Checking num-iter v0.1.42
[INFO] [stderr]    Compiling quote v1.0.8
[INFO] [stderr]     Checking tar v0.4.30
[INFO] [stderr]     Checking pem v0.8.3
[INFO] [stderr]     Checking env_logger v0.7.1
[INFO] [stderr]     Checking parking_lot v0.11.1
[INFO] [stderr]     Checking plotters v0.3.1
[INFO] [stderr]    Compiling which v4.1.0
[INFO] [stderr]    Compiling fslock v0.1.6
[INFO] [stderr]     Checking rayon-core v1.9.1
[INFO] [stderr]     Checking crossbeam v0.8.0
[INFO] [stderr]     Checking digest v0.9.0
[INFO] [stderr]     Checking block-buffer v0.9.0
[INFO] [stderr]    Compiling syn v1.0.76
[INFO] [stderr]     Checking openssl v0.10.32
[INFO] [stderr]     Checking twox-hash v1.6.0
[INFO] [stderr]     Checking rand_core v0.6.0
[INFO] [stderr]     Checking uuid v0.8.2
[INFO] [stderr]    Compiling proc-macro-error-attr v1.0.4
[INFO] [stderr]     Checking pretty_env_logger v0.4.0
[INFO] [stderr]     Checking sha2 v0.9.5
[INFO] [stderr]    Compiling rusty_v8 v0.22.2
[INFO] [stderr]     Checking num-rational v0.2.4
[INFO] [stderr]     Checking rand_chacha v0.3.0
[INFO] [stderr]     Checking rayon v1.5.1
[INFO] [stderr]     Checking criterion-plot v0.4.4
[INFO] [stderr]     Checking num v0.2.1
[INFO] [stderr]     Checking rand v0.8.0
[INFO] [stderr]     Checking parse_duration v2.1.0
[INFO] [stderr]     Checking lexical v5.2.2
[INFO] [stderr]     Checking native-tls v0.2.7
[INFO] [stderr]    Compiling proc-macro-error v1.0.4
[INFO] [stderr]    Compiling serde_derive v1.0.118
[INFO] [stderr]    Compiling tokio-macros v1.0.0
[INFO] [stderr]    Compiling pin-project-internal v1.0.2
[INFO] [stderr]    Compiling futures-macro v0.3.8
[INFO] [stderr]    Compiling async-stream-impl v0.3.0
[INFO] [stderr]    Compiling thiserror-impl v1.0.23
[INFO] [stderr]    Compiling time-macros-impl v0.1.1
[INFO] [stderr]    Compiling enum-ordinalize v3.1.8
[INFO] [stderr]    Compiling git-version-macro v0.3.4
[INFO] [stderr]    Compiling pin-project-internal v0.4.27
[INFO] [stderr]    Compiling tarpc-plugins v0.9.0
[INFO] [stderr]    Compiling structopt-derive v0.4.14
[INFO] [stderr]     Checking async-stream v0.3.0
[INFO] [stderr]    Compiling educe v0.4.13
[INFO] [stderr]     Checking git-version v0.3.4
[INFO] [stderr]     Checking time-macros v0.1.1
[INFO] [stderr]     Checking thiserror v1.0.23
[INFO] [stderr]     Checking prometheus v0.12.0 (/opt/rustwide/workdir/prometheus)
[INFO] [stderr]     Checking pin-project v1.0.2
[INFO] [stderr]     Checking pin-project v0.4.27
[INFO] [stderr]     Checking structopt v0.3.21
[INFO] [stderr]     Checking futures-util v0.3.8
[INFO] [stderr]     Checking tracing-futures v0.2.4
[INFO] [stdout] warning: function is never used: `contains`
[INFO] [stdout]    --> prometheus/src/registry.rs:369:8
[INFO] [stdout]     |
[INFO] [stdout] 369 | pub fn contains( c: Box<dyn Collector>)->bool{
[INFO] [stdout]     |        ^^^^^^^^
[INFO] [stdout]     |
[INFO] [stdout]     = note: `#[warn(dead_code)]` on by default
[INFO] [stdout] 
[INFO] [stdout] 
[INFO] [stdout] warning: 1 warning emitted
[INFO] [stdout] 
[INFO] [stdout] 
[INFO] [stderr]     Checking serde v1.0.118
[INFO] [stderr]     Checking tokio-stream v0.1.0
[INFO] [stderr]     Checking tokio-native-tls v0.3.0
[INFO] [stderr]     Checking stubborn-io v0.3.0
[INFO] [stderr]     Checking tokio-util v0.6.0
[INFO] [stderr]     Checking futures-executor v0.3.8
[INFO] [stderr]     Checking h2 v0.3.0
[INFO] [stderr]     Checking futures v0.3.8
[INFO] [stderr]     Checking serde_json v1.0.61
[INFO] [stderr]     Checking bigdecimal v0.2.0
[INFO] [stderr]     Checking rust_decimal v1.13.0
[INFO] [stderr]     Checking chrono v0.4.19
[INFO] [stderr]     Checking bincode v1.3.1
[INFO] [stderr]     Checking toml v0.4.10
[INFO] [stderr]     Checking serde_urlencoded v0.7.0
[INFO] [stderr]     Checking bstr v0.2.15
[INFO] [stderr]     Checking serde_cbor v0.11.2
[INFO] [stderr]     Checking csv v1.1.6
[INFO] [stderr]     Checking mysql_common v0.26.0
[INFO] [stderr]     Checking tokio-serde v0.8.0
[INFO] [stderr]     Checking tinytemplate v1.2.1
[INFO] [stderr]     Checking tarpc v0.24.1
[INFO] [stderr]     Checking criterion v0.3.5
[INFO] [stderr]     Checking hyper v0.14.2
[INFO] [stderr]     Checking mysql_async v0.27.1
[INFO] [stderr]     Checking hyper-tls v0.5.0
[INFO] [stderr]     Checking rusty-workers v0.0.0 (/opt/rustwide/workdir/rusty-workers)
[INFO] [stderr]     Checking reqwest v0.11.0
[INFO] [stdout] warning: function is never used: `contains`
[INFO] [stdout]    --> prometheus/src/registry.rs:369:8
[INFO] [stdout]     |
[INFO] [stdout] 369 | pub fn contains( c: Box<dyn Collector>)->bool{
[INFO] [stdout]     |        ^^^^^^^^
[INFO] [stdout]     |
[INFO] [stdout]     = note: `#[warn(dead_code)]` on by default
[INFO] [stdout] 
[INFO] [stdout] 
[INFO] [stdout] warning: 1 warning emitted
[INFO] [stdout] 
[INFO] [stdout] 
[INFO] [stderr]     Checking rusty-workers-fetchd v0.0.0 (/opt/rustwide/workdir/rusty-workers-fetchd)
[INFO] [stderr]     Checking rusty-workers-proxy v0.0.0 (/opt/rustwide/workdir/rusty-workers-proxy)
[INFO] [stderr]     Checking rusty-workers-playground-api v0.0.0 (/opt/rustwide/workdir/rusty-workers-playground-api)
[INFO] [stderr]     Checking rusty-workers-cp v0.0.0 (/opt/rustwide/workdir/rusty-workers-cp)
[INFO] [stderr]     Checking rusty-workers-cli v0.1.0 (/opt/rustwide/workdir/rusty-workers-cli)
[INFO] [stderr]     Checking rusty-workers-runtime v0.0.0 (/opt/rustwide/workdir/rusty-workers-runtime)
[INFO] [stdout] warning: unused import: `serde_json::json`
[INFO] [stdout]   --> rusty-workers-cp/src/main.rs:14:5
[INFO] [stdout]    |
[INFO] [stdout] 14 | use serde_json::json;
[INFO] [stdout]    |     ^^^^^^^^^^^^^^^^
[INFO] [stdout]    |
[INFO] [stdout]    = note: `#[warn(unused_imports)]` on by default
[INFO] [stdout] 
[INFO] [stdout] 
[INFO] [stdout] error: couldn't read rusty-workers-runtime/src/../../librt/dist/main.js: No such file or directory (os error 2)
[INFO] [stdout]  --> rusty-workers-runtime/src/isolate.rs:9:30
[INFO] [stdout]   |
[INFO] [stdout] 9 | static LIBRT: &'static str = include_str!("../../librt/dist/main.js");
[INFO] [stdout]   |                              ^^^^^^^^^^^^^^^^^^^^^^^^^^^^^^^^^^^^^^^^
[INFO] [stdout]   |
[INFO] [stdout]   = note: this error originates in the macro `include_str` (in Nightly builds, run with -Z macro-backtrace for more info)
[INFO] [stdout] 
[INFO] [stdout] 
[INFO] [stdout] warning: unused import: `serde_json::json`
[INFO] [stdout]   --> rusty-workers-cp/src/main.rs:14:5
[INFO] [stdout]    |
[INFO] [stdout] 14 | use serde_json::json;
[INFO] [stdout]    |     ^^^^^^^^^^^^^^^^
[INFO] [stdout]    |
[INFO] [stdout]    = note: `#[warn(unused_imports)]` on by default
[INFO] [stdout] 
[INFO] [stdout] 
[INFO] [stdout] error[E0554]: `#![feature]` may not be used on the stable release channel
[INFO] [stdout]  --> rusty-workers-runtime/src/main.rs:1:1
[INFO] [stdout]   |
[INFO] [stdout] 1 | #![feature(trait_alias)]
[INFO] [stdout]   | ^^^^^^^^^^^^^^^^^^^^^^^^
[INFO] [stdout] 
[INFO] [stdout] 
[INFO] [stdout] error[E0554]: `#![feature]` may not be used on the stable release channel
[INFO] [stdout]  --> rusty-workers-runtime/src/main.rs:2:1
[INFO] [stdout]   |
[INFO] [stdout] 2 | #![feature(ffi_returns_twice)]
[INFO] [stdout]   | ^^^^^^^^^^^^^^^^^^^^^^^^^^^^^^
[INFO] [stdout] 
[INFO] [stdout] 
[INFO] [stdout] error: couldn't read rusty-workers-runtime/src/../../librt/dist/main.js: No such file or directory (os error 2)
[INFO] [stdout]  --> rusty-workers-runtime/src/isolate.rs:9:30
[INFO] [stdout]   |
[INFO] [stdout] 9 | static LIBRT: &'static str = include_str!("../../librt/dist/main.js");
[INFO] [stdout]   |                              ^^^^^^^^^^^^^^^^^^^^^^^^^^^^^^^^^^^^^^^^
[INFO] [stdout]   |
[INFO] [stdout]   = note: this error originates in the macro `include_str` (in Nightly builds, run with -Z macro-backtrace for more info)
[INFO] [stdout] 
[INFO] [stdout] 
[INFO] [stdout] warning: unused import: `std::collections::HashMap`
[INFO] [stdout]   --> rusty-workers-proxy/src/main.rs:23:5
[INFO] [stdout]    |
[INFO] [stdout] 23 | use std::collections::HashMap;
[INFO] [stdout]    |     ^^^^^^^^^^^^^^^^^^^^^^^^^
[INFO] [stdout]    |
[INFO] [stdout]    = note: `#[warn(unused_imports)]` on by default
[INFO] [stdout] 
[INFO] [stdout] 
[INFO] [stdout] warning: unused import: `Registry`
[INFO] [stdout]   --> rusty-workers-proxy/src/main.rs:24:27
[INFO] [stdout]    |
[INFO] [stdout] 24 | use prometheus::{Encoder, Registry,IntGauge,TextEncoder};
[INFO] [stdout]    |                           ^^^^^^^^
[INFO] [stdout] 
[INFO] [stdout] 
[INFO] [stdout] warning: unnecessary parentheses around `if` condition
[INFO] [stdout]    --> rusty-workers-proxy/src/main.rs:171:15
[INFO] [stdout]     |
[INFO] [stdout] 171 |             if(! prometheus::default_registry().contains(Box::new(APP_NUM.clone()))){
[INFO] [stdout]     |               ^^^^^^^^^^^^^^^^^^^^^^^^^^^^^^^^^^^^^^^^^^^^^^^^^^^^^^^^^^^^^^^^^^^^^^ help: remove these parentheses
[INFO] [stdout]     |
[INFO] [stdout]     = note: `#[warn(unused_parens)]` on by default
[INFO] [stdout] 
[INFO] [stdout] 
[INFO] [stdout] warning: unnecessary parentheses around `if` condition
[INFO] [stdout]    --> rusty-workers-proxy/src/main.rs:188:19
[INFO] [stdout]     |
[INFO] [stdout] 188 |                 if(! prometheus::default_registry().contains(Box::new(APP_LAST_TIME.clone()))){
[INFO] [stdout]     |                   ^^^^^^^^^^^^^^^^^^^^^^^^^^^^^^^^^^^^^^^^^^^^^^^^^^^^^^^^^^^^^^^^^^^^^^^^^^^^ help: remove these parentheses
[INFO] [stdout] 
[INFO] [stdout] 
[INFO] [stdout] warning: unnecessary parentheses around `if` condition
[INFO] [stdout]    --> rusty-workers-proxy/src/main.rs:191:19
[INFO] [stdout]     |
[INFO] [stdout] 191 |                 if(! prometheus::default_registry().contains(Box::new(READY_INSTANCE.clone()))){
[INFO] [stdout]     |                   ^^^^^^^^^^^^^^^^^^^^^^^^^^^^^^^^^^^^^^^^^^^^^^^^^^^^^^^^^^^^^^^^^^^^^^^^^^^^^ help: remove these parentheses
[INFO] [stdout] 
[INFO] [stdout] 
[INFO] [stdout] warning: unused import: `std::collections::HashMap`
[INFO] [stdout]   --> rusty-workers-proxy/src/main.rs:23:5
[INFO] [stdout]    |
[INFO] [stdout] 23 | use std::collections::HashMap;
[INFO] [stdout]    |     ^^^^^^^^^^^^^^^^^^^^^^^^^
[INFO] [stdout]    |
[INFO] [stdout]    = note: `#[warn(unused_imports)]` on by default
[INFO] [stdout] 
[INFO] [stdout] 
[INFO] [stdout] warning: unused import: `Registry`
[INFO] [stdout]   --> rusty-workers-proxy/src/main.rs:24:27
[INFO] [stdout]    |
[INFO] [stdout] 24 | use prometheus::{Encoder, Registry,IntGauge,TextEncoder};
[INFO] [stdout]    |                           ^^^^^^^^
[INFO] [stdout] 
[INFO] [stdout] 
[INFO] [stdout] warning: unnecessary parentheses around `if` condition
[INFO] [stdout]    --> rusty-workers-proxy/src/main.rs:171:15
[INFO] [stdout]     |
[INFO] [stdout] 171 |             if(! prometheus::default_registry().contains(Box::new(APP_NUM.clone()))){
[INFO] [stdout]     |               ^^^^^^^^^^^^^^^^^^^^^^^^^^^^^^^^^^^^^^^^^^^^^^^^^^^^^^^^^^^^^^^^^^^^^^ help: remove these parentheses
[INFO] [stdout]     |
[INFO] [stdout]     = note: `#[warn(unused_parens)]` on by default
[INFO] [stdout] 
[INFO] [stdout] 
[INFO] [stdout] warning: unnecessary parentheses around `if` condition
[INFO] [stdout]    --> rusty-workers-proxy/src/main.rs:188:19
[INFO] [stdout]     |
[INFO] [stdout] 188 |                 if(! prometheus::default_registry().contains(Box::new(APP_LAST_TIME.clone()))){
[INFO] [stdout]     |                   ^^^^^^^^^^^^^^^^^^^^^^^^^^^^^^^^^^^^^^^^^^^^^^^^^^^^^^^^^^^^^^^^^^^^^^^^^^^^ help: remove these parentheses
[INFO] [stdout] 
[INFO] [stdout] 
[INFO] [stdout] warning: unnecessary parentheses around `if` condition
[INFO] [stdout]    --> rusty-workers-proxy/src/main.rs:191:19
[INFO] [stdout]     |
[INFO] [stdout] 191 |                 if(! prometheus::default_registry().contains(Box::new(READY_INSTANCE.clone()))){
[INFO] [stdout]     |                   ^^^^^^^^^^^^^^^^^^^^^^^^^^^^^^^^^^^^^^^^^^^^^^^^^^^^^^^^^^^^^^^^^^^^^^^^^^^^^ help: remove these parentheses
[INFO] [stdout] 
[INFO] [stdout] 
[INFO] [stdout] error[E0061]: this function takes 1 argument but 2 arguments were supplied
[INFO] [stdout]   --> rusty-workers-cp/src/main.rs:94:13
[INFO] [stdout]    |
[INFO] [stdout] 94 |         kv: DataClient::new(opt.tikv_pd.split(",").collect(), &opt.db_url).await?,
[INFO] [stdout]    |             ^^^^^^^^^^^^^^^ --------------------------------  ----------- supplied 2 arguments
[INFO] [stdout]    |             |
[INFO] [stdout]    |             expected 1 argument
[INFO] [stdout]    |
[INFO] [stdout] note: associated function defined here
[INFO] [stdout]   --> /opt/rustwide/workdir/rusty-workers/src/db.rs:19:18
[INFO] [stdout]    |
[INFO] [stdout] 19 |     pub async fn new(db_url: &str) -> GenericResult<Self> {
[INFO] [stdout]    |                  ^^^
[INFO] [stdout] 
[INFO] [stdout] 
[INFO] [stdout] error[E0554]: `#![feature]` may not be used on the stable release channel
[INFO] [stdout]  --> rusty-workers-runtime/src/main.rs:1:1
[INFO] [stdout]   |
[INFO] [stdout] 1 | #![feature(trait_alias)]
[INFO] [stdout]   | ^^^^^^^^^^^^^^^^^^^^^^^^
[INFO] [stdout] 
[INFO] [stdout] 
[INFO] [stdout] error[E0554]: `#![feature]` may not be used on the stable release channel
[INFO] [stdout]  --> rusty-workers-runtime/src/main.rs:2:1
[INFO] [stdout]   |
[INFO] [stdout] 2 | #![feature(ffi_returns_twice)]
[INFO] [stdout]   | ^^^^^^^^^^^^^^^^^^^^^^^^^^^^^^
[INFO] [stdout] 
[INFO] [stdout] 
[INFO] [stdout] error: aborting due to previous error; 1 warning emitted
[INFO] [stdout] 
[INFO] [stdout] 
[INFO] [stdout] For more information about this error, try `rustc --explain E0061`.
[INFO] [stdout] 
[INFO] [stdout] error[E0061]: this function takes 1 argument but 2 arguments were supplied
[INFO] [stdout]   --> rusty-workers-cp/src/main.rs:94:13
[INFO] [stdout]    |
[INFO] [stdout] 94 |         kv: DataClient::new(opt.tikv_pd.split(",").collect(), &opt.db_url).await?,
[INFO] [stdout]    |             ^^^^^^^^^^^^^^^ --------------------------------  ----------- supplied 2 arguments
[INFO] [stdout]    |             |
[INFO] [stdout]    |             expected 1 argument
[INFO] [stdout]    |
[INFO] [stdout] note: associated function defined here
[INFO] [stdout]   --> /opt/rustwide/workdir/rusty-workers/src/db.rs:19:18
[INFO] [stdout]    |
[INFO] [stdout] 19 |     pub async fn new(db_url: &str) -> GenericResult<Self> {
[INFO] [stdout]    |                  ^^^
[INFO] [stdout] 
[INFO] [stdout] 
[INFO] [stderr] error: could not compile `rusty-workers-cp` due to 2 previous errors; 1 warning emitted
[INFO] [stderr] warning: build failed, waiting for other jobs to finish...
[INFO] [stdout] error: aborting due to previous error; 1 warning emitted
[INFO] [stdout] 
[INFO] [stdout] 
[INFO] [stdout] For more information about this error, try `rustc --explain E0061`.
[INFO] [stdout] 
[INFO] [stdout] warning: unused variable: `app`
[INFO] [stdout]    --> rusty-workers-proxy/src/main.rs:180:18
[INFO] [stdout]     |
[INFO] [stdout] 180 |             for (app,appstate) in scheduler.apps.lock().await.iter()  {
[INFO] [stdout]     |                  ^^^ help: if this is intentional, prefix it with an underscore: `_app`
[INFO] [stdout]     |
[INFO] [stdout]     = note: `#[warn(unused_variables)]` on by default
[INFO] [stdout] 
[INFO] [stdout] 
[INFO] [stdout] warning: variant is never constructed: `BadId128`
[INFO] [stdout]   --> rusty-workers-cli/src/main.rs:19:5
[INFO] [stdout]    |
[INFO] [stdout] 19 |     BadId128,
[INFO] [stdout]    |     ^^^^^^^^
[INFO] [stdout]    |
[INFO] [stdout]    = note: `#[warn(dead_code)]` on by default
[INFO] [stdout] 
[INFO] [stdout] 
[INFO] [stdout] warning: 1 warning emitted
[INFO] [stdout] 
[INFO] [stdout] 
[INFO] [stdout] warning: unused variable: `app`
[INFO] [stdout]    --> rusty-workers-proxy/src/main.rs:180:18
[INFO] [stdout]     |
[INFO] [stdout] 180 |             for (app,appstate) in scheduler.apps.lock().await.iter()  {
[INFO] [stdout]     |                  ^^^ help: if this is intentional, prefix it with an underscore: `_app`
[INFO] [stdout]     |
[INFO] [stdout]     = note: `#[warn(unused_variables)]` on by default
[INFO] [stdout] 
[INFO] [stdout] 
[INFO] [stdout] warning: variant is never constructed: `BadId128`
[INFO] [stdout]   --> rusty-workers-cli/src/main.rs:19:5
[INFO] [stdout]    |
[INFO] [stdout] 19 |     BadId128,
[INFO] [stdout]    |     ^^^^^^^^
[INFO] [stdout]    |
[INFO] [stdout]    = note: `#[warn(dead_code)]` on by default
[INFO] [stdout] 
[INFO] [stdout] 
[INFO] [stdout] warning: 1 warning emitted
[INFO] [stdout] 
[INFO] [stdout] 
[INFO] [stdout] warning: 6 warnings emitted
[INFO] [stdout] 
[INFO] [stdout] 
[INFO] [stdout] warning: 6 warnings emitted
[INFO] [stdout] 
[INFO] [stdout] 
[INFO] [stdout] error: aborting due to 3 previous errors
[INFO] [stdout] 
[INFO] [stdout] 
[INFO] [stdout] For more information about this error, try `rustc --explain E0554`.
[INFO] [stdout] 
[INFO] [stdout] error[E0308]: mismatched types
[INFO] [stdout]    --> rusty-workers-playground-api/src/main.rs:111:40
[INFO] [stdout]     |
[INFO] [stdout] 111 |                 self.kv.app_bundle_put(&bundle_id, bundle).await?;
[INFO] [stdout]     |                                        ^^^^^^^^^^ expected `str`, found array `[u8; 16]`
[INFO] [stdout]     |
[INFO] [stdout]     = note: expected reference `&str`
[INFO] [stdout]                found reference `&[u8; 16]`
[INFO] [stdout] note: return type inferred to be `&str` here
[INFO] [stdout]    --> rusty-workers-playground-api/src/main.rs:65:14
[INFO] [stdout]     |
[INFO] [stdout] 65  |               &request
[INFO] [stdout]     |  ______________^
[INFO] [stdout] 66  | |                 .headers()
[INFO] [stdout] 67  | |                 .get("x-token")
[INFO] [stdout] 68  | |                 .ok_or_else(|| CpError::BadAuthToken)?
[INFO] [stdout]     | |______________________________________________________^
[INFO] [stdout] 
[INFO] [stdout] 
[INFO] [stdout] error[E0308]: mismatched types
[INFO] [stdout]    --> rusty-workers-playground-api/src/main.rs:111:52
[INFO] [stdout]     |
[INFO] [stdout] 111 |                 self.kv.app_bundle_put(&bundle_id, bundle).await?;
[INFO] [stdout]     |                                                    ^^^^^^
[INFO] [stdout]     |                                                    |
[INFO] [stdout]     |                                                    expected `&[u8]`, found struct `Vec`
[INFO] [stdout]     |                                                    help: consider borrowing here: `&bundle`
[INFO] [stdout]     |
[INFO] [stdout]     = note: expected reference `&[u8]`
[INFO] [stdout]                   found struct `Vec<u8>`
[INFO] [stdout] note: return type inferred to be `&[u8]` here
[INFO] [stdout]    --> rusty-workers-playground-api/src/main.rs:65:14
[INFO] [stdout]     |
[INFO] [stdout] 65  |               &request
[INFO] [stdout]     |  ______________^
[INFO] [stdout] 66  | |                 .headers()
[INFO] [stdout] 67  | |                 .get("x-token")
[INFO] [stdout] 68  | |                 .ok_or_else(|| CpError::BadAuthToken)?
[INFO] [stdout]     | |______________________________________________________^
[INFO] [stdout] 
[INFO] [stdout] 
[INFO] [stdout] error[E0308]: mismatched types
[INFO] [stdout]    --> rusty-workers-playground-api/src/main.rs:111:40
[INFO] [stdout]     |
[INFO] [stdout] 111 |                 self.kv.app_bundle_put(&bundle_id, bundle).await?;
[INFO] [stdout]     |                                        ^^^^^^^^^^ expected `str`, found array `[u8; 16]`
[INFO] [stdout]     |
[INFO] [stdout]     = note: expected reference `&str`
[INFO] [stdout]                found reference `&[u8; 16]`
[INFO] [stdout] note: return type inferred to be `&str` here
[INFO] [stdout]    --> rusty-workers-playground-api/src/main.rs:65:14
[INFO] [stdout]     |
[INFO] [stdout] 65  |               &request
[INFO] [stdout]     |  ______________^
[INFO] [stdout] 66  | |                 .headers()
[INFO] [stdout] 67  | |                 .get("x-token")
[INFO] [stdout] 68  | |                 .ok_or_else(|| CpError::BadAuthToken)?
[INFO] [stdout]     | |______________________________________________________^
[INFO] [stdout] 
[INFO] [stdout] 
[INFO] [stdout] error[E0308]: mismatched types
[INFO] [stdout]    --> rusty-workers-playground-api/src/main.rs:111:52
[INFO] [stdout]     |
[INFO] [stdout] 111 |                 self.kv.app_bundle_put(&bundle_id, bundle).await?;
[INFO] [stdout]     |                                                    ^^^^^^
[INFO] [stdout]     |                                                    |
[INFO] [stdout]     |                                                    expected `&[u8]`, found struct `Vec`
[INFO] [stdout]     |                                                    help: consider borrowing here: `&bundle`
[INFO] [stdout]     |
[INFO] [stdout]     = note: expected reference `&[u8]`
[INFO] [stdout]                   found struct `Vec<u8>`
[INFO] [stdout] note: return type inferred to be `&[u8]` here
[INFO] [stdout]    --> rusty-workers-playground-api/src/main.rs:65:14
[INFO] [stdout]     |
[INFO] [stdout] 65  |               &request
[INFO] [stdout]     |  ______________^
[INFO] [stdout] 66  | |                 .headers()
[INFO] [stdout] 67  | |                 .get("x-token")
[INFO] [stdout] 68  | |                 .ok_or_else(|| CpError::BadAuthToken)?
[INFO] [stdout]     | |______________________________________________________^
[INFO] [stdout] 
[INFO] [stdout] 
[INFO] [stdout] error[E0308]: mismatched types
[INFO] [stdout]    --> rusty-workers-playground-api/src/main.rs:133:44
[INFO] [stdout]     |
[INFO] [stdout] 133 |                     .worker_data_scan_keys(&namespace, b"", None, opt.batch_size)
[INFO] [stdout]     |                                            ^^^^^^^^^^ expected `str`, found array `[u8; 16]`
[INFO] [stdout]     |
[INFO] [stdout]     = note: expected reference `&str`
[INFO] [stdout]                found reference `&[u8; 16]`
[INFO] [stdout] note: return type inferred to be `&str` here
[INFO] [stdout]    --> rusty-workers-playground-api/src/main.rs:65:14
[INFO] [stdout]     |
[INFO] [stdout] 65  |               &request
[INFO] [stdout]     |  ______________^
[INFO] [stdout] 66  | |                 .headers()
[INFO] [stdout] 67  | |                 .get("x-token")
[INFO] [stdout] 68  | |                 .ok_or_else(|| CpError::BadAuthToken)?
[INFO] [stdout]     | |______________________________________________________^
[INFO] [stdout] 
[INFO] [stdout] 
[INFO] [stdout] error: aborting due to 3 previous errors
[INFO] [stdout] 
[INFO] [stdout] 
[INFO] [stdout] For more information about this error, try `rustc --explain E0554`.
[INFO] [stdout] 
[INFO] [stdout] error[E0308]: mismatched types
[INFO] [stdout]    --> rusty-workers-playground-api/src/main.rs:136:48
[INFO] [stdout]     |
[INFO] [stdout] 136 |                     self.kv.worker_data_delete(&namespace, k).await?;
[INFO] [stdout]     |                                                ^^^^^^^^^^ expected `str`, found array `[u8; 16]`
[INFO] [stdout]     |
[INFO] [stdout]     = note: expected reference `&str`
[INFO] [stdout]                found reference `&[u8; 16]`
[INFO] [stdout] note: return type inferred to be `&str` here
[INFO] [stdout]    --> rusty-workers-playground-api/src/main.rs:65:14
[INFO] [stdout]     |
[INFO] [stdout] 65  |               &request
[INFO] [stdout]     |  ______________^
[INFO] [stdout] 66  | |                 .headers()
[INFO] [stdout] 67  | |                 .get("x-token")
[INFO] [stdout] 68  | |                 .ok_or_else(|| CpError::BadAuthToken)?
[INFO] [stdout]     | |______________________________________________________^
[INFO] [stdout] 
[INFO] [stdout] 
[INFO] [stdout] error[E0599]: no method named `log_range` found for struct `DataClient` in the current scope
[INFO] [stdout]    --> rusty-workers-playground-api/src/main.rs:153:22
[INFO] [stdout]     |
[INFO] [stdout] 153 |                     .log_range(&format!("app-{}", opt.appid), since..now, |time, text| {
[INFO] [stdout]     |                      ^^^^^^^^^ method not found in `DataClient`
[INFO] [stdout] 
[INFO] [stdout] 
[INFO] [stdout] error[E0308]: mismatched types
[INFO] [stdout]    --> rusty-workers-playground-api/src/main.rs:133:44
[INFO] [stdout]     |
[INFO] [stdout] 133 |                     .worker_data_scan_keys(&namespace, b"", None, opt.batch_size)
[INFO] [stdout]     |                                            ^^^^^^^^^^ expected `str`, found array `[u8; 16]`
[INFO] [stdout]     |
[INFO] [stdout]     = note: expected reference `&str`
[INFO] [stdout]                found reference `&[u8; 16]`
[INFO] [stdout] note: return type inferred to be `&str` here
[INFO] [stdout]    --> rusty-workers-playground-api/src/main.rs:65:14
[INFO] [stdout]     |
[INFO] [stdout] 65  |               &request
[INFO] [stdout]     |  ______________^
[INFO] [stdout] 66  | |                 .headers()
[INFO] [stdout] 67  | |                 .get("x-token")
[INFO] [stdout] 68  | |                 .ok_or_else(|| CpError::BadAuthToken)?
[INFO] [stdout]     | |______________________________________________________^
[INFO] [stdout] 
[INFO] [stdout] 
[INFO] [stdout] error[E0308]: mismatched types
[INFO] [stdout]    --> rusty-workers-playground-api/src/main.rs:136:48
[INFO] [stdout]     |
[INFO] [stdout] 136 |                     self.kv.worker_data_delete(&namespace, k).await?;
[INFO] [stdout]     |                                                ^^^^^^^^^^ expected `str`, found array `[u8; 16]`
[INFO] [stdout]     |
[INFO] [stdout]     = note: expected reference `&str`
[INFO] [stdout]                found reference `&[u8; 16]`
[INFO] [stdout] note: return type inferred to be `&str` here
[INFO] [stdout]    --> rusty-workers-playground-api/src/main.rs:65:14
[INFO] [stdout]     |
[INFO] [stdout] 65  |               &request
[INFO] [stdout]     |  ______________^
[INFO] [stdout] 66  | |                 .headers()
[INFO] [stdout] 67  | |                 .get("x-token")
[INFO] [stdout] 68  | |                 .ok_or_else(|| CpError::BadAuthToken)?
[INFO] [stdout]     | |______________________________________________________^
[INFO] [stdout] 
[INFO] [stdout] 
[INFO] [stdout] error[E0599]: no method named `log_range` found for struct `DataClient` in the current scope
[INFO] [stdout]    --> rusty-workers-playground-api/src/main.rs:153:22
[INFO] [stdout]     |
[INFO] [stdout] 153 |                     .log_range(&format!("app-{}", opt.appid), since..now, |time, text| {
[INFO] [stdout]     |                      ^^^^^^^^^ method not found in `DataClient`
[INFO] [stdout] 
[INFO] [stdout] 
[INFO] [stdout] error[E0308]: mismatched types
[INFO] [stdout]    --> rusty-workers-playground-api/src/main.rs:249:70
[INFO] [stdout]     |
[INFO] [stdout] 249 |         if let Ok(prev_config) = serde_json::from_slice::<AppConfig>(&prev_md) {
[INFO] [stdout]     |                                                                      ^^^^^^^^ expected slice `[u8]`, found struct `AppConfig`
[INFO] [stdout]     |
[INFO] [stdout]     = note: expected reference `&[u8]`
[INFO] [stdout]                found reference `&AppConfig`
[INFO] [stdout] note: return type inferred to be `&[u8]` here
[INFO] [stdout]    --> rusty-workers-playground-api/src/main.rs:248:28
[INFO] [stdout]     |
[INFO] [stdout] 248 |     if let Some(prev_md) = client.app_metadata_get(&appid.0).await? {
[INFO] [stdout]     |                            ^^^^^^^^^^^^^^^^^^^^^^^^^^^^^^^^^^^^^^^^
[INFO] [stdout] 
[INFO] [stdout] 
[INFO] [stdout] error[E0599]: no method named `app_bundle_delete` found for reference `&DataClient` in the current scope
[INFO] [stdout]    --> rusty-workers-playground-api/src/main.rs:251:18
[INFO] [stdout]     |
[INFO] [stdout] 251 |                 .app_bundle_delete(
[INFO] [stdout]     |                  ^^^^^^^^^^^^^^^^^ help: there is an associated function with a similar name: `app_bundle_get`
[INFO] [stdout] 
[INFO] [stdout] 
[INFO] [stdout] error[E0277]: a value of type `&str` cannot be built from an iterator over elements of type `&str`
[INFO] [stdout]    --> rusty-workers-playground-api/src/main.rs:183:29
[INFO] [stdout]     |
[INFO] [stdout] 183 |         kv: DataClient::new(opt.tikv_pd.split(",").collect()).await?,
[INFO] [stdout]     |                             ^^^^^^^^^^^^^^^^^^^^^^^^^^^^^^^^ value of type `&str` cannot be built from `std::iter::Iterator<Item=&str>`
[INFO] [stdout]     |
[INFO] [stdout]     = help: the trait `FromIterator<&str>` is not implemented for `&str`
[INFO] [stdout] 
[INFO] [stdout] 
[INFO] [stdout] error: aborting due to 8 previous errors
[INFO] [stdout] 
[INFO] [stdout] 
[INFO] [stdout] Some errors have detailed explanations: E0277, E0308, E0599.
[INFO] [stdout] 
[INFO] [stdout] For more information about an error, try `rustc --explain E0277`.
[INFO] [stdout] 
[INFO] [stdout] error[E0308]: mismatched types
[INFO] [stdout]    --> rusty-workers-playground-api/src/main.rs:249:70
[INFO] [stdout]     |
[INFO] [stdout] 249 |         if let Ok(prev_config) = serde_json::from_slice::<AppConfig>(&prev_md) {
[INFO] [stdout]     |                                                                      ^^^^^^^^ expected slice `[u8]`, found struct `AppConfig`
[INFO] [stdout]     |
[INFO] [stdout]     = note: expected reference `&[u8]`
[INFO] [stdout]                found reference `&AppConfig`
[INFO] [stdout] note: return type inferred to be `&[u8]` here
[INFO] [stdout]    --> rusty-workers-playground-api/src/main.rs:248:28
[INFO] [stdout]     |
[INFO] [stdout] 248 |     if let Some(prev_md) = client.app_metadata_get(&appid.0).await? {
[INFO] [stdout]     |                            ^^^^^^^^^^^^^^^^^^^^^^^^^^^^^^^^^^^^^^^^
[INFO] [stdout] 
[INFO] [stdout] 
[INFO] [stdout] error[E0599]: no method named `app_bundle_delete` found for reference `&DataClient` in the current scope
[INFO] [stdout]    --> rusty-workers-playground-api/src/main.rs:251:18
[INFO] [stdout]     |
[INFO] [stdout] 251 |                 .app_bundle_delete(
[INFO] [stdout]     |                  ^^^^^^^^^^^^^^^^^ help: there is an associated function with a similar name: `app_bundle_get`
[INFO] [stdout] 
[INFO] [stdout] 
[INFO] [stdout] error[E0277]: a value of type `&str` cannot be built from an iterator over elements of type `&str`
[INFO] [stdout]    --> rusty-workers-playground-api/src/main.rs:183:29
[INFO] [stdout]     |
[INFO] [stdout] 183 |         kv: DataClient::new(opt.tikv_pd.split(",").collect()).await?,
[INFO] [stdout]     |                             ^^^^^^^^^^^^^^^^^^^^^^^^^^^^^^^^ value of type `&str` cannot be built from `std::iter::Iterator<Item=&str>`
[INFO] [stdout]     |
[INFO] [stdout]     = help: the trait `FromIterator<&str>` is not implemented for `&str`
[INFO] [stdout] 
[INFO] [stdout] 
[INFO] [stdout] error: aborting due to 8 previous errors
[INFO] [stdout] 
[INFO] [stdout] 
[INFO] [stdout] Some errors have detailed explanations: E0277, E0308, E0599.
[INFO] [stdout] 
[INFO] [stdout] For more information about an error, try `rustc --explain E0277`.
[INFO] [stdout] 
[INFO] [stderr] error: build failed
[INFO] running `Command { std: "docker" "inspect" "6d8e385410520b7d3f5641c4c28e089c7d6b8fddfe80f72c59432c6eb79c464d", kill_on_drop: false }`
[INFO] running `Command { std: "docker" "rm" "-f" "6d8e385410520b7d3f5641c4c28e089c7d6b8fddfe80f72c59432c6eb79c464d", kill_on_drop: false }`
[INFO] [stdout] 6d8e385410520b7d3f5641c4c28e089c7d6b8fddfe80f72c59432c6eb79c464d
