[INFO] cloning repository https://github.com/kernelmachine/rsmat
[INFO] running `Command { std: "git" "-c" "credential.helper=" "-c" "credential.helper=/workspace/cargo-home/bin/git-credential-null" "clone" "--bare" "https://github.com/kernelmachine/rsmat" "/workspace/cache/git-repos/https%3A%2F%2Fgithub.com%2Fkernelmachine%2Frsmat", kill_on_drop: false }`
[INFO] [stderr] Cloning into bare repository '/workspace/cache/git-repos/https%3A%2F%2Fgithub.com%2Fkernelmachine%2Frsmat'...
[INFO] running `Command { std: "git" "rev-parse" "HEAD", kill_on_drop: false }`
[INFO] [stdout] 47b194a2f218ca2f2c63f7a7a5fb790e662a96d1
[INFO] checking kernelmachine/rsmat against beta-2021-10-15 for beta-1.56-3
[INFO] running `Command { std: "git" "clone" "/workspace/cache/git-repos/https%3A%2F%2Fgithub.com%2Fkernelmachine%2Frsmat" "/workspace/builds/worker-60/source", kill_on_drop: false }`
[INFO] [stderr] Cloning into '/workspace/builds/worker-60/source'...
[INFO] [stderr] done.
[INFO] [stderr] Updating files:  81% (122/150)
Updating files:  82% (123/150)
Updating files:  83% (125/150)
Updating files:  84% (126/150)
Updating files:  85% (128/150)
Updating files:  86% (129/150)
Updating files:  87% (131/150)
Updating files:  88% (132/150)
Updating files:  89% (134/150)
Updating files:  90% (135/150)
Updating files:  91% (137/150)
Updating files:  92% (138/150)
Updating files:  92% (139/150)
Updating files:  93% (140/150)
Updating files:  94% (141/150)
Updating files:  95% (143/150)
Updating files:  96% (144/150)
Updating files:  97% (146/150)
Updating files:  98% (147/150)
Updating files:  99% (149/150)
Updating files: 100% (150/150)
Updating files: 100% (150/150), done.
[INFO] validating manifest of git repo https://github.com/kernelmachine/rsmat on toolchain beta-2021-10-15
[INFO] running `Command { std: "/workspace/cargo-home/bin/cargo" "+beta-2021-10-15" "metadata" "--manifest-path" "Cargo.toml" "--no-deps", kill_on_drop: false }`
[INFO] started tweaking git repo https://github.com/kernelmachine/rsmat
[INFO] finished tweaking git repo https://github.com/kernelmachine/rsmat
[INFO] tweaked toml for git repo https://github.com/kernelmachine/rsmat written to /workspace/builds/worker-60/source/Cargo.toml
[INFO] crate git repo https://github.com/kernelmachine/rsmat already has a lockfile, it will not be regenerated
[INFO] running `Command { std: "/workspace/cargo-home/bin/cargo" "+beta-2021-10-15" "fetch" "--manifest-path" "Cargo.toml", kill_on_drop: false }`
[INFO] [stderr]     Blocking waiting for file lock on package cache
[INFO] [stderr]     Blocking waiting for file lock on package cache
[INFO] running `Command { std: "docker" "create" "-v" "/var/lib/crater-agent-workspace/builds/worker-60/target:/opt/rustwide/target:rw,Z" "-v" "/var/lib/crater-agent-workspace/builds/worker-60/source:/opt/rustwide/workdir:ro,Z" "-v" "/var/lib/crater-agent-workspace/cargo-home:/opt/rustwide/cargo-home:ro,Z" "-v" "/var/lib/crater-agent-workspace/rustup-home:/opt/rustwide/rustup-home:ro,Z" "-e" "SOURCE_DIR=/opt/rustwide/workdir" "-e" "CARGO_TARGET_DIR=/opt/rustwide/target" "-e" "CARGO_HOME=/opt/rustwide/cargo-home" "-e" "RUSTUP_HOME=/opt/rustwide/rustup-home" "-w" "/opt/rustwide/workdir" "-m" "1610612736" "--user" "0:0" "--network" "none" "ghcr.io/rust-lang/crates-build-env/linux@sha256:a89201d6b5b9fd45c15d5952ece0a0129e7e80cb26ec023fd59cf09bc26f1604" "/opt/rustwide/cargo-home/bin/cargo" "+beta-2021-10-15" "metadata" "--no-deps" "--format-version=1", kill_on_drop: false }`
[INFO] [stdout] dff12891d8b60b1765478fa644896312226df08987c6a50f243a80acd1445f46
[INFO] running `Command { std: "docker" "start" "-a" "dff12891d8b60b1765478fa644896312226df08987c6a50f243a80acd1445f46", kill_on_drop: false }`
[INFO] running `Command { std: "docker" "inspect" "dff12891d8b60b1765478fa644896312226df08987c6a50f243a80acd1445f46", kill_on_drop: false }`
[INFO] running `Command { std: "docker" "rm" "-f" "dff12891d8b60b1765478fa644896312226df08987c6a50f243a80acd1445f46", kill_on_drop: false }`
[INFO] [stdout] dff12891d8b60b1765478fa644896312226df08987c6a50f243a80acd1445f46
[INFO] running `Command { std: "docker" "create" "-v" "/var/lib/crater-agent-workspace/builds/worker-60/target:/opt/rustwide/target:rw,Z" "-v" "/var/lib/crater-agent-workspace/builds/worker-60/source:/opt/rustwide/workdir:ro,Z" "-v" "/var/lib/crater-agent-workspace/cargo-home:/opt/rustwide/cargo-home:ro,Z" "-v" "/var/lib/crater-agent-workspace/rustup-home:/opt/rustwide/rustup-home:ro,Z" "-e" "SOURCE_DIR=/opt/rustwide/workdir" "-e" "CARGO_TARGET_DIR=/opt/rustwide/target" "-e" "CARGO_INCREMENTAL=0" "-e" "RUST_BACKTRACE=full" "-e" "RUSTFLAGS=--cap-lints=warn" "-e" "CARGO_HOME=/opt/rustwide/cargo-home" "-e" "RUSTUP_HOME=/opt/rustwide/rustup-home" "-w" "/opt/rustwide/workdir" "-m" "1610612736" "--user" "0:0" "--network" "none" "ghcr.io/rust-lang/crates-build-env/linux@sha256:a89201d6b5b9fd45c15d5952ece0a0129e7e80cb26ec023fd59cf09bc26f1604" "/opt/rustwide/cargo-home/bin/cargo" "+beta-2021-10-15" "check" "--frozen" "--all" "--all-targets" "--message-format=json", kill_on_drop: false }`
[INFO] [stdout] 2c0708924ba1fde55dd7f41fd10bbbed26332335b64ead9a972e5a374bd13c9a
[INFO] running `Command { std: "docker" "start" "-a" "2c0708924ba1fde55dd7f41fd10bbbed26332335b64ead9a972e5a374bd13c9a", kill_on_drop: false }`
[INFO] [stderr]     Blocking waiting for file lock on package cache
[INFO] [stderr]     Checking libc v0.2.10
[INFO] [stderr]     Checking num-traits v0.1.32
[INFO] [stderr]     Checking rustc-serialize v0.3.19
[INFO] [stderr]    Compiling semver v0.1.20
[INFO] [stderr]     Checking matrixmultiply v0.1.8
[INFO] [stderr]    Compiling rblas v0.0.13
[INFO] [stderr]     Checking itertools v0.4.13
[INFO] [stderr]    Compiling nom v1.2.2
[INFO] [stderr]    Compiling regex-syntax v0.3.1
[INFO] [stderr]    Compiling quine-mc_cluskey v0.2.2
[INFO] [stderr]    Compiling unicode-normalization v0.1.2
[INFO] [stderr]     Checking crossbeam v0.1.6
[INFO] [stdout] error[E0642]: patterns aren't allowed in functions without bodies
[INFO] [stdout]    --> /opt/rustwide/cargo-home/registry/src/github.com-1ecc6299db9ec823/rustc-serialize-0.3.19/src/serialize.rs:147:45
[INFO] [stdout]     |
[INFO] [stdout] 147 | ...                   &f_name: &str,
[INFO] [stdout]     |                       ^^^^^^^ pattern not allowed in function without body
[INFO] [stdout] 
[INFO] [stdout] 
[INFO] [stdout] error[E0642]: patterns aren't allowed in functions without bodies
[INFO] [stdout]    --> /opt/rustwide/cargo-home/registry/src/github.com-1ecc6299db9ec823/rustc-serialize-0.3.19/src/serialize.rs:147:45
[INFO] [stdout]     |
[INFO] [stdout] 147 | ...                   &f_name: &str,
[INFO] [stdout]     |                       ^^^^^^^ pattern not allowed in function without body
[INFO] [stdout] 
[INFO] [stdout] 
[INFO] [stderr]    Compiling rustc_version v0.1.7
[INFO] [stdout] error[E0512]: cannot transmute between types of different sizes, or dependently-sized types
[INFO] [stdout]   --> /opt/rustwide/cargo-home/registry/src/github.com-1ecc6299db9ec823/crossbeam-0.1.6/src/sync/seg_queue.rs:34:29
[INFO] [stdout]    |
[INFO] [stdout] 34 |             ready: unsafe { mem::transmute([0usize; SEG_SIZE]) },
[INFO] [stdout]    |                             ^^^^^^^^^^^^^^
[INFO] [stdout]    |
[INFO] [stdout]    = note: source type: `[usize; 32]` (2048 bits)
[INFO] [stdout]    = note: target type: `[AtomicBool; 32]` (256 bits)
[INFO] [stdout] 
[INFO] [stdout] 
[INFO] [stderr]     Checking rand v0.3.14
[INFO] [stderr]     Checking num_cpus v0.2.11
[INFO] [stderr]     Checking num-integer v0.1.32
[INFO] [stderr] error: could not compile `crossbeam` due to 2 previous errors
[INFO] [stdout] error: aborting due to previous error
[INFO] [stdout] 
[INFO] [stdout] 
[INFO] [stderr] warning: build failed, waiting for other jobs to finish...
[INFO] [stdout] For more information about this error, try `rustc --explain E0512`.
[INFO] [stdout] 
[INFO] [stdout] error: aborting due to previous error
[INFO] [stdout] 
[INFO] [stdout] 
[INFO] [stdout] error: aborting due to previous error
[INFO] [stdout] 
[INFO] [stdout] 
[INFO] [stdout] For more information about this error, try `rustc --explain E0642`.
[INFO] [stdout] 
[INFO] [stdout] For more information about this error, try `rustc --explain E0642`.
[INFO] [stdout] 
[INFO] [stderr] error: build failed
[INFO] running `Command { std: "docker" "inspect" "2c0708924ba1fde55dd7f41fd10bbbed26332335b64ead9a972e5a374bd13c9a", kill_on_drop: false }`
[INFO] running `Command { std: "docker" "rm" "-f" "2c0708924ba1fde55dd7f41fd10bbbed26332335b64ead9a972e5a374bd13c9a", kill_on_drop: false }`
[INFO] [stdout] 2c0708924ba1fde55dd7f41fd10bbbed26332335b64ead9a972e5a374bd13c9a
