[INFO] cloning repository https://github.com/kbknapp/cargo-extras
[INFO] running `Command { std: "git" "-c" "credential.helper=" "-c" "credential.helper=/workspace/cargo-home/bin/git-credential-null" "clone" "--bare" "https://github.com/kbknapp/cargo-extras" "/workspace/cache/git-repos/https%3A%2F%2Fgithub.com%2Fkbknapp%2Fcargo-extras", kill_on_drop: false }`
[INFO] [stderr] Cloning into bare repository '/workspace/cache/git-repos/https%3A%2F%2Fgithub.com%2Fkbknapp%2Fcargo-extras'...
[INFO] running `Command { std: "git" "rev-parse" "HEAD", kill_on_drop: false }`
[INFO] [stdout] d11fadf2a1c57e572c91945a0a1f192e15bca2b4
[INFO] checking kbknapp/cargo-extras against 1.55.0 for beta-1.56-3
[INFO] running `Command { std: "git" "clone" "/workspace/cache/git-repos/https%3A%2F%2Fgithub.com%2Fkbknapp%2Fcargo-extras" "/workspace/builds/worker-48/source", kill_on_drop: false }`
[INFO] [stderr] Cloning into '/workspace/builds/worker-48/source'...
[INFO] [stderr] done.
[INFO] validating manifest of git repo https://github.com/kbknapp/cargo-extras on toolchain 1.55.0
[INFO] running `Command { std: "/workspace/cargo-home/bin/cargo" "+1.55.0" "metadata" "--manifest-path" "Cargo.toml" "--no-deps", kill_on_drop: false }`
[INFO] started tweaking git repo https://github.com/kbknapp/cargo-extras
[INFO] finished tweaking git repo https://github.com/kbknapp/cargo-extras
[INFO] tweaked toml for git repo https://github.com/kbknapp/cargo-extras written to /workspace/builds/worker-48/source/Cargo.toml
[INFO] crate git repo https://github.com/kbknapp/cargo-extras already has a lockfile, it will not be regenerated
[INFO] running `Command { std: "/workspace/cargo-home/bin/cargo" "+1.55.0" "fetch" "--manifest-path" "Cargo.toml", kill_on_drop: false }`
[INFO] [stderr]     Blocking waiting for file lock on package cache
[INFO] [stderr]     Blocking waiting for file lock on package cache
[INFO] [stderr] warning: TOML file found which contains invalid syntax and will soon not parse
[INFO] [stderr] at `/workspace/cargo-home/registry/src/github.com-1ecc6299db9ec823/url-0.5.9/Cargo.toml`.
[INFO] [stderr] 
[INFO] [stderr] The TOML spec requires newlines after table definitions (e.g., `[a] b = 1` is
[INFO] [stderr] invalid), but this file has a table header which does not have a newline after
[INFO] [stderr] it. A newline needs to be added and this warning will soon become a hard error
[INFO] [stderr] in the future.
[INFO] [stderr]  Downloading crates ...
[INFO] [stderr]   Downloaded uuid v0.2.2
[INFO] [stderr]   Downloaded curl v0.2.19
[INFO] [stderr]   Downloaded ansi_term v0.6.3
[INFO] [stderr]   Downloaded difference v0.4.1
[INFO] [stderr]   Downloaded git2-curl v0.3.0
[INFO] [stderr]   Downloaded pad v0.1.4
[INFO] [stderr]   Downloaded crates-io v0.1.0
[INFO] [stderr]   Downloaded nom v1.2.2
[INFO] [stderr]   Downloaded cmake v0.1.17
[INFO] [stderr]   Downloaded openssl-sys v0.7.10
[INFO] [stderr]   Downloaded libz-sys v1.0.3
[INFO] [stderr]   Downloaded cargo v0.6.1
[INFO] [stderr]   Downloaded docopt v0.6.80
[INFO] [stderr]   Downloaded libgit2-sys v0.3.12
[INFO] [stderr]   Downloaded curl-sys v0.1.34
[INFO] [stderr]   Downloaded regex v0.1.69
[INFO] [stderr]   Downloaded toml v0.1.28
[INFO] [stderr]   Downloaded assert_cli v0.2.1
[INFO] [stderr]   Downloaded tar v0.3.4
[INFO] [stderr]   Downloaded cargo-edit v0.1.2
[INFO] [stderr]   Downloaded clap v2.4.0
[INFO] [stderr]   Downloaded shaman v0.1.0
[INFO] [stderr]   Downloaded git2 v0.3.4
[INFO] [stderr]   Downloaded hoedown v3.0.5
[INFO] running `Command { std: "docker" "create" "-v" "/var/lib/crater-agent-workspace/builds/worker-48/target:/opt/rustwide/target:rw,Z" "-v" "/var/lib/crater-agent-workspace/builds/worker-48/source:/opt/rustwide/workdir:ro,Z" "-v" "/var/lib/crater-agent-workspace/cargo-home:/opt/rustwide/cargo-home:ro,Z" "-v" "/var/lib/crater-agent-workspace/rustup-home:/opt/rustwide/rustup-home:ro,Z" "-e" "SOURCE_DIR=/opt/rustwide/workdir" "-e" "CARGO_TARGET_DIR=/opt/rustwide/target" "-e" "CARGO_HOME=/opt/rustwide/cargo-home" "-e" "RUSTUP_HOME=/opt/rustwide/rustup-home" "-w" "/opt/rustwide/workdir" "-m" "1610612736" "--user" "0:0" "--network" "none" "ghcr.io/rust-lang/crates-build-env/linux@sha256:a89201d6b5b9fd45c15d5952ece0a0129e7e80cb26ec023fd59cf09bc26f1604" "/opt/rustwide/cargo-home/bin/cargo" "+1.55.0" "metadata" "--no-deps" "--format-version=1", kill_on_drop: false }`
[INFO] [stdout] 04d76ac04d1f08e504392f70bcd4d5f8efd61bc685042819dfe4723c922f1b50
[INFO] running `Command { std: "docker" "start" "-a" "04d76ac04d1f08e504392f70bcd4d5f8efd61bc685042819dfe4723c922f1b50", kill_on_drop: false }`
[INFO] running `Command { std: "docker" "inspect" "04d76ac04d1f08e504392f70bcd4d5f8efd61bc685042819dfe4723c922f1b50", kill_on_drop: false }`
[INFO] running `Command { std: "docker" "rm" "-f" "04d76ac04d1f08e504392f70bcd4d5f8efd61bc685042819dfe4723c922f1b50", kill_on_drop: false }`
[INFO] [stdout] 04d76ac04d1f08e504392f70bcd4d5f8efd61bc685042819dfe4723c922f1b50
[INFO] running `Command { std: "docker" "create" "-v" "/var/lib/crater-agent-workspace/builds/worker-48/target:/opt/rustwide/target:rw,Z" "-v" "/var/lib/crater-agent-workspace/builds/worker-48/source:/opt/rustwide/workdir:ro,Z" "-v" "/var/lib/crater-agent-workspace/cargo-home:/opt/rustwide/cargo-home:ro,Z" "-v" "/var/lib/crater-agent-workspace/rustup-home:/opt/rustwide/rustup-home:ro,Z" "-e" "SOURCE_DIR=/opt/rustwide/workdir" "-e" "CARGO_TARGET_DIR=/opt/rustwide/target" "-e" "CARGO_INCREMENTAL=0" "-e" "RUST_BACKTRACE=full" "-e" "RUSTFLAGS=--cap-lints=warn" "-e" "CARGO_HOME=/opt/rustwide/cargo-home" "-e" "RUSTUP_HOME=/opt/rustwide/rustup-home" "-w" "/opt/rustwide/workdir" "-m" "1610612736" "--user" "0:0" "--network" "none" "ghcr.io/rust-lang/crates-build-env/linux@sha256:a89201d6b5b9fd45c15d5952ece0a0129e7e80cb26ec023fd59cf09bc26f1604" "/opt/rustwide/cargo-home/bin/cargo" "+1.55.0" "check" "--frozen" "--all" "--all-targets" "--message-format=json", kill_on_drop: false }`
[INFO] [stdout] e4fac405215e0294b6f8b3989517ff053e771beac8f95dbc00ef511281343f0a
[INFO] running `Command { std: "docker" "start" "-a" "e4fac405215e0294b6f8b3989517ff053e771beac8f95dbc00ef511281343f0a", kill_on_drop: false }`
[INFO] [stderr] warning: TOML file found which contains invalid syntax and will soon not parse
[INFO] [stderr] at `/opt/rustwide/cargo-home/registry/src/github.com-1ecc6299db9ec823/url-0.5.9/Cargo.toml`.
[INFO] [stderr] 
[INFO] [stderr] The TOML spec requires newlines after table definitions (e.g., `[a] b = 1` is
[INFO] [stderr] invalid), but this file has a table header which does not have a newline after
[INFO] [stderr] it. A newline needs to be added and this warning will soon become a hard error
[INFO] [stderr] in the future.
[INFO] [stderr]     Checking libc v0.2.11
[INFO] [stderr]    Compiling winapi-build v0.1.1
[INFO] [stderr]    Compiling gcc v0.3.28
[INFO] [stderr]    Compiling pkg-config v0.3.8
[INFO] [stderr]     Checking winapi v0.2.6
[INFO] [stderr]     Checking matches v0.1.2
[INFO] [stderr]     Checking rustc-serialize v0.3.19
[INFO] [stderr]     Checking unicode-normalization v0.1.2
[INFO] [stderr]     Checking log v0.3.6
[INFO] [stderr]     Checking regex-syntax v0.3.1
[INFO] [stderr]     Checking utf8-ranges v0.1.3
[INFO] [stderr]     Checking unicode-width v0.1.3
[INFO] [stderr]     Checking cfg-if v0.1.0
[INFO] [stderr]     Checking bitflags v0.4.0
[INFO] [stderr]     Checking strsim v0.3.0
[INFO] [stderr]     Checking bitflags v0.1.1
[INFO] [stderr]     Checking slab v0.1.3
[INFO] [stderr]     Checking semver v0.1.20
[INFO] [stderr]     Checking bytes v0.3.0
[INFO] [stderr]     Checking bitflags v0.5.0
[INFO] [stderr]     Checking glob v0.2.11
[INFO] [stderr]     Checking strsim v0.4.1
[INFO] [stderr]     Checking libc v0.1.12
[INFO] [stderr]     Checking nom v1.2.2
[INFO] [stderr]     Checking crossbeam v0.1.6
[INFO] [stderr]     Checking ansi_term v0.7.2
[INFO] [stderr]     Checking quick-error v0.1.4
[INFO] [stderr]     Checking vec_map v0.6.0
[INFO] [stderr]     Checking lazy_static v0.1.16
[INFO] [stderr]     Checking getopts v0.2.14
[INFO] [stderr]     Checking ansi_term v0.6.3
[INFO] [stderr]     Checking unicode-bidi v0.2.3
[INFO] [stderr]     Checking pad v0.1.4
[INFO] [stderr]     Checking tabwriter v0.1.25
[INFO] [stdout] error[E0642]: patterns aren't allowed in functions without bodies
[INFO] [stdout]    --> /opt/rustwide/cargo-home/registry/src/github.com-1ecc6299db9ec823/rustc-serialize-0.3.19/src/serialize.rs:147:45
[INFO] [stdout]     |
[INFO] [stdout] 147 | ...                   &f_name: &str,
[INFO] [stdout]     |                       ^^^^^^^ pattern not allowed in function without body
[INFO] [stdout] 
[INFO] [stdout] 
[INFO] [stderr]    Compiling kernel32-sys v0.2.2
[INFO] [stderr]    Compiling ws2_32-sys v0.2.1
[INFO] [stderr]    Compiling kernel32-sys v0.1.4
[INFO] [stderr]    Compiling advapi32-sys v0.1.2
[INFO] [stdout] error[E0512]: cannot transmute between types of different sizes, or dependently-sized types
[INFO] [stdout]   --> /opt/rustwide/cargo-home/registry/src/github.com-1ecc6299db9ec823/crossbeam-0.1.6/src/sync/seg_queue.rs:34:29
[INFO] [stdout]    |
[INFO] [stdout] 34 |             ready: unsafe { mem::transmute([0usize; SEG_SIZE]) },
[INFO] [stdout]    |                             ^^^^^^^^^^^^^^
[INFO] [stdout]    |
[INFO] [stdout]    = note: source type: `[usize; 32]` (2048 bits)
[INFO] [stdout]    = note: target type: `[AtomicBool; 32]` (256 bits)
[INFO] [stdout] 
[INFO] [stdout] 
[INFO] [stderr]    Compiling cmake v0.1.17
[INFO] [stderr]     Checking rand v0.3.14
[INFO] [stderr]     Checking memchr v0.1.11
[INFO] [stderr]     Checking filetime v0.1.10
[INFO] [stderr]     Checking nix v0.5.0
[INFO] [stderr]     Checking inotify v0.1.12
[INFO] [stderr]     Checking num_cpus v0.2.11
[INFO] [stderr]     Checking clap v2.4.0
[INFO] [stdout] error[E0503]: cannot use `state` because it was mutably borrowed
[INFO] [stdout]     --> /opt/rustwide/cargo-home/registry/src/github.com-1ecc6299db9ec823/getopts-0.2.14/src/lib.rs:1008:33
[INFO] [stdout]      |
[INFO] [stdout] 955  |     let mut machine = |cont: &mut bool, (i, c): (usize, char)| {
[INFO] [stdout]      |                       ---------------------------------------- borrow of `state` occurs here
[INFO] [stdout] ...
[INFO] [stdout] 959  |         state = match (state, whitespace, limit) {
[INFO] [stdout]      |         ----- borrow occurs due to use of `state` in closure
[INFO] [stdout] ...
[INFO] [stdout] 1008 |     while cont && match state { B | C => true, A => false } {
[INFO] [stdout]      |                                 ^ use of borrowed `state`
[INFO] [stdout] 1009 |         machine(&mut cont, (fake_i, ' '));
[INFO] [stdout]      |         ------- borrow later used here
[INFO] [stdout] 
[INFO] [stdout] 
[INFO] [stdout] error: aborting due to previous error
[INFO] [stdout] 
[INFO] [stdout] 
[INFO] [stdout] For more information about this error, try `rustc --explain E0503`.
[INFO] [stdout] 
[INFO] [stderr]     Checking gitignore v1.0.4
[INFO] [stderr] error: could not compile `getopts` due to 2 previous errors
[INFO] [stderr] warning: build failed, waiting for other jobs to finish...
[INFO] [stdout] error: aborting due to previous error
[INFO] [stdout] 
[INFO] [stdout] 
[INFO] [stdout] For more information about this error, try `rustc --explain E0512`.
[INFO] [stdout] 
[INFO] [stdout] error: aborting due to previous error
[INFO] [stdout] 
[INFO] [stdout] 
[INFO] [stdout] For more information about this error, try `rustc --explain E0642`.
[INFO] [stdout] 
[INFO] [stdout] error[E0591]: can't transmute zero-sized type
[INFO] [stdout]    --> /opt/rustwide/cargo-home/registry/src/github.com-1ecc6299db9ec823/nix-0.5.0/src/sched.rs:192:20
[INFO] [stdout]     |
[INFO] [stdout] 192 |         ffi::clone(mem::transmute(callback), ptr as *mut c_void, flags.bits(), &mut cb)
[INFO] [stdout]     |                    ^^^^^^^^^^^^^^
[INFO] [stdout]     |
[INFO] [stdout]     = note: source type: for<'r> extern "C" fn(*mut Box<(dyn FnMut() -> isize + 'r)>) -> i32 {callback}
[INFO] [stdout]     = note: target type: *const for<'r> extern "C" fn(*const Box<(dyn FnMut() -> isize + 'r)>) -> i32
[INFO] [stdout]     = help: cast with `as` to a pointer instead
[INFO] [stdout] 
[INFO] [stdout] 
[INFO] [stdout] error: aborting due to previous error
[INFO] [stdout] 
[INFO] [stdout] 
[INFO] [stdout] For more information about this error, try `rustc --explain E0591`.
[INFO] [stdout] 
[INFO] [stderr] error: build failed
[INFO] running `Command { std: "docker" "inspect" "e4fac405215e0294b6f8b3989517ff053e771beac8f95dbc00ef511281343f0a", kill_on_drop: false }`
[INFO] running `Command { std: "docker" "rm" "-f" "e4fac405215e0294b6f8b3989517ff053e771beac8f95dbc00ef511281343f0a", kill_on_drop: false }`
[INFO] [stdout] e4fac405215e0294b6f8b3989517ff053e771beac8f95dbc00ef511281343f0a
