[INFO] cloning repository https://github.com/kazimuth/baked_fluent
[INFO] running `Command { std: "git" "-c" "credential.helper=" "-c" "credential.helper=/workspace/cargo-home/bin/git-credential-null" "clone" "--bare" "https://github.com/kazimuth/baked_fluent" "/workspace/cache/git-repos/https%3A%2F%2Fgithub.com%2Fkazimuth%2Fbaked_fluent", kill_on_drop: false }`
[INFO] [stderr] Cloning into bare repository '/workspace/cache/git-repos/https%3A%2F%2Fgithub.com%2Fkazimuth%2Fbaked_fluent'...
[INFO] running `Command { std: "git" "rev-parse" "HEAD", kill_on_drop: false }`
[INFO] [stdout] b3f1f4c1f0a11f266b2129fef62aa04bf4a46848
[INFO] checking kazimuth/baked_fluent against beta-2021-10-15 for beta-1.56-3
[INFO] running `Command { std: "git" "clone" "/workspace/cache/git-repos/https%3A%2F%2Fgithub.com%2Fkazimuth%2Fbaked_fluent" "/workspace/builds/worker-4/source", kill_on_drop: false }`
[INFO] [stderr] Cloning into '/workspace/builds/worker-4/source'...
[INFO] [stderr] done.
[INFO] validating manifest of git repo https://github.com/kazimuth/baked_fluent on toolchain beta-2021-10-15
[INFO] running `Command { std: "/workspace/cargo-home/bin/cargo" "+beta-2021-10-15" "metadata" "--manifest-path" "Cargo.toml" "--no-deps", kill_on_drop: false }`
[INFO] started tweaking git repo https://github.com/kazimuth/baked_fluent
[INFO] finished tweaking git repo https://github.com/kazimuth/baked_fluent
[INFO] tweaked toml for git repo https://github.com/kazimuth/baked_fluent written to /workspace/builds/worker-4/source/Cargo.toml
[INFO] crate git repo https://github.com/kazimuth/baked_fluent already has a lockfile, it will not be regenerated
[INFO] running `Command { std: "/workspace/cargo-home/bin/cargo" "+beta-2021-10-15" "fetch" "--manifest-path" "Cargo.toml", kill_on_drop: false }`
[INFO] [stderr]     Blocking waiting for file lock on package cache
[INFO] [stderr]     Blocking waiting for file lock on package cache
[INFO] [stderr]  Downloading crates ...
[INFO] [stderr]   Downloaded pretty_env_logger v0.3.0
[INFO] [stderr]   Downloaded intl_pluralrules v1.0.3
[INFO] [stderr]   Downloaded derive_more v0.14.0
[INFO] [stderr]   Downloaded gzip-header v0.2.0
[INFO] [stderr]   Downloaded ascii v0.8.7
[INFO] [stderr]   Downloaded tiny_http v0.6.2
[INFO] [stderr]   Downloaded tinytemplate v1.0.1
[INFO] [stderr]   Downloaded buf_redux v0.8.1
[INFO] [stderr]   Downloaded hashbrown v0.2.2
[INFO] [stderr]   Downloaded actix-service v0.3.6
[INFO] [stderr]   Downloaded actix-server v0.4.3
[INFO] [stderr]   Downloaded actix-web v1.0.0-beta.3
[INFO] [stderr]   Downloaded actix-router v0.1.3
[INFO] [stderr]   Downloaded actix-web-codegen v0.1.0-beta.1
[INFO] [stderr]   Downloaded actix-connect v0.1.5
[INFO] [stderr]   Downloaded actix-utils v0.3.5
[INFO] [stderr]   Downloaded awc v0.1.1
[INFO] [stderr]   Downloaded rental-impl v0.5.2
[INFO] [stderr]   Downloaded fluent-bundle v0.6.0
[INFO] [stderr]   Downloaded fluent-syntax v0.9.0
[INFO] [stderr]   Downloaded rental v0.5.3
[INFO] [stderr]   Downloaded actix-http v0.1.5
[INFO] [stderr]   Downloaded rouille v3.0.0
[INFO] [stderr]   Downloaded multipart v0.15.4
[INFO] [stderr]   Downloaded annotate-snippets v0.5.0
[INFO] [stderr]   Downloaded trybuild v1.0.3
[INFO] running `Command { std: "docker" "create" "-v" "/var/lib/crater-agent-workspace/builds/worker-4/target:/opt/rustwide/target:rw,Z" "-v" "/var/lib/crater-agent-workspace/builds/worker-4/source:/opt/rustwide/workdir:ro,Z" "-v" "/var/lib/crater-agent-workspace/cargo-home:/opt/rustwide/cargo-home:ro,Z" "-v" "/var/lib/crater-agent-workspace/rustup-home:/opt/rustwide/rustup-home:ro,Z" "-e" "SOURCE_DIR=/opt/rustwide/workdir" "-e" "CARGO_TARGET_DIR=/opt/rustwide/target" "-e" "CARGO_HOME=/opt/rustwide/cargo-home" "-e" "RUSTUP_HOME=/opt/rustwide/rustup-home" "-w" "/opt/rustwide/workdir" "-m" "1610612736" "--user" "0:0" "--network" "none" "ghcr.io/rust-lang/crates-build-env/linux@sha256:a89201d6b5b9fd45c15d5952ece0a0129e7e80cb26ec023fd59cf09bc26f1604" "/opt/rustwide/cargo-home/bin/cargo" "+beta-2021-10-15" "metadata" "--no-deps" "--format-version=1", kill_on_drop: false }`
[INFO] [stdout] 98217c21253501da517d6776469be1929773d34ffb6acaac21658ec951c8fc8f
[INFO] running `Command { std: "docker" "start" "-a" "98217c21253501da517d6776469be1929773d34ffb6acaac21658ec951c8fc8f", kill_on_drop: false }`
[INFO] running `Command { std: "docker" "inspect" "98217c21253501da517d6776469be1929773d34ffb6acaac21658ec951c8fc8f", kill_on_drop: false }`
[INFO] running `Command { std: "docker" "rm" "-f" "98217c21253501da517d6776469be1929773d34ffb6acaac21658ec951c8fc8f", kill_on_drop: false }`
[INFO] [stdout] 98217c21253501da517d6776469be1929773d34ffb6acaac21658ec951c8fc8f
[INFO] running `Command { std: "docker" "create" "-v" "/var/lib/crater-agent-workspace/builds/worker-4/target:/opt/rustwide/target:rw,Z" "-v" "/var/lib/crater-agent-workspace/builds/worker-4/source:/opt/rustwide/workdir:ro,Z" "-v" "/var/lib/crater-agent-workspace/cargo-home:/opt/rustwide/cargo-home:ro,Z" "-v" "/var/lib/crater-agent-workspace/rustup-home:/opt/rustwide/rustup-home:ro,Z" "-e" "SOURCE_DIR=/opt/rustwide/workdir" "-e" "CARGO_TARGET_DIR=/opt/rustwide/target" "-e" "CARGO_INCREMENTAL=0" "-e" "RUST_BACKTRACE=full" "-e" "RUSTFLAGS=--cap-lints=warn" "-e" "CARGO_HOME=/opt/rustwide/cargo-home" "-e" "RUSTUP_HOME=/opt/rustwide/rustup-home" "-w" "/opt/rustwide/workdir" "-m" "1610612736" "--user" "0:0" "--network" "none" "ghcr.io/rust-lang/crates-build-env/linux@sha256:a89201d6b5b9fd45c15d5952ece0a0129e7e80cb26ec023fd59cf09bc26f1604" "/opt/rustwide/cargo-home/bin/cargo" "+beta-2021-10-15" "check" "--frozen" "--all" "--all-targets" "--message-format=json", kill_on_drop: false }`
[INFO] [stdout] b6a58d1142421cd6b8a8d07e66ad2142dcbcf9182b23be4f38b77d88fb115d5d
[INFO] running `Command { std: "docker" "start" "-a" "b6a58d1142421cd6b8a8d07e66ad2142dcbcf9182b23be4f38b77d88fb115d5d", kill_on_drop: false }`
[INFO] [stderr]     Blocking waiting for file lock on package cache
[INFO] [stderr]    Compiling proc-macro2 v0.4.29
[INFO] [stderr]    Compiling libc v0.2.54
[INFO] [stderr]    Compiling syn v0.15.33
[INFO] [stderr]     Checking cfg-if v0.1.7
[INFO] [stderr]    Compiling memchr v2.2.0
[INFO] [stderr]    Compiling serde v1.0.91
[INFO] [stderr]    Compiling ryu v0.2.8
[INFO] [stderr]    Compiling cc v1.0.36
[INFO] [stderr]    Compiling arrayvec v0.4.10
[INFO] [stderr]     Checking nodrop v0.1.13
[INFO] [stderr]    Compiling num-traits v0.2.6
[INFO] [stderr]    Compiling rayon-core v1.4.1
[INFO] [stderr]    Compiling failure_derive v0.1.5
[INFO] [stderr]     Checking siphasher v0.2.3
[INFO] [stderr]     Checking itoa v0.4.4
[INFO] [stderr]    Compiling byteorder v1.3.1
[INFO] [stderr]     Checking either v1.5.2
[INFO] [stderr]     Checking fluent-syntax v0.9.0
[INFO] [stderr]     Checking rustc-demangle v0.1.14
[INFO] [stderr]    Compiling regex v1.1.6
[INFO] [stderr]     Checking ucd-util v0.1.3
[INFO] [stderr]     Checking stable_deref_trait v1.1.1
[INFO] [stderr]     Checking utf8-ranges v1.0.2
[INFO] [stderr]     Checking quick-error v1.2.2
[INFO] [stderr]     Checking termcolor v1.0.4
[INFO] [stderr]    Compiling rayon v1.0.3
[INFO] [stderr]     Checking fluent-locale v0.4.1
[INFO] [stderr]     Checking unicode-xid v0.1.0
[INFO] [stderr]     Checking same-file v1.0.4
[INFO] [stderr]    Compiling annotate-snippets v0.5.0
[INFO] [stderr]     Checking cast v0.2.2
[INFO] [stderr]     Checking glob v0.3.0
[INFO] [stderr]    Compiling backtrace v0.3.15
[INFO] [stderr]     Checking thread_local v0.3.6
[INFO] [stderr]     Checking textwrap v0.11.0
[INFO] [stderr]     Checking crossbeam-utils v0.2.2
[INFO] [stderr]     Checking log v0.4.6
[INFO] [stderr]     Checking itertools v0.8.0
[INFO] [stderr]     Checking regex-syntax v0.6.6
[INFO] [stderr]     Checking humantime v1.2.0
[INFO] [stderr]     Checking phf_shared v0.7.24
[INFO] [stderr]     Checking walkdir v2.2.7
[INFO] [stderr]     Checking clap v2.33.0
[INFO] [stderr]     Checking phf v0.7.24
[INFO] [stderr]     Checking intl_pluralrules v1.0.3
[INFO] [stderr]     Checking rand_xoshiro v0.1.0
[INFO] [stderr]    Compiling backtrace-sys v0.1.28
[INFO] [stderr]     Checking quote v0.6.12
[INFO] [stderr]     Checking criterion-plot v0.3.1
[INFO] [stderr]     Checking atty v0.2.11
[INFO] [stderr]     Checking num_cpus v1.10.0
[INFO] [stderr]     Checking time v0.1.42
[INFO] [stderr]     Checking rand_os v0.1.3
[INFO] [stderr]     Checking crossbeam-epoch v0.3.1
[INFO] [stderr]     Checking aho-corasick v0.7.3
[INFO] [stderr]     Checking csv-core v0.1.5
[INFO] [stderr]     Checking crossbeam-deque v0.2.0
[INFO] [stderr]     Checking num-integer v0.1.39
[INFO] [stderr]     Checking chrono v0.4.6
[INFO] [stderr]    Compiling synstructure v0.10.1
[INFO] [stderr]     Checking baked_fluent_codegen v0.1.0 (/opt/rustwide/workdir/baked_fluent_codegen)
[INFO] [stdout] warning: trailing semicolon in macro used in expression position
[INFO] [stdout]   --> baked_fluent_codegen/src/lib.rs:18:74
[INFO] [stdout]    |
[INFO] [stdout] 18 |           return syn::Error::new($span, $message).to_compile_error().into();
[INFO] [stdout]    |                                                                            ^
[INFO] [stdout] ...
[INFO] [stdout] 59 |           None => err!(
[INFO] [stdout]    |  _________________-
[INFO] [stdout] 60 | |             ast.path.span(),
[INFO] [stdout] 61 | |             "baked_fluent: .ftl source files have errors"
[INFO] [stdout] 62 | |         ),
[INFO] [stdout]    | |_________- in this macro invocation
[INFO] [stdout]    |
[INFO] [stdout]    = note: `#[warn(semicolon_in_expressions_from_macros)]` on by default
[INFO] [stdout]    = warning: this was previously accepted by the compiler but is being phased out; it will become a hard error in a future release!
[INFO] [stdout]    = note: for more information, see issue #79813 <https://github.com/rust-lang/rust/issues/79813>
[INFO] [stdout]    = note: this warning originates in the macro `err` (in Nightly builds, run with -Z macro-backtrace for more info)
[INFO] [stdout] 
[INFO] [stdout] 
[INFO] [stdout] warning: trailing semicolon in macro used in expression position
[INFO] [stdout]   --> baked_fluent_codegen/src/lib.rs:18:74
[INFO] [stdout]    |
[INFO] [stdout] 18 |           return syn::Error::new($span, $message).to_compile_error().into();
[INFO] [stdout]    |                                                                            ^
[INFO] [stdout] ...
[INFO] [stdout] 59 |           None => err!(
[INFO] [stdout]    |  _________________-
[INFO] [stdout] 60 | |             ast.path.span(),
[INFO] [stdout] 61 | |             "baked_fluent: .ftl source files have errors"
[INFO] [stdout] 62 | |         ),
[INFO] [stdout]    | |_________- in this macro invocation
[INFO] [stdout]    |
[INFO] [stdout]    = note: `#[warn(semicolon_in_expressions_from_macros)]` on by default
[INFO] [stdout]    = warning: this was previously accepted by the compiler but is being phased out; it will become a hard error in a future release!
[INFO] [stdout]    = note: for more information, see issue #79813 <https://github.com/rust-lang/rust/issues/79813>
[INFO] [stdout]    = note: this warning originates in the macro `err` (in Nightly builds, run with -Z macro-backtrace for more info)
[INFO] [stdout] 
[INFO] [stdout] 
[INFO] [stdout] warning: 1 warning emitted
[INFO] [stdout] 
[INFO] [stdout] 
[INFO] [stdout] warning: 1 warning emitted
[INFO] [stdout] 
[INFO] [stdout] 
[INFO] [stderr]     Checking env_logger v0.6.1
[INFO] [stderr]     Checking pretty_env_logger v0.3.0
[INFO] [stderr]    Compiling serde_derive v1.0.91
[INFO] [stderr]    Compiling rental-impl v0.5.2
[INFO] [stdout] warning: trailing semicolon in macro used in expression position
[INFO] [stdout]   --> baked_fluent_codegen/src/lib.rs:18:74
[INFO] [stdout]    |
[INFO] [stdout] 18 |           return syn::Error::new($span, $message).to_compile_error().into();
[INFO] [stdout]    |                                                                            ^
[INFO] [stdout] ...
[INFO] [stdout] 59 |           None => err!(
[INFO] [stdout]    |  _________________-
[INFO] [stdout] 60 | |             ast.path.span(),
[INFO] [stdout] 61 | |             "baked_fluent: .ftl source files have errors"
[INFO] [stdout] 62 | |         ),
[INFO] [stdout]    | |_________- in this macro invocation
[INFO] [stdout]    |
[INFO] [stdout]    = note: `#[warn(semicolon_in_expressions_from_macros)]` on by default
[INFO] [stdout]    = warning: this was previously accepted by the compiler but is being phased out; it will become a hard error in a future release!
[INFO] [stdout]    = note: for more information, see issue #79813 <https://github.com/rust-lang/rust/issues/79813>
[INFO] [stdout]    = note: this warning originates in the macro `err` (in Nightly builds, run with -Z macro-backtrace for more info)
[INFO] [stdout] 
[INFO] [stdout] 
[INFO] [stdout] warning: 1 warning emitted
[INFO] [stdout] 
[INFO] [stdout] 
[INFO] [stderr]     Checking failure v0.1.5
[INFO] [stderr]     Checking rental v0.5.3
[INFO] [stderr]     Checking fluent-bundle v0.6.0
[INFO] [stderr]     Checking baked_fluent v0.1.0 (/opt/rustwide/workdir/baked_fluent)
[INFO] [stderr]     Checking serde_json v1.0.39
[INFO] [stderr]     Checking toml v0.5.0
[INFO] [stderr]     Checking csv v1.0.7
[INFO] [stderr]     Checking tinytemplate v1.0.1
[INFO] [stderr]     Checking trybuild v1.0.3
[INFO] [stderr]     Checking criterion v0.2.11
[INFO] [stdout] error: unexpected attribute `localize` (allowed: path, default_locale)
[INFO] [stdout]  --> baked_fluent/benches/bench.rs:5:7
[INFO] [stdout]   |
[INFO] [stdout] 5 |     #[localize(path = "tests/i18n", default_locale = "en_US")]
[INFO] [stdout]   |       ^^^^^^^^
[INFO] [stdout] 
[INFO] [stdout] 
[INFO] [stdout] error[E0433]: failed to resolve: use of undeclared type `TestLocalizer`
[INFO] [stdout]   --> baked_fluent/benches/bench.rs:12:23
[INFO] [stdout]    |
[INFO] [stdout] 12 |             black_box(TestLocalizer::new(black_box(&["en_US"]), black_box(None)));
[INFO] [stdout]    |                       ^^^^^^^^^^^^^ use of undeclared type `TestLocalizer`
[INFO] [stdout] 
[INFO] [stdout] 
[INFO] [stdout] error[E0433]: failed to resolve: use of undeclared type `TestLocalizer`
[INFO] [stdout]   --> baked_fluent/benches/bench.rs:18:23
[INFO] [stdout]    |
[INFO] [stdout] 18 |             black_box(TestLocalizer::new(
[INFO] [stdout]    |                       ^^^^^^^^^^^^^ use of undeclared type `TestLocalizer`
[INFO] [stdout] 
[INFO] [stdout] 
[INFO] [stdout] error[E0433]: failed to resolve: use of undeclared type `TestLocalizer`
[INFO] [stdout]   --> baked_fluent/benches/bench.rs:25:19
[INFO] [stdout]    |
[INFO] [stdout] 25 |         let loc = TestLocalizer::new(&["en_US"], None);
[INFO] [stdout]    |                   ^^^^^^^^^^^^^ use of undeclared type `TestLocalizer`
[INFO] [stdout] 
[INFO] [stdout] 
[INFO] [stdout] error[E0433]: failed to resolve: use of undeclared type `TestLocalizer`
[INFO] [stdout]   --> baked_fluent/benches/bench.rs:32:19
[INFO] [stdout]    |
[INFO] [stdout] 32 |         let loc = TestLocalizer::new(&["en_US"], None);
[INFO] [stdout]    |                   ^^^^^^^^^^^^^ use of undeclared type `TestLocalizer`
[INFO] [stdout] 
[INFO] [stdout] 
[INFO] [stdout] warning: unused import: `Localize`
[INFO] [stdout]  --> baked_fluent/benches/bench.rs:1:45
[INFO] [stdout]   |
[INFO] [stdout] 1 | use baked_fluent::{impl_localize, localize, Localize};
[INFO] [stdout]   |                                             ^^^^^^^^
[INFO] [stdout]   |
[INFO] [stdout]   = note: `#[warn(unused_imports)]` on by default
[INFO] [stdout] 
[INFO] [stdout] 
[INFO] [stdout] error: aborting due to 5 previous errors; 1 warning emitted
[INFO] [stdout] 
[INFO] [stdout] 
[INFO] [stdout] For more information about this error, try `rustc --explain E0433`.
[INFO] [stdout] 
[INFO] [stderr] error: could not compile `baked_fluent` due to 6 previous errors; 1 warning emitted
[INFO] [stderr] warning: build failed, waiting for other jobs to finish...
[INFO] [stderr] error: build failed
[INFO] running `Command { std: "docker" "inspect" "b6a58d1142421cd6b8a8d07e66ad2142dcbcf9182b23be4f38b77d88fb115d5d", kill_on_drop: false }`
[INFO] running `Command { std: "docker" "rm" "-f" "b6a58d1142421cd6b8a8d07e66ad2142dcbcf9182b23be4f38b77d88fb115d5d", kill_on_drop: false }`
[INFO] [stdout] b6a58d1142421cd6b8a8d07e66ad2142dcbcf9182b23be4f38b77d88fb115d5d
