[INFO] cloning repository https://github.com/katyamag/prochecks
[INFO] running `Command { std: "git" "-c" "credential.helper=" "-c" "credential.helper=/workspace/cargo-home/bin/git-credential-null" "clone" "--bare" "https://github.com/katyamag/prochecks" "/workspace/cache/git-repos/https%3A%2F%2Fgithub.com%2Fkatyamag%2Fprochecks", kill_on_drop: false }`
[INFO] [stderr] Cloning into bare repository '/workspace/cache/git-repos/https%3A%2F%2Fgithub.com%2Fkatyamag%2Fprochecks'...
[INFO] running `Command { std: "git" "rev-parse" "HEAD", kill_on_drop: false }`
[INFO] [stdout] 04f04c0dd9235c76babe59748c107ee587c07307
[INFO] checking katyamag/prochecks against beta-2021-10-15 for beta-1.56-3
[INFO] running `Command { std: "git" "clone" "/workspace/cache/git-repos/https%3A%2F%2Fgithub.com%2Fkatyamag%2Fprochecks" "/workspace/builds/worker-59/source", kill_on_drop: false }`
[INFO] [stderr] Cloning into '/workspace/builds/worker-59/source'...
[INFO] [stderr] done.
[INFO] validating manifest of git repo https://github.com/katyamag/prochecks on toolchain beta-2021-10-15
[INFO] running `Command { std: "/workspace/cargo-home/bin/cargo" "+beta-2021-10-15" "metadata" "--manifest-path" "Cargo.toml" "--no-deps", kill_on_drop: false }`
[INFO] started tweaking git repo https://github.com/katyamag/prochecks
[INFO] finished tweaking git repo https://github.com/katyamag/prochecks
[INFO] tweaked toml for git repo https://github.com/katyamag/prochecks written to /workspace/builds/worker-59/source/Cargo.toml
[INFO] crate git repo https://github.com/katyamag/prochecks already has a lockfile, it will not be regenerated
[INFO] running `Command { std: "/workspace/cargo-home/bin/cargo" "+beta-2021-10-15" "fetch" "--manifest-path" "Cargo.toml", kill_on_drop: false }`
[INFO] [stderr]  Downloading crates ...
[INFO] [stderr]   Downloaded procfs v0.7.5
[INFO] running `Command { std: "docker" "create" "-v" "/var/lib/crater-agent-workspace/builds/worker-59/target:/opt/rustwide/target:rw,Z" "-v" "/var/lib/crater-agent-workspace/builds/worker-59/source:/opt/rustwide/workdir:ro,Z" "-v" "/var/lib/crater-agent-workspace/cargo-home:/opt/rustwide/cargo-home:ro,Z" "-v" "/var/lib/crater-agent-workspace/rustup-home:/opt/rustwide/rustup-home:ro,Z" "-e" "SOURCE_DIR=/opt/rustwide/workdir" "-e" "CARGO_TARGET_DIR=/opt/rustwide/target" "-e" "CARGO_HOME=/opt/rustwide/cargo-home" "-e" "RUSTUP_HOME=/opt/rustwide/rustup-home" "-w" "/opt/rustwide/workdir" "-m" "1610612736" "--user" "0:0" "--network" "none" "ghcr.io/rust-lang/crates-build-env/linux@sha256:a89201d6b5b9fd45c15d5952ece0a0129e7e80cb26ec023fd59cf09bc26f1604" "/opt/rustwide/cargo-home/bin/cargo" "+beta-2021-10-15" "metadata" "--no-deps" "--format-version=1", kill_on_drop: false }`
[INFO] [stdout] 1bd48a23db8867e6bd6e50ef6996f3159b5bdbe10a9a3e2924ad060d6e7e326a
[INFO] running `Command { std: "docker" "start" "-a" "1bd48a23db8867e6bd6e50ef6996f3159b5bdbe10a9a3e2924ad060d6e7e326a", kill_on_drop: false }`
[INFO] running `Command { std: "docker" "inspect" "1bd48a23db8867e6bd6e50ef6996f3159b5bdbe10a9a3e2924ad060d6e7e326a", kill_on_drop: false }`
[INFO] running `Command { std: "docker" "rm" "-f" "1bd48a23db8867e6bd6e50ef6996f3159b5bdbe10a9a3e2924ad060d6e7e326a", kill_on_drop: false }`
[INFO] [stdout] 1bd48a23db8867e6bd6e50ef6996f3159b5bdbe10a9a3e2924ad060d6e7e326a
[INFO] running `Command { std: "docker" "create" "-v" "/var/lib/crater-agent-workspace/builds/worker-59/target:/opt/rustwide/target:rw,Z" "-v" "/var/lib/crater-agent-workspace/builds/worker-59/source:/opt/rustwide/workdir:ro,Z" "-v" "/var/lib/crater-agent-workspace/cargo-home:/opt/rustwide/cargo-home:ro,Z" "-v" "/var/lib/crater-agent-workspace/rustup-home:/opt/rustwide/rustup-home:ro,Z" "-e" "SOURCE_DIR=/opt/rustwide/workdir" "-e" "CARGO_TARGET_DIR=/opt/rustwide/target" "-e" "CARGO_INCREMENTAL=0" "-e" "RUST_BACKTRACE=full" "-e" "RUSTFLAGS=--cap-lints=warn" "-e" "CARGO_HOME=/opt/rustwide/cargo-home" "-e" "RUSTUP_HOME=/opt/rustwide/rustup-home" "-w" "/opt/rustwide/workdir" "-m" "1610612736" "--user" "0:0" "--network" "none" "ghcr.io/rust-lang/crates-build-env/linux@sha256:a89201d6b5b9fd45c15d5952ece0a0129e7e80cb26ec023fd59cf09bc26f1604" "/opt/rustwide/cargo-home/bin/cargo" "+beta-2021-10-15" "check" "--frozen" "--all" "--all-targets" "--message-format=json", kill_on_drop: false }`
[INFO] [stdout] 5019f4eba7abe654166e2878ad886a75d352406873969fd464f2e126f8d4974a
[INFO] running `Command { std: "docker" "start" "-a" "5019f4eba7abe654166e2878ad886a75d352406873969fd464f2e126f8d4974a", kill_on_drop: false }`
[INFO] [stderr]     Blocking waiting for file lock on package cache
[INFO] [stderr]    Compiling autocfg v0.1.6
[INFO] [stderr]    Compiling libc v0.2.62
[INFO] [stderr]    Compiling crc32fast v1.2.0
[INFO] [stderr]    Compiling bitflags v1.2.0
[INFO] [stderr]    Compiling byteorder v1.3.2
[INFO] [stderr]     Checking adler32 v1.0.4
[INFO] [stderr]     Checking take_mut v0.2.2
[INFO] [stderr]     Checking rle-decode-fast v1.0.1
[INFO] [stderr]     Checking unicode-width v0.1.6
[INFO] [stderr]     Checking hex v0.4.0
[INFO] [stderr]     Checking textwrap v0.11.0
[INFO] [stderr]    Compiling num-traits v0.2.8
[INFO] [stderr]    Compiling num-integer v0.1.41
[INFO] [stderr]     Checking libflate v0.1.27
[INFO] [stderr]     Checking time v0.1.42
[INFO] [stderr]     Checking atty v0.2.13
[INFO] [stderr]     Checking clap v2.33.0
[INFO] [stderr]     Checking chrono v0.4.10
[INFO] [stderr]     Checking procfs v0.7.5
[INFO] [stderr]     Checking procmonitor v0.3.2 (/opt/rustwide/workdir)
[INFO] [stdout] error[E0425]: cannot find function `all_processes` in crate `procfs`
[INFO] [stdout]   --> src/main.rs:59:33
[INFO] [stdout]    |
[INFO] [stdout] 59 |         let all_procs = procfs::all_processes();
[INFO] [stdout]    |                                 ^^^^^^^^^^^^^ not found in `procfs`
[INFO] [stdout]    |
[INFO] [stdout] help: consider importing this function
[INFO] [stdout]    |
[INFO] [stdout] 5  | use procfs::process::all_processes;
[INFO] [stdout]    |
[INFO] [stdout] 
[INFO] [stdout] 
[INFO] [stdout] error[E0433]: failed to resolve: could not find `Process` in `procfs`
[INFO] [stdout]   --> src/main.rs:78:42
[INFO] [stdout]    |
[INFO] [stdout] 78 |                         let pp = procfs::Process::new(p.stat.ppid).unwrap();
[INFO] [stdout]    |                                          ^^^^^^^ not found in `procfs`
[INFO] [stdout]    |
[INFO] [stdout] help: consider importing this struct
[INFO] [stdout]    |
[INFO] [stdout] 5  | use procfs::process::Process;
[INFO] [stdout]    |
[INFO] [stdout] 
[INFO] [stdout] 
[INFO] [stdout] error[E0425]: cannot find function `all_processes` in crate `procfs`
[INFO] [stdout]   --> src/main.rs:59:33
[INFO] [stdout]    |
[INFO] [stdout] 59 |         let all_procs = procfs::all_processes();
[INFO] [stdout]    |                                 ^^^^^^^^^^^^^ not found in `procfs`
[INFO] [stdout]    |
[INFO] [stdout] help: consider importing this function
[INFO] [stdout]    |
[INFO] [stdout] 5  | use procfs::process::all_processes;
[INFO] [stdout]    |
[INFO] [stdout] 
[INFO] [stdout] 
[INFO] [stdout] error[E0433]: failed to resolve: could not find `Process` in `procfs`
[INFO] [stdout]   --> src/main.rs:78:42
[INFO] [stdout]    |
[INFO] [stdout] 78 |                         let pp = procfs::Process::new(p.stat.ppid).unwrap();
[INFO] [stdout]    |                                          ^^^^^^^ not found in `procfs`
[INFO] [stdout]    |
[INFO] [stdout] help: consider importing this struct
[INFO] [stdout]    |
[INFO] [stdout] 5  | use procfs::process::Process;
[INFO] [stdout]    |
[INFO] [stdout] 
[INFO] [stdout] 
[INFO] [stdout] error: aborting due to 2 previous errors
[INFO] [stdout] 
[INFO] [stdout] 
[INFO] [stdout] Some errors have detailed explanations: E0425, E0433.
[INFO] [stdout] 
[INFO] [stdout] For more information about an error, try `rustc --explain E0425`.
[INFO] [stdout] 
[INFO] [stderr] error: could not compile `procmonitor` due to 3 previous errors
[INFO] [stdout] error: aborting due to 2 previous errors
[INFO] [stdout] 
[INFO] [stdout] 
[INFO] [stderr] warning: build failed, waiting for other jobs to finish...
[INFO] [stdout] Some errors have detailed explanations: E0425, E0433.
[INFO] [stdout] 
[INFO] [stdout] For more information about an error, try `rustc --explain E0425`.
[INFO] [stdout] 
[INFO] [stderr] error: build failed
[INFO] running `Command { std: "docker" "inspect" "5019f4eba7abe654166e2878ad886a75d352406873969fd464f2e126f8d4974a", kill_on_drop: false }`
[INFO] running `Command { std: "docker" "rm" "-f" "5019f4eba7abe654166e2878ad886a75d352406873969fd464f2e126f8d4974a", kill_on_drop: false }`
[INFO] [stdout] 5019f4eba7abe654166e2878ad886a75d352406873969fd464f2e126f8d4974a
