[INFO] cloning repository https://github.com/kacerchen/zksnark_zokrates
[INFO] running `Command { std: "git" "-c" "credential.helper=" "-c" "credential.helper=/workspace/cargo-home/bin/git-credential-null" "clone" "--bare" "https://github.com/kacerchen/zksnark_zokrates" "/workspace/cache/git-repos/https%3A%2F%2Fgithub.com%2Fkacerchen%2Fzksnark_zokrates", kill_on_drop: false }`
[INFO] [stderr] Cloning into bare repository '/workspace/cache/git-repos/https%3A%2F%2Fgithub.com%2Fkacerchen%2Fzksnark_zokrates'...
[INFO] running `Command { std: "git" "rev-parse" "HEAD", kill_on_drop: false }`
[INFO] [stdout] 721a21f4f93fd23022d7a20d267f0a70c2ee1f67
[INFO] checking kacerchen/zksnark_zokrates against beta-2021-10-15 for beta-1.56-3
[INFO] running `Command { std: "git" "clone" "/workspace/cache/git-repos/https%3A%2F%2Fgithub.com%2Fkacerchen%2Fzksnark_zokrates" "/workspace/builds/worker-69/source", kill_on_drop: false }`
[INFO] [stderr] Cloning into '/workspace/builds/worker-69/source'...
[INFO] [stderr] done.
[INFO] [stderr] Updating files:  68% (1679/2438)
Updating files:  69% (1683/2438)
Updating files:  70% (1707/2438)
Updating files:  71% (1731/2438)
Updating files:  72% (1756/2438)
Updating files:  73% (1780/2438)
Updating files:  74% (1805/2438)
Updating files:  75% (1829/2438)
Updating files:  76% (1853/2438)
Updating files:  77% (1878/2438)
Updating files:  78% (1902/2438)
Updating files:  79% (1927/2438)
Updating files:  80% (1951/2438)
Updating files:  81% (1975/2438)
Updating files:  82% (2000/2438)
Updating files:  83% (2024/2438)
Updating files:  84% (2048/2438)
Updating files:  84% (2067/2438)
Updating files:  85% (2073/2438)
Updating files:  86% (2097/2438)
Updating files:  87% (2122/2438)
Updating files:  88% (2146/2438)
Updating files:  89% (2170/2438)
Updating files:  90% (2195/2438)
Updating files:  91% (2219/2438)
Updating files:  92% (2243/2438)
Updating files:  93% (2268/2438)
Updating files:  94% (2292/2438)
Updating files:  95% (2317/2438)
Updating files:  96% (2341/2438)
Updating files:  97% (2365/2438)
Updating files:  98% (2390/2438)
Updating files:  99% (2414/2438)
Updating files: 100% (2438/2438)
Updating files: 100% (2438/2438), done.
[INFO] validating manifest of git repo https://github.com/kacerchen/zksnark_zokrates on toolchain beta-2021-10-15
[INFO] running `Command { std: "/workspace/cargo-home/bin/cargo" "+beta-2021-10-15" "metadata" "--manifest-path" "Cargo.toml" "--no-deps", kill_on_drop: false }`
[INFO] started tweaking git repo https://github.com/kacerchen/zksnark_zokrates
[INFO] finished tweaking git repo https://github.com/kacerchen/zksnark_zokrates
[INFO] tweaked toml for git repo https://github.com/kacerchen/zksnark_zokrates written to /workspace/builds/worker-69/source/Cargo.toml
[INFO] crate git repo https://github.com/kacerchen/zksnark_zokrates already has a lockfile, it will not be regenerated
[INFO] running `Command { std: "/workspace/cargo-home/bin/cargo" "+beta-2021-10-15" "fetch" "--manifest-path" "Cargo.toml", kill_on_drop: false }`
[INFO] [stderr]  Downloading crates ...
[INFO] [stderr]   Downloaded from-pest v0.3.1
[INFO] [stderr]   Downloaded pest v2.1.1
[INFO] [stderr]   Downloaded single v1.0.0
[INFO] [stderr]   Downloaded regex-automata v0.1.7
[INFO] [stderr]   Downloaded reduce v0.1.2
[INFO] [stderr]   Downloaded pest-ast v0.3.3
[INFO] [stderr]   Downloaded pairing_ce v0.18.0
[INFO] [stderr]   Downloaded bellman_ce v0.3.1
[INFO] [stderr]   Downloaded mockito v0.17.1
[INFO] [stderr]   Downloaded ff_derive_ce v0.5.0
[INFO] [stderr]   Downloaded parity-wasm v0.35.7
[INFO] [stderr]   Downloaded sapling-crypto_ce v0.1.0
[INFO] [stderr]   Downloaded ff_ce v0.7.0
[INFO] running `Command { std: "docker" "create" "-v" "/var/lib/crater-agent-workspace/builds/worker-69/target:/opt/rustwide/target:rw,Z" "-v" "/var/lib/crater-agent-workspace/builds/worker-69/source:/opt/rustwide/workdir:ro,Z" "-v" "/var/lib/crater-agent-workspace/cargo-home:/opt/rustwide/cargo-home:ro,Z" "-v" "/var/lib/crater-agent-workspace/rustup-home:/opt/rustwide/rustup-home:ro,Z" "-e" "SOURCE_DIR=/opt/rustwide/workdir" "-e" "CARGO_TARGET_DIR=/opt/rustwide/target" "-e" "CARGO_HOME=/opt/rustwide/cargo-home" "-e" "RUSTUP_HOME=/opt/rustwide/rustup-home" "-w" "/opt/rustwide/workdir" "-m" "1610612736" "--user" "0:0" "--network" "none" "ghcr.io/rust-lang/crates-build-env/linux@sha256:a89201d6b5b9fd45c15d5952ece0a0129e7e80cb26ec023fd59cf09bc26f1604" "/opt/rustwide/cargo-home/bin/cargo" "+beta-2021-10-15" "metadata" "--no-deps" "--format-version=1", kill_on_drop: false }`
[INFO] [stdout] 4782794104a3d50a8d60c9d325a77ff8e9253cb775d4afcce6546db5df8faf7f
[INFO] running `Command { std: "docker" "start" "-a" "4782794104a3d50a8d60c9d325a77ff8e9253cb775d4afcce6546db5df8faf7f", kill_on_drop: false }`
[INFO] running `Command { std: "docker" "inspect" "4782794104a3d50a8d60c9d325a77ff8e9253cb775d4afcce6546db5df8faf7f", kill_on_drop: false }`
[INFO] running `Command { std: "docker" "rm" "-f" "4782794104a3d50a8d60c9d325a77ff8e9253cb775d4afcce6546db5df8faf7f", kill_on_drop: false }`
[INFO] [stdout] 4782794104a3d50a8d60c9d325a77ff8e9253cb775d4afcce6546db5df8faf7f
[INFO] running `Command { std: "docker" "create" "-v" "/var/lib/crater-agent-workspace/builds/worker-69/target:/opt/rustwide/target:rw,Z" "-v" "/var/lib/crater-agent-workspace/builds/worker-69/source:/opt/rustwide/workdir:ro,Z" "-v" "/var/lib/crater-agent-workspace/cargo-home:/opt/rustwide/cargo-home:ro,Z" "-v" "/var/lib/crater-agent-workspace/rustup-home:/opt/rustwide/rustup-home:ro,Z" "-e" "SOURCE_DIR=/opt/rustwide/workdir" "-e" "CARGO_TARGET_DIR=/opt/rustwide/target" "-e" "CARGO_INCREMENTAL=0" "-e" "RUST_BACKTRACE=full" "-e" "RUSTFLAGS=--cap-lints=warn" "-e" "CARGO_HOME=/opt/rustwide/cargo-home" "-e" "RUSTUP_HOME=/opt/rustwide/rustup-home" "-w" "/opt/rustwide/workdir" "-m" "1610612736" "--user" "0:0" "--network" "none" "ghcr.io/rust-lang/crates-build-env/linux@sha256:a89201d6b5b9fd45c15d5952ece0a0129e7e80cb26ec023fd59cf09bc26f1604" "/opt/rustwide/cargo-home/bin/cargo" "+beta-2021-10-15" "check" "--frozen" "--all" "--all-targets" "--message-format=json", kill_on_drop: false }`
[INFO] [stdout] 7b0963ad6f0df43b2cf0f5b13524eee8458bdbe365d7507c014f4d787a1b8945
[INFO] running `Command { std: "docker" "start" "-a" "7b0963ad6f0df43b2cf0f5b13524eee8458bdbe365d7507c014f4d787a1b8945", kill_on_drop: false }`
[INFO] [stderr]     Blocking waiting for file lock on package cache
[INFO] [stderr]    Compiling libc v0.2.59
[INFO] [stderr]    Compiling autocfg v0.1.4
[INFO] [stderr]    Compiling proc-macro2 v0.4.30
[INFO] [stderr]    Compiling unicode-xid v0.1.0
[INFO] [stderr]    Compiling syn v0.15.39
[INFO] [stderr]    Compiling serde v1.0.94
[INFO] [stderr]     Checking cfg-if v0.1.9
[INFO] [stderr]     Checking spin v0.5.0
[INFO] [stderr]    Compiling cc v1.0.37
[INFO] [stderr]    Compiling byteorder v1.3.2
[INFO] [stderr]    Compiling version_check v0.1.5
[INFO] [stderr]     Checking futures v0.1.28
[INFO] [stderr]     Checking smallvec v0.6.10
[INFO] [stderr]    Compiling ryu v1.0.0
[INFO] [stderr]     Checking rand_core v0.4.0
[INFO] [stderr]     Checking scopeguard v0.3.3
[INFO] [stderr]    Compiling arrayvec v0.4.10
[INFO] [stderr]     Checking nodrop v0.1.13
[INFO] [stderr]    Compiling memchr v2.2.1
[INFO] [stderr]     Checking memoffset v0.2.1
[INFO] [stderr]    Compiling num-bigint v0.2.2
[INFO] [stderr]    Compiling failure_derive v0.1.5
[INFO] [stderr]    Compiling rustc-demangle v0.1.15
[INFO] [stderr]    Compiling bitflags v1.1.0
[INFO] [stderr]     Checking either v1.5.2
[INFO] [stderr]     Checking ucd-util v0.1.3
[INFO] [stderr]    Compiling ucd-trie v0.1.1
[INFO] [stderr]     Checking utf8-ranges v1.0.3
[INFO] [stderr]     Checking fnv v1.0.6
[INFO] [stderr]    Compiling maplit v1.0.1
[INFO] [stderr]    Compiling typenum v1.10.0
[INFO] [stderr]    Compiling crunchy v0.2.2
[INFO] [stderr]     Checking stable_deref_trait v1.1.1
[INFO] [stderr]    Compiling pkg-config v0.3.14
[INFO] [stderr]    Compiling siphasher v0.2.3
[INFO] [stderr]     Checking bit-vec v0.4.4
[INFO] [stderr]     Checking lazy_static v0.1.16
[INFO] [stderr]     Checking constant_time_eq v0.1.3
[INFO] [stderr]    Compiling winapi v0.3.7
[INFO] [stderr]    Compiling cgmath v0.16.1
[INFO] [stderr]     Checking percent-encoding v1.0.1
[INFO] [stderr]     Checking void v1.0.2
[INFO] [stderr]    Compiling regex v1.1.9
[INFO] [stderr]    Compiling itoa v0.4.4
[INFO] [stderr]    Compiling pulldown-cmark v0.2.0
[INFO] [stderr]    Compiling fs_extra v1.1.0
[INFO] [stderr]    Compiling regex v0.2.11
[INFO] [stderr]     Checking ppv-lite86 v0.2.5
[INFO] [stderr]    Compiling openssl v0.10.23
[INFO] [stderr]     Checking foreign-types-shared v0.1.1
[INFO] [stderr]     Checking approx v0.1.1
[INFO] [stderr]    Compiling crc32fast v1.2.0
[INFO] [stderr]    Compiling remove_dir_all v0.5.2
[INFO] [stderr]     Checking adler32 v1.0.3
[INFO] [stderr]    Compiling same-file v1.0.4
[INFO] [stderr]    Compiling native-tls v0.2.3
[INFO] [stderr]     Checking indexmap v1.0.2
[INFO] [stderr]     Checking rgb v0.8.13
[INFO] [stderr]    Compiling zokrates_core v0.3.13 (/opt/rustwide/workdir/zokrates_core)
[INFO] [stderr]     Checking try-lock v0.2.2
[INFO] [stderr]    Compiling encoding_rs v0.8.17
[INFO] [stderr]    Compiling glob v0.2.11
[INFO] [stderr]     Checking reduce v0.1.2
[INFO] [stderr]    Compiling bytecount v0.4.0
[INFO] [stderr]     Checking openssl-probe v0.1.2
[INFO] [stderr]     Checking dtoa v0.4.4
[INFO] [stderr]     Checking unicode-width v0.1.5
[INFO] [stderr]     Checking zokrates_fs_resolver v0.4.1 (/opt/rustwide/workdir/zokrates_fs_resolver)
[INFO] [stderr]     Checking difference v1.0.0
[INFO] [stderr]     Checking environment v0.1.1
[INFO] [stderr]    Compiling glob v0.3.0
[INFO] [stderr]     Checking ansi_term v0.11.0
[INFO] [stderr]     Checking vec_map v0.8.1
[INFO] [stderr]     Checking strsim v0.8.0
[INFO] [stderr]     Checking difference v2.0.0
[INFO] [stderr]     Checking unicode-normalization v0.1.8
[INFO] [stderr]     Checking lazy_static v1.3.0
[INFO] [stderr]     Checking log v0.4.6
[INFO] [stderr]     Checking try_from v0.3.2
[INFO] [stderr]     Checking rand_core v0.3.1
[INFO] [stderr]     Checking rand_jitter v0.1.4
[INFO] [stderr]     Checking miniz_oxide v0.2.2
[INFO] [stderr]     Checking foreign-types v0.3.2
[INFO] [stderr]    Compiling walkdir v2.2.8
[INFO] [stderr]     Checking textwrap v0.11.0
[INFO] [stderr]     Checking crossbeam-utils v0.6.5
[INFO] [stderr]     Checking thread_local v0.3.6
[INFO] [stderr]    Compiling pest v2.1.1
[INFO] [stderr]     Checking regex-syntax v0.6.8
[INFO] [stderr]     Checking regex-syntax v0.5.6
[INFO] [stderr]    Compiling num-traits v0.2.8
[INFO] [stderr]    Compiling num-integer v0.1.41
[INFO] [stderr]    Compiling rand_chacha v0.1.1
[INFO] [stderr]    Compiling rand_pcg v0.1.2
[INFO] [stderr]    Compiling rand v0.6.5
[INFO] [stderr]    Compiling num-iter v0.1.39
[INFO] [stderr]    Compiling rand_chacha v0.2.0
[INFO] [stderr]    Compiling itertools v0.7.11
[INFO] [stderr]     Checking rand_hc v0.1.0
[INFO] [stderr]     Checking rand_xorshift v0.1.1
[INFO] [stderr]     Checking rand_isaac v0.1.1
[INFO] [stderr]    Compiling error-chain v0.12.1
[INFO] [stderr]    Compiling unicase v1.4.2
[INFO] [stderr]     Checking owning_ref v0.4.0
[INFO] [stderr]    Compiling unicase v2.4.0
[INFO] [stderr]     Checking crossbeam-queue v0.1.2
[INFO] [stderr]     Checking crossbeam-channel v0.3.8
[INFO] [stderr]     Checking regex-automata v0.1.7
[INFO] [stderr]     Checking base64 v0.10.1
[INFO] [stderr]    Compiling zokrates_cli v0.4.10 (/opt/rustwide/workdir/zokrates_cli)
[INFO] [stderr]     Checking c2-chacha v0.2.2
[INFO] [stderr]     Checking tiny-keccak v1.5.0
[INFO] [stderr]     Checking lock_api v0.1.5
[INFO] [stderr]    Compiling backtrace-sys v0.1.30
[INFO] [stderr]    Compiling openssl-sys v0.9.47
[INFO] [stderr]    Compiling miniz_oxide_c_api v0.2.2
[INFO] [stderr]     Checking tokio-executor v0.1.8
[INFO] [stderr]     Checking tokio-sync v0.1.6
[INFO] [stderr]     Checking want v0.2.0
[INFO] [stderr]    Compiling zokrates_stdlib v0.1.3 (/opt/rustwide/workdir/zokrates_stdlib)
[INFO] [stderr]    Compiling rand_os v0.1.3
[INFO] [stderr]    Compiling rand v0.4.6
[INFO] [stderr]     Checking idna v0.1.5
[INFO] [stderr]    Compiling quote v0.6.12
[INFO] [stderr]    Compiling pest_meta v2.1.1
[INFO] [stderr]     Checking tokio-current-thread v0.1.6
[INFO] [stderr]     Checking tokio-timer v0.2.11
[INFO] [stderr]     Checking crossbeam-epoch v0.7.1
[INFO] [stderr]     Checking blake2-rfc_bellman_edition v0.0.1
[INFO] [stderr]     Checking from-pest v0.3.1
[INFO] [stderr]    Compiling syn v0.14.9
[INFO] [stderr]     Checking phf_shared v0.7.24
[INFO] [stderr]     Checking url v1.7.2
[INFO] [stderr]     Checking generic-array v0.9.0
[INFO] [stderr]     Checking num_cpus v1.10.1
[INFO] [stderr]     Checking time v0.1.42
[INFO] [stderr]     Checking iovec v0.1.2
[INFO] [stderr]     Checking net2 v0.2.33
[INFO] [stderr]     Checking getrandom v0.1.6
[INFO] [stderr]     Checking atty v0.2.11
[INFO] [stderr]     Checking rand v0.5.6
[INFO] [stderr]     Checking phf v0.7.24
[INFO] [stderr]    Compiling tempdir v0.3.7
[INFO] [stderr]     Checking mime v0.3.13
[INFO] [stderr]     Checking futures-cpupool v0.1.8
[INFO] [stderr]     Checking clap v2.33.0
[INFO] [stderr]     Checking crossbeam-deque v0.7.1
[INFO] [stderr]     Checking aho-corasick v0.7.4
[INFO] [stderr]     Checking csv-core v0.1.6
[INFO] [stderr]     Checking aho-corasick v0.6.10
[INFO] [stderr]     Checking digest v0.7.6
[INFO] [stderr]     Checking flate2 v1.0.9
[INFO] [stderr]     Checking bytes v0.4.12
[INFO] [stderr]     Checking rand_core v0.5.0
[INFO] [stderr]     Checking mio v0.6.19
[INFO] [stderr]     Checking cookie v0.12.0
[INFO] [stderr]     Checking crossbeam v0.7.1
[INFO] [stderr]     Checking num-traits v0.1.43
[INFO] [stderr]     Checking rand v0.3.23
[INFO] [stderr]     Checking tokio-io v0.1.12
[INFO] [stderr]     Checking http v0.1.17
[INFO] [stderr]     Checking string v0.2.1
[INFO] [stderr]     Checking tokio-buf v0.1.1
[INFO] [stderr]     Checking rust-crypto v0.2.36
[INFO] [stderr]     Checking rand v0.7.0
[INFO] [stderr]     Checking num-bigint v0.1.44
[INFO] [stderr]    Compiling backtrace v0.3.32
[INFO] [stderr]     Checking tokio-threadpool v0.1.15
[INFO] [stderr]     Checking uuid v0.7.4
[INFO] [stderr]     Checking num v0.1.42
[INFO] [stderr]     Checking error-chain v0.11.0
[INFO] [stderr]    Compiling phf_generator v0.7.24
[INFO] [stderr]     Checking tempfile v3.1.0
[INFO] [stderr]    Compiling phf_codegen v0.7.24
[INFO] [stderr]    Compiling mime_guess v2.0.0-alpha.6
[INFO] [stderr]    Compiling synstructure v0.10.2
[INFO] [stderr]    Compiling pest_generator v2.1.0
[INFO] [stderr]     Checking publicsuffix v1.5.2
[INFO] [stderr]     Checking http-body v0.1.0
[INFO] [stderr]     Checking h2 v0.1.25
[INFO] [stderr]     Checking winconsole v0.10.0
[INFO] [stderr]     Checking colored v1.8.0
[INFO] [stderr]    Compiling serde_derive v1.0.94
[INFO] [stderr]    Compiling pest_derive v2.1.0
[INFO] [stderr]     Checking zokrates_parser v0.1.2 (/opt/rustwide/workdir/zokrates_parser)
[INFO] [stderr]    Compiling failure v0.1.5
[INFO] [stderr]    Compiling single v1.0.0
[INFO] [stderr]    Compiling pest-ast v0.3.3
[INFO] [stderr]     Checking serde_json v1.0.40
[INFO] [stderr]     Checking bincode v0.8.0
[INFO] [stderr]     Checking bstr v0.2.1
[INFO] [stderr]     Checking serde_bytes v0.10.5
[INFO] [stderr]     Checking serde_urlencoded v0.5.5
[INFO] [stderr]     Checking csv v1.1.1
[INFO] [stderr]    Compiling semver v0.9.0
[INFO] [stderr]     Checking cookie_store v0.7.0
[INFO] [stderr]     Checking mockito v0.17.1
[INFO] [stderr]    Compiling rustc_version v0.2.3
[INFO] [stderr]    Compiling parking_lot_core v0.4.0
[INFO] [stderr]    Compiling hyper v0.12.32
[INFO] [stderr]    Compiling cargo_metadata v0.6.4
[INFO] [stderr]    Compiling ff_derive_ce v0.5.0
[INFO] [stderr]     Checking parking_lot v0.7.1
[INFO] [stderr]    Compiling skeptic v0.13.4
[INFO] [stderr]     Checking tokio-reactor v0.1.9
[INFO] [stderr]     Checking tokio-tcp v0.1.3
[INFO] [stderr]     Checking tokio v0.1.22
[INFO] [stderr]    Compiling assert_cli v0.5.4
[INFO] [stderr]     Checking ff_ce v0.7.0
[INFO] [stderr]     Checking pairing_ce v0.18.0
[INFO] [stderr]     Checking hyper-tls v0.3.2
[INFO] [stderr]     Checking reqwest v0.9.18
[INFO] [stderr]     Checking bellman_ce v0.3.1
[INFO] [stderr]     Checking zokrates_field v0.3.3 (/opt/rustwide/workdir/zokrates_field)
[INFO] [stderr]     Checking zokrates_github_resolver v0.1.0 (/opt/rustwide/workdir/zokrates_github_resolver)
[INFO] [stderr]     Checking zokrates_pest_ast v0.1.2 (/opt/rustwide/workdir/zokrates_pest_ast)
[INFO] [stderr]     Checking sapling-crypto_ce v0.1.0
[INFO] [stderr]     Checking zokrates_embed v0.1.0 (/opt/rustwide/workdir/zokrates_embed)
[INFO] [stdout] error[E0554]: `#![feature]` may not be used on the beta release channel
[INFO] [stdout]  --> zokrates_core/src/lib.rs:1:1
[INFO] [stdout]   |
[INFO] [stdout] 1 | #![feature(box_patterns, box_syntax)]
[INFO] [stdout]   | ^^^^^^^^^^^^^^^^^^^^^^^^^^^^^^^^^^^^^
[INFO] [stdout] 
[INFO] [stdout] 
[INFO] [stdout] warning: use of deprecated macro `try`: use the `?` operator instead
[INFO] [stdout]   --> zokrates_core/src/semantics.rs:48:9
[INFO] [stdout]    |
[INFO] [stdout] 48 |         r#try!(write!(f, "("));
[INFO] [stdout]    |         ^^^^^
[INFO] [stdout]    |
[INFO] [stdout]    = note: `#[warn(deprecated)]` on by default
[INFO] [stdout] 
[INFO] [stdout] 
[INFO] [stdout] warning: use of deprecated macro `try`: use the `?` operator instead
[INFO] [stdout]   --> zokrates_core/src/semantics.rs:55:9
[INFO] [stdout]    |
[INFO] [stdout] 55 |         r#try!(write!(f, ") -> ("));
[INFO] [stdout]    |         ^^^^^
[INFO] [stdout] 
[INFO] [stdout] 
[INFO] [stdout] warning: use of deprecated macro `try`: use the `?` operator instead
[INFO] [stdout]   --> zokrates_core/src/semantics.rs:50:13
[INFO] [stdout]    |
[INFO] [stdout] 50 |             r#try!(write!(f, "{}", t));
[INFO] [stdout]    |             ^^^^^
[INFO] [stdout] 
[INFO] [stdout] 
[INFO] [stdout] warning: use of deprecated macro `try`: use the `?` operator instead
[INFO] [stdout]   --> zokrates_core/src/semantics.rs:52:17
[INFO] [stdout]    |
[INFO] [stdout] 52 |                 r#try!(write!(f, ", "));
[INFO] [stdout]    |                 ^^^^^
[INFO] [stdout] 
[INFO] [stdout] 
[INFO] [stdout] warning: use of deprecated macro `try`: use the `?` operator instead
[INFO] [stdout]   --> zokrates_core/src/semantics.rs:58:28
[INFO] [stdout]    |
[INFO] [stdout] 58 |                 Some(t) => r#try!(write!(f, "{}", t)),
[INFO] [stdout]    |                            ^^^^^
[INFO] [stdout] 
[INFO] [stdout] 
[INFO] [stdout] warning: use of deprecated macro `try`: use the `?` operator instead
[INFO] [stdout]   --> zokrates_core/src/semantics.rs:59:25
[INFO] [stdout]    |
[INFO] [stdout] 59 |                 None => r#try!(write!(f, "_")),
[INFO] [stdout]    |                         ^^^^^
[INFO] [stdout] 
[INFO] [stdout] 
[INFO] [stdout] warning: use of deprecated macro `try`: use the `?` operator instead
[INFO] [stdout]   --> zokrates_core/src/semantics.rs:62:17
[INFO] [stdout]    |
[INFO] [stdout] 62 |                 r#try!(write!(f, ", "));
[INFO] [stdout]    |                 ^^^^^
[INFO] [stdout] 
[INFO] [stdout] 
[INFO] [stdout] warning: use of deprecated macro `try`: use the `?` operator instead
[INFO] [stdout]    --> zokrates_core/src/typed_absy/mod.rs:221:17
[INFO] [stdout]     |
[INFO] [stdout] 221 |                 r#try!(write!(f, "Return("));
[INFO] [stdout]     |                 ^^^^^
[INFO] [stdout] 
[INFO] [stdout] 
[INFO] [stdout] warning: use of deprecated macro `try`: use the `?` operator instead
[INFO] [stdout]    --> zokrates_core/src/typed_absy/mod.rs:223:21
[INFO] [stdout]     |
[INFO] [stdout] 223 |                     r#try!(write!(f, "{}", expr));
[INFO] [stdout]     |                     ^^^^^
[INFO] [stdout] 
[INFO] [stdout] 
[INFO] [stdout] warning: use of deprecated macro `try`: use the `?` operator instead
[INFO] [stdout]    --> zokrates_core/src/typed_absy/mod.rs:225:25
[INFO] [stdout]     |
[INFO] [stdout] 225 |                         r#try!(write!(f, ", "));
[INFO] [stdout]     |                         ^^^^^
[INFO] [stdout] 
[INFO] [stdout] 
[INFO] [stdout] warning: use of deprecated macro `try`: use the `?` operator instead
[INFO] [stdout]    --> zokrates_core/src/typed_absy/mod.rs:238:17
[INFO] [stdout]     |
[INFO] [stdout] 238 |                 r#try!(write!(f, "for {:?} in {:?}..{:?} do\n", var, start, stop));
[INFO] [stdout]     |                 ^^^^^
[INFO] [stdout] 
[INFO] [stdout] 
[INFO] [stdout] warning: use of deprecated macro `try`: use the `?` operator instead
[INFO] [stdout]    --> zokrates_core/src/typed_absy/mod.rs:240:21
[INFO] [stdout]     |
[INFO] [stdout] 240 |                     r#try!(write!(f, "\t\t{:?}\n", l));
[INFO] [stdout]     |                     ^^^^^
[INFO] [stdout] 
[INFO] [stdout] 
[INFO] [stdout] warning: use of deprecated macro `try`: use the `?` operator instead
[INFO] [stdout]    --> zokrates_core/src/typed_absy/mod.rs:255:17
[INFO] [stdout]     |
[INFO] [stdout] 255 |                 r#try!(write!(f, "return "));
[INFO] [stdout]     |                 ^^^^^
[INFO] [stdout] 
[INFO] [stdout] 
[INFO] [stdout] warning: use of deprecated macro `try`: use the `?` operator instead
[INFO] [stdout]    --> zokrates_core/src/typed_absy/mod.rs:257:21
[INFO] [stdout]     |
[INFO] [stdout] 257 |                     r#try!(write!(f, "{}", expr));
[INFO] [stdout]     |                     ^^^^^
[INFO] [stdout] 
[INFO] [stdout] 
[INFO] [stdout] warning: use of deprecated macro `try`: use the `?` operator instead
[INFO] [stdout]    --> zokrates_core/src/typed_absy/mod.rs:259:25
[INFO] [stdout]     |
[INFO] [stdout] 259 |                         r#try!(write!(f, ", "));
[INFO] [stdout]     |                         ^^^^^
[INFO] [stdout] 
[INFO] [stdout] 
[INFO] [stdout] warning: use of deprecated macro `try`: use the `?` operator instead
[INFO] [stdout]    --> zokrates_core/src/typed_absy/mod.rs:268:17
[INFO] [stdout]     |
[INFO] [stdout] 268 |                 r#try!(write!(f, "for {} in {}..{} do\n", var, start, stop));
[INFO] [stdout]     |                 ^^^^^
[INFO] [stdout] 
[INFO] [stdout] 
[INFO] [stdout] warning: use of deprecated macro `try`: use the `?` operator instead
[INFO] [stdout]    --> zokrates_core/src/typed_absy/mod.rs:270:21
[INFO] [stdout]     |
[INFO] [stdout] 270 |                     r#try!(write!(f, "\t\t{}\n", l));
[INFO] [stdout]     |                     ^^^^^
[INFO] [stdout] 
[INFO] [stdout] 
[INFO] [stdout] warning: use of deprecated macro `try`: use the `?` operator instead
[INFO] [stdout]    --> zokrates_core/src/typed_absy/mod.rs:276:21
[INFO] [stdout]     |
[INFO] [stdout] 276 |                     r#try!(write!(f, "{}", id));
[INFO] [stdout]     |                     ^^^^^
[INFO] [stdout] 
[INFO] [stdout] 
[INFO] [stdout] warning: use of deprecated macro `try`: use the `?` operator instead
[INFO] [stdout]    --> zokrates_core/src/typed_absy/mod.rs:278:25
[INFO] [stdout]     |
[INFO] [stdout] 278 |                         r#try!(write!(f, ", "));
[INFO] [stdout]     |                         ^^^^^
[INFO] [stdout] 
[INFO] [stdout] 
[INFO] [stdout] warning: use of deprecated macro `try`: use the `?` operator instead
[INFO] [stdout]    --> zokrates_core/src/typed_absy/mod.rs:487:17
[INFO] [stdout]     |
[INFO] [stdout] 487 |                 r#try!(write!(f, "{}(", i,));
[INFO] [stdout]     |                 ^^^^^
[INFO] [stdout] 
[INFO] [stdout] 
[INFO] [stdout] warning: use of deprecated macro `try`: use the `?` operator instead
[INFO] [stdout]    --> zokrates_core/src/typed_absy/mod.rs:489:21
[INFO] [stdout]     |
[INFO] [stdout] 489 |                     r#try!(write!(f, "{}", param));
[INFO] [stdout]     |                     ^^^^^
[INFO] [stdout] 
[INFO] [stdout] 
[INFO] [stdout] warning: use of deprecated macro `try`: use the `?` operator instead
[INFO] [stdout]    --> zokrates_core/src/typed_absy/mod.rs:491:25
[INFO] [stdout]     |
[INFO] [stdout] 491 |                         r#try!(write!(f, ", "));
[INFO] [stdout]     |                         ^^^^^
[INFO] [stdout] 
[INFO] [stdout] 
[INFO] [stdout] warning: use of deprecated macro `try`: use the `?` operator instead
[INFO] [stdout]    --> zokrates_core/src/typed_absy/mod.rs:532:17
[INFO] [stdout]     |
[INFO] [stdout] 532 |                 r#try!(write!(f, "{}(", i,));
[INFO] [stdout]     |                 ^^^^^
[INFO] [stdout] 
[INFO] [stdout] 
[INFO] [stdout] warning: use of deprecated macro `try`: use the `?` operator instead
[INFO] [stdout]    --> zokrates_core/src/typed_absy/mod.rs:534:21
[INFO] [stdout]     |
[INFO] [stdout] 534 |                     r#try!(write!(f, "{}", param));
[INFO] [stdout]     |                     ^^^^^
[INFO] [stdout] 
[INFO] [stdout] 
[INFO] [stdout] warning: use of deprecated macro `try`: use the `?` operator instead
[INFO] [stdout]    --> zokrates_core/src/typed_absy/mod.rs:536:25
[INFO] [stdout]     |
[INFO] [stdout] 536 |                         r#try!(write!(f, ", "));
[INFO] [stdout]     |                         ^^^^^
[INFO] [stdout] 
[INFO] [stdout] 
[INFO] [stdout] warning: use of deprecated macro `try`: use the `?` operator instead
[INFO] [stdout]    --> zokrates_core/src/typed_absy/mod.rs:578:17
[INFO] [stdout]     |
[INFO] [stdout] 578 |                 r#try!(write!(f, "FunctionCall({:?}, (", i));
[INFO] [stdout]     |                 ^^^^^
[INFO] [stdout] 
[INFO] [stdout] 
[INFO] [stdout] warning: use of deprecated macro `try`: use the `?` operator instead
[INFO] [stdout]    --> zokrates_core/src/typed_absy/mod.rs:579:17
[INFO] [stdout]     |
[INFO] [stdout] 579 |                 r#try!(f.debug_list().entries(p.iter()).finish());
[INFO] [stdout]     |                 ^^^^^
[INFO] [stdout] 
[INFO] [stdout] 
[INFO] [stdout] warning: use of deprecated macro `try`: use the `?` operator instead
[INFO] [stdout]    --> zokrates_core/src/typed_absy/mod.rs:595:17
[INFO] [stdout]     |
[INFO] [stdout] 595 |                 r#try!(write!(f, "FunctionCall({:?}, (", i));
[INFO] [stdout]     |                 ^^^^^
[INFO] [stdout] 
[INFO] [stdout] 
[INFO] [stdout] warning: use of deprecated macro `try`: use the `?` operator instead
[INFO] [stdout]    --> zokrates_core/src/typed_absy/mod.rs:596:17
[INFO] [stdout]     |
[INFO] [stdout] 596 |                 r#try!(f.debug_list().entries(p.iter()).finish());
[INFO] [stdout]     |                 ^^^^^
[INFO] [stdout] 
[INFO] [stdout] 
[INFO] [stdout] warning: use of deprecated macro `try`: use the `?` operator instead
[INFO] [stdout]    --> zokrates_core/src/typed_absy/mod.rs:614:17
[INFO] [stdout]     |
[INFO] [stdout] 614 |                 r#try!(write!(f, "{}(", i,));
[INFO] [stdout]     |                 ^^^^^
[INFO] [stdout] 
[INFO] [stdout] 
[INFO] [stdout] warning: use of deprecated macro `try`: use the `?` operator instead
[INFO] [stdout]    --> zokrates_core/src/typed_absy/mod.rs:616:21
[INFO] [stdout]     |
[INFO] [stdout] 616 |                     r#try!(write!(f, "{}", param));
[INFO] [stdout]     |                     ^^^^^
[INFO] [stdout] 
[INFO] [stdout] 
[INFO] [stdout] warning: use of deprecated macro `try`: use the `?` operator instead
[INFO] [stdout]    --> zokrates_core/src/typed_absy/mod.rs:618:25
[INFO] [stdout]     |
[INFO] [stdout] 618 |                         r#try!(write!(f, ", "));
[INFO] [stdout]     |                         ^^^^^
[INFO] [stdout] 
[INFO] [stdout] 
[INFO] [stdout] warning: use of deprecated macro `try`: use the `?` operator instead
[INFO] [stdout]    --> zokrates_core/src/typed_absy/mod.rs:631:17
[INFO] [stdout]     |
[INFO] [stdout] 631 |                 r#try!(write!(f, "FunctionCall({:?}, (", i));
[INFO] [stdout]     |                 ^^^^^
[INFO] [stdout] 
[INFO] [stdout] 
[INFO] [stdout] warning: use of deprecated macro `try`: use the `?` operator instead
[INFO] [stdout]    --> zokrates_core/src/typed_absy/mod.rs:632:17
[INFO] [stdout]     |
[INFO] [stdout] 632 |                 r#try!(f.debug_list().entries(p.iter()).finish());
[INFO] [stdout]     |                 ^^^^^
[INFO] [stdout] 
[INFO] [stdout] 
[INFO] [stdout] warning: use of deprecated macro `try`: use the `?` operator instead
[INFO] [stdout]   --> zokrates_core/src/types/signature.rs:22:9
[INFO] [stdout]    |
[INFO] [stdout] 22 |         r#try!(write!(f, "("));
[INFO] [stdout]    |         ^^^^^
[INFO] [stdout] 
[INFO] [stdout] 
[INFO] [stdout] warning: use of deprecated macro `try`: use the `?` operator instead
[INFO] [stdout]   --> zokrates_core/src/types/signature.rs:29:9
[INFO] [stdout]    |
[INFO] [stdout] 29 |         r#try!(write!(f, ") -> ("));
[INFO] [stdout]    |         ^^^^^
[INFO] [stdout] 
[INFO] [stdout] 
[INFO] [stdout] warning: use of deprecated macro `try`: use the `?` operator instead
[INFO] [stdout]   --> zokrates_core/src/types/signature.rs:24:13
[INFO] [stdout]    |
[INFO] [stdout] 24 |             r#try!(write!(f, "{}", t));
[INFO] [stdout]    |             ^^^^^
[INFO] [stdout] 
[INFO] [stdout] 
[INFO] [stdout] warning: use of deprecated macro `try`: use the `?` operator instead
[INFO] [stdout]   --> zokrates_core/src/types/signature.rs:26:17
[INFO] [stdout]    |
[INFO] [stdout] 26 |                 r#try!(write!(f, ", "));
[INFO] [stdout]    |                 ^^^^^
[INFO] [stdout] 
[INFO] [stdout] 
[INFO] [stdout] warning: use of deprecated macro `try`: use the `?` operator instead
[INFO] [stdout]   --> zokrates_core/src/types/signature.rs:31:13
[INFO] [stdout]    |
[INFO] [stdout] 31 |             r#try!(write!(f, "{}", t));
[INFO] [stdout]    |             ^^^^^
[INFO] [stdout] 
[INFO] [stdout] 
[INFO] [stdout] warning: use of deprecated macro `try`: use the `?` operator instead
[INFO] [stdout]   --> zokrates_core/src/types/signature.rs:33:17
[INFO] [stdout]    |
[INFO] [stdout] 33 |                 r#try!(write!(f, ", "));
[INFO] [stdout]    |                 ^^^^^
[INFO] [stdout] 
[INFO] [stdout] 
[INFO] [stdout] warning: use of deprecated macro `try`: use the `?` operator instead
[INFO] [stdout]    --> zokrates_core/src/absy/mod.rs:175:17
[INFO] [stdout]     |
[INFO] [stdout] 175 |                 r#try!(write!(f, "for {} in {}..{} do\n", var, start, stop));
[INFO] [stdout]     |                 ^^^^^
[INFO] [stdout] 
[INFO] [stdout] 
[INFO] [stdout] warning: use of deprecated macro `try`: use the `?` operator instead
[INFO] [stdout]    --> zokrates_core/src/absy/mod.rs:177:21
[INFO] [stdout]     |
[INFO] [stdout] 177 |                     r#try!(write!(f, "\t\t{}\n", l));
[INFO] [stdout]     |                     ^^^^^
[INFO] [stdout] 
[INFO] [stdout] 
[INFO] [stdout] warning: use of deprecated macro `try`: use the `?` operator instead
[INFO] [stdout]    --> zokrates_core/src/absy/mod.rs:183:21
[INFO] [stdout]     |
[INFO] [stdout] 183 |                     r#try!(write!(f, "{}", id));
[INFO] [stdout]     |                     ^^^^^
[INFO] [stdout] 
[INFO] [stdout] 
[INFO] [stdout] warning: use of deprecated macro `try`: use the `?` operator instead
[INFO] [stdout]    --> zokrates_core/src/absy/mod.rs:185:25
[INFO] [stdout]     |
[INFO] [stdout] 185 |                         r#try!(write!(f, ", "));
[INFO] [stdout]     |                         ^^^^^
[INFO] [stdout] 
[INFO] [stdout] 
[INFO] [stdout] warning: use of deprecated macro `try`: use the `?` operator instead
[INFO] [stdout]    --> zokrates_core/src/absy/mod.rs:204:17
[INFO] [stdout]     |
[INFO] [stdout] 204 |                 r#try!(write!(f, "for {:?} in {:?}..{:?} do\n", var, start, stop));
[INFO] [stdout]     |                 ^^^^^
[INFO] [stdout] 
[INFO] [stdout] 
[INFO] [stdout] warning: use of deprecated macro `try`: use the `?` operator instead
[INFO] [stdout]    --> zokrates_core/src/absy/mod.rs:206:21
[INFO] [stdout]     |
[INFO] [stdout] 206 |                     r#try!(write!(f, "\t\t{:?}\n", l));
[INFO] [stdout]     |                     ^^^^^
[INFO] [stdout] 
[INFO] [stdout] 
[INFO] [stdout] warning: use of deprecated macro `try`: use the `?` operator instead
[INFO] [stdout]    --> zokrates_core/src/absy/mod.rs:365:17
[INFO] [stdout]     |
[INFO] [stdout] 365 |                 r#try!(write!(f, "{}(", i,));
[INFO] [stdout]     |                 ^^^^^
[INFO] [stdout] 
[INFO] [stdout] 
[INFO] [stdout] warning: use of deprecated macro `try`: use the `?` operator instead
[INFO] [stdout]    --> zokrates_core/src/absy/mod.rs:367:21
[INFO] [stdout]     |
[INFO] [stdout] 367 |                     r#try!(write!(f, "{}", param));
[INFO] [stdout]     |                     ^^^^^
[INFO] [stdout] 
[INFO] [stdout] 
[INFO] [stdout] warning: use of deprecated macro `try`: use the `?` operator instead
[INFO] [stdout]    --> zokrates_core/src/absy/mod.rs:369:25
[INFO] [stdout]     |
[INFO] [stdout] 369 |                         r#try!(write!(f, ", "));
[INFO] [stdout]     |                         ^^^^^
[INFO] [stdout] 
[INFO] [stdout] 
[INFO] [stdout] warning: use of deprecated macro `try`: use the `?` operator instead
[INFO] [stdout]    --> zokrates_core/src/absy/mod.rs:382:17
[INFO] [stdout]     |
[INFO] [stdout] 382 |                 r#try!(write!(f, "["));
[INFO] [stdout]     |                 ^^^^^
[INFO] [stdout] 
[INFO] [stdout] 
[INFO] [stdout] warning: use of deprecated macro `try`: use the `?` operator instead
[INFO] [stdout]    --> zokrates_core/src/absy/mod.rs:384:21
[INFO] [stdout]     |
[INFO] [stdout] 384 |                     r#try!(write!(f, "{}", e));
[INFO] [stdout]     |                     ^^^^^
[INFO] [stdout] 
[INFO] [stdout] 
[INFO] [stdout] warning: use of deprecated macro `try`: use the `?` operator instead
[INFO] [stdout]    --> zokrates_core/src/absy/mod.rs:386:25
[INFO] [stdout]     |
[INFO] [stdout] 386 |                         r#try!(write!(f, ", "));
[INFO] [stdout]     |                         ^^^^^
[INFO] [stdout] 
[INFO] [stdout] 
[INFO] [stdout] warning: use of deprecated macro `try`: use the `?` operator instead
[INFO] [stdout]    --> zokrates_core/src/absy/mod.rs:414:17
[INFO] [stdout]     |
[INFO] [stdout] 414 |                 r#try!(write!(f, "FunctionCall({:?}, (", i));
[INFO] [stdout]     |                 ^^^^^
[INFO] [stdout] 
[INFO] [stdout] 
[INFO] [stdout] warning: use of deprecated macro `try`: use the `?` operator instead
[INFO] [stdout]    --> zokrates_core/src/absy/mod.rs:415:17
[INFO] [stdout]     |
[INFO] [stdout] 415 |                 r#try!(f.debug_list().entries(p.iter()).finish());
[INFO] [stdout]     |                 ^^^^^
[INFO] [stdout] 
[INFO] [stdout] 
[INFO] [stdout] warning: use of deprecated macro `try`: use the `?` operator instead
[INFO] [stdout]    --> zokrates_core/src/absy/mod.rs:426:17
[INFO] [stdout]     |
[INFO] [stdout] 426 |                 r#try!(write!(f, "InlineArray(["));
[INFO] [stdout]     |                 ^^^^^
[INFO] [stdout] 
[INFO] [stdout] 
[INFO] [stdout] warning: use of deprecated macro `try`: use the `?` operator instead
[INFO] [stdout]    --> zokrates_core/src/absy/mod.rs:427:17
[INFO] [stdout]     |
[INFO] [stdout] 427 |                 r#try!(f.debug_list().entries(exprs.iter()).finish());
[INFO] [stdout]     |                 ^^^^^
[INFO] [stdout] 
[INFO] [stdout] 
[INFO] [stdout] warning: use of deprecated macro `try`: use the `?` operator instead
[INFO] [stdout]    --> zokrates_core/src/absy/mod.rs:454:13
[INFO] [stdout]     |
[INFO] [stdout] 454 |             r#try!(write!(f, "{}", param));
[INFO] [stdout]     |             ^^^^^
[INFO] [stdout] 
[INFO] [stdout] 
[INFO] [stdout] warning: use of deprecated macro `try`: use the `?` operator instead
[INFO] [stdout]    --> zokrates_core/src/absy/mod.rs:456:17
[INFO] [stdout]     |
[INFO] [stdout] 456 |                 r#try!(write!(f, ", "));
[INFO] [stdout]     |                 ^^^^^
[INFO] [stdout] 
[INFO] [stdout] 
[INFO] [stdout] warning: use of deprecated macro `try`: use the `?` operator instead
[INFO] [stdout]    --> zokrates_core/src/flat_absy/mod.rs:342:13
[INFO] [stdout]     |
[INFO] [stdout] 342 |             r#try!(write!(f, "{}", param));
[INFO] [stdout]     |             ^^^^^
[INFO] [stdout] 
[INFO] [stdout] 
[INFO] [stdout] warning: use of deprecated macro `try`: use the `?` operator instead
[INFO] [stdout]    --> zokrates_core/src/flat_absy/mod.rs:344:17
[INFO] [stdout]     |
[INFO] [stdout] 344 |                 r#try!(write!(f, ", "));
[INFO] [stdout]     |                 ^^^^^
[INFO] [stdout] 
[INFO] [stdout] 
[INFO] [stdout] error[E0554]: `#![feature]` may not be used on the beta release channel
[INFO] [stdout]  --> zokrates_core/src/lib.rs:1:1
[INFO] [stdout]   |
[INFO] [stdout] 1 | #![feature(box_patterns, box_syntax)]
[INFO] [stdout]   | ^^^^^^^^^^^^^^^^^^^^^^^^^^^^^^^^^^^^^
[INFO] [stdout] 
[INFO] [stdout] 
[INFO] [stdout] warning: use of deprecated macro `try`: use the `?` operator instead
[INFO] [stdout]   --> zokrates_core/src/semantics.rs:48:9
[INFO] [stdout]    |
[INFO] [stdout] 48 |         r#try!(write!(f, "("));
[INFO] [stdout]    |         ^^^^^
[INFO] [stdout]    |
[INFO] [stdout]    = note: `#[warn(deprecated)]` on by default
[INFO] [stdout] 
[INFO] [stdout] 
[INFO] [stdout] warning: use of deprecated macro `try`: use the `?` operator instead
[INFO] [stdout]   --> zokrates_core/src/semantics.rs:55:9
[INFO] [stdout]    |
[INFO] [stdout] 55 |         r#try!(write!(f, ") -> ("));
[INFO] [stdout]    |         ^^^^^
[INFO] [stdout] 
[INFO] [stdout] 
[INFO] [stdout] warning: use of deprecated macro `try`: use the `?` operator instead
[INFO] [stdout]   --> zokrates_core/src/semantics.rs:50:13
[INFO] [stdout]    |
[INFO] [stdout] 50 |             r#try!(write!(f, "{}", t));
[INFO] [stdout]    |             ^^^^^
[INFO] [stdout] 
[INFO] [stdout] 
[INFO] [stdout] warning: use of deprecated macro `try`: use the `?` operator instead
[INFO] [stdout]   --> zokrates_core/src/semantics.rs:52:17
[INFO] [stdout]    |
[INFO] [stdout] 52 |                 r#try!(write!(f, ", "));
[INFO] [stdout]    |                 ^^^^^
[INFO] [stdout] 
[INFO] [stdout] 
[INFO] [stdout] warning: use of deprecated macro `try`: use the `?` operator instead
[INFO] [stdout]   --> zokrates_core/src/semantics.rs:58:28
[INFO] [stdout]    |
[INFO] [stdout] 58 |                 Some(t) => r#try!(write!(f, "{}", t)),
[INFO] [stdout]    |                            ^^^^^
[INFO] [stdout] 
[INFO] [stdout] 
[INFO] [stdout] warning: use of deprecated macro `try`: use the `?` operator instead
[INFO] [stdout]   --> zokrates_core/src/semantics.rs:59:25
[INFO] [stdout]    |
[INFO] [stdout] 59 |                 None => r#try!(write!(f, "_")),
[INFO] [stdout]    |                         ^^^^^
[INFO] [stdout] 
[INFO] [stdout] 
[INFO] [stdout] warning: use of deprecated macro `try`: use the `?` operator instead
[INFO] [stdout]   --> zokrates_core/src/semantics.rs:62:17
[INFO] [stdout]    |
[INFO] [stdout] 62 |                 r#try!(write!(f, ", "));
[INFO] [stdout]    |                 ^^^^^
[INFO] [stdout] 
[INFO] [stdout] 
[INFO] [stdout] warning: use of deprecated macro `try`: use the `?` operator instead
[INFO] [stdout]    --> zokrates_core/src/typed_absy/mod.rs:221:17
[INFO] [stdout]     |
[INFO] [stdout] 221 |                 r#try!(write!(f, "Return("));
[INFO] [stdout]     |                 ^^^^^
[INFO] [stdout] 
[INFO] [stdout] 
[INFO] [stdout] warning: use of deprecated macro `try`: use the `?` operator instead
[INFO] [stdout]    --> zokrates_core/src/typed_absy/mod.rs:223:21
[INFO] [stdout]     |
[INFO] [stdout] 223 |                     r#try!(write!(f, "{}", expr));
[INFO] [stdout]     |                     ^^^^^
[INFO] [stdout] 
[INFO] [stdout] 
[INFO] [stdout] warning: use of deprecated macro `try`: use the `?` operator instead
[INFO] [stdout]    --> zokrates_core/src/typed_absy/mod.rs:225:25
[INFO] [stdout]     |
[INFO] [stdout] 225 |                         r#try!(write!(f, ", "));
[INFO] [stdout]     |                         ^^^^^
[INFO] [stdout] 
[INFO] [stdout] 
[INFO] [stdout] warning: use of deprecated macro `try`: use the `?` operator instead
[INFO] [stdout]    --> zokrates_core/src/typed_absy/mod.rs:238:17
[INFO] [stdout]     |
[INFO] [stdout] 238 |                 r#try!(write!(f, "for {:?} in {:?}..{:?} do\n", var, start, stop));
[INFO] [stdout]     |                 ^^^^^
[INFO] [stdout] 
[INFO] [stdout] 
[INFO] [stdout] warning: use of deprecated macro `try`: use the `?` operator instead
[INFO] [stdout]    --> zokrates_core/src/typed_absy/mod.rs:240:21
[INFO] [stdout]     |
[INFO] [stdout] 240 |                     r#try!(write!(f, "\t\t{:?}\n", l));
[INFO] [stdout]     |                     ^^^^^
[INFO] [stdout] 
[INFO] [stdout] 
[INFO] [stdout] warning: use of deprecated macro `try`: use the `?` operator instead
[INFO] [stdout]    --> zokrates_core/src/typed_absy/mod.rs:255:17
[INFO] [stdout]     |
[INFO] [stdout] 255 |                 r#try!(write!(f, "return "));
[INFO] [stdout]     |                 ^^^^^
[INFO] [stdout] 
[INFO] [stdout] 
[INFO] [stdout] warning: use of deprecated macro `try`: use the `?` operator instead
[INFO] [stdout]    --> zokrates_core/src/typed_absy/mod.rs:257:21
[INFO] [stdout]     |
[INFO] [stdout] 257 |                     r#try!(write!(f, "{}", expr));
[INFO] [stdout]     |                     ^^^^^
[INFO] [stdout] 
[INFO] [stdout] 
[INFO] [stdout] warning: use of deprecated macro `try`: use the `?` operator instead
[INFO] [stdout]    --> zokrates_core/src/typed_absy/mod.rs:259:25
[INFO] [stdout]     |
[INFO] [stdout] 259 |                         r#try!(write!(f, ", "));
[INFO] [stdout]     |                         ^^^^^
[INFO] [stdout] 
[INFO] [stdout] 
[INFO] [stdout] warning: use of deprecated macro `try`: use the `?` operator instead
[INFO] [stdout]    --> zokrates_core/src/typed_absy/mod.rs:268:17
[INFO] [stdout]     |
[INFO] [stdout] 268 |                 r#try!(write!(f, "for {} in {}..{} do\n", var, start, stop));
[INFO] [stdout]     |                 ^^^^^
[INFO] [stdout] 
[INFO] [stdout] 
[INFO] [stdout] warning: use of deprecated macro `try`: use the `?` operator instead
[INFO] [stdout]    --> zokrates_core/src/typed_absy/mod.rs:270:21
[INFO] [stdout]     |
[INFO] [stdout] 270 |                     r#try!(write!(f, "\t\t{}\n", l));
[INFO] [stdout]     |                     ^^^^^
[INFO] [stdout] 
[INFO] [stdout] 
[INFO] [stdout] warning: use of deprecated macro `try`: use the `?` operator instead
[INFO] [stdout]    --> zokrates_core/src/typed_absy/mod.rs:276:21
[INFO] [stdout]     |
[INFO] [stdout] 276 |                     r#try!(write!(f, "{}", id));
[INFO] [stdout]     |                     ^^^^^
[INFO] [stdout] 
[INFO] [stdout] 
[INFO] [stdout] warning: use of deprecated macro `try`: use the `?` operator instead
[INFO] [stdout]    --> zokrates_core/src/typed_absy/mod.rs:278:25
[INFO] [stdout]     |
[INFO] [stdout] 278 |                         r#try!(write!(f, ", "));
[INFO] [stdout]     |                         ^^^^^
[INFO] [stdout] 
[INFO] [stdout] 
[INFO] [stdout] warning: use of deprecated macro `try`: use the `?` operator instead
[INFO] [stdout]    --> zokrates_core/src/typed_absy/mod.rs:487:17
[INFO] [stdout]     |
[INFO] [stdout] 487 |                 r#try!(write!(f, "{}(", i,));
[INFO] [stdout]     |                 ^^^^^
[INFO] [stdout] 
[INFO] [stdout] 
[INFO] [stdout] warning: use of deprecated macro `try`: use the `?` operator instead
[INFO] [stdout]    --> zokrates_core/src/typed_absy/mod.rs:489:21
[INFO] [stdout]     |
[INFO] [stdout] 489 |                     r#try!(write!(f, "{}", param));
[INFO] [stdout]     |                     ^^^^^
[INFO] [stdout] 
[INFO] [stdout] 
[INFO] [stdout] warning: use of deprecated macro `try`: use the `?` operator instead
[INFO] [stdout]    --> zokrates_core/src/typed_absy/mod.rs:491:25
[INFO] [stdout]     |
[INFO] [stdout] 491 |                         r#try!(write!(f, ", "));
[INFO] [stdout]     |                         ^^^^^
[INFO] [stdout] 
[INFO] [stdout] 
[INFO] [stdout] warning: use of deprecated macro `try`: use the `?` operator instead
[INFO] [stdout]    --> zokrates_core/src/typed_absy/mod.rs:532:17
[INFO] [stdout]     |
[INFO] [stdout] 532 |                 r#try!(write!(f, "{}(", i,));
[INFO] [stdout]     |                 ^^^^^
[INFO] [stdout] 
[INFO] [stdout] 
[INFO] [stdout] warning: use of deprecated macro `try`: use the `?` operator instead
[INFO] [stdout]    --> zokrates_core/src/typed_absy/mod.rs:534:21
[INFO] [stdout]     |
[INFO] [stdout] 534 |                     r#try!(write!(f, "{}", param));
[INFO] [stdout]     |                     ^^^^^
[INFO] [stdout] 
[INFO] [stdout] 
[INFO] [stdout] warning: use of deprecated macro `try`: use the `?` operator instead
[INFO] [stdout]    --> zokrates_core/src/typed_absy/mod.rs:536:25
[INFO] [stdout]     |
[INFO] [stdout] 536 |                         r#try!(write!(f, ", "));
[INFO] [stdout]     |                         ^^^^^
[INFO] [stdout] 
[INFO] [stdout] 
[INFO] [stdout] warning: use of deprecated macro `try`: use the `?` operator instead
[INFO] [stdout]    --> zokrates_core/src/typed_absy/mod.rs:578:17
[INFO] [stdout]     |
[INFO] [stdout] 578 |                 r#try!(write!(f, "FunctionCall({:?}, (", i));
[INFO] [stdout]     |                 ^^^^^
[INFO] [stdout] 
[INFO] [stdout] 
[INFO] [stdout] warning: use of deprecated macro `try`: use the `?` operator instead
[INFO] [stdout]    --> zokrates_core/src/typed_absy/mod.rs:579:17
[INFO] [stdout]     |
[INFO] [stdout] 579 |                 r#try!(f.debug_list().entries(p.iter()).finish());
[INFO] [stdout]     |                 ^^^^^
[INFO] [stdout] 
[INFO] [stdout] 
[INFO] [stdout] warning: use of deprecated macro `try`: use the `?` operator instead
[INFO] [stdout]    --> zokrates_core/src/typed_absy/mod.rs:595:17
[INFO] [stdout]     |
[INFO] [stdout] 595 |                 r#try!(write!(f, "FunctionCall({:?}, (", i));
[INFO] [stdout]     |                 ^^^^^
[INFO] [stdout] 
[INFO] [stdout] 
[INFO] [stdout] warning: use of deprecated macro `try`: use the `?` operator instead
[INFO] [stdout]    --> zokrates_core/src/typed_absy/mod.rs:596:17
[INFO] [stdout]     |
[INFO] [stdout] 596 |                 r#try!(f.debug_list().entries(p.iter()).finish());
[INFO] [stdout]     |                 ^^^^^
[INFO] [stdout] 
[INFO] [stdout] 
[INFO] [stdout] warning: use of deprecated macro `try`: use the `?` operator instead
[INFO] [stdout]    --> zokrates_core/src/typed_absy/mod.rs:614:17
[INFO] [stdout]     |
[INFO] [stdout] 614 |                 r#try!(write!(f, "{}(", i,));
[INFO] [stdout]     |                 ^^^^^
[INFO] [stdout] 
[INFO] [stdout] 
[INFO] [stdout] warning: use of deprecated macro `try`: use the `?` operator instead
[INFO] [stdout]    --> zokrates_core/src/typed_absy/mod.rs:616:21
[INFO] [stdout]     |
[INFO] [stdout] 616 |                     r#try!(write!(f, "{}", param));
[INFO] [stdout]     |                     ^^^^^
[INFO] [stdout] 
[INFO] [stdout] 
[INFO] [stdout] warning: use of deprecated macro `try`: use the `?` operator instead
[INFO] [stdout]    --> zokrates_core/src/typed_absy/mod.rs:618:25
[INFO] [stdout]     |
[INFO] [stdout] 618 |                         r#try!(write!(f, ", "));
[INFO] [stdout]     |                         ^^^^^
[INFO] [stdout] 
[INFO] [stdout] 
[INFO] [stdout] warning: use of deprecated macro `try`: use the `?` operator instead
[INFO] [stdout]    --> zokrates_core/src/typed_absy/mod.rs:631:17
[INFO] [stdout]     |
[INFO] [stdout] 631 |                 r#try!(write!(f, "FunctionCall({:?}, (", i));
[INFO] [stdout]     |                 ^^^^^
[INFO] [stdout] 
[INFO] [stdout] 
[INFO] [stdout] warning: use of deprecated macro `try`: use the `?` operator instead
[INFO] [stdout]    --> zokrates_core/src/typed_absy/mod.rs:632:17
[INFO] [stdout]     |
[INFO] [stdout] 632 |                 r#try!(f.debug_list().entries(p.iter()).finish());
[INFO] [stdout]     |                 ^^^^^
[INFO] [stdout] 
[INFO] [stdout] 
[INFO] [stdout] warning: use of deprecated macro `try`: use the `?` operator instead
[INFO] [stdout]   --> zokrates_core/src/types/signature.rs:22:9
[INFO] [stdout]    |
[INFO] [stdout] 22 |         r#try!(write!(f, "("));
[INFO] [stdout]    |         ^^^^^
[INFO] [stdout] 
[INFO] [stdout] 
[INFO] [stdout] warning: use of deprecated macro `try`: use the `?` operator instead
[INFO] [stdout]   --> zokrates_core/src/types/signature.rs:29:9
[INFO] [stdout]    |
[INFO] [stdout] 29 |         r#try!(write!(f, ") -> ("));
[INFO] [stdout]    |         ^^^^^
[INFO] [stdout] 
[INFO] [stdout] 
[INFO] [stdout] warning: use of deprecated macro `try`: use the `?` operator instead
[INFO] [stdout]   --> zokrates_core/src/types/signature.rs:24:13
[INFO] [stdout]    |
[INFO] [stdout] 24 |             r#try!(write!(f, "{}", t));
[INFO] [stdout]    |             ^^^^^
[INFO] [stdout] 
[INFO] [stdout] 
[INFO] [stdout] warning: use of deprecated macro `try`: use the `?` operator instead
[INFO] [stdout]   --> zokrates_core/src/types/signature.rs:26:17
[INFO] [stdout]    |
[INFO] [stdout] 26 |                 r#try!(write!(f, ", "));
[INFO] [stdout]    |                 ^^^^^
[INFO] [stdout] 
[INFO] [stdout] 
[INFO] [stdout] warning: use of deprecated macro `try`: use the `?` operator instead
[INFO] [stdout]   --> zokrates_core/src/types/signature.rs:31:13
[INFO] [stdout]    |
[INFO] [stdout] 31 |             r#try!(write!(f, "{}", t));
[INFO] [stdout]    |             ^^^^^
[INFO] [stdout] 
[INFO] [stdout] 
[INFO] [stdout] warning: use of deprecated macro `try`: use the `?` operator instead
[INFO] [stdout]   --> zokrates_core/src/types/signature.rs:33:17
[INFO] [stdout]    |
[INFO] [stdout] 33 |                 r#try!(write!(f, ", "));
[INFO] [stdout]    |                 ^^^^^
[INFO] [stdout] 
[INFO] [stdout] 
[INFO] [stdout] warning: use of deprecated macro `try`: use the `?` operator instead
[INFO] [stdout]    --> zokrates_core/src/absy/mod.rs:175:17
[INFO] [stdout]     |
[INFO] [stdout] 175 |                 r#try!(write!(f, "for {} in {}..{} do\n", var, start, stop));
[INFO] [stdout]     |                 ^^^^^
[INFO] [stdout] 
[INFO] [stdout] 
[INFO] [stdout] warning: use of deprecated macro `try`: use the `?` operator instead
[INFO] [stdout]    --> zokrates_core/src/absy/mod.rs:177:21
[INFO] [stdout]     |
[INFO] [stdout] 177 |                     r#try!(write!(f, "\t\t{}\n", l));
[INFO] [stdout]     |                     ^^^^^
[INFO] [stdout] 
[INFO] [stdout] 
[INFO] [stdout] warning: use of deprecated macro `try`: use the `?` operator instead
[INFO] [stdout]    --> zokrates_core/src/absy/mod.rs:183:21
[INFO] [stdout]     |
[INFO] [stdout] 183 |                     r#try!(write!(f, "{}", id));
[INFO] [stdout]     |                     ^^^^^
[INFO] [stdout] 
[INFO] [stdout] 
[INFO] [stdout] warning: use of deprecated macro `try`: use the `?` operator instead
[INFO] [stdout]    --> zokrates_core/src/absy/mod.rs:185:25
[INFO] [stdout]     |
[INFO] [stdout] 185 |                         r#try!(write!(f, ", "));
[INFO] [stdout]     |                         ^^^^^
[INFO] [stdout] 
[INFO] [stdout] 
[INFO] [stdout] warning: use of deprecated macro `try`: use the `?` operator instead
[INFO] [stdout]    --> zokrates_core/src/absy/mod.rs:204:17
[INFO] [stdout]     |
[INFO] [stdout] 204 |                 r#try!(write!(f, "for {:?} in {:?}..{:?} do\n", var, start, stop));
[INFO] [stdout]     |                 ^^^^^
[INFO] [stdout] 
[INFO] [stdout] 
[INFO] [stdout] warning: use of deprecated macro `try`: use the `?` operator instead
[INFO] [stdout]    --> zokrates_core/src/absy/mod.rs:206:21
[INFO] [stdout]     |
[INFO] [stdout] 206 |                     r#try!(write!(f, "\t\t{:?}\n", l));
[INFO] [stdout]     |                     ^^^^^
[INFO] [stdout] 
[INFO] [stdout] 
[INFO] [stdout] warning: use of deprecated macro `try`: use the `?` operator instead
[INFO] [stdout]    --> zokrates_core/src/absy/mod.rs:365:17
[INFO] [stdout]     |
[INFO] [stdout] 365 |                 r#try!(write!(f, "{}(", i,));
[INFO] [stdout]     |                 ^^^^^
[INFO] [stdout] 
[INFO] [stdout] 
[INFO] [stdout] warning: use of deprecated macro `try`: use the `?` operator instead
[INFO] [stdout]    --> zokrates_core/src/absy/mod.rs:367:21
[INFO] [stdout]     |
[INFO] [stdout] 367 |                     r#try!(write!(f, "{}", param));
[INFO] [stdout]     |                     ^^^^^
[INFO] [stdout] 
[INFO] [stdout] 
[INFO] [stdout] warning: use of deprecated macro `try`: use the `?` operator instead
[INFO] [stdout]    --> zokrates_core/src/absy/mod.rs:369:25
[INFO] [stdout]     |
[INFO] [stdout] 369 |                         r#try!(write!(f, ", "));
[INFO] [stdout]     |                         ^^^^^
[INFO] [stdout] 
[INFO] [stdout] 
[INFO] [stdout] warning: use of deprecated macro `try`: use the `?` operator instead
[INFO] [stdout]    --> zokrates_core/src/absy/mod.rs:382:17
[INFO] [stdout]     |
[INFO] [stdout] 382 |                 r#try!(write!(f, "["));
[INFO] [stdout]     |                 ^^^^^
[INFO] [stdout] 
[INFO] [stdout] 
[INFO] [stdout] warning: use of deprecated macro `try`: use the `?` operator instead
[INFO] [stdout]    --> zokrates_core/src/absy/mod.rs:384:21
[INFO] [stdout]     |
[INFO] [stdout] 384 |                     r#try!(write!(f, "{}", e));
[INFO] [stdout]     |                     ^^^^^
[INFO] [stdout] 
[INFO] [stdout] 
[INFO] [stdout] warning: use of deprecated macro `try`: use the `?` operator instead
[INFO] [stdout]    --> zokrates_core/src/absy/mod.rs:386:25
[INFO] [stdout]     |
[INFO] [stdout] 386 |                         r#try!(write!(f, ", "));
[INFO] [stdout]     |                         ^^^^^
[INFO] [stdout] 
[INFO] [stdout] 
[INFO] [stdout] warning: use of deprecated macro `try`: use the `?` operator instead
[INFO] [stdout]    --> zokrates_core/src/absy/mod.rs:414:17
[INFO] [stdout]     |
[INFO] [stdout] 414 |                 r#try!(write!(f, "FunctionCall({:?}, (", i));
[INFO] [stdout]     |                 ^^^^^
[INFO] [stdout] 
[INFO] [stdout] 
[INFO] [stdout] warning: use of deprecated macro `try`: use the `?` operator instead
[INFO] [stdout]    --> zokrates_core/src/absy/mod.rs:415:17
[INFO] [stdout]     |
[INFO] [stdout] 415 |                 r#try!(f.debug_list().entries(p.iter()).finish());
[INFO] [stdout]     |                 ^^^^^
[INFO] [stdout] 
[INFO] [stdout] 
[INFO] [stdout] warning: use of deprecated macro `try`: use the `?` operator instead
[INFO] [stdout]    --> zokrates_core/src/absy/mod.rs:426:17
[INFO] [stdout]     |
[INFO] [stdout] 426 |                 r#try!(write!(f, "InlineArray(["));
[INFO] [stdout]     |                 ^^^^^
[INFO] [stdout] 
[INFO] [stdout] 
[INFO] [stdout] warning: use of deprecated macro `try`: use the `?` operator instead
[INFO] [stdout]    --> zokrates_core/src/absy/mod.rs:427:17
[INFO] [stdout]     |
[INFO] [stdout] 427 |                 r#try!(f.debug_list().entries(exprs.iter()).finish());
[INFO] [stdout]     |                 ^^^^^
[INFO] [stdout] 
[INFO] [stdout] 
[INFO] [stdout] warning: use of deprecated macro `try`: use the `?` operator instead
[INFO] [stdout]    --> zokrates_core/src/absy/mod.rs:454:13
[INFO] [stdout]     |
[INFO] [stdout] 454 |             r#try!(write!(f, "{}", param));
[INFO] [stdout]     |             ^^^^^
[INFO] [stdout] 
[INFO] [stdout] 
[INFO] [stdout] warning: use of deprecated macro `try`: use the `?` operator instead
[INFO] [stdout]    --> zokrates_core/src/absy/mod.rs:456:17
[INFO] [stdout]     |
[INFO] [stdout] 456 |                 r#try!(write!(f, ", "));
[INFO] [stdout]     |                 ^^^^^
[INFO] [stdout] 
[INFO] [stdout] 
[INFO] [stdout] warning: use of deprecated macro `try`: use the `?` operator instead
[INFO] [stdout]    --> zokrates_core/src/flat_absy/mod.rs:342:13
[INFO] [stdout]     |
[INFO] [stdout] 342 |             r#try!(write!(f, "{}", param));
[INFO] [stdout]     |             ^^^^^
[INFO] [stdout] 
[INFO] [stdout] 
[INFO] [stdout] warning: use of deprecated macro `try`: use the `?` operator instead
[INFO] [stdout]    --> zokrates_core/src/flat_absy/mod.rs:344:17
[INFO] [stdout]     |
[INFO] [stdout] 344 |                 r#try!(write!(f, ", "));
[INFO] [stdout]     |                 ^^^^^
[INFO] [stdout] 
[INFO] [stdout] 
[INFO] [stdout] error[E0034]: multiple applicable items in scope
[INFO] [stdout]   --> zokrates_core/src/standard.rs:22:10
[INFO] [stdout]    |
[INFO] [stdout] 22 |         .reduce(|acc, e| FlatExpression::Add(box acc, box e))
[INFO] [stdout]    |          ^^^^^^ multiple `reduce` found
[INFO] [stdout]    |
[INFO] [stdout]    = note: candidate #1 is defined in an impl of the trait `Iterator` for the type `std::iter::Map<I, F>`
[INFO] [stdout]    = note: candidate #2 is defined in an impl of the trait `Reduce` for the type `I`
[INFO] [stdout] help: disambiguate the associated function for candidate #1
[INFO] [stdout]    |
[INFO] [stdout] 14 ~     match Iterator::reduce(v
[INFO] [stdout] 15 +         .into_iter()
[INFO] [stdout] 16 +         .map(|(key, val)| {
[INFO] [stdout] 17 +             FlatExpression::Mult(
[INFO] [stdout] 18 +                 box FlatExpression::Number(T::from_bellman(val)),
[INFO] [stdout] 19 +                 box FlatExpression::Identifier(FlatVariable::new(key)),
[INFO] [stdout]  ...
[INFO] [stdout] help: disambiguate the associated function for candidate #2
[INFO] [stdout]    |
[INFO] [stdout] 14 ~     match Reduce::reduce(v
[INFO] [stdout] 15 +         .into_iter()
[INFO] [stdout] 16 +         .map(|(key, val)| {
[INFO] [stdout] 17 +             FlatExpression::Mult(
[INFO] [stdout] 18 +                 box FlatExpression::Number(T::from_bellman(val)),
[INFO] [stdout] 19 +                 box FlatExpression::Identifier(FlatVariable::new(key)),
[INFO] [stdout]  ...
[INFO] [stdout] 
[INFO] [stdout] 
[INFO] [stdout] error[E0034]: multiple applicable items in scope
[INFO] [stdout]   --> zokrates_core/src/standard.rs:22:10
[INFO] [stdout]    |
[INFO] [stdout] 22 |         .reduce(|acc, e| FlatExpression::Add(box acc, box e))
[INFO] [stdout]    |          ^^^^^^ multiple `reduce` found
[INFO] [stdout]    |
[INFO] [stdout]    = note: candidate #1 is defined in an impl of the trait `Iterator` for the type `std::iter::Map<I, F>`
[INFO] [stdout]    = note: candidate #2 is defined in an impl of the trait `Reduce` for the type `I`
[INFO] [stdout] help: disambiguate the associated function for candidate #1
[INFO] [stdout]    |
[INFO] [stdout] 14 ~     match Iterator::reduce(v
[INFO] [stdout] 15 +         .into_iter()
[INFO] [stdout] 16 +         .map(|(key, val)| {
[INFO] [stdout] 17 +             FlatExpression::Mult(
[INFO] [stdout] 18 +                 box FlatExpression::Number(T::from_bellman(val)),
[INFO] [stdout] 19 +                 box FlatExpression::Identifier(FlatVariable::new(key)),
[INFO] [stdout]  ...
[INFO] [stdout] help: disambiguate the associated function for candidate #2
[INFO] [stdout]    |
[INFO] [stdout] 14 ~     match Reduce::reduce(v
[INFO] [stdout] 15 +         .into_iter()
[INFO] [stdout] 16 +         .map(|(key, val)| {
[INFO] [stdout] 17 +             FlatExpression::Mult(
[INFO] [stdout] 18 +                 box FlatExpression::Number(T::from_bellman(val)),
[INFO] [stdout] 19 +                 box FlatExpression::Identifier(FlatVariable::new(key)),
[INFO] [stdout]  ...
[INFO] [stdout] 
[INFO] [stdout] 
[INFO] [stderr] error: could not compile `zokrates_core` due to 3 previous errors; 61 warnings emitted
[INFO] [stdout] warning: unused import: `reduce::Reduce`
[INFO] [stdout]  --> zokrates_core/src/standard.rs:6:5
[INFO] [stdout]   |
[INFO] [stdout] 6 | use reduce::Reduce;
[INFO] [stdout]   |     ^^^^^^^^^^^^^^
[INFO] [stdout]   |
[INFO] [stdout]   = note: `#[warn(unused_imports)]` on by default
[INFO] [stdout] 
[INFO] [stdout] 
[INFO] [stderr] warning: build failed, waiting for other jobs to finish...
[INFO] [stdout] error: aborting due to 2 previous errors; 61 warnings emitted
[INFO] [stdout] 
[INFO] [stdout] 
[INFO] [stdout] Some errors have detailed explanations: E0034, E0554.
[INFO] [stdout] 
[INFO] [stdout] For more information about an error, try `rustc --explain E0034`.
[INFO] [stdout] 
[INFO] [stdout] warning: unused import: `reduce::Reduce`
[INFO] [stdout]  --> zokrates_core/src/standard.rs:6:5
[INFO] [stdout]   |
[INFO] [stdout] 6 | use reduce::Reduce;
[INFO] [stdout]   |     ^^^^^^^^^^^^^^
[INFO] [stdout]   |
[INFO] [stdout]   = note: `#[warn(unused_imports)]` on by default
[INFO] [stdout] 
[INFO] [stdout] 
[INFO] [stdout] error: aborting due to 2 previous errors; 61 warnings emitted
[INFO] [stdout] 
[INFO] [stdout] 
[INFO] [stdout] Some errors have detailed explanations: E0034, E0554.
[INFO] [stdout] 
[INFO] [stdout] For more information about an error, try `rustc --explain E0034`.
[INFO] [stdout] 
[INFO] [stderr] error: build failed
[INFO] running `Command { std: "docker" "inspect" "7b0963ad6f0df43b2cf0f5b13524eee8458bdbe365d7507c014f4d787a1b8945", kill_on_drop: false }`
[INFO] running `Command { std: "docker" "rm" "-f" "7b0963ad6f0df43b2cf0f5b13524eee8458bdbe365d7507c014f4d787a1b8945", kill_on_drop: false }`
[INFO] [stdout] 7b0963ad6f0df43b2cf0f5b13524eee8458bdbe365d7507c014f4d787a1b8945
