[INFO] cloning repository https://github.com/k4t0mono/random-mythos
[INFO] running `Command { std: "git" "-c" "credential.helper=" "-c" "credential.helper=/workspace/cargo-home/bin/git-credential-null" "clone" "--bare" "https://github.com/k4t0mono/random-mythos" "/workspace/cache/git-repos/https%3A%2F%2Fgithub.com%2Fk4t0mono%2Frandom-mythos", kill_on_drop: false }`
[INFO] [stderr] Cloning into bare repository '/workspace/cache/git-repos/https%3A%2F%2Fgithub.com%2Fk4t0mono%2Frandom-mythos'...
[INFO] running `Command { std: "git" "rev-parse" "HEAD", kill_on_drop: false }`
[INFO] [stdout] db47b5f1f31e27f55a1150dee54e58121facb86b
[INFO] checking k4t0mono/random-mythos against 1.55.0 for beta-1.56-3
[INFO] running `Command { std: "git" "clone" "/workspace/cache/git-repos/https%3A%2F%2Fgithub.com%2Fk4t0mono%2Frandom-mythos" "/workspace/builds/worker-72/source", kill_on_drop: false }`
[INFO] [stderr] Cloning into '/workspace/builds/worker-72/source'...
[INFO] [stderr] done.
[INFO] validating manifest of git repo https://github.com/k4t0mono/random-mythos on toolchain 1.55.0
[INFO] running `Command { std: "/workspace/cargo-home/bin/cargo" "+1.55.0" "metadata" "--manifest-path" "Cargo.toml" "--no-deps", kill_on_drop: false }`
[INFO] started tweaking git repo https://github.com/k4t0mono/random-mythos
[INFO] finished tweaking git repo https://github.com/k4t0mono/random-mythos
[INFO] tweaked toml for git repo https://github.com/k4t0mono/random-mythos written to /workspace/builds/worker-72/source/Cargo.toml
[INFO] crate git repo https://github.com/k4t0mono/random-mythos already has a lockfile, it will not be regenerated
[INFO] running `Command { std: "/workspace/cargo-home/bin/cargo" "+1.55.0" "fetch" "--manifest-path" "Cargo.toml", kill_on_drop: false }`
[INFO] [stderr]     Blocking waiting for file lock on package cache
[INFO] [stderr]     Blocking waiting for file lock on package cache
[INFO] [stderr]  Downloading crates ...
[INFO] [stderr]   Downloaded serde v1.0.58
[INFO] [stderr]   Downloaded simplelog v0.5.1
[INFO] [stderr]   Downloaded syn v0.13.10
[INFO] [stderr]   Downloaded serde_derive v1.0.58
[INFO] running `Command { std: "docker" "create" "-v" "/var/lib/crater-agent-workspace/builds/worker-72/target:/opt/rustwide/target:rw,Z" "-v" "/var/lib/crater-agent-workspace/builds/worker-72/source:/opt/rustwide/workdir:ro,Z" "-v" "/var/lib/crater-agent-workspace/cargo-home:/opt/rustwide/cargo-home:ro,Z" "-v" "/var/lib/crater-agent-workspace/rustup-home:/opt/rustwide/rustup-home:ro,Z" "-e" "SOURCE_DIR=/opt/rustwide/workdir" "-e" "CARGO_TARGET_DIR=/opt/rustwide/target" "-e" "CARGO_HOME=/opt/rustwide/cargo-home" "-e" "RUSTUP_HOME=/opt/rustwide/rustup-home" "-w" "/opt/rustwide/workdir" "-m" "1610612736" "--user" "0:0" "--network" "none" "ghcr.io/rust-lang/crates-build-env/linux@sha256:a89201d6b5b9fd45c15d5952ece0a0129e7e80cb26ec023fd59cf09bc26f1604" "/opt/rustwide/cargo-home/bin/cargo" "+1.55.0" "metadata" "--no-deps" "--format-version=1", kill_on_drop: false }`
[INFO] [stdout] 6a621895f52e4913f07047e65a8415bb0b7a757d4a998a2e66c7cff0abc9b380
[INFO] running `Command { std: "docker" "start" "-a" "6a621895f52e4913f07047e65a8415bb0b7a757d4a998a2e66c7cff0abc9b380", kill_on_drop: false }`
[INFO] running `Command { std: "docker" "inspect" "6a621895f52e4913f07047e65a8415bb0b7a757d4a998a2e66c7cff0abc9b380", kill_on_drop: false }`
[INFO] running `Command { std: "docker" "rm" "-f" "6a621895f52e4913f07047e65a8415bb0b7a757d4a998a2e66c7cff0abc9b380", kill_on_drop: false }`
[INFO] [stdout] 6a621895f52e4913f07047e65a8415bb0b7a757d4a998a2e66c7cff0abc9b380
[INFO] running `Command { std: "docker" "create" "-v" "/var/lib/crater-agent-workspace/builds/worker-72/target:/opt/rustwide/target:rw,Z" "-v" "/var/lib/crater-agent-workspace/builds/worker-72/source:/opt/rustwide/workdir:ro,Z" "-v" "/var/lib/crater-agent-workspace/cargo-home:/opt/rustwide/cargo-home:ro,Z" "-v" "/var/lib/crater-agent-workspace/rustup-home:/opt/rustwide/rustup-home:ro,Z" "-e" "SOURCE_DIR=/opt/rustwide/workdir" "-e" "CARGO_TARGET_DIR=/opt/rustwide/target" "-e" "CARGO_INCREMENTAL=0" "-e" "RUST_BACKTRACE=full" "-e" "RUSTFLAGS=--cap-lints=warn" "-e" "CARGO_HOME=/opt/rustwide/cargo-home" "-e" "RUSTUP_HOME=/opt/rustwide/rustup-home" "-w" "/opt/rustwide/workdir" "-m" "1610612736" "--user" "0:0" "--network" "none" "ghcr.io/rust-lang/crates-build-env/linux@sha256:a89201d6b5b9fd45c15d5952ece0a0129e7e80cb26ec023fd59cf09bc26f1604" "/opt/rustwide/cargo-home/bin/cargo" "+1.55.0" "check" "--frozen" "--all" "--all-targets" "--message-format=json", kill_on_drop: false }`
[INFO] [stdout] fda22e3e679f494ccdd97902bd73294cf9b98f6bfa7d2c2c720b5ad3d648c47e
[INFO] running `Command { std: "docker" "start" "-a" "fda22e3e679f494ccdd97902bd73294cf9b98f6bfa7d2c2c720b5ad3d648c47e", kill_on_drop: false }`
[INFO] [stderr]     Checking libc v0.2.40
[INFO] [stderr]    Compiling unicode-xid v0.1.0
[INFO] [stderr]     Checking void v1.0.2
[INFO] [stderr]    Compiling serde v1.0.58
[INFO] [stderr]    Compiling regex v1.0.0
[INFO] [stderr]     Checking lazy_static v1.0.0
[INFO] [stderr]     Checking ucd-util v0.1.1
[INFO] [stderr]     Checking num-traits v0.2.2
[INFO] [stderr]     Checking byteorder v1.2.2
[INFO] [stderr]     Checking utf8-ranges v1.0.0
[INFO] [stderr]     Checking cfg-if v0.1.3
[INFO] [stderr]     Checking strsim v0.7.0
[INFO] [stderr]     Checking dtoa v0.4.2
[INFO] [stderr]     Checking rand_core v0.2.0
[INFO] [stderr]     Checking itoa v0.4.1
[INFO] [stderr]     Checking unreachable v1.0.0
[INFO] [stderr]     Checking log v0.4.1
[INFO] [stderr]    Compiling proc-macro2 v0.3.8
[INFO] [stderr]     Checking regex-syntax v0.6.0
[INFO] [stderr]     Checking thread_local v0.3.5
[INFO] [stderr]     Checking memchr v2.0.1
[INFO] [stderr]     Checking time v0.1.39
[INFO] [stderr]     Checking rand v0.5.0
[INFO] [stderr]    Compiling quote v0.5.2
[INFO] [stderr]     Checking term v0.5.1
[INFO] [stderr]     Checking num-integer v0.1.36
[INFO] [stderr]     Checking aho-corasick v0.6.4
[INFO] [stderr]    Compiling syn v0.13.10
[INFO] [stderr]     Checking chrono v0.4.2
[INFO] [stderr]     Checking simplelog v0.5.1
[INFO] [stderr]    Compiling serde_derive v1.0.58
[INFO] [stderr]     Checking serde_json v1.0.17
[INFO] [stderr]     Checking docopt v1.0.0
[INFO] [stderr]     Checking random-mythos v0.2.0 (/opt/rustwide/workdir)
[INFO] [stdout] warning: unnecessary trailing semicolon
[INFO] [stdout]    --> src/domains.rs:207:23
[INFO] [stdout]     |
[INFO] [stdout] 207 |                     new_v += spot1_v;;
[INFO] [stdout]     |                                      ^ help: remove this semicolon
[INFO] [stdout]     |
[INFO] [stdout]     = note: `#[warn(redundant_semicolons)]` on by default
[INFO] [stdout] 
[INFO] [stdout] 
[INFO] [stdout] error[E0532]: expected unit struct, unit variant or constant, found tuple variant `RelationType::Invoker`
[INFO] [stdout]   --> src/test.rs:80:5
[INFO] [stdout]    |
[INFO] [stdout] 80 |                 RelationType::Invoker => -1,
[INFO] [stdout]    |                 ^^^^^^^^^^^^^^^^^^^^^ help: use the tuple variant pattern syntax instead: `RelationType::Invoker(_)`
[INFO] [stdout]    | 
[INFO] [stdout]   ::: src/relations.rs:11:5
[INFO] [stdout]    |
[INFO] [stdout] 11 |     Invoker(bool),
[INFO] [stdout]    |     ------------- `RelationType::Invoker` defined here
[INFO] [stdout] 
[INFO] [stdout] 
[INFO] [stdout] warning: unnecessary trailing semicolon
[INFO] [stdout]    --> src/domains.rs:207:23
[INFO] [stdout]     |
[INFO] [stdout] 207 |                     new_v += spot1_v;;
[INFO] [stdout]     |                                      ^ help: remove this semicolon
[INFO] [stdout]     |
[INFO] [stdout]     = note: `#[warn(redundant_semicolons)]` on by default
[INFO] [stdout] 
[INFO] [stdout] 
[INFO] [stdout] error[E0599]: no method named `get_relation` found for struct `Relations` in the current scope
[INFO] [stdout]   --> src/test.rs:29:26
[INFO] [stdout]    |
[INFO] [stdout] 29 |                 let r = rs.relations.get_relation(i, j);
[INFO] [stdout]    |                                      ^^^^^^^^^^^^ method not found in `Relations`
[INFO] [stdout]    | 
[INFO] [stdout]   ::: src/relations.rs:16:1
[INFO] [stdout]    |
[INFO] [stdout] 16 | pub struct Relations {
[INFO] [stdout]    | -------------------- method `get_relation` not found for this
[INFO] [stdout] 
[INFO] [stdout] 
[INFO] [stdout] warning: associated function is never used: `get_values`
[INFO] [stdout]   --> src/domains.rs:74:9
[INFO] [stdout]    |
[INFO] [stdout] 74 |     pub fn get_values(&self) -> Vec<(DomainType, u8)> {
[INFO] [stdout]    |            ^^^^^^^^^^
[INFO] [stdout]    |
[INFO] [stdout]    = note: `#[warn(dead_code)]` on by default
[INFO] [stdout] 
[INFO] [stdout] 
[INFO] [stdout] warning: associated function is never used: `new`
[INFO] [stdout]   --> src/plains.rs:13:9
[INFO] [stdout]    |
[INFO] [stdout] 13 |     pub fn new(name: String, created: bool) -> Plain {
[INFO] [stdout]    |            ^^^
[INFO] [stdout] 
[INFO] [stdout] 
[INFO] [stdout] error[E0599]: no method named `get_relation` found for struct `Relations` in the current scope
[INFO] [stdout]   --> src/test.rs:50:25
[INFO] [stdout]    |
[INFO] [stdout] 50 |             let t = rs.relations.get_relation(adj_in[0], i).unwrap();
[INFO] [stdout]    |                                  ^^^^^^^^^^^^ method not found in `Relations`
[INFO] [stdout]    | 
[INFO] [stdout]   ::: src/relations.rs:16:1
[INFO] [stdout]    |
[INFO] [stdout] 16 | pub struct Relations {
[INFO] [stdout]    | -------------------- method `get_relation` not found for this
[INFO] [stdout] 
[INFO] [stdout] 
[INFO] [stdout] error[E0599]: no method named `get_relation` found for struct `Relations` in the current scope
[INFO] [stdout]   --> src/test.rs:52:21
[INFO] [stdout]    |
[INFO] [stdout] 52 |                 if rs.relations.get_relation(*j, i).unwrap() != t {
[INFO] [stdout]    |                                 ^^^^^^^^^^^^ method not found in `Relations`
[INFO] [stdout]    | 
[INFO] [stdout]   ::: src/relations.rs:16:1
[INFO] [stdout]    |
[INFO] [stdout] 16 | pub struct Relations {
[INFO] [stdout]    | -------------------- method `get_relation` not found for this
[INFO] [stdout] 
[INFO] [stdout] 
[INFO] [stdout] error[E0599]: no method named `get_relation` found for struct `Relations` in the current scope
[INFO] [stdout]   --> src/test.rs:71:26
[INFO] [stdout]    |
[INFO] [stdout] 71 |             let rt = rs.relations.get_relation(adj_in[0], e).unwrap();
[INFO] [stdout]    |                                   ^^^^^^^^^^^^ method not found in `Relations`
[INFO] [stdout]    | 
[INFO] [stdout]   ::: src/relations.rs:16:1
[INFO] [stdout]    |
[INFO] [stdout] 16 | pub struct Relations {
[INFO] [stdout]    | -------------------- method `get_relation` not found for this
[INFO] [stdout] 
[INFO] [stdout] 
[INFO] [stdout] error: aborting due to 5 previous errors; 1 warning emitted
[INFO] [stdout] 
[INFO] [stdout] 
[INFO] [stdout] Some errors have detailed explanations: E0532, E0599.
[INFO] [stdout] 
[INFO] [stdout] For more information about an error, try `rustc --explain E0532`.
[INFO] [stdout] 
[INFO] [stderr] error: could not compile `random-mythos` due to 6 previous errors; 1 warning emitted
[INFO] [stderr] warning: build failed, waiting for other jobs to finish...
[INFO] [stdout] warning: 3 warnings emitted
[INFO] [stdout] 
[INFO] [stdout] 
[INFO] [stderr] error: build failed
[INFO] running `Command { std: "docker" "inspect" "fda22e3e679f494ccdd97902bd73294cf9b98f6bfa7d2c2c720b5ad3d648c47e", kill_on_drop: false }`
[INFO] running `Command { std: "docker" "rm" "-f" "fda22e3e679f494ccdd97902bd73294cf9b98f6bfa7d2c2c720b5ad3d648c47e", kill_on_drop: false }`
[INFO] [stdout] fda22e3e679f494ccdd97902bd73294cf9b98f6bfa7d2c2c720b5ad3d648c47e
